216.244.66.247 - - [22/Sep/2022:17:06:53 -0700] "GET /robots.txt HTTP/1.1" 200 48 "-" "Mozilla/5.0 (compatible; DotBot/1.2; +https://opensiteexplorer.org/dotbot; help@moz.com)" "electric-homecare.com"
185.191.171.35 - - [22/Sep/2022:17:08:52 -0700] "GET /Houston-Mattresses.html HTTP/1.1" 200 3535 "-" "Mozilla/5.0 (compatible; SemrushBot/7~bl; +http://www.semrush.com/bot.html)" "electric-homecare.com"
54.36.148.102 - - [22/Sep/2022:17:09:22 -0700] "GET /robots.txt HTTP/1.1" 200 64 "-" "Mozilla/5.0 (compatible; AhrefsBot/7.0; +http://ahrefs.com/robot/)" "electric-homecare.com"
157.55.39.51 - - [22/Sep/2022:17:09:39 -0700] "GET /5-rating-lift-chairs.jpg HTTP/1.1" 200 4703 "-" "Mozilla/5.0 AppleWebKit/537.36 (KHTML, like Gecko; compatible; bingbot/2.0; +http://www.bing.com/bingbot.htm) Chrome/103.0.5060.134 Safari/537.36" "electric-homecare.com"
185.191.171.39 - - [22/Sep/2022:17:22:33 -0700] "GET /AdjustableBeds-Twin.html HTTP/1.1" 200 8162 "-" "Mozilla/5.0 (compatible; SemrushBot/7~bl; +http://www.semrush.com/bot.html)" "www.electric-homecare.com"
185.191.171.22 - - [22/Sep/2022:17:29:44 -0700] "GET /robots.txt HTTP/1.1" 200 64 "-" "Mozilla/5.0 (compatible; SemrushBot/7~bl; +http://www.semrush.com/bot.html)" "www.electric-homecare.com"
185.191.171.16 - - [22/Sep/2022:17:29:50 -0700] "GET /Houston-TX.html HTTP/1.1" 200 4286 "-" "Mozilla/5.0 (compatible; SemrushBot/7~bl; +http://www.semrush.com/bot.html)" "www.electric-homecare.com"
216.24.213.27 - - [22/Sep/2022:17:38:03 -0700] "HEAD / HTTP/1.1" 200 - "https://www.electric-homecare.com" "Mozilla/5.0 (Windows NT 10.0; Win64; x64) AppleWebKit/537.36 (KHTML, like Gecko) Chrome/96.0.4664.45 Safari/537.36" "www.electric-homecare.com"
216.24.213.27 - - [22/Sep/2022:17:38:03 -0700] "GET / HTTP/1.1" 200 4147 "https://www.electric-homecare.com" "Mozilla/5.0 (Windows NT 10.0; Win64; x64) AppleWebKit/537.36 (KHTML, like Gecko) Chrome/96.0.4664.45 Safari/537.36" "www.electric-homecare.com"
216.244.66.247 - - [22/Sep/2022:17:59:12 -0700] "GET /robots.txt HTTP/1.1" 200 48 "-" "Mozilla/5.0 (compatible; DotBot/1.2; +https://opensiteexplorer.org/dotbot; help@moz.com)" "electric-homecare.com"
15.235.12.96 - - [22/Sep/2022:18:08:02 -0700] "GET / HTTP/1.1" 200 4147 "http://www.electric-homecare.com/" "Mozilla/5.0 zgrab/0.x" "www.electric-homecare.com"
185.191.171.2 - - [22/Sep/2022:18:19:42 -0700] "GET /Invacare.html HTTP/1.1" 404 88 "-" "Mozilla/5.0 (compatible; SemrushBot/7~bl; +http://www.semrush.com/bot.html)" "www.electric-homecare.com"
114.119.136.215 - - [22/Sep/2022:18:24:38 -0700] "GET /index.htm HTTP/1.1" 200 4960 "https://www.electric-homecare.com/AdjustableBeds-Twin.html" "Mozilla/5.0 (Linux; Android 7.0;) AppleWebKit/537.36 (KHTML, like Gecko) Mobile Safari/537.36 (compatible; PetalBot;+https://webmaster.petalsearch.com/site/petalbot)" "www.electric-homecare.com"
77.75.72.26 - - [22/Sep/2022:18:24:46 -0700] "GET /robots.txt HTTP/1.1" 200 64 "-" "Mozilla/5.0 (compatible; SeznamBot/4.0-RC1; +http://napoveda.seznam.cz/seznambot-intro/)" "electric-homecare.com"
77.75.79.31 - - [22/Sep/2022:18:24:46 -0700] "GET /Houston-Flexabed.html HTTP/1.1" 304 - "-" "Mozilla/5.0 (compatible; SeznamBot/4.0-RC1; +http://napoveda.seznam.cz/seznambot-intro/)" "electric-homecare.com"
185.191.171.4 - - [22/Sep/2022:18:30:02 -0700] "GET /robots.txt HTTP/1.1" 200 64 "-" "Mozilla/5.0 (compatible; SemrushBot/7~bl; +http://www.semrush.com/bot.html)" "www.electric-homecare.com"
185.191.171.35 - - [22/Sep/2022:18:30:02 -0700] "GET /Houston-TX.html HTTP/1.1" 200 4286 "-" "Mozilla/5.0 (compatible; SemrushBot/7~bl; +http://www.semrush.com/bot.html)" "www.electric-homecare.com"
216.244.66.247 - - [22/Sep/2022:18:50:06 -0700] "GET /robots.txt HTTP/1.1" 200 48 "-" "Mozilla/5.0 (compatible; DotBot/1.2; +https://opensiteexplorer.org/dotbot; help@moz.com)" "electric-homecare.com"
185.191.171.20 - - [22/Sep/2022:18:55:34 -0700] "GET /robots.txt HTTP/1.1" 200 64 "-" "Mozilla/5.0 (compatible; SemrushBot/7~bl; +http://www.semrush.com/bot.html)" "electric-homecare.com"
185.191.171.6 - - [22/Sep/2022:18:55:34 -0700] "GET /Houston-shoprider.html HTTP/1.1" 200 4958 "-" "Mozilla/5.0 (compatible; SemrushBot/7~bl; +http://www.semrush.com/bot.html)" "electric-homecare.com"
192.99.36.166 - - [22/Sep/2022:18:59:46 -0700] "GET /robots.txt HTTP/1.1" 200 48 "-" "Mozilla/5.0 (compatible; MJ12bot/v1.4.8; http://mj12bot.com/)" "electric-homecare.com"
192.99.36.166 - - [22/Sep/2022:18:59:47 -0700] "GET /Adjustable-Bed-Options.htm HTTP/1.1" 200 5416 "-" "Mozilla/5.0 (compatible; MJ12bot/v1.4.8; http://mj12bot.com/)" "electric-homecare.com"
192.99.36.166 - - [22/Sep/2022:18:59:49 -0700] "GET /Bariatric-Heavy-Duty-Lift-Chairs.html HTTP/1.1" 200 10264 "-" "Mozilla/5.0 (compatible; MJ12bot/v1.4.8; http://mj12bot.com/)" "electric-homecare.com"
192.99.36.166 - - [22/Sep/2022:18:59:50 -0700] "GET /Bariatric-Lift-Chairs.html HTTP/1.1" 200 11198 "-" "Mozilla/5.0 (compatible; MJ12bot/v1.4.8; http://mj12bot.com/)" "electric-homecare.com"
192.99.9.170 - - [22/Sep/2022:19:01:35 -0700] "GET /robots.txt HTTP/1.1" 200 48 "-" "Mozilla/5.0 (compatible; MJ12bot/v1.4.8; http://mj12bot.com/)" "electric-homecare.com"
192.99.9.170 - - [22/Sep/2022:19:01:41 -0700] "GET /Adjustable-Bed-Options.htm HTTP/1.1" 200 5416 "-" "Mozilla/5.0 (compatible; MJ12bot/v1.4.8; http://mj12bot.com/)" "electric-homecare.com"
192.99.9.170 - - [22/Sep/2022:19:01:45 -0700] "GET /Adjustable-Beds-Options.html HTTP/1.1" 200 4063 "-" "Mozilla/5.0 (compatible; MJ12bot/v1.4.8; http://mj12bot.com/)" "electric-homecare.com"
192.99.9.170 - - [22/Sep/2022:19:02:31 -0700] "GET /Adjustable-Beds-Options.html HTTP/1.1" 200 4063 "-" "Mozilla/5.0 (compatible; MJ12bot/v1.4.8; http://mj12bot.com/)" "electric-homecare.com"
192.99.9.170 - - [22/Sep/2022:19:02:36 -0700] "GET /Bariatric-Heavy-Duty-Lift-Chairs.html HTTP/1.1" 200 10264 "-" "Mozilla/5.0 (compatible; MJ12bot/v1.4.8; http://mj12bot.com/)" "electric-homecare.com"
51.222.253.6 - - [22/Sep/2022:19:02:40 -0700] "GET / HTTP/1.1" 200 4147 "-" "Mozilla/5.0 (compatible; AhrefsBot/7.0; +http://ahrefs.com/robot/)" "electric-homecare.com"
114.119.136.203 - - [22/Sep/2022:19:02:54 -0700] "GET /Trus-Home-Wheelchair-Lifts.pdf HTTP/1.1" 200 3824144 "https://www.electric-homecare.com/Houston-Trus-T-Lift.html" "Mozilla/5.0 (Linux; Android 7.0;) AppleWebKit/537.36 (KHTML, like Gecko) Mobile Safari/537.36 (compatible; PetalBot;+https://webmaster.petalsearch.com/site/petalbot)" "www.electric-homecare.com"
192.99.9.170 - - [22/Sep/2022:19:02:56 -0700] "GET /Bariatric-Lift-Chairs.html HTTP/1.1" 200 11198 "-" "Mozilla/5.0 (compatible; MJ12bot/v1.4.8; http://mj12bot.com/)" "electric-homecare.com"
192.99.9.170 - - [22/Sep/2022:19:03:01 -0700] "GET /robots.txt HTTP/1.1" 200 48 "-" "Mozilla/5.0 (compatible; MJ12bot/v1.4.8; http://mj12bot.com/)" "www.electric-homecare.com"
192.99.9.170 - - [22/Sep/2022:19:03:06 -0700] "GET /Adjustable-Bed-Options.htm HTTP/1.1" 200 5416 "-" "Mozilla/5.0 (compatible; MJ12bot/v1.4.8; http://mj12bot.com/)" "www.electric-homecare.com"
192.99.9.170 - - [22/Sep/2022:19:03:11 -0700] "GET /Adjustable-Beds-Options.html HTTP/1.1" 200 4063 "-" "Mozilla/5.0 (compatible; MJ12bot/v1.4.8; http://mj12bot.com/)" "www.electric-homecare.com"
192.99.9.170 - - [22/Sep/2022:19:03:15 -0700] "GET /Aquatic-Access.html HTTP/1.1" 200 10485 "-" "Mozilla/5.0 (compatible; MJ12bot/v1.4.8; http://mj12bot.com/)" "www.electric-homecare.com"
192.99.9.170 - - [22/Sep/2022:19:03:21 -0700] "GET /Bariatric-Heavy-Duty-Lift-Chairs.html HTTP/1.1" 200 10264 "-" "Mozilla/5.0 (compatible; MJ12bot/v1.4.8; http://mj12bot.com/)" "www.electric-homecare.com"
192.99.9.170 - - [22/Sep/2022:19:03:26 -0700] "GET /Bariatric-Lift-Chairs.html HTTP/1.1" 200 11198 "-" "Mozilla/5.0 (compatible; MJ12bot/v1.4.8; http://mj12bot.com/)" "www.electric-homecare.com"
207.46.13.45 - - [22/Sep/2022:19:07:41 -0700] "GET /Houston-High-Profile.html HTTP/1.1" 200 3482 "-" "Mozilla/5.0 (compatible; bingbot/2.0; +http://www.bing.com/bingbot.htm)" "electric-homecare.com"
152.136.128.182 - - [22/Sep/2022:19:14:37 -0700] "GET /electropedic-helping%20you%20since%201964-2.png HTTP/1.1" 200 14233 "-" "python-requests/2.27.1" "electric-homecare.com"
51.222.253.1 - - [22/Sep/2022:19:16:06 -0700] "GET / HTTP/1.1" 200 4147 "-" "Mozilla/5.0 (compatible; AhrefsBot/7.0; +http://ahrefs.com/robot/)" "www.electric-homecare.com"
207.46.13.47 - - [22/Sep/2022:19:26:42 -0700] "GET /5-acorn.jpg HTTP/1.1" 200 4205 "-" "Mozilla/5.0 (compatible; bingbot/2.0; +http://www.bing.com/bingbot.htm)" "electric-homecare.com"
65.21.226.48 - - [22/Sep/2022:19:27:41 -0700] "GET /robots.txt HTTP/1.1" 200 64 "http://www.electric-homecare.com/robots.txt" "Mozilla/5.0 (compatible; SEOkicks; +https://www.seokicks.de/robot.html)" "www.electric-homecare.com"
65.21.226.48 - - [22/Sep/2022:19:27:41 -0700] "GET /robots.txt HTTP/1.1" 200 64 "http://electric-homecare.com/robots.txt" "Mozilla/5.0 (compatible; SEOkicks; +https://www.seokicks.de/robot.html)" "electric-homecare.com"
65.21.226.48 - - [22/Sep/2022:19:27:43 -0700] "GET / HTTP/1.1" 200 4147 "http://www.electric-homecare.com/" "Mozilla/5.0 (compatible; SEOkicks; +https://www.seokicks.de/robot.html)" "www.electric-homecare.com"
65.21.226.48 - - [22/Sep/2022:19:27:43 -0700] "GET / HTTP/1.1" 200 4147 "http://electric-homecare.com/" "Mozilla/5.0 (compatible; SEOkicks; +https://www.seokicks.de/robot.html)" "electric-homecare.com"
65.21.226.48 - - [22/Sep/2022:19:27:44 -0700] "GET /Houston.html HTTP/1.1" 200 4223 "https://www.electric-homecare.com/" "Mozilla/5.0 (compatible; SEOkicks; +https://www.seokicks.de/robot.html)" "www.electric-homecare.com"
65.21.226.48 - - [22/Sep/2022:19:27:44 -0700] "GET /Houston.html HTTP/1.1" 200 4223 "https://electric-homecare.com/" "Mozilla/5.0 (compatible; SEOkicks; +https://www.seokicks.de/robot.html)" "electric-homecare.com"
65.21.226.48 - - [22/Sep/2022:19:27:45 -0700] "GET /Houston-TX.html HTTP/1.1" 200 4286 "https://www.electric-homecare.com/" "Mozilla/5.0 (compatible; SEOkicks; +https://www.seokicks.de/robot.html)" "www.electric-homecare.com"
65.21.226.48 - - [22/Sep/2022:19:27:45 -0700] "GET /Houston-TX.html HTTP/1.1" 200 4286 "https://electric-homecare.com/" "Mozilla/5.0 (compatible; SEOkicks; +https://www.seokicks.de/robot.html)" "electric-homecare.com"
185.191.171.25 - - [22/Sep/2022:19:30:02 -0700] "GET /Adjustable-Bed-Sizes.htm HTTP/1.1" 200 4100 "-" "Mozilla/5.0 (compatible; SemrushBot/7~bl; +http://www.semrush.com/bot.html)" "electric-homecare.com"
216.244.66.247 - - [22/Sep/2022:19:41:52 -0700] "GET /robots.txt HTTP/1.1" 200 48 "-" "Mozilla/5.0 (compatible; DotBot/1.2; +https://opensiteexplorer.org/dotbot; help@moz.com)" "electric-homecare.com"
185.191.171.9 - - [22/Sep/2022:19:54:03 -0700] "GET /robots.txt HTTP/1.1" 200 64 "-" "Mozilla/5.0 (compatible; SemrushBot/7~bl; +http://www.semrush.com/bot.html)" "www.electric-homecare.com"
185.191.171.2 - - [22/Sep/2022:19:54:03 -0700] "GET /Gentle-Line.html HTTP/1.1" 404 88 "-" "Mozilla/5.0 (compatible; SemrushBot/7~bl; +http://www.semrush.com/bot.html)" "www.electric-homecare.com"
114.119.136.205 - - [22/Sep/2022:20:14:08 -0700] "GET /Houston-goldentech.html HTTP/1.1" 200 4536 "https://www.electric-homecare.com/Houston-Home.html" "Mozilla/5.0 (Linux; Android 7.0;) AppleWebKit/537.36 (KHTML, like Gecko) Mobile Safari/537.36 (compatible; PetalBot;+https://webmaster.petalsearch.com/site/petalbot)" "www.electric-homecare.com"
216.244.66.247 - - [22/Sep/2022:20:33:06 -0700] "GET /robots.txt HTTP/1.1" 200 48 "-" "Mozilla/5.0 (compatible; DotBot/1.2; +https://opensiteexplorer.org/dotbot; help@moz.com)" "electric-homecare.com"
77.75.72.26 - - [22/Sep/2022:20:34:25 -0700] "GET /Lift-Chairs.html HTTP/1.1" 304 - "-" "Mozilla/5.0 (compatible; SeznamBot/4.0-RC1; +http://napoveda.seznam.cz/seznambot-intro/)" "electric-homecare.com"
185.191.171.25 - - [22/Sep/2022:20:39:27 -0700] "GET /YourComfortIsEverything.html HTTP/1.1" 404 88 "-" "Mozilla/5.0 (compatible; SemrushBot/7~bl; +http://www.semrush.com/bot.html)" "www.electric-homecare.com"
114.119.132.163 - - [22/Sep/2022:20:42:44 -0700] "GET /robots.txt HTTP/1.1" 200 64 "-" "Mozilla/5.0 (compatible;PetalBot;+https://webmaster.petalsearch.com/site/petalbot)" "www.electric-homecare.com"
77.75.79.31 - - [22/Sep/2022:20:45:02 -0700] "GET /robots.txt HTTP/1.1" 200 64 "-" "Mozilla/5.0 (compatible; SeznamBot/4.0-RC1; +http://napoveda.seznam.cz/seznambot-intro/)" "www.electric-homecare.com"
207.46.13.234 - - [22/Sep/2022:20:58:00 -0700] "GET /robots.txt HTTP/1.1" 200 64 "-" "Mozilla/5.0 (compatible; bingbot/2.0; +http://www.bing.com/bingbot.htm)" "electric-homecare.com"
157.55.39.51 - - [22/Sep/2022:20:58:01 -0700] "GET /adjustable-bed-0006.png HTTP/1.1" 200 162836 "-" "Mozilla/5.0 (compatible; bingbot/2.0; +http://www.bing.com/bingbot.htm)" "electric-homecare.com"
65.21.226.48 - - [22/Sep/2022:21:08:23 -0700] "GET /Nationwide.html HTTP/1.1" 404 88 "http://electric-homecare.com/Nationwide.html" "Mozilla/5.0 (compatible; SEOkicks; +https://www.seokicks.de/robot.html)" "electric-homecare.com"
65.21.226.48 - - [22/Sep/2022:21:08:24 -0700] "GET /Houston-Adjustable-Beds.html HTTP/1.1" 200 11912 "http://electric-homecare.com/Houston-Adjustable-Beds.html" "Mozilla/5.0 (compatible; SEOkicks; +https://www.seokicks.de/robot.html)" "electric-homecare.com"
65.21.226.48 - - [22/Sep/2022:21:08:26 -0700] "GET /Houston-Bariatric-Beds.html HTTP/1.1" 200 9978 "http://electric-homecare.com/Houston-Bariatric-Beds.html" "Mozilla/5.0 (compatible; SEOkicks; +https://www.seokicks.de/robot.html)" "electric-homecare.com"
65.21.226.48 - - [22/Sep/2022:21:08:28 -0700] "GET /Houston-Hospital-Beds.html HTTP/1.1" 200 4991 "http://electric-homecare.com/Houston-Hospital-Beds.html" "Mozilla/5.0 (compatible; SEOkicks; +https://www.seokicks.de/robot.html)" "electric-homecare.com"
65.21.226.48 - - [22/Sep/2022:21:08:29 -0700] "GET /Houston-Lift-Chairs.html HTTP/1.1" 200 8833 "http://electric-homecare.com/Houston-Lift-Chairs.html" "Mozilla/5.0 (compatible; SEOkicks; +https://www.seokicks.de/robot.html)" "electric-homecare.com"
65.21.226.48 - - [22/Sep/2022:21:08:31 -0700] "GET /Houston-Mattresses.html HTTP/1.1" 200 3535 "http://electric-homecare.com/Houston-Mattresses.html" "Mozilla/5.0 (compatible; SEOkicks; +https://www.seokicks.de/robot.html)" "electric-homecare.com"
65.21.226.48 - - [22/Sep/2022:21:08:32 -0700] "GET /Houston-Scooters.html HTTP/1.1" 200 13467 "http://electric-homecare.com/Houston-Scooters.html" "Mozilla/5.0 (compatible; SEOkicks; +https://www.seokicks.de/robot.html)" "electric-homecare.com"
65.21.226.48 - - [22/Sep/2022:21:08:34 -0700] "GET /Stair-Lifts.html HTTP/1.1" 200 13618 "http://electric-homecare.com/Stair-Lifts.html" "Mozilla/5.0 (compatible; SEOkicks; +https://www.seokicks.de/robot.html)" "electric-homecare.com"
65.21.226.48 - - [22/Sep/2022:21:08:36 -0700] "GET /Houston-Wheelchairs.html HTTP/1.1" 200 12937 "http://electric-homecare.com/Houston-Wheelchairs.html" "Mozilla/5.0 (compatible; SEOkicks; +https://www.seokicks.de/robot.html)" "electric-homecare.com"
65.21.226.48 - - [22/Sep/2022:21:08:37 -0700] "GET /Wheelchair-Elevators.html HTTP/1.1" 404 88 "http://electric-homecare.com/Wheelchair-Elevators.html" "Mozilla/5.0 (compatible; SEOkicks; +https://www.seokicks.de/robot.html)" "electric-homecare.com"
65.21.226.48 - - [22/Sep/2022:21:08:39 -0700] "GET /index.html HTTP/1.1" 200 4147 "https://electric-homecare.com/Houston-Adjustable-Beds.html" "Mozilla/5.0 (compatible; SEOkicks; +https://www.seokicks.de/robot.html)" "electric-homecare.com"
216.244.66.247 - - [22/Sep/2022:21:25:06 -0700] "GET /robots.txt HTTP/1.1" 200 48 "-" "Mozilla/5.0 (compatible; DotBot/1.2; +https://opensiteexplorer.org/dotbot; help@moz.com)" "electric-homecare.com"
65.21.226.48 - - [22/Sep/2022:21:51:23 -0700] "GET /San-Francisco-Adjustable-Beds.html HTTP/1.1" 404 88 "https://electric-homecare.com/Houston-Adjustable-Beds.html" "Mozilla/5.0 (compatible; SEOkicks; +https://www.seokicks.de/robot.html)" "electric-homecare.com"
65.21.226.48 - - [22/Sep/2022:21:51:24 -0700] "GET /Adjustable-Beds.html HTTP/1.1" 200 6512 "http://electric-homecare.com/Adjustable-Beds.html" "Mozilla/5.0 (compatible; SEOkicks; +https://www.seokicks.de/robot.html)" "electric-homecare.com"
65.21.226.48 - - [22/Sep/2022:21:51:26 -0700] "GET /Bariatric-Beds.html HTTP/1.1" 404 88 "http://electric-homecare.com/Bariatric-Beds.html" "Mozilla/5.0 (compatible; SEOkicks; +https://www.seokicks.de/robot.html)" "electric-homecare.com"
65.21.226.48 - - [22/Sep/2022:21:51:27 -0700] "GET /Hospital-Beds.html HTTP/1.1" 404 88 "http://electric-homecare.com/Hospital-Beds.html" "Mozilla/5.0 (compatible; SEOkicks; +https://www.seokicks.de/robot.html)" "electric-homecare.com"
65.21.226.48 - - [22/Sep/2022:21:51:28 -0700] "GET /Lift-Chairs.html HTTP/1.1" 200 14960 "http://electric-homecare.com/Lift-Chairs.html" "Mozilla/5.0 (compatible; SEOkicks; +https://www.seokicks.de/robot.html)" "electric-homecare.com"
65.21.226.48 - - [22/Sep/2022:21:51:30 -0700] "GET /Wheelchairs.html HTTP/1.1" 404 88 "http://electric-homecare.com/Wheelchairs.html" "Mozilla/5.0 (compatible; SEOkicks; +https://www.seokicks.de/robot.html)" "electric-homecare.com"
65.21.226.48 - - [22/Sep/2022:21:51:31 -0700] "GET /Wheel-Chair-Lifts.html HTTP/1.1" 404 88 "http://electric-homecare.com/Wheel-Chair-Lifts.html" "Mozilla/5.0 (compatible; SEOkicks; +https://www.seokicks.de/robot.html)" "electric-homecare.com"
65.21.226.48 - - [22/Sep/2022:21:51:33 -0700] "GET /Scooters.html HTTP/1.1" 404 88 "http://electric-homecare.com/Scooters.html" "Mozilla/5.0 (compatible; SEOkicks; +https://www.seokicks.de/robot.html)" "electric-homecare.com"
65.21.226.48 - - [22/Sep/2022:21:51:34 -0700] "GET /Mattresses.html HTTP/1.1" 404 88 "http://electric-homecare.com/Mattresses.html" "Mozilla/5.0 (compatible; SEOkicks; +https://www.seokicks.de/robot.html)" "electric-homecare.com"
65.21.226.48 - - [22/Sep/2022:21:51:36 -0700] "GET /Transfer-Master.html HTTP/1.1" 404 88 "http://electric-homecare.com/Transfer-Master.html" "Mozilla/5.0 (compatible; SEOkicks; +https://www.seokicks.de/robot.html)" "electric-homecare.com"
65.21.226.48 - - [22/Sep/2022:21:51:37 -0700] "GET /Graham-Field.html HTTP/1.1" 404 88 "http://electric-homecare.com/Graham-Field.html" "Mozilla/5.0 (compatible; SEOkicks; +https://www.seokicks.de/robot.html)" "electric-homecare.com"
159.138.137.41 - - [22/Sep/2022:21:55:27 -0700] "GET /gogosport.jpg HTTP/1.1" 200 11035 "-" "Mozilla/5.0 (X11; Ubuntu; Linux x86_64; rv:72.0) Gecko/20100101 Firefox/72.0" "electric-homecare.com"
185.191.171.9 - - [22/Sep/2022:21:58:57 -0700] "GET /robots.txt HTTP/1.1" 200 64 "-" "Mozilla/5.0 (compatible; SemrushBot/7~bl; +http://www.semrush.com/bot.html)" "www.electric-homecare.com"
185.191.171.39 - - [22/Sep/2022:21:58:57 -0700] "GET /Burke-Bariatric.html HTTP/1.1" 404 88 "-" "Mozilla/5.0 (compatible; SemrushBot/7~bl; +http://www.semrush.com/bot.html)" "www.electric-homecare.com"
157.55.39.88 - - [22/Sep/2022:22:14:16 -0700] "GET /Price-Adjustable-Bed.jpg HTTP/1.1" 404 88 "-" "Mozilla/5.0 (compatible; bingbot/2.0; +http://www.bing.com/bingbot.htm)" "electric-homecare.com"
185.191.171.10 - - [22/Sep/2022:22:17:31 -0700] "GET /Span-America.html HTTP/1.1" 404 88 "-" "Mozilla/5.0 (compatible; SemrushBot/7~bl; +http://www.semrush.com/bot.html)" "www.electric-homecare.com"
216.244.66.247 - - [22/Sep/2022:22:17:40 -0700] "GET /robots.txt HTTP/1.1" 200 48 "-" "Mozilla/5.0 (compatible; DotBot/1.2; +https://opensiteexplorer.org/dotbot; help@moz.com)" "electric-homecare.com"
185.191.171.36 - - [22/Sep/2022:22:18:36 -0700] "GET /Contact-Mattresses.html HTTP/1.1" 404 88 "-" "Mozilla/5.0 (compatible; SemrushBot/7~bl; +http://www.semrush.com/bot.html)" "www.electric-homecare.com"
185.191.171.43 - - [22/Sep/2022:22:25:21 -0700] "GET /Houston-AdjustableBeds-Queen.html HTTP/1.1" 200 2570 "-" "Mozilla/5.0 (compatible; SemrushBot/7~bl; +http://www.semrush.com/bot.html)" "www.electric-homecare.com"
34.209.79.237 - - [22/Sep/2022:22:36:12 -0700] "GET /Patriot.jpg HTTP/1.1" 200 14384 "-" "Mozilla/5.0 (X11; Ubuntu; Linux x86_64; rv:72.0) Gecko/20100101 Firefox/72.0" "electric-homecare.com"
114.119.136.205 - - [22/Sep/2022:22:36:55 -0700] "GET /Blue-Chip.html HTTP/1.1" 200 7222 "https://electric-homecare.com/Bariatric-Room.html" "Mozilla/5.0 (Linux; Android 7.0;) AppleWebKit/537.36 (KHTML, like Gecko) Mobile Safari/537.36 (compatible; PetalBot;+https://webmaster.petalsearch.com/site/petalbot)" "electric-homecare.com"
65.21.226.48 - - [22/Sep/2022:22:37:34 -0700] "GET /San-Francisco-Adjustable-Beds.html HTTP/1.1" 404 88 "http://www.electric-homecare.com/San-Francisco-Adjustable-Beds.html" "Mozilla/5.0 (compatible; SEOkicks; +https://www.seokicks.de/robot.html)" "www.electric-homecare.com"
65.21.226.48 - - [22/Sep/2022:22:37:36 -0700] "GET /index.html HTTP/1.1" 200 4147 "http://www.electric-homecare.com/index.html" "Mozilla/5.0 (compatible; SEOkicks; +https://www.seokicks.de/robot.html)" "www.electric-homecare.com"
65.21.226.48 - - [22/Sep/2022:22:37:38 -0700] "GET /Cloud.html HTTP/1.1" 404 88 "http://www.electric-homecare.com/Cloud.html" "Mozilla/5.0 (compatible; SEOkicks; +https://www.seokicks.de/robot.html)" "www.electric-homecare.com"
65.21.226.48 - - [22/Sep/2022:22:37:40 -0700] "GET /Used.html HTTP/1.1" 404 88 "http://www.electric-homecare.com/Used.html" "Mozilla/5.0 (compatible; SEOkicks; +https://www.seokicks.de/robot.html)" "www.electric-homecare.com"
65.21.226.48 - - [22/Sep/2022:22:37:41 -0700] "GET /Los-Angeles.html HTTP/1.1" 404 88 "http://www.electric-homecare.com/Los-Angeles.html" "Mozilla/5.0 (compatible; SEOkicks; +https://www.seokicks.de/robot.html)" "www.electric-homecare.com"
65.21.226.48 - - [22/Sep/2022:22:37:43 -0700] "GET /Orange-County.html HTTP/1.1" 404 88 "http://www.electric-homecare.com/Orange-County.html" "Mozilla/5.0 (compatible; SEOkicks; +https://www.seokicks.de/robot.html)" "www.electric-homecare.com"
65.21.226.48 - - [22/Sep/2022:22:37:44 -0700] "GET /Phoenix.html HTTP/1.1" 404 88 "http://www.electric-homecare.com/Phoenix.html" "Mozilla/5.0 (compatible; SEOkicks; +https://www.seokicks.de/robot.html)" "www.electric-homecare.com"
65.21.226.48 - - [22/Sep/2022:22:37:45 -0700] "GET /San-Francisco.html HTTP/1.1" 404 88 "http://www.electric-homecare.com/San-Francisco.html" "Mozilla/5.0 (compatible; SEOkicks; +https://www.seokicks.de/robot.html)" "www.electric-homecare.com"
65.21.226.48 - - [22/Sep/2022:22:37:47 -0700] "GET /Riverside.html HTTP/1.1" 404 88 "http://www.electric-homecare.com/Riverside.html" "Mozilla/5.0 (compatible; SEOkicks; +https://www.seokicks.de/robot.html)" "www.electric-homecare.com"
65.21.226.48 - - [22/Sep/2022:22:37:48 -0700] "GET /San-Diego.html HTTP/1.1" 404 88 "http://www.electric-homecare.com/San-Diego.html" "Mozilla/5.0 (compatible; SEOkicks; +https://www.seokicks.de/robot.html)" "www.electric-homecare.com"
65.21.226.48 - - [22/Sep/2022:22:38:16 -0700] "GET /Drive.html HTTP/1.1" 404 88 "http://electric-homecare.com/Drive.html" "Mozilla/5.0 (compatible; SEOkicks; +https://www.seokicks.de/robot.html)" "electric-homecare.com"
65.21.226.48 - - [22/Sep/2022:22:38:19 -0700] "GET /Tuffcare.html HTTP/1.1" 404 88 "http://electric-homecare.com/Tuffcare.html" "Mozilla/5.0 (compatible; SEOkicks; +https://www.seokicks.de/robot.html)" "electric-homecare.com"
65.21.226.48 - - [22/Sep/2022:22:38:21 -0700] "GET /none HTTP/1.1" 404 88 "http://electric-homecare.com/none" "Mozilla/5.0 (compatible; SEOkicks; +https://www.seokicks.de/robot.html)" "electric-homecare.com"
65.21.226.48 - - [22/Sep/2022:22:38:24 -0700] "GET /Acorn-Indoor.html HTTP/1.1" 404 88 "http://electric-homecare.com/Acorn-Indoor.html" "Mozilla/5.0 (compatible; SEOkicks; +https://www.seokicks.de/robot.html)" "electric-homecare.com"
65.21.226.48 - - [22/Sep/2022:22:38:25 -0700] "GET /Acorn-Outdoor.html HTTP/1.1" 404 88 "http://electric-homecare.com/Acorn-Outdoor.html" "Mozilla/5.0 (compatible; SEOkicks; +https://www.seokicks.de/robot.html)" "electric-homecare.com"
65.21.226.48 - - [22/Sep/2022:22:38:27 -0700] "GET /Acorn-Curve.html HTTP/1.1" 404 88 "http://electric-homecare.com/Acorn-Curve.html" "Mozilla/5.0 (compatible; SEOkicks; +https://www.seokicks.de/robot.html)" "electric-homecare.com"
65.21.226.48 - - [22/Sep/2022:22:38:29 -0700] "GET /Elan.html HTTP/1.1" 404 88 "http://electric-homecare.com/Elan.html" "Mozilla/5.0 (compatible; SEOkicks; +https://www.seokicks.de/robot.html)" "electric-homecare.com"
65.21.226.48 - - [22/Sep/2022:22:38:32 -0700] "GET /Elite-Indoor.html HTTP/1.1" 404 88 "http://electric-homecare.com/Elite-Indoor.html" "Mozilla/5.0 (compatible; SEOkicks; +https://www.seokicks.de/robot.html)" "electric-homecare.com"
65.21.226.48 - - [22/Sep/2022:22:38:33 -0700] "GET /Elite-Indoor-Curved.html HTTP/1.1" 404 88 "http://electric-homecare.com/Elite-Indoor-Curved.html" "Mozilla/5.0 (compatible; SEOkicks; +https://www.seokicks.de/robot.html)" "electric-homecare.com"
65.21.226.48 - - [22/Sep/2022:22:38:36 -0700] "GET /Elite-Outdoor-Curved.html HTTP/1.1" 404 88 "http://electric-homecare.com/Elite-Outdoor-Curved.html" "Mozilla/5.0 (compatible; SEOkicks; +https://www.seokicks.de/robot.html)" "electric-homecare.com"
65.21.226.48 - - [22/Sep/2022:22:38:37 -0700] "GET /Elite-Outdoor-Straight.html HTTP/1.1" 404 88 "http://electric-homecare.com/Elite-Outdoor-Straight.html" "Mozilla/5.0 (compatible; SEOkicks; +https://www.seokicks.de/robot.html)" "electric-homecare.com"
114.119.136.205 - - [22/Sep/2022:22:39:29 -0700] "GET /LiteRiderOwnersManual.pdf HTTP/1.1" 200 1233969 "https://www.electric-homecare.com/Houston-goldentech.html" "Mozilla/5.0 (Linux; Android 7.0;) AppleWebKit/537.36 (KHTML, like Gecko) Mobile Safari/537.36 (compatible; PetalBot;+https://webmaster.petalsearch.com/site/petalbot)" "www.electric-homecare.com"
114.119.136.205 - - [22/Sep/2022:22:59:03 -0700] "GET /Houston-MedLiftLiftChairs.html HTTP/1.1" 200 3586 "https://electric-homecare.com/Houston-Home.html" "Mozilla/5.0 (Linux; Android 7.0;) AppleWebKit/537.36 (KHTML, like Gecko) Mobile Safari/537.36 (compatible; PetalBot;+https://webmaster.petalsearch.com/site/petalbot)" "electric-homecare.com"
114.119.144.72 - - [22/Sep/2022:23:05:04 -0700] "GET /robots.txt HTTP/1.1" 200 64 "-" "Mozilla/5.0 (compatible;PetalBot;+https://webmaster.petalsearch.com/site/petalbot)" "electric-homecare.com"
216.244.66.247 - - [22/Sep/2022:23:10:20 -0700] "GET /robots.txt HTTP/1.1" 200 48 "-" "Mozilla/5.0 (compatible; DotBot/1.2; +https://opensiteexplorer.org/dotbot; help@moz.com)" "electric-homecare.com"
65.21.226.48 - - [22/Sep/2022:23:14:33 -0700] "GET /Nationwide.html HTTP/1.1" 404 88 "http://www.electric-homecare.com/Nationwide.html" "Mozilla/5.0 (compatible; SEOkicks; +https://www.seokicks.de/robot.html)" "www.electric-homecare.com"
65.21.226.48 - - [22/Sep/2022:23:14:34 -0700] "GET /Phoenix-Electric-Wheelchair-Power-Chairs.html HTTP/1.1" 404 88 "http://www.electric-homecare.com/Phoenix-Electric-Wheelchair-Power-Chairs.html" "Mozilla/5.0 (compatible; SEOkicks; +https://www.seokicks.de/robot.html)" "www.electric-homecare.com"
65.21.226.48 - - [22/Sep/2022:23:14:36 -0700] "GET /Los-Angeles-Electric-Wheelchair-Power-Chairs.html HTTP/1.1" 404 88 "http://www.electric-homecare.com/Los-Angeles-Electric-Wheelchair-Power-Chairs.html" "Mozilla/5.0 (compatible; SEOkicks; +https://www.seokicks.de/robot.html)" "www.electric-homecare.com"
65.21.226.48 - - [22/Sep/2022:23:14:37 -0700] "GET /Alhambra-Electric-Wheelchair-Power-Chairs.html HTTP/1.1" 404 88 "http://www.electric-homecare.com/Alhambra-Electric-Wheelchair-Power-Chairs.html" "Mozilla/5.0 (compatible; SEOkicks; +https://www.seokicks.de/robot.html)" "www.electric-homecare.com"
65.21.226.48 - - [22/Sep/2022:23:14:38 -0700] "GET /Houston-Electric-Wheelchair-Power-Chairs.html HTTP/1.1" 404 88 "http://www.electric-homecare.com/Houston-Electric-Wheelchair-Power-Chairs.html" "Mozilla/5.0 (compatible; SEOkicks; +https://www.seokicks.de/robot.html)" "www.electric-homecare.com"
65.21.226.48 - - [22/Sep/2022:23:14:40 -0700] "GET /Buena-Park-Electric-Wheelchair-Power-Chairs.html HTTP/1.1" 404 88 "http://www.electric-homecare.com/Buena-Park-Electric-Wheelchair-Power-Chairs.html" "Mozilla/5.0 (compatible; SEOkicks; +https://www.seokicks.de/robot.html)" "www.electric-homecare.com"
65.21.226.48 - - [22/Sep/2022:23:14:41 -0700] "GET /Burbank-Electric-Wheelchair-Power-Chairs.html HTTP/1.1" 404 88 "http://www.electric-homecare.com/Burbank-Electric-Wheelchair-Power-Chairs.html" "Mozilla/5.0 (compatible; SEOkicks; +https://www.seokicks.de/robot.html)" "www.electric-homecare.com"
65.21.226.48 - - [22/Sep/2022:23:14:43 -0700] "GET /Carlsbad-Electric-Wheelchair-Power-Chairs.html HTTP/1.1" 404 88 "http://www.electric-homecare.com/Carlsbad-Electric-Wheelchair-Power-Chairs.html" "Mozilla/5.0 (compatible; SEOkicks; +https://www.seokicks.de/robot.html)" "www.electric-homecare.com"
65.21.226.48 - - [22/Sep/2022:23:14:44 -0700] "GET /Corona-Electric-Wheelchair-Power-Chairs.html HTTP/1.1" 404 88 "http://www.electric-homecare.com/Corona-Electric-Wheelchair-Power-Chairs.html" "Mozilla/5.0 (compatible; SEOkicks; +https://www.seokicks.de/robot.html)" "www.electric-homecare.com"
65.21.226.48 - - [22/Sep/2022:23:14:45 -0700] "GET /Carson-Electric-Wheelchair-Power-Chairs.html HTTP/1.1" 404 88 "http://www.electric-homecare.com/Carson-Electric-Wheelchair-Power-Chairs.html" "Mozilla/5.0 (compatible; SEOkicks; +https://www.seokicks.de/robot.html)" "www.electric-homecare.com"
65.21.226.48 - - [22/Sep/2022:23:14:47 -0700] "GET /Chula-Vista-Electric-Wheelchair-Power-Chairs.html HTTP/1.1" 404 88 "http://www.electric-homecare.com/Chula-Vista-Electric-Wheelchair-Power-Chairs.html" "Mozilla/5.0 (compatible; SEOkicks; +https://www.seokicks.de/robot.html)" "www.electric-homecare.com"
65.21.226.48 - - [22/Sep/2022:23:15:05 -0700] "GET /San-Francisco-Bariatric-Beds.html HTTP/1.1" 404 88 "https://electric-homecare.com/Houston-Adjustable-Beds.html" "Mozilla/5.0 (compatible; SEOkicks; +https://www.seokicks.de/robot.html)" "electric-homecare.com"
65.21.226.48 - - [22/Sep/2022:23:15:06 -0700] "GET /Savaria-Stair-Lifts.html HTTP/1.1" 404 88 "http://electric-homecare.com/Savaria-Stair-Lifts.html" "Mozilla/5.0 (compatible; SEOkicks; +https://www.seokicks.de/robot.html)" "electric-homecare.com"
65.21.226.48 - - [22/Sep/2022:23:15:07 -0700] "GET /Harmar-Stairlifts.html HTTP/1.1" 404 88 "http://electric-homecare.com/Harmar-Stairlifts.html" "Mozilla/5.0 (compatible; SEOkicks; +https://www.seokicks.de/robot.html)" "electric-homecare.com"
65.21.226.48 - - [22/Sep/2022:23:15:09 -0700] "GET /Houston-AdjustableBeds-Twin.html HTTP/1.1" 200 3030 "https://electric-homecare.com/Houston-Adjustable-Beds.html" "Mozilla/5.0 (compatible; SEOkicks; +https://www.seokicks.de/robot.html)" "electric-homecare.com"
65.21.226.48 - - [22/Sep/2022:23:15:10 -0700] "GET /Twin%20Regular%20THE%20ULTIMATE%20Adjustable%20Bed%20Latex%20Mattress%20Twinsize HTTP/1.1" 404 88 "https://electric-homecare.com/Houston-AdjustableBeds-Twin.html" "Mozilla/5.0 (compatible; SEOkicks; +https://www.seokicks.de/robot.html)" "electric-homecare.com"
65.21.226.48 - - [22/Sep/2022:23:15:12 -0700] "GET /Twin%20size%20High%20Profile%20Adjustable%20Bed%20Latex%20Mattress%20Twinsize HTTP/1.1" 404 88 "https://electric-homecare.com/Houston-AdjustableBeds-Twin.html" "Mozilla/5.0 (compatible; SEOkicks; +https://www.seokicks.de/robot.html)" "electric-homecare.com"
65.21.226.48 - - [22/Sep/2022:23:15:13 -0700] "GET /Twin%20size%207%22%20latex%20mattress%20Adjustable%20Bed%20Latex%20Mattress%20Twinsize HTTP/1.1" 404 88 "https://electric-homecare.com/Houston-AdjustableBeds-Twin.html" "Mozilla/5.0 (compatible; SEOkicks; +https://www.seokicks.de/robot.html)" "electric-homecare.com"
65.21.226.48 - - [22/Sep/2022:23:15:14 -0700] "GET /WH1%20Twinsize%20Motorized%20Frame HTTP/1.1" 404 88 "https://electric-homecare.com/Houston-AdjustableBeds-Twin.html" "Mozilla/5.0 (compatible; SEOkicks; +https://www.seokicks.de/robot.html)" "electric-homecare.com"
65.21.226.48 - - [22/Sep/2022:23:15:16 -0700] "GET /WH2%20Twinsize%20Motorized%20Frame HTTP/1.1" 404 88 "https://electric-homecare.com/Houston-AdjustableBeds-Twin.html" "Mozilla/5.0 (compatible; SEOkicks; +https://www.seokicks.de/robot.html)" "electric-homecare.com"
65.21.226.48 - - [22/Sep/2022:23:15:17 -0700] "GET /WH3%20Twinsize%20Motorized%20Frame HTTP/1.1" 404 88 "https://electric-homecare.com/Houston-AdjustableBeds-Twin.html" "Mozilla/5.0 (compatible; SEOkicks; +https://www.seokicks.de/robot.html)" "electric-homecare.com"
65.21.226.48 - - [22/Sep/2022:23:15:19 -0700] "GET /Houston-AdjustableBeds-Full.html HTTP/1.1" 200 2647 "https://electric-homecare.com/Houston-Adjustable-Beds.html" "Mozilla/5.0 (compatible; SEOkicks; +https://www.seokicks.de/robot.html)" "electric-homecare.com"
185.191.171.1 - - [22/Sep/2022:23:17:56 -0700] "GET /robots.txt HTTP/1.1" 200 64 "-" "Mozilla/5.0 (compatible; SemrushBot/7~bl; +http://www.semrush.com/bot.html)" "www.electric-homecare.com"
185.191.171.21 - - [22/Sep/2022:23:17:56 -0700] "GET /Golden-Lift-Chairs.html HTTP/1.1" 404 88 "-" "Mozilla/5.0 (compatible; SemrushBot/7~bl; +http://www.semrush.com/bot.html)" "www.electric-homecare.com"
95.216.166.90 - - [22/Sep/2022:23:40:16 -0700] "GET /wp-content/themes/seotheme/mar.php HTTP/1.1" 404 88 "www.google.com" "Mozlila/5.0 (Linux; Android 7.0; SM-G892A Bulid/NRD90M; wv) AppleWebKit/537.36 (KHTML, like Gecko) Version/4.0 Chrome/60.0.3112.107 Moblie Safari/537.36" "www.electric-homecare.com"
95.216.166.90 - - [22/Sep/2022:23:40:18 -0700] "GET /wp-content/themes/seotheme/mar.php HTTP/1.1" 404 88 "www.google.com" "Mozlila/5.0 (Linux; Android 7.0; SM-G892A Bulid/NRD90M; wv) AppleWebKit/537.36 (KHTML, like Gecko) Version/4.0 Chrome/60.0.3112.107 Moblie Safari/537.36" "www.electric-homecare.com"
95.216.166.90 - - [22/Sep/2022:23:40:23 -0700] "GET /wp-includes/shell20211028.php HTTP/1.1" 404 88 "www.google.com" "Mozlila/5.0 (Linux; Android 7.0; SM-G892A Bulid/NRD90M; wv) AppleWebKit/537.36 (KHTML, like Gecko) Version/4.0 Chrome/60.0.3112.107 Moblie Safari/537.36" "www.electric-homecare.com"
95.216.166.90 - - [22/Sep/2022:23:40:27 -0700] "GET /wp-includes/shell20211028.php HTTP/1.1" 404 88 "www.google.com" "Mozlila/5.0 (Linux; Android 7.0; SM-G892A Bulid/NRD90M; wv) AppleWebKit/537.36 (KHTML, like Gecko) Version/4.0 Chrome/60.0.3112.107 Moblie Safari/537.36" "www.electric-homecare.com"
95.216.166.90 - - [22/Sep/2022:23:40:33 -0700] "GET /1index.php HTTP/1.1" 404 88 "www.google.com" "Mozlila/5.0 (Linux; Android 7.0; SM-G892A Bulid/NRD90M; wv) AppleWebKit/537.36 (KHTML, like Gecko) Version/4.0 Chrome/60.0.3112.107 Moblie Safari/537.36" "www.electric-homecare.com"
95.216.166.90 - - [22/Sep/2022:23:40:35 -0700] "GET /1index.php HTTP/1.1" 404 88 "www.google.com" "Mozlila/5.0 (Linux; Android 7.0; SM-G892A Bulid/NRD90M; wv) AppleWebKit/537.36 (KHTML, like Gecko) Version/4.0 Chrome/60.0.3112.107 Moblie Safari/537.36" "www.electric-homecare.com"
95.216.166.90 - - [22/Sep/2022:23:40:37 -0700] "GET /shell4.php HTTP/1.1" 404 88 "www.google.com" "Mozlila/5.0 (Linux; Android 7.0; SM-G892A Bulid/NRD90M; wv) AppleWebKit/537.36 (KHTML, like Gecko) Version/4.0 Chrome/60.0.3112.107 Moblie Safari/537.36" "www.electric-homecare.com"
95.216.166.90 - - [22/Sep/2022:23:40:39 -0700] "GET /shell4.php HTTP/1.1" 404 88 "www.google.com" "Mozlila/5.0 (Linux; Android 7.0; SM-G892A Bulid/NRD90M; wv) AppleWebKit/537.36 (KHTML, like Gecko) Version/4.0 Chrome/60.0.3112.107 Moblie Safari/537.36" "www.electric-homecare.com"
95.216.166.90 - - [22/Sep/2022:23:40:43 -0700] "GET /ru.php HTTP/1.1" 404 88 "www.google.com" "Mozlila/5.0 (Linux; Android 7.0; SM-G892A Bulid/NRD90M; wv) AppleWebKit/537.36 (KHTML, like Gecko) Version/4.0 Chrome/60.0.3112.107 Moblie Safari/537.36" "www.electric-homecare.com"
95.216.166.90 - - [22/Sep/2022:23:40:44 -0700] "GET /ru.php HTTP/1.1" 404 88 "www.google.com" "Mozlila/5.0 (Linux; Android 7.0; SM-G892A Bulid/NRD90M; wv) AppleWebKit/537.36 (KHTML, like Gecko) Version/4.0 Chrome/60.0.3112.107 Moblie Safari/537.36" "www.electric-homecare.com"
95.216.166.90 - - [22/Sep/2022:23:40:46 -0700] "GET /saudi.php HTTP/1.1" 404 88 "www.google.com" "Mozlila/5.0 (Linux; Android 7.0; SM-G892A Bulid/NRD90M; wv) AppleWebKit/537.36 (KHTML, like Gecko) Version/4.0 Chrome/60.0.3112.107 Moblie Safari/537.36" "www.electric-homecare.com"
95.216.166.90 - - [22/Sep/2022:23:40:48 -0700] "GET /saudi.php HTTP/1.1" 404 88 "www.google.com" "Mozlila/5.0 (Linux; Android 7.0; SM-G892A Bulid/NRD90M; wv) AppleWebKit/537.36 (KHTML, like Gecko) Version/4.0 Chrome/60.0.3112.107 Moblie Safari/537.36" "www.electric-homecare.com"
65.21.226.48 - - [22/Sep/2022:23:49:20 -0700] "GET /Compton-Electric-Wheelchair-Power-Chairs.html HTTP/1.1" 404 88 "http://www.electric-homecare.com/Compton-Electric-Wheelchair-Power-Chairs.html" "Mozilla/5.0 (compatible; SEOkicks; +https://www.seokicks.de/robot.html)" "www.electric-homecare.com"
65.21.226.48 - - [22/Sep/2022:23:49:21 -0700] "GET /El-Cajon-Electric-Wheelchair-Power-Chairs.html HTTP/1.1" 404 88 "http://www.electric-homecare.com/El-Cajon-Electric-Wheelchair-Power-Chairs.html" "Mozilla/5.0 (compatible; SEOkicks; +https://www.seokicks.de/robot.html)" "www.electric-homecare.com"
65.21.226.48 - - [22/Sep/2022:23:49:22 -0700] "GET /El-Monte-Electric-Wheelchair-Power-Chairs.html HTTP/1.1" 404 88 "http://www.electric-homecare.com/El-Monte-Electric-Wheelchair-Power-Chairs.html" "Mozilla/5.0 (compatible; SEOkicks; +https://www.seokicks.de/robot.html)" "www.electric-homecare.com"
65.21.226.48 - - [22/Sep/2022:23:49:24 -0700] "GET /Escondido-Electric-Wheelchair-Power-Chairs.html HTTP/1.1" 404 88 "http://www.electric-homecare.com/Escondido-Electric-Wheelchair-Power-Chairs.html" "Mozilla/5.0 (compatible; SEOkicks; +https://www.seokicks.de/robot.html)" "www.electric-homecare.com"
65.21.226.48 - - [22/Sep/2022:23:49:25 -0700] "GET /Fontana-Electric-Wheelchair-Power-Chairs.html HTTP/1.1" 404 88 "http://www.electric-homecare.com/Fontana-Electric-Wheelchair-Power-Chairs.html" "Mozilla/5.0 (compatible; SEOkicks; +https://www.seokicks.de/robot.html)" "www.electric-homecare.com"
65.21.226.48 - - [22/Sep/2022:23:49:26 -0700] "GET /Fullerton-Electric-Wheelchair-Power-Chairs.html HTTP/1.1" 404 88 "http://www.electric-homecare.com/Fullerton-Electric-Wheelchair-Power-Chairs.html" "Mozilla/5.0 (compatible; SEOkicks; +https://www.seokicks.de/robot.html)" "www.electric-homecare.com"
65.21.226.48 - - [22/Sep/2022:23:49:28 -0700] "GET /Garden-Grove-Electric-Wheelchair-Power-Chairs.html HTTP/1.1" 404 88 "http://www.electric-homecare.com/Garden-Grove-Electric-Wheelchair-Power-Chairs.html" "Mozilla/5.0 (compatible; SEOkicks; +https://www.seokicks.de/robot.html)" "www.electric-homecare.com"
65.21.226.48 - - [22/Sep/2022:23:49:29 -0700] "GET /Glendale-Electric-Wheelchair-Power-Chairs.html HTTP/1.1" 404 88 "http://www.electric-homecare.com/Glendale-Electric-Wheelchair-Power-Chairs.html" "Mozilla/5.0 (compatible; SEOkicks; +https://www.seokicks.de/robot.html)" "www.electric-homecare.com"
65.21.226.48 - - [22/Sep/2022:23:49:31 -0700] "GET /Hawthorne-Electric-Wheelchair-Power-Chairs.html HTTP/1.1" 404 88 "http://www.electric-homecare.com/Hawthorne-Electric-Wheelchair-Power-Chairs.html" "Mozilla/5.0 (compatible; SEOkicks; +https://www.seokicks.de/robot.html)" "www.electric-homecare.com"
65.21.226.48 - - [22/Sep/2022:23:49:32 -0700] "GET /Hemet-Electric-Wheelchair-Power-Chairs.html HTTP/1.1" 404 88 "http://www.electric-homecare.com/Hemet-Electric-Wheelchair-Power-Chairs.html" "Mozilla/5.0 (compatible; SEOkicks; +https://www.seokicks.de/robot.html)" "www.electric-homecare.com"
65.21.226.48 - - [22/Sep/2022:23:49:33 -0700] "GET /Hesperia-Electric-Wheelchair-Power-Chairs.html HTTP/1.1" 404 88 "http://www.electric-homecare.com/Hesperia-Electric-Wheelchair-Power-Chairs.html" "Mozilla/5.0 (compatible; SEOkicks; +https://www.seokicks.de/robot.html)" "www.electric-homecare.com"
65.21.226.48 - - [22/Sep/2022:23:49:48 -0700] "GET /Adjustable-Bed-Mattresses HTTP/1.1" 200 2940 "https://electric-homecare.com/Houston-AdjustableBeds-Full.html" "Mozilla/5.0 (compatible; SEOkicks; +https://www.seokicks.de/robot.html)" "electric-homecare.com"
65.21.226.48 - - [22/Sep/2022:23:49:49 -0700] "GET /tempurpedic%20adjustable%20bed%20temperpedic%20electric%20medical%20temper%20tempur%20pedic%20mattresses HTTP/1.1" 404 88 "https://electric-homecare.com/Houston-AdjustableBeds-Full.html" "Mozilla/5.0 (compatible; SEOkicks; +https://www.seokicks.de/robot.html)" "electric-homecare.com"
65.21.226.48 - - [22/Sep/2022:23:49:51 -0700] "GET /double%20adjustable%20bed%20Houston%20tx%20affordable%20cost%20sale%20price%20electric%20hospital%20bariatric%20bed%20are%20motorized%20base%20foundation%20frame HTTP/1.1" 404 88 "https://electric-homecare.com/Houston-AdjustableBeds-Full.html" "Mozilla/5.0 (compatible; SEOkicks; +https://www.seokicks.de/robot.html)" "electric-homecare.com"
65.21.226.48 - - [22/Sep/2022:23:49:52 -0700] "GET /doubles%20electric%20bed%20Anaheim HTTP/1.1" 404 88 "https://electric-homecare.com/Houston-AdjustableBeds-Full.html" "Mozilla/5.0 (compatible; SEOkicks; +https://www.seokicks.de/robot.html)" "electric-homecare.com"
65.21.226.48 - - [22/Sep/2022:23:49:54 -0700] "GET /Anaheim HTTP/1.1" 404 88 "https://electric-homecare.com/Houston-AdjustableBeds-Full.html" "Mozilla/5.0 (compatible; SEOkicks; +https://www.seokicks.de/robot.html)" "electric-homecare.com"
65.21.226.48 - - [22/Sep/2022:23:49:55 -0700] "GET /regular%20size%20adjustable%20bed%20Houston%20tx%20affordable%20cost%20sale%20price%20electric%20hospital%20bariatric%20bed%20are%20motorized%20base%20foundation%20frame HTTP/1.1" 404 88 "https://electric-homecare.com/Houston-AdjustableBeds-Full.html" "Mozilla/5.0 (compatible; SEOkicks; +https://www.seokicks.de/robot.html)" "electric-homecare.com"
65.21.226.48 - - [22/Sep/2022:23:49:56 -0700] "GET /Houston%20tx%20affordable%20cost%20sale%20price%20electric%20hospital%20bariatric%20bed%20are%20motorized%20base%20foundation%20frame HTTP/1.1" 404 88 "https://electric-homecare.com/Houston-AdjustableBeds-Full.html" "Mozilla/5.0 (compatible; SEOkicks; +https://www.seokicks.de/robot.html)" "electric-homecare.com"
65.21.226.48 - - [22/Sep/2022:23:49:58 -0700] "GET /full%20extra%20long%20electric%20medical%20adjustable%20bed%20Anaheim HTTP/1.1" 404 88 "https://electric-homecare.com/Houston-AdjustableBeds-Full.html" "Mozilla/5.0 (compatible; SEOkicks; +https://www.seokicks.de/robot.html)" "electric-homecare.com"
65.21.226.48 - - [22/Sep/2022:23:49:59 -0700] "GET /Electropedic-Houston HTTP/1.1" 404 88 "https://electric-homecare.com/Houston-AdjustableBeds-Full.html" "Mozilla/5.0 (compatible; SEOkicks; +https://www.seokicks.de/robot.html)" "electric-homecare.com"
65.21.226.48 - - [22/Sep/2022:23:50:00 -0700] "GET /Houston-AdjustableBeds-Queen.html HTTP/1.1" 200 2570 "https://electric-homecare.com/Houston-Adjustable-Beds.html" "Mozilla/5.0 (compatible; SEOkicks; +https://www.seokicks.de/robot.html)" "electric-homecare.com"
65.21.226.48 - - [22/Sep/2022:23:50:02 -0700] "GET /Queensize%2060%22%20x%2080%22%20(one%20piece) HTTP/1.1" 404 88 "https://electric-homecare.com/Houston-AdjustableBeds-Queen.html" "Mozilla/5.0 (compatible; SEOkicks; +https://www.seokicks.de/robot.html)" "electric-homecare.com"
185.191.171.7 - - [22/Sep/2022:23:55:11 -0700] "GET /Electropedic.html HTTP/1.1" 404 88 "-" "Mozilla/5.0 (compatible; SemrushBot/7~bl; +http://www.semrush.com/bot.html)" "www.electric-homecare.com"
65.21.226.48 - - [23/Sep/2022:00:21:34 -0700] "GET /Huntington-Beach-Electric-Wheelchair-Power-Chairs.html HTTP/1.1" 404 88 "http://www.electric-homecare.com/Huntington-Beach-Electric-Wheelchair-Power-Chairs.html" "Mozilla/5.0 (compatible; SEOkicks; +https://www.seokicks.de/robot.html)" "www.electric-homecare.com"
65.21.226.48 - - [23/Sep/2022:00:21:35 -0700] "GET /Indio-Electric-Wheelchair-Power-Chairs.html HTTP/1.1" 404 88 "http://www.electric-homecare.com/Indio-Electric-Wheelchair-Power-Chairs.html" "Mozilla/5.0 (compatible; SEOkicks; +https://www.seokicks.de/robot.html)" "www.electric-homecare.com"
65.21.226.48 - - [23/Sep/2022:00:21:36 -0700] "GET /Irvine-Electric-Wheelchair-Power-Chairs.html HTTP/1.1" 404 88 "http://www.electric-homecare.com/Irvine-Electric-Wheelchair-Power-Chairs.html" "Mozilla/5.0 (compatible; SEOkicks; +https://www.seokicks.de/robot.html)" "www.electric-homecare.com"
65.21.226.48 - - [23/Sep/2022:00:21:38 -0700] "GET /Lakewood-Electric-Wheelchair-Power-Chairs.html HTTP/1.1" 404 88 "http://www.electric-homecare.com/Lakewood-Electric-Wheelchair-Power-Chairs.html" "Mozilla/5.0 (compatible; SEOkicks; +https://www.seokicks.de/robot.html)" "www.electric-homecare.com"
65.21.226.48 - - [23/Sep/2022:00:21:39 -0700] "GET /Lancaster-Electric-Wheelchair-Power-Chairs.html HTTP/1.1" 404 88 "http://www.electric-homecare.com/Lancaster-Electric-Wheelchair-Power-Chairs.html" "Mozilla/5.0 (compatible; SEOkicks; +https://www.seokicks.de/robot.html)" "www.electric-homecare.com"
65.21.226.48 - - [23/Sep/2022:00:21:41 -0700] "GET /Long-Beach-Electric-Wheelchair-Power-Chairs.html HTTP/1.1" 404 88 "http://www.electric-homecare.com/Long-Beach-Electric-Wheelchair-Power-Chairs.html" "Mozilla/5.0 (compatible; SEOkicks; +https://www.seokicks.de/robot.html)" "www.electric-homecare.com"
65.21.226.48 - - [23/Sep/2022:00:21:42 -0700] "GET /Mission-Viejo-Electric-Wheelchair-Power-Chairs.html HTTP/1.1" 404 88 "http://www.electric-homecare.com/Mission-Viejo-Electric-Wheelchair-Power-Chairs.html" "Mozilla/5.0 (compatible; SEOkicks; +https://www.seokicks.de/robot.html)" "www.electric-homecare.com"
65.21.226.48 - - [23/Sep/2022:00:21:44 -0700] "GET /Moreno-Valley-Electric-Wheelchair-Power-Chairs.html HTTP/1.1" 404 88 "http://www.electric-homecare.com/Moreno-Valley-Electric-Wheelchair-Power-Chairs.html" "Mozilla/5.0 (compatible; SEOkicks; +https://www.seokicks.de/robot.html)" "www.electric-homecare.com"
65.21.226.48 - - [23/Sep/2022:00:21:45 -0700] "GET /Murrieta-Electric-Wheelchair-Power-Chairs.html HTTP/1.1" 404 88 "http://www.electric-homecare.com/Murrieta-Electric-Wheelchair-Power-Chairs.html" "Mozilla/5.0 (compatible; SEOkicks; +https://www.seokicks.de/robot.html)" "www.electric-homecare.com"
65.21.226.48 - - [23/Sep/2022:00:21:49 -0700] "GET /Newport-Beach-Electric-Wheelchair-Power-Chairs.html HTTP/1.1" 404 88 "http://www.electric-homecare.com/Newport-Beach-Electric-Wheelchair-Power-Chairs.html" "Mozilla/5.0 (compatible; SEOkicks; +https://www.seokicks.de/robot.html)" "www.electric-homecare.com"
65.21.226.48 - - [23/Sep/2022:00:21:51 -0700] "GET /Norwalk-Electric-Wheelchair-Power-Chairs.html HTTP/1.1" 404 88 "http://www.electric-homecare.com/Norwalk-Electric-Wheelchair-Power-Chairs.html" "Mozilla/5.0 (compatible; SEOkicks; +https://www.seokicks.de/robot.html)" "www.electric-homecare.com"
65.21.226.48 - - [23/Sep/2022:00:22:06 -0700] "GET /Houston%20queen%20electricbed HTTP/1.1" 404 88 "https://electric-homecare.com/Houston-AdjustableBeds-Queen.html" "Mozilla/5.0 (compatible; SEOkicks; +https://www.seokicks.de/robot.html)" "electric-homecare.com"
65.21.226.48 - - [23/Sep/2022:00:22:07 -0700] "GET /queens%20ergomotion%20flexabed%20electropedic%20leggett%20platt HTTP/1.1" 404 88 "https://electric-homecare.com/Houston-AdjustableBeds-Queen.html" "Mozilla/5.0 (compatible; SEOkicks; +https://www.seokicks.de/robot.html)" "electric-homecare.com"
65.21.226.48 - - [23/Sep/2022:00:22:08 -0700] "GET /Index.html HTTP/1.1" 404 88 "https://electric-homecare.com/Houston-Adjustable-Beds.html" "Mozilla/5.0 (compatible; SEOkicks; +https://www.seokicks.de/robot.html)" "electric-homecare.com"
65.21.226.48 - - [23/Sep/2022:00:22:10 -0700] "GET /Houston-AdjustableBeds-King.html HTTP/1.1" 200 3533 "https://electric-homecare.com/Houston-Adjustable-Beds.html" "Mozilla/5.0 (compatible; SEOkicks; +https://www.seokicks.de/robot.html)" "electric-homecare.com"
65.21.226.48 - - [23/Sep/2022:00:22:11 -0700] "GET /Kingsize%20(one%20piece)%2072%22%20x%2084%22%2076%22%20x%2080%22%2076%22%20x%2084%22 HTTP/1.1" 404 88 "https://electric-homecare.com/Houston-AdjustableBeds-King.html" "Mozilla/5.0 (compatible; SEOkicks; +https://www.seokicks.de/robot.html)" "electric-homecare.com"
65.21.226.48 - - [23/Sep/2022:00:22:13 -0700] "GET /Houston%20Texas%20Kingsize%20(one%20piece)%2072%22%20x%2084%22%2076%22%20x%2080%22%2076%22%20x%2084%22 HTTP/1.1" 404 88 "https://electric-homecare.com/Houston-AdjustableBeds-King.html" "Mozilla/5.0 (compatible; SEOkicks; +https://www.seokicks.de/robot.html)" "electric-homecare.com"
65.21.226.48 - - [23/Sep/2022:00:22:14 -0700] "GET /Houston-AdjustableBeds-DualQueen.html HTTP/1.1" 200 2847 "https://electric-homecare.com/Houston-Adjustable-Beds.html" "Mozilla/5.0 (compatible; SEOkicks; +https://www.seokicks.de/robot.html)" "electric-homecare.com"
65.21.226.48 - - [23/Sep/2022:00:22:15 -0700] "GET /Dual%20Queen%202%20-%2030%22%20x%2080%22%20Dual%20Queen HTTP/1.1" 404 88 "https://electric-homecare.com/Houston-AdjustableBeds-DualQueen.html" "Mozilla/5.0 (compatible; SEOkicks; +https://www.seokicks.de/robot.html)" "electric-homecare.com"
65.21.226.48 - - [23/Sep/2022:00:22:17 -0700] "GET /Houston%20Texas%20Dual%20Queen%202%20-%2030%22%20x%2080%22%20Dual%20Queen HTTP/1.1" 404 88 "https://electric-homecare.com/Houston-AdjustableBeds-DualQueen.html" "Mozilla/5.0 (compatible; SEOkicks; +https://www.seokicks.de/robot.html)" "electric-homecare.com"
65.21.226.48 - - [23/Sep/2022:00:22:18 -0700] "GET /Houston%20TexasDual%20Queen%202%20-%2030%22%20x%2080%22%20Dual%20Queen HTTP/1.1" 404 88 "https://electric-homecare.com/Houston-AdjustableBeds-DualQueen.html" "Mozilla/5.0 (compatible; SEOkicks; +https://www.seokicks.de/robot.html)" "electric-homecare.com"
