157.55.39.106 - - [30/Sep/2022:17:03:55 -0700] "GET /Swiss-Rest.html HTTP/1.1" 404 88 "-" "Mozilla/5.0 (compatible; bingbot/2.0; +http://www.bing.com/bingbot.htm)" "electric-homecare.com"
114.119.136.205 - - [30/Sep/2022:17:25:59 -0700] "GET /US_Jazzy_1450_om.pdf HTTP/1.1" 200 6253925 "https://www.electric-homecare.com/Houston-Jazzy1450.html" "Mozilla/5.0 (Linux; Android 7.0;) AppleWebKit/537.36 (KHTML, like Gecko) Mobile Safari/537.36 (compatible; PetalBot;+https://webmaster.petalsearch.com/site/petalbot)" "www.electric-homecare.com"
216.244.66.247 - - [30/Sep/2022:17:39:32 -0700] "GET /robots.txt HTTP/1.1" 200 48 "-" "Mozilla/5.0 (compatible; DotBot/1.2; +https://opensiteexplorer.org/dotbot; help@moz.com)" "electric-homecare.com"
185.191.171.6 - - [30/Sep/2022:17:43:07 -0700] "GET /Houston-Home.html HTTP/1.1" 200 4435 "-" "Mozilla/5.0 (compatible; SemrushBot/7~bl; +http://www.semrush.com/bot.html)" "www.electric-homecare.com"
185.191.171.21 - - [30/Sep/2022:17:47:20 -0700] "GET /primo_international_adjustable_b.html HTTP/1.1" 404 88 "-" "Mozilla/5.0 (compatible; SemrushBot/7~bl; +http://www.semrush.com/bot.html)" "www.electric-homecare.com"
173.252.83.119 - - [30/Sep/2022:17:52:07 -0700] "GET /wh3-2.jpeg HTTP/1.1" 200 4214 "-" "facebookexternalhit/1.1 (+http://www.facebook.com/externalhit_uatext.php)" "electric-homecare.com"
173.252.83.6 - - [30/Sep/2022:18:02:23 -0700] "GET /1-Adjustable-Beds.jpg HTTP/1.1" 200 1026932 "-" "facebookexternalhit/1.1 (+http://www.facebook.com/externalhit_uatext.php)" "electric-homecare.com"
185.191.171.42 - - [30/Sep/2022:18:26:56 -0700] "GET /robots.txt HTTP/1.1" 200 64 "-" "Mozilla/5.0 (compatible; SemrushBot/7~bl; +http://www.semrush.com/bot.html)" "www.electric-homecare.com"
185.191.171.7 - - [30/Sep/2022:18:26:58 -0700] "GET /Los-Angeles-Electric-Wheelchair-Power-Chairs.html HTTP/1.1" 404 88 "-" "Mozilla/5.0 (compatible; SemrushBot/7~bl; +http://www.semrush.com/bot.html)" "www.electric-homecare.com"
216.244.66.247 - - [30/Sep/2022:18:35:18 -0700] "GET /robots.txt HTTP/1.1" 200 48 "-" "Mozilla/5.0 (compatible; DotBot/1.2; +https://opensiteexplorer.org/dotbot; help@moz.com)" "www.electric-homecare.com"
216.244.66.247 - - [30/Sep/2022:18:35:18 -0700] "GET /robots.txt HTTP/1.1" 200 48 "-" "Mozilla/5.0 (compatible; DotBot/1.2; +https://opensiteexplorer.org/dotbot; help@moz.com)" "electric-homecare.com"
173.252.83.23 - - [30/Sep/2022:18:56:59 -0700] "GET /Brooks-stair-lifts-02_small.jpg HTTP/1.1" 200 5205 "-" "facebookexternalhit/1.1 (+http://www.facebook.com/externalhit_uatext.php)" "electric-homecare.com"
173.252.83.7 - - [30/Sep/2022:18:59:01 -0700] "GET /EP-0wh3-2.jpg HTTP/1.1" 200 205505 "-" "facebookexternalhit/1.1 (+http://www.facebook.com/externalhit_uatext.php)" "electric-homecare.com"
185.191.171.12 - - [30/Sep/2022:19:20:07 -0700] "GET /hospital-beds.html HTTP/1.1" 404 88 "-" "Mozilla/5.0 (compatible; SemrushBot/7~bl; +http://www.semrush.com/bot.html)" "www.electric-homecare.com"
185.191.171.16 - - [30/Sep/2022:19:24:16 -0700] "GET /Ontario-Electric-Wheelchair-Power-Chairs.html HTTP/1.1" 404 88 "-" "Mozilla/5.0 (compatible; SemrushBot/7~bl; +http://www.semrush.com/bot.html)" "www.electric-homecare.com"
216.244.66.247 - - [30/Sep/2022:19:43:01 -0700] "GET /robots.txt HTTP/1.1" 200 48 "-" "Mozilla/5.0 (compatible; DotBot/1.2; +https://opensiteexplorer.org/dotbot; help@moz.com)" "electric-homecare.com"
185.191.171.26 - - [30/Sep/2022:20:26:53 -0700] "GET /robots.txt HTTP/1.1" 200 64 "-" "Mozilla/5.0 (compatible; SemrushBot/7~bl; +http://www.semrush.com/bot.html)" "www.electric-homecare.com"
185.191.171.17 - - [30/Sep/2022:20:26:54 -0700] "GET /Innerspring.html HTTP/1.1" 404 88 "-" "Mozilla/5.0 (compatible; SemrushBot/7~bl; +http://www.semrush.com/bot.html)" "www.electric-homecare.com"
49.7.20.128 - - [30/Sep/2022:20:27:53 -0700] "GET / HTTP/1.1" 200 4147 "-" "Sogou web spider/4.0(+http://www.sogou.com/docs/help/webmasters.htm#07)" "www.electric-homecare.com"
216.244.66.247 - - [30/Sep/2022:20:45:55 -0700] "GET /robots.txt HTTP/1.1" 200 48 "-" "Mozilla/5.0 (compatible; DotBot/1.2; +https://opensiteexplorer.org/dotbot; help@moz.com)" "electric-homecare.com"
173.252.83.8 - - [30/Sep/2022:21:08:30 -0700] "GET /dking-13.jpg HTTP/1.1" 200 71316 "-" "facebookexternalhit/1.1 (+http://www.facebook.com/externalhit_uatext.php)" "electric-homecare.com"
185.191.171.26 - - [30/Sep/2022:21:14:54 -0700] "GET /ramps.html HTTP/1.1" 404 88 "-" "Mozilla/5.0 (compatible; SemrushBot/7~bl; +http://www.semrush.com/bot.html)" "www.electric-homecare.com"
216.244.66.247 - - [30/Sep/2022:21:46:29 -0700] "GET /robots.txt HTTP/1.1" 200 48 "-" "Mozilla/5.0 (compatible; DotBot/1.2; +https://opensiteexplorer.org/dotbot; help@moz.com)" "electric-homecare.com"
216.244.66.247 - - [30/Sep/2022:21:46:29 -0700] "GET /robots.txt HTTP/1.1" 200 48 "-" "Mozilla/5.0 (compatible; DotBot/1.2; +https://opensiteexplorer.org/dotbot; help@moz.com)" "www.electric-homecare.com"
157.55.39.106 - - [30/Sep/2022:21:47:42 -0700] "GET /Used-Electric-Stair-Lifts.html HTTP/1.1" 404 88 "-" "Mozilla/5.0 (compatible; bingbot/2.0; +http://www.bing.com/bingbot.htm)" "www.electric-homecare.com"
185.191.171.34 - - [30/Sep/2022:21:52:34 -0700] "GET /robots.txt HTTP/1.1" 200 64 "-" "Mozilla/5.0 (compatible; SemrushBot/7~bl; +http://www.semrush.com/bot.html)" "www.electric-homecare.com"
185.191.171.4 - - [30/Sep/2022:21:52:34 -0700] "GET /Contact-Ramps.html HTTP/1.1" 404 88 "-" "Mozilla/5.0 (compatible; SemrushBot/7~bl; +http://www.semrush.com/bot.html)" "www.electric-homecare.com"
77.75.77.95 - - [30/Sep/2022:22:08:23 -0700] "GET /robots.txt HTTP/1.1" 200 64 "-" "Mozilla/5.0 (compatible; SeznamBot/3.2; +http://napoveda.seznam.cz/en/seznambot-intro/)" "electric-homecare.com"
77.75.77.95 - - [30/Sep/2022:22:08:25 -0700] "GET /PF-09.gif HTTP/1.1" 304 - "-" "Mozilla/5.0 (compatible; SeznamBot/3.2; +http://napoveda.seznam.cz/en/seznambot-intro/)" "electric-homecare.com"
173.252.83.14 - - [30/Sep/2022:22:48:10 -0700] "GET /robots.txt HTTP/1.1" 206 64 "-" "facebookexternalhit/1.1 (+http://www.facebook.com/externalhit_uatext.php)" "electric-homecare.com"
173.252.83.118 - - [30/Sep/2022:22:49:11 -0700] "GET /full-3.png HTTP/1.1" 200 30286 "-" "facebookexternalhit/1.1 (+http://www.facebook.com/externalhit_uatext.php)" "electric-homecare.com"
157.55.39.106 - - [30/Sep/2022:23:05:08 -0700] "GET /5-trustylift.jpg HTTP/1.1" 200 7093 "-" "Mozilla/5.0 (compatible; bingbot/2.0; +http://www.bing.com/bingbot.htm)" "electric-homecare.com"
185.191.171.33 - - [30/Sep/2022:23:07:15 -0700] "GET /robots.txt HTTP/1.1" 200 64 "-" "Mozilla/5.0 (compatible; SemrushBot/7~bl; +http://www.semrush.com/bot.html)" "www.electric-homecare.com"
185.191.171.35 - - [30/Sep/2022:23:07:15 -0700] "GET /Service-Repair-CA.html HTTP/1.1" 404 88 "-" "Mozilla/5.0 (compatible; SemrushBot/7~bl; +http://www.semrush.com/bot.html)" "www.electric-homecare.com"
77.75.78.165 - - [30/Sep/2022:23:20:20 -0700] "GET /robots.txt HTTP/1.1" 200 64 "-" "Mozilla/5.0 (compatible; SeznamBot/3.2; +http://napoveda.seznam.cz/en/seznambot-intro/)" "electric-homecare.com"
77.75.78.165 - - [30/Sep/2022:23:20:22 -0700] "GET /PF-16.jpg HTTP/1.1" 304 - "-" "Mozilla/5.0 (compatible; SeznamBot/3.2; +http://napoveda.seznam.cz/en/seznambot-intro/)" "electric-homecare.com"
114.119.136.215 - - [30/Sep/2022:23:44:33 -0700] "GET /Victory_10_LX_CTS_Suspension.pdf HTTP/1.1" 200 1738092 "https://www.electric-homecare.com/Houston-Victory10LXwithCTSSuspension.html" "Mozilla/5.0 (Linux; Android 7.0;) AppleWebKit/537.36 (KHTML, like Gecko) Mobile Safari/537.36 (compatible; PetalBot;+https://webmaster.petalsearch.com/site/petalbot)" "www.electric-homecare.com"
185.191.171.45 - - [30/Sep/2022:23:50:23 -0700] "GET /g.html HTTP/1.1" 404 88 "-" "Mozilla/5.0 (compatible; SemrushBot/7~bl; +http://www.semrush.com/bot.html)" "www.electric-homecare.com"
185.191.171.40 - - [30/Sep/2022:23:52:39 -0700] "GET /s.html HTTP/1.1" 404 88 "-" "Mozilla/5.0 (compatible; SemrushBot/7~bl; +http://www.semrush.com/bot.html)" "www.electric-homecare.com"
114.119.136.203 - - [30/Sep/2022:23:59:11 -0700] "GET /Houston-GoldentechLiterider.html HTTP/1.1" 200 5483 "https://electric-homecare.com/Houston-Home.html" "Mozilla/5.0 (Linux; Android 7.0;) AppleWebKit/537.36 (KHTML, like Gecko) Mobile Safari/537.36 (compatible; PetalBot;+https://webmaster.petalsearch.com/site/petalbot)" "electric-homecare.com"
77.75.73.26 - - [30/Sep/2022:23:59:24 -0700] "GET /Adjustable-Bed-Sizes.htm HTTP/1.1" 304 - "-" "Mozilla/5.0 (compatible; SeznamBot/4.0-RC1; +http://napoveda.seznam.cz/seznambot-intro/)" "electric-homecare.com"
77.75.73.26 - - [30/Sep/2022:23:59:24 -0700] "GET /robots.txt HTTP/1.1" 200 64 "-" "Mozilla/5.0 (compatible; SeznamBot/4.0-RC1; +http://napoveda.seznam.cz/seznambot-intro/)" "electric-homecare.com"
173.252.83.24 - - [01/Oct/2022:00:04:53 -0700] "GET /TRILIFT-005.png HTTP/1.1" 200 35306 "-" "facebookexternalhit/1.1 (+http://www.facebook.com/externalhit_uatext.php)" "electric-homecare.com"
216.244.66.247 - - [01/Oct/2022:00:10:19 -0700] "GET /robots.txt HTTP/1.1" 200 48 "-" "Mozilla/5.0 (compatible; DotBot/1.2; +https://opensiteexplorer.org/dotbot; help@moz.com)" "electric-homecare.com"
77.75.79.11 - - [01/Oct/2022:00:11:14 -0700] "GET /robots.txt HTTP/1.1" 200 64 "-" "Mozilla/5.0 (compatible; SeznamBot/3.2; +http://napoveda.seznam.cz/en/seznambot-intro/)" "electric-homecare.com"
77.75.79.11 - - [01/Oct/2022:00:11:15 -0700] "GET /pacesaver1.jpg HTTP/1.1" 304 - "-" "Mozilla/5.0 (compatible; SeznamBot/3.2; +http://napoveda.seznam.cz/en/seznambot-intro/)" "electric-homecare.com"
77.75.73.26 - - [01/Oct/2022:00:15:36 -0700] "GET /sitemap.xml HTTP/1.1" 200 175 "-" "Mozilla/5.0 (compatible; SeznamBot/4.0-RC1; +http://napoveda.seznam.cz/seznambot-intro/)" "electric-homecare.com"
207.46.13.45 - - [01/Oct/2022:00:20:00 -0700] "GET /invacare-bariatric-equipment.html HTTP/1.1" 404 88 "-" "Mozilla/5.0 AppleWebKit/537.36 (KHTML, like Gecko; compatible; bingbot/2.0; +http://www.bing.com/bingbot.htm) Chrome/103.0.5060.134 Safari/537.36" "electric-homecare.com"
198.199.186.249 - - [01/Oct/2022:00:24:28 -0700] "GET /169.jpg HTTP/1.1" 200 110097 "https://www.bing.com/" "Mozilla/5.0 (Windows NT 10.0; Win64; x64) AppleWebKit/537.36 (KHTML, like Gecko) Chrome/105.0.0.0 Safari/537.36 Edg/105.0.1343.53" "electric-homecare.com"
185.191.171.5 - - [01/Oct/2022:00:26:08 -0700] "GET /robots.txt HTTP/1.1" 200 64 "-" "Mozilla/5.0 (compatible; SemrushBot/7~bl; +http://www.semrush.com/bot.html)" "www.electric-homecare.com"
185.191.171.1 - - [01/Oct/2022:00:26:09 -0700] "GET /Contact-Adjustable-Beds.html HTTP/1.1" 404 88 "-" "Mozilla/5.0 (compatible; SemrushBot/7~bl; +http://www.semrush.com/bot.html)" "www.electric-homecare.com"
77.75.79.11 - - [01/Oct/2022:01:05:01 -0700] "GET /robots.txt HTTP/1.1" 200 64 "-" "Mozilla/5.0 (compatible; SeznamBot/3.2; +http://napoveda.seznam.cz/en/seznambot-intro/)" "electric-homecare.com"
77.75.79.11 - - [01/Oct/2022:01:05:03 -0700] "GET /transfermaster-3.jpg HTTP/1.1" 304 - "-" "Mozilla/5.0 (compatible; SeznamBot/3.2; +http://napoveda.seznam.cz/en/seznambot-intro/)" "electric-homecare.com"
216.244.66.247 - - [01/Oct/2022:01:06:42 -0700] "GET /robots.txt HTTP/1.1" 200 48 "-" "Mozilla/5.0 (compatible; DotBot/1.2; +https://opensiteexplorer.org/dotbot; help@moz.com)" "electric-homecare.com"
185.191.171.7 - - [01/Oct/2022:01:16:15 -0700] "GET /Contact-Vehicle-Lifts.html HTTP/1.1" 404 88 "-" "Mozilla/5.0 (compatible; SemrushBot/7~bl; +http://www.semrush.com/bot.html)" "www.electric-homecare.com"
135.181.180.59 - - [01/Oct/2022:01:17:11 -0700] "GET /robots.txt HTTP/1.1" 200 48 "-" "Mozilla/5.0 (compatible; MJ12bot/v1.4.8; http://mj12bot.com/)" "www.electric-homecare.com"
135.181.180.59 - - [01/Oct/2022:01:17:13 -0700] "GET /LiteRider%20Owner%E2%80%99s%20Manual.pdf HTTP/1.1" 404 88 "-" "Mozilla/5.0 (compatible; MJ12bot/v1.4.8; http://mj12bot.com/)" "www.electric-homecare.com"
135.181.180.59 - - [01/Oct/2022:01:17:16 -0700] "GET /Owner%E2%80%99s%20Manual.pdf HTTP/1.1" 404 88 "-" "Mozilla/5.0 (compatible; MJ12bot/v1.4.8; http://mj12bot.com/)" "www.electric-homecare.com"
207.46.13.44 - - [01/Oct/2022:01:30:24 -0700] "GET /258.jpg HTTP/1.1" 200 13933 "-" "Mozilla/5.0 (compatible; bingbot/2.0; +http://www.bing.com/bingbot.htm)" "electric-homecare.com"
139.59.238.249 - - [01/Oct/2022:01:52:54 -0700] "GET /wp-22.php HTTP/1.1" 404 73 "-" "-" "electric-homecare.com"
77.75.78.170 - - [01/Oct/2022:01:55:21 -0700] "GET /robots.txt HTTP/1.1" 200 64 "-" "Mozilla/5.0 (compatible; SeznamBot/3.2; +http://napoveda.seznam.cz/en/seznambot-intro/)" "electric-homecare.com"
77.75.78.170 - - [01/Oct/2022:01:55:22 -0700] "GET /relaxer2-480x677.jpg HTTP/1.1" 304 - "-" "Mozilla/5.0 (compatible; SeznamBot/3.2; +http://napoveda.seznam.cz/en/seznambot-intro/)" "electric-homecare.com"
138.68.182.188 - - [01/Oct/2022:01:56:55 -0700] "GET /wp-admin/install.php?step=1 HTTP/1.1" 404 88 "-" "Mozilla/5.0 (X11; Linux x86_64; rv:52.0) Gecko/20100101 Firefox/52.0" "electric-homecare.com"
138.68.182.188 - - [01/Oct/2022:01:56:56 -0700] "GET /wp-admin/setup-config.php HTTP/1.1" 404 88 "-" "Mozilla/5.0 (X11; Linux x86_64; rv:52.0) Gecko/20100101 Firefox/52.0" "electric-homecare.com"
138.68.182.188 - - [01/Oct/2022:01:56:56 -0700] "GET /new/wp-admin/install.php?step=1 HTTP/1.1" 404 88 "-" "Mozilla/5.0 (X11; Linux x86_64; rv:52.0) Gecko/20100101 Firefox/52.0" "electric-homecare.com"
138.68.182.188 - - [01/Oct/2022:01:56:57 -0700] "GET /new/wp-admin/setup-config.php HTTP/1.1" 404 88 "-" "Mozilla/5.0 (X11; Linux x86_64; rv:52.0) Gecko/20100101 Firefox/52.0" "electric-homecare.com"
138.68.182.188 - - [01/Oct/2022:01:56:57 -0700] "GET /blog/wp-admin/install.php?step=1 HTTP/1.1" 404 88 "-" "Mozilla/5.0 (X11; Linux x86_64; rv:52.0) Gecko/20100101 Firefox/52.0" "electric-homecare.com"
138.68.182.188 - - [01/Oct/2022:01:56:58 -0700] "GET /blog/wp-admin/setup-config.php HTTP/1.1" 404 88 "-" "Mozilla/5.0 (X11; Linux x86_64; rv:52.0) Gecko/20100101 Firefox/52.0" "electric-homecare.com"
138.68.182.188 - - [01/Oct/2022:01:56:58 -0700] "GET /blogs/wp-admin/install.php?step=1 HTTP/1.1" 404 88 "-" "Mozilla/5.0 (X11; Linux x86_64; rv:52.0) Gecko/20100101 Firefox/52.0" "electric-homecare.com"
138.68.182.188 - - [01/Oct/2022:01:56:59 -0700] "GET /blogs/wp-admin/setup-config.php HTTP/1.1" 404 88 "-" "Mozilla/5.0 (X11; Linux x86_64; rv:52.0) Gecko/20100101 Firefox/52.0" "electric-homecare.com"
138.68.182.188 - - [01/Oct/2022:01:56:59 -0700] "GET /demo/wp-admin/install.php?step=1 HTTP/1.1" 404 88 "-" "Mozilla/5.0 (X11; Linux x86_64; rv:52.0) Gecko/20100101 Firefox/52.0" "electric-homecare.com"
138.68.182.188 - - [01/Oct/2022:01:57:00 -0700] "GET /demo/wp-admin/setup-config.php HTTP/1.1" 404 88 "-" "Mozilla/5.0 (X11; Linux x86_64; rv:52.0) Gecko/20100101 Firefox/52.0" "electric-homecare.com"
138.68.182.188 - - [01/Oct/2022:01:57:01 -0700] "GET /wp/wp-admin/install.php?step=1 HTTP/1.1" 404 88 "-" "Mozilla/5.0 (X11; Linux x86_64; rv:52.0) Gecko/20100101 Firefox/52.0" "electric-homecare.com"
138.68.182.188 - - [01/Oct/2022:01:57:01 -0700] "GET /wp/wp-admin/setup-config.php HTTP/1.1" 404 88 "-" "Mozilla/5.0 (X11; Linux x86_64; rv:52.0) Gecko/20100101 Firefox/52.0" "electric-homecare.com"
138.68.182.188 - - [01/Oct/2022:01:57:02 -0700] "GET /wordpress/wp-admin/install.php?step=1 HTTP/1.1" 404 88 "-" "Mozilla/5.0 (X11; Linux x86_64; rv:52.0) Gecko/20100101 Firefox/52.0" "electric-homecare.com"
138.68.182.188 - - [01/Oct/2022:01:57:02 -0700] "GET /wordpress/wp-admin/setup-config.php HTTP/1.1" 404 88 "-" "Mozilla/5.0 (X11; Linux x86_64; rv:52.0) Gecko/20100101 Firefox/52.0" "electric-homecare.com"
138.68.182.188 - - [01/Oct/2022:01:57:03 -0700] "GET /tes/wp-admin/install.php?step=1 HTTP/1.1" 404 88 "-" "Mozilla/5.0 (X11; Linux x86_64; rv:52.0) Gecko/20100101 Firefox/52.0" "electric-homecare.com"
138.68.182.188 - - [01/Oct/2022:01:57:03 -0700] "GET /tes/wp-admin/setup-config.php HTTP/1.1" 404 88 "-" "Mozilla/5.0 (X11; Linux x86_64; rv:52.0) Gecko/20100101 Firefox/52.0" "electric-homecare.com"
138.68.182.188 - - [01/Oct/2022:01:57:04 -0700] "GET /test/wp-admin/install.php?step=1 HTTP/1.1" 404 88 "-" "Mozilla/5.0 (X11; Linux x86_64; rv:52.0) Gecko/20100101 Firefox/52.0" "electric-homecare.com"
138.68.182.188 - - [01/Oct/2022:01:57:04 -0700] "GET /test/wp-admin/setup-config.php HTTP/1.1" 404 88 "-" "Mozilla/5.0 (X11; Linux x86_64; rv:52.0) Gecko/20100101 Firefox/52.0" "electric-homecare.com"
138.68.182.188 - - [01/Oct/2022:01:57:05 -0700] "GET /web/wp-admin/install.php?step=1 HTTP/1.1" 404 88 "-" "Mozilla/5.0 (X11; Linux x86_64; rv:52.0) Gecko/20100101 Firefox/52.0" "electric-homecare.com"
138.68.182.188 - - [01/Oct/2022:01:57:05 -0700] "GET /web/wp-admin/setup-config.php HTTP/1.1" 404 88 "-" "Mozilla/5.0 (X11; Linux x86_64; rv:52.0) Gecko/20100101 Firefox/52.0" "electric-homecare.com"
138.68.182.188 - - [01/Oct/2022:01:57:06 -0700] "GET /cms/wp-admin/install.php?step=1 HTTP/1.1" 404 88 "-" "Mozilla/5.0 (X11; Linux x86_64; rv:52.0) Gecko/20100101 Firefox/52.0" "electric-homecare.com"
138.68.182.188 - - [01/Oct/2022:01:57:06 -0700] "GET /cms/wp-admin/setup-config.php HTTP/1.1" 404 88 "-" "Mozilla/5.0 (X11; Linux x86_64; rv:52.0) Gecko/20100101 Firefox/52.0" "electric-homecare.com"
138.68.182.188 - - [01/Oct/2022:01:57:07 -0700] "GET /wp-admin/admin-ajax.php HTTP/1.1" 404 88 "-" "Mozilla/5.0 (X11; Linux x86_64; rv:52.0) Gecko/20100101 Firefox/52.0" "electric-homecare.com"
138.68.182.188 - - [01/Oct/2022:01:57:07 -0700] "GET /wp-admin/ HTTP/1.1" 404 88 "-" "Mozilla/5.0 (X11; Linux x86_64; rv:52.0) Gecko/20100101 Firefox/52.0" "electric-homecare.com"
173.252.83.23 - - [01/Oct/2022:02:02:22 -0700] "GET /Reverie-2.jpg HTTP/1.1" 200 255809 "-" "facebookexternalhit/1.1 (+http://www.facebook.com/externalhit_uatext.php)" "electric-homecare.com"
193.235.141.177 - - [01/Oct/2022:02:07:02 -0700] "GET / HTTP/1.1" 200 4147 "-" "Mozilla/5.0 (Windows NT 10.0; Win64; x64) AppleWebKit/537.36 (KHTML, like Gecko) Chrome/105.0.0.0 Safari/537.36" "electric-homecare.com"
193.235.141.177 - - [01/Oct/2022:02:07:02 -0700] "GET /favicon.ico HTTP/1.1" 404 88 "-" "Mozilla/5.0 (Windows NT 10.0; Win64; x64) AppleWebKit/537.36 (KHTML, like Gecko) Chrome/105.0.0.0 Safari/537.36" "electric-homecare.com"
173.252.83.13 - - [01/Oct/2022:02:13:26 -0700] "GET /Brevo-2.0-trail.jpg HTTP/1.1" 200 126229 "-" "facebookexternalhit/1.1 (+http://www.facebook.com/externalhit_uatext.php)" "electric-homecare.com"
173.252.83.12 - - [01/Oct/2022:02:23:45 -0700] "GET /lc-105-7.jpg HTTP/1.1" 200 4262 "-" "facebookexternalhit/1.1 (+http://www.facebook.com/externalhit_uatext.php)" "electric-homecare.com"
123.125.109.137 - - [01/Oct/2022:02:24:18 -0700] "GET / HTTP/1.1" 200 4147 "-" "Sogou web spider/4.0(+http://www.sogou.com/docs/help/webmasters.htm#07)" "www.electric-homecare.com"
114.119.136.205 - - [01/Oct/2022:02:31:15 -0700] "GET /RT-productline.pdf HTTP/1.1" 200 1403529 "https://electric-homecare.com/Houston-myamigo.html" "Mozilla/5.0 (Linux; Android 7.0;) AppleWebKit/537.36 (KHTML, like Gecko) Mobile Safari/537.36 (compatible; PetalBot;+https://webmaster.petalsearch.com/site/petalbot)" "electric-homecare.com"
216.244.66.247 - - [01/Oct/2022:02:49:52 -0700] "GET /robots.txt HTTP/1.1" 200 48 "-" "Mozilla/5.0 (compatible; DotBot/1.2; +https://opensiteexplorer.org/dotbot; help@moz.com)" "electric-homecare.com"
216.244.66.247 - - [01/Oct/2022:02:56:07 -0700] "GET /Houston-Used.html HTTP/1.1" 200 18411 "-" "Mozilla/5.0 (compatible; DotBot/1.2; +https://opensiteexplorer.org/dotbot; help@moz.com)" "electric-homecare.com"
77.75.78.160 - - [01/Oct/2022:03:01:59 -0700] "GET /robots.txt HTTP/1.1" 200 64 "-" "Mozilla/5.0 (compatible; SeznamBot/3.2; +http://napoveda.seznam.cz/en/seznambot-intro/)" "electric-homecare.com"
77.75.78.160 - - [01/Oct/2022:03:02:01 -0700] "GET /evrider-5.jpg HTTP/1.1" 304 - "-" "Mozilla/5.0 (compatible; SeznamBot/3.2; +http://napoveda.seznam.cz/en/seznambot-intro/)" "electric-homecare.com"
77.75.73.26 - - [01/Oct/2022:03:10:39 -0700] "GET /CompanionOwnersManual.pdf HTTP/1.1" 304 - "-" "Mozilla/5.0 (compatible; SeznamBot/4.0-RC1; +http://napoveda.seznam.cz/seznambot-intro/)" "electric-homecare.com"
185.191.171.1 - - [01/Oct/2022:03:16:27 -0700] "GET /robots.txt HTTP/1.1" 200 64 "-" "Mozilla/5.0 (compatible; SemrushBot/7~bl; +http://www.semrush.com/bot.html)" "www.electric-homecare.com"
185.191.171.2 - - [01/Oct/2022:03:16:27 -0700] "GET /Houston-AdjustableBeds-King.html HTTP/1.1" 200 3533 "-" "Mozilla/5.0 (compatible; SemrushBot/7~bl; +http://www.semrush.com/bot.html)" "www.electric-homecare.com"
185.191.171.36 - - [01/Oct/2022:03:33:32 -0700] "GET /Glendale-Electric-Wheelchair-Power-Chairs.html HTTP/1.1" 404 88 "-" "Mozilla/5.0 (compatible; SemrushBot/7~bl; +http://www.semrush.com/bot.html)" "www.electric-homecare.com"
173.252.83.1 - - [01/Oct/2022:03:38:04 -0700] "GET /pocketed-coil.png HTTP/1.1" 200 68750 "-" "facebookexternalhit/1.1 (+http://www.facebook.com/externalhit_uatext.php)" "electric-homecare.com"
216.244.66.247 - - [01/Oct/2022:03:42:18 -0700] "GET /robots.txt HTTP/1.1" 200 48 "-" "Mozilla/5.0 (compatible; DotBot/1.2; +https://opensiteexplorer.org/dotbot; help@moz.com)" "electric-homecare.com"
40.77.167.21 - - [01/Oct/2022:03:48:18 -0700] "GET /LM-08.jpg HTTP/1.1" 200 2275091 "-" "Mozilla/5.0 (compatible; bingbot/2.0; +http://www.bing.com/bingbot.htm)" "electric-homecare.com"
185.191.171.21 - - [01/Oct/2022:03:49:11 -0700] "GET /Contact-Patient-Lifts.html HTTP/1.1" 404 88 "-" "Mozilla/5.0 (compatible; SemrushBot/7~bl; +http://www.semrush.com/bot.html)" "www.electric-homecare.com"
157.55.39.233 - - [01/Oct/2022:03:55:27 -0700] "GET /Bariatric-liftchairs.jpg HTTP/1.1" 200 3819 "-" "Mozilla/5.0 (compatible; bingbot/2.0; +http://www.bing.com/bingbot.htm)" "www.electric-homecare.com"
51.222.253.8 - - [01/Oct/2022:03:55:38 -0700] "GET /robots.txt HTTP/1.1" 200 64 "-" "Mozilla/5.0 (compatible; AhrefsBot/7.0; +http://ahrefs.com/robot/)" "www.electric-homecare.com"
77.75.76.168 - - [01/Oct/2022:04:01:08 -0700] "GET /robots.txt HTTP/1.1" 200 64 "-" "Mozilla/5.0 (compatible; SeznamBot/3.2; +http://napoveda.seznam.cz/en/seznambot-intro/)" "electric-homecare.com"
77.75.76.168 - - [01/Oct/2022:04:01:09 -0700] "GET /comforter3-480x677.jpg HTTP/1.1" 304 - "-" "Mozilla/5.0 (compatible; SeznamBot/3.2; +http://napoveda.seznam.cz/en/seznambot-intro/)" "electric-homecare.com"
185.191.171.23 - - [01/Oct/2022:04:20:09 -0700] "GET /robots.txt HTTP/1.1" 200 64 "-" "Mozilla/5.0 (compatible; SemrushBot/7~bl; +http://www.semrush.com/bot.html)" "www.electric-homecare.com"
185.191.171.24 - - [01/Oct/2022:04:20:11 -0700] "GET /Pasadena-Electric-Wheelchair-Power-Chairs.html HTTP/1.1" 404 88 "-" "Mozilla/5.0 (compatible; SemrushBot/7~bl; +http://www.semrush.com/bot.html)" "www.electric-homecare.com"
185.191.171.15 - - [01/Oct/2022:04:23:31 -0700] "GET /showrooms.html HTTP/1.1" 404 88 "-" "Mozilla/5.0 (compatible; SemrushBot/7~bl; +http://www.semrush.com/bot.html)" "www.electric-homecare.com"
157.55.39.50 - - [01/Oct/2022:04:24:11 -0700] "GET /Owner's%20manual.pdf HTTP/1.1" 200 1903445 "-" "Mozilla/5.0 AppleWebKit/537.36 (KHTML, like Gecko; compatible; bingbot/2.0; +http://www.bing.com/bingbot.htm) Chrome/103.0.5060.134 Safari/537.36" "electric-homecare.com"
157.90.181.149 - - [01/Oct/2022:04:31:41 -0700] "GET /robots.txt HTTP/1.1" 200 64 "-" "Mozilla/5.0 (compatible; BLEXBot/1.0; +http://webmeup-crawler.com/)" "electric-homecare.com"
157.90.181.149 - - [01/Oct/2022:04:31:41 -0700] "GET /Acorn-Stair-Lifts.html HTTP/1.1" 200 5001 "-" "Mozilla/5.0 (compatible; BLEXBot/1.0; +http://webmeup-crawler.com/)" "electric-homecare.com"
157.90.181.149 - - [01/Oct/2022:04:32:05 -0700] "GET /B.html HTTP/1.1" 404 88 "-" "Mozilla/5.0 (compatible; BLEXBot/1.0; +http://webmeup-crawler.com/)" "electric-homecare.com"
157.90.181.149 - - [01/Oct/2022:04:32:10 -0700] "GET /Bruno-Elite.html HTTP/1.1" 404 88 "-" "Mozilla/5.0 (compatible; BLEXBot/1.0; +http://webmeup-crawler.com/)" "electric-homecare.com"
157.90.181.149 - - [01/Oct/2022:04:32:17 -0700] "GET /Bruno-LT-Stairlift.html HTTP/1.1" 404 88 "-" "Mozilla/5.0 (compatible; BLEXBot/1.0; +http://webmeup-crawler.com/)" "electric-homecare.com"
157.90.181.149 - - [01/Oct/2022:04:32:20 -0700] "GET /Bruno-Stair-Lifts.html HTTP/1.1" 404 88 "-" "Mozilla/5.0 (compatible; BLEXBot/1.0; +http://webmeup-crawler.com/)" "electric-homecare.com"
157.90.181.149 - - [01/Oct/2022:04:32:22 -0700] "GET /Bruno-VPL3100.html HTTP/1.1" 404 88 "-" "Mozilla/5.0 (compatible; BLEXBot/1.0; +http://webmeup-crawler.com/)" "electric-homecare.com"
157.90.181.149 - - [01/Oct/2022:04:32:28 -0700] "GET /Bruno.html HTTP/1.1" 404 88 "-" "Mozilla/5.0 (compatible; BLEXBot/1.0; +http://webmeup-crawler.com/)" "electric-homecare.com"
157.90.181.149 - - [01/Oct/2022:04:32:35 -0700] "GET /Bruno_CRE-2110.html HTTP/1.1" 404 88 "-" "Mozilla/5.0 (compatible; BLEXBot/1.0; +http://webmeup-crawler.com/)" "electric-homecare.com"
157.90.181.149 - - [01/Oct/2022:04:32:38 -0700] "GET /Burke-Bariatric-.html HTTP/1.1" 404 88 "-" "Mozilla/5.0 (compatible; BLEXBot/1.0; +http://webmeup-crawler.com/)" "electric-homecare.com"
157.90.181.149 - - [01/Oct/2022:04:32:44 -0700] "GET /Burke-Bariatric.html HTTP/1.1" 404 88 "-" "Mozilla/5.0 (compatible; BLEXBot/1.0; +http://webmeup-crawler.com/)" "electric-homecare.com"
157.90.181.149 - - [01/Oct/2022:04:32:48 -0700] "GET /CRE-2100.html HTTP/1.1" 404 88 "-" "Mozilla/5.0 (compatible; BLEXBot/1.0; +http://webmeup-crawler.com/)" "electric-homecare.com"
157.55.39.106 - - [01/Oct/2022:04:32:49 -0700] "GET /Pure-Main1.jpg HTTP/1.1" 200 40416 "-" "Mozilla/5.0 (compatible; bingbot/2.0; +http://www.bing.com/bingbot.htm)" "electric-homecare.com"
157.90.181.149 - - [01/Oct/2022:04:32:51 -0700] "GET /Camtec.html HTTP/1.1" 404 88 "-" "Mozilla/5.0 (compatible; BLEXBot/1.0; +http://webmeup-crawler.com/)" "electric-homecare.com"
157.90.181.149 - - [01/Oct/2022:04:32:56 -0700] "GET /Contact-Adjustable-Beds.html HTTP/1.1" 404 88 "-" "Mozilla/5.0 (compatible; BLEXBot/1.0; +http://webmeup-crawler.com/)" "electric-homecare.com"
157.90.181.149 - - [01/Oct/2022:04:32:59 -0700] "GET /Contact-Bariatric-Equipment.html HTTP/1.1" 404 88 "-" "Mozilla/5.0 (compatible; BLEXBot/1.0; +http://webmeup-crawler.com/)" "electric-homecare.com"
157.90.181.149 - - [01/Oct/2022:04:33:01 -0700] "GET /Contact-Hospital-Beds.html HTTP/1.1" 404 88 "-" "Mozilla/5.0 (compatible; BLEXBot/1.0; +http://webmeup-crawler.com/)" "electric-homecare.com"
157.90.181.149 - - [01/Oct/2022:04:33:03 -0700] "GET /Contact-Lift-Chairs.html HTTP/1.1" 404 88 "-" "Mozilla/5.0 (compatible; BLEXBot/1.0; +http://webmeup-crawler.com/)" "electric-homecare.com"
157.90.181.149 - - [01/Oct/2022:04:33:06 -0700] "GET /Contact-Mattresses.html HTTP/1.1" 404 88 "-" "Mozilla/5.0 (compatible; BLEXBot/1.0; +http://webmeup-crawler.com/)" "electric-homecare.com"
157.90.181.149 - - [01/Oct/2022:04:33:13 -0700] "GET /Contact-Stair-Lifts.html HTTP/1.1" 404 88 "-" "Mozilla/5.0 (compatible; BLEXBot/1.0; +http://webmeup-crawler.com/)" "electric-homecare.com"
157.90.181.149 - - [01/Oct/2022:04:33:19 -0700] "GET /Contact-Vehicle-Lifts.html HTTP/1.1" 404 88 "-" "Mozilla/5.0 (compatible; BLEXBot/1.0; +http://webmeup-crawler.com/)" "electric-homecare.com"
157.90.181.149 - - [01/Oct/2022:04:33:25 -0700] "GET /Contact-Wheelchair-Elevators.html HTTP/1.1" 404 88 "-" "Mozilla/5.0 (compatible; BLEXBot/1.0; +http://webmeup-crawler.com/)" "electric-homecare.com"
157.90.181.149 - - [01/Oct/2022:04:33:27 -0700] "GET /Convaquip.html HTTP/1.1" 404 88 "-" "Mozilla/5.0 (compatible; BLEXBot/1.0; +http://webmeup-crawler.com/)" "electric-homecare.com"
157.90.181.149 - - [01/Oct/2022:04:33:31 -0700] "GET /Curve-Stair-Lifts.htm HTTP/1.1" 404 88 "-" "Mozilla/5.0 (compatible; BLEXBot/1.0; +http://webmeup-crawler.com/)" "electric-homecare.com"
157.90.181.149 - - [01/Oct/2022:04:33:33 -0700] "GET /Electric-Adjustable-Beds.html HTTP/1.1" 404 88 "-" "Mozilla/5.0 (compatible; BLEXBot/1.0; +http://webmeup-crawler.com/)" "electric-homecare.com"
157.90.181.149 - - [01/Oct/2022:04:33:35 -0700] "GET /Electropedic.html HTTP/1.1" 404 88 "-" "Mozilla/5.0 (compatible; BLEXBot/1.0; +http://webmeup-crawler.com/)" "electric-homecare.com"
157.90.181.149 - - [01/Oct/2022:04:33:38 -0700] "GET /FlexABed.html HTTP/1.1" 404 88 "-" "Mozilla/5.0 (compatible; BLEXBot/1.0; +http://webmeup-crawler.com/)" "electric-homecare.com"
157.90.181.149 - - [01/Oct/2022:04:33:42 -0700] "GET /Gendron-Bariatric.html HTTP/1.1" 404 88 "-" "Mozilla/5.0 (compatible; BLEXBot/1.0; +http://webmeup-crawler.com/)" "electric-homecare.com"
157.90.181.149 - - [01/Oct/2022:04:33:45 -0700] "GET /Harmar.html HTTP/1.1" 404 88 "-" "Mozilla/5.0 (compatible; BLEXBot/1.0; +http://webmeup-crawler.com/)" "electric-homecare.com"
157.90.181.149 - - [01/Oct/2022:04:33:49 -0700] "GET /Heavy-Duty-Mobility.html HTTP/1.1" 404 88 "-" "Mozilla/5.0 (compatible; BLEXBot/1.0; +http://webmeup-crawler.com/)" "electric-homecare.com"
157.90.181.149 - - [01/Oct/2022:04:33:54 -0700] "GET /Hospital-Beds.html HTTP/1.1" 404 88 "-" "Mozilla/5.0 (compatible; BLEXBot/1.0; +http://webmeup-crawler.com/)" "electric-homecare.com"
157.90.181.149 - - [01/Oct/2022:04:33:59 -0700] "GET /Invacare.html HTTP/1.1" 404 88 "-" "Mozilla/5.0 (compatible; BLEXBot/1.0; +http://webmeup-crawler.com/)" "electric-homecare.com"
157.90.181.149 - - [01/Oct/2022:04:34:03 -0700] "GET /Jazzy-1650.html HTTP/1.1" 404 88 "-" "Mozilla/5.0 (compatible; BLEXBot/1.0; +http://webmeup-crawler.com/)" "electric-homecare.com"
157.90.181.149 - - [01/Oct/2022:04:34:08 -0700] "GET /Joe-Fuller.html HTTP/1.1" 404 88 "-" "Mozilla/5.0 (compatible; BLEXBot/1.0; +http://webmeup-crawler.com/)" "electric-homecare.com"
157.90.181.149 - - [01/Oct/2022:04:34:11 -0700] "GET /Latex-Foam.html HTTP/1.1" 404 88 "-" "Mozilla/5.0 (compatible; BLEXBot/1.0; +http://webmeup-crawler.com/)" "electric-homecare.com"
157.90.181.149 - - [01/Oct/2022:04:34:15 -0700] "GET /Latexpedic.html HTTP/1.1" 404 88 "-" "Mozilla/5.0 (compatible; BLEXBot/1.0; +http://webmeup-crawler.com/)" "electric-homecare.com"
157.90.181.149 - - [01/Oct/2022:04:34:17 -0700] "GET /Leggett-Platt.html HTTP/1.1" 404 88 "-" "Mozilla/5.0 (compatible; BLEXBot/1.0; +http://webmeup-crawler.com/)" "electric-homecare.com"
157.90.181.149 - - [01/Oct/2022:04:34:21 -0700] "GET /Long-Beach.html HTTP/1.1" 404 88 "-" "Mozilla/5.0 (compatible; BLEXBot/1.0; +http://webmeup-crawler.com/)" "electric-homecare.com"
157.90.181.149 - - [01/Oct/2022:04:34:27 -0700] "GET /Los-Angeles-CA.html HTTP/1.1" 404 88 "-" "Mozilla/5.0 (compatible; BLEXBot/1.0; +http://webmeup-crawler.com/)" "electric-homecare.com"
157.90.181.149 - - [01/Oct/2022:04:34:32 -0700] "GET /Los-Angeles.html HTTP/1.1" 404 88 "-" "Mozilla/5.0 (compatible; BLEXBot/1.0; +http://webmeup-crawler.com/)" "electric-homecare.com"
157.90.181.149 - - [01/Oct/2022:04:34:36 -0700] "GET /Mac.html HTTP/1.1" 404 88 "-" "Mozilla/5.0 (compatible; BLEXBot/1.0; +http://webmeup-crawler.com/)" "electric-homecare.com"
157.90.181.149 - - [01/Oct/2022:04:34:38 -0700] "GET /Mattress.html HTTP/1.1" 404 88 "-" "Mozilla/5.0 (compatible; BLEXBot/1.0; +http://webmeup-crawler.com/)" "electric-homecare.com"
157.90.181.149 - - [01/Oct/2022:04:34:41 -0700] "GET /Med-Lift.html HTTP/1.1" 404 88 "-" "Mozilla/5.0 (compatible; BLEXBot/1.0; +http://webmeup-crawler.com/)" "electric-homecare.com"
157.90.181.149 - - [01/Oct/2022:04:34:45 -0700] "GET /Meditek.html HTTP/1.1" 404 88 "-" "Mozilla/5.0 (compatible; BLEXBot/1.0; +http://webmeup-crawler.com/)" "electric-homecare.com"
157.90.181.149 - - [01/Oct/2022:04:34:48 -0700] "GET /Orange-County.html HTTP/1.1" 404 88 "-" "Mozilla/5.0 (compatible; BLEXBot/1.0; +http://webmeup-crawler.com/)" "electric-homecare.com"
157.90.181.149 - - [01/Oct/2022:04:34:52 -0700] "GET /Outside-Stair-Lifts.htm HTTP/1.1" 404 88 "-" "Mozilla/5.0 (compatible; BLEXBot/1.0; +http://webmeup-crawler.com/)" "electric-homecare.com"
157.90.181.149 - - [01/Oct/2022:04:34:55 -0700] "GET /Phoenix-AZ.html HTTP/1.1" 404 88 "-" "Mozilla/5.0 (compatible; BLEXBot/1.0; +http://webmeup-crawler.com/)" "electric-homecare.com"
157.90.181.149 - - [01/Oct/2022:04:34:58 -0700] "GET /Porch-Wheelchair-Elevators.htm HTTP/1.1" 404 88 "-" "Mozilla/5.0 (compatible; BLEXBot/1.0; +http://webmeup-crawler.com/)" "electric-homecare.com"
157.90.181.149 - - [01/Oct/2022:04:35:01 -0700] "GET /Primo.html HTTP/1.1" 404 88 "-" "Mozilla/5.0 (compatible; BLEXBot/1.0; +http://webmeup-crawler.com/)" "electric-homecare.com"
157.90.181.149 - - [01/Oct/2022:04:35:03 -0700] "GET /Prodigy.html HTTP/1.1" 404 88 "-" "Mozilla/5.0 (compatible; BLEXBot/1.0; +http://webmeup-crawler.com/)" "electric-homecare.com"
157.90.181.149 - - [01/Oct/2022:04:35:09 -0700] "GET /Ramps.html HTTP/1.1" 404 88 "-" "Mozilla/5.0 (compatible; BLEXBot/1.0; +http://webmeup-crawler.com/)" "electric-homecare.com"
157.90.181.149 - - [01/Oct/2022:04:35:12 -0700] "GET /Reverie.html HTTP/1.1" 404 88 "-" "Mozilla/5.0 (compatible; BLEXBot/1.0; +http://webmeup-crawler.com/)" "electric-homecare.com"
157.90.181.149 - - [01/Oct/2022:04:35:16 -0700] "GET /Riverside.html HTTP/1.1" 404 88 "-" "Mozilla/5.0 (compatible; BLEXBot/1.0; +http://webmeup-crawler.com/)" "electric-homecare.com"
157.90.181.149 - - [01/Oct/2022:04:35:18 -0700] "GET /S-cape.html HTTP/1.1" 404 88 "-" "Mozilla/5.0 (compatible; BLEXBot/1.0; +http://webmeup-crawler.com/)" "electric-homecare.com"
157.90.181.149 - - [01/Oct/2022:04:35:22 -0700] "GET /SRE-1550.html HTTP/1.1" 404 88 "-" "Mozilla/5.0 (compatible; BLEXBot/1.0; +http://webmeup-crawler.com/)" "electric-homecare.com"
157.90.181.149 - - [01/Oct/2022:04:35:24 -0700] "GET /SRE-2010.html HTTP/1.1" 404 88 "-" "Mozilla/5.0 (compatible; BLEXBot/1.0; +http://webmeup-crawler.com/)" "electric-homecare.com"
157.90.181.149 - - [01/Oct/2022:04:35:47 -0700] "GET /SRE-2750-Stairlift.html HTTP/1.1" 404 88 "-" "Mozilla/5.0 (compatible; BLEXBot/1.0; +http://webmeup-crawler.com/)" "electric-homecare.com"
157.90.181.149 - - [01/Oct/2022:04:36:20 -0700] "GET /San-Fernando-Valley.html HTTP/1.1" 404 88 "-" "Mozilla/5.0 (compatible; BLEXBot/1.0; +http://webmeup-crawler.com/)" "electric-homecare.com"
157.90.181.149 - - [01/Oct/2022:04:36:26 -0700] "GET /San-Francisco.html HTTP/1.1" 404 88 "-" "Mozilla/5.0 (compatible; BLEXBot/1.0; +http://webmeup-crawler.com/)" "electric-homecare.com"
157.90.181.149 - - [01/Oct/2022:04:36:30 -0700] "GET /Savaria.html HTTP/1.1" 404 88 "-" "Mozilla/5.0 (compatible; BLEXBot/1.0; +http://webmeup-crawler.com/)" "electric-homecare.com"
157.90.181.149 - - [01/Oct/2022:04:36:33 -0700] "GET /Showrooms.html HTTP/1.1" 404 88 "-" "Mozilla/5.0 (compatible; BLEXBot/1.0; +http://webmeup-crawler.com/)" "electric-homecare.com"
157.90.181.149 - - [01/Oct/2022:04:36:35 -0700] "GET /Sleep-Center.html HTTP/1.1" 404 88 "-" "Mozilla/5.0 (compatible; BLEXBot/1.0; +http://webmeup-crawler.com/)" "electric-homecare.com"
157.90.181.149 - - [01/Oct/2022:04:36:39 -0700] "GET /Sleeper-Lounge.html HTTP/1.1" 404 88 "-" "Mozilla/5.0 (compatible; BLEXBot/1.0; +http://webmeup-crawler.com/)" "electric-homecare.com"
157.90.181.149 - - [01/Oct/2022:04:36:41 -0700] "GET /Southern-California.html HTTP/1.1" 404 88 "-" "Mozilla/5.0 (compatible; BLEXBot/1.0; +http://webmeup-crawler.com/)" "electric-homecare.com"
157.90.181.149 - - [01/Oct/2022:04:36:43 -0700] "GET /Span-America.html HTTP/1.1" 404 88 "-" "Mozilla/5.0 (compatible; BLEXBot/1.0; +http://webmeup-crawler.com/)" "electric-homecare.com"
157.90.181.149 - - [01/Oct/2022:04:36:47 -0700] "GET /Stair-Lift.htm HTTP/1.1" 404 88 "-" "Mozilla/5.0 (compatible; BLEXBot/1.0; +http://webmeup-crawler.com/)" "electric-homecare.com"
157.90.181.149 - - [01/Oct/2022:04:36:49 -0700] "GET /Stair-Lift.html HTTP/1.1" 404 88 "-" "Mozilla/5.0 (compatible; BLEXBot/1.0; +http://webmeup-crawler.com/)" "electric-homecare.com"
157.90.181.149 - - [01/Oct/2022:04:36:51 -0700] "GET /Straight-Stair-Lifts.htm HTTP/1.1" 404 88 "-" "Mozilla/5.0 (compatible; BLEXBot/1.0; +http://webmeup-crawler.com/)" "electric-homecare.com"
157.90.181.149 - - [01/Oct/2022:04:36:54 -0700] "GET /Summit.html HTTP/1.1" 404 88 "-" "Mozilla/5.0 (compatible; BLEXBot/1.0; +http://webmeup-crawler.com/)" "electric-homecare.com"
216.244.66.247 - - [01/Oct/2022:04:36:58 -0700] "GET /robots.txt HTTP/1.1" 200 48 "-" "Mozilla/5.0 (compatible; DotBot/1.2; +https://opensiteexplorer.org/dotbot; help@moz.com)" "electric-homecare.com"
157.90.181.149 - - [01/Oct/2022:04:36:58 -0700] "GET /TKAccess.html HTTP/1.1" 404 88 "-" "Mozilla/5.0 (compatible; BLEXBot/1.0; +http://webmeup-crawler.com/)" "electric-homecare.com"
157.90.181.149 - - [01/Oct/2022:04:37:02 -0700] "GET /Torrance.html HTTP/1.1" 404 88 "-" "Mozilla/5.0 (compatible; BLEXBot/1.0; +http://webmeup-crawler.com/)" "electric-homecare.com"
157.90.181.149 - - [01/Oct/2022:04:37:03 -0700] "GET /Transfer-Master.html HTTP/1.1" 404 88 "-" "Mozilla/5.0 (compatible; BLEXBot/1.0; +http://webmeup-crawler.com/)" "electric-homecare.com"
157.90.181.149 - - [01/Oct/2022:04:37:07 -0700] "GET /Trus-T-Lift.html HTTP/1.1" 404 88 "-" "Mozilla/5.0 (compatible; BLEXBot/1.0; +http://webmeup-crawler.com/)" "electric-homecare.com"
157.90.181.149 - - [01/Oct/2022:04:37:10 -0700] "GET /Tuffcare.html HTTP/1.1" 404 88 "-" "Mozilla/5.0 (compatible; BLEXBot/1.0; +http://webmeup-crawler.com/)" "electric-homecare.com"
157.90.181.149 - - [01/Oct/2022:04:37:15 -0700] "GET /USA.html HTTP/1.1" 404 88 "-" "Mozilla/5.0 (compatible; BLEXBot/1.0; +http://webmeup-crawler.com/)" "electric-homecare.com"
157.90.181.149 - - [01/Oct/2022:04:37:17 -0700] "GET /Used-Electric-Stair-Lifts.html HTTP/1.1" 404 88 "-" "Mozilla/5.0 (compatible; BLEXBot/1.0; +http://webmeup-crawler.com/)" "electric-homecare.com"
157.90.181.149 - - [01/Oct/2022:04:37:19 -0700] "GET /Volkner.html HTTP/1.1" 404 88 "-" "Mozilla/5.0 (compatible; BLEXBot/1.0; +http://webmeup-crawler.com/)" "electric-homecare.com"
157.90.181.149 - - [01/Oct/2022:04:37:21 -0700] "GET /Wheelchair-Elevators.html HTTP/1.1" 404 88 "-" "Mozilla/5.0 (compatible; BLEXBot/1.0; +http://webmeup-crawler.com/)" "electric-homecare.com"
157.90.181.149 - - [01/Oct/2022:04:37:24 -0700] "GET /Wheelchairs-of-Kansas.html HTTP/1.1" 404 88 "-" "Mozilla/5.0 (compatible; BLEXBot/1.0; +http://webmeup-crawler.com/)" "electric-homecare.com"
157.90.181.149 - - [01/Oct/2022:04:37:26 -0700] "GET /about.htm HTTP/1.1" 200 5398 "-" "Mozilla/5.0 (compatible; BLEXBot/1.0; +http://webmeup-crawler.com/)" "electric-homecare.com"
157.90.181.149 - - [01/Oct/2022:04:37:32 -0700] "GET /contact.htm HTTP/1.1" 404 88 "-" "Mozilla/5.0 (compatible; BLEXBot/1.0; +http://webmeup-crawler.com/)" "electric-homecare.com"
157.90.181.149 - - [01/Oct/2022:04:37:35 -0700] "GET /mysite%20aamcare/Comfort.html HTTP/1.1" 404 88 "-" "Mozilla/5.0 (compatible; BLEXBot/1.0; +http://webmeup-crawler.com/)" "electric-homecare.com"
157.90.181.149 - - [01/Oct/2022:04:37:37 -0700] "GET /prices.htm HTTP/1.1" 404 88 "-" "Mozilla/5.0 (compatible; BLEXBot/1.0; +http://webmeup-crawler.com/)" "electric-homecare.com"
157.90.181.149 - - [01/Oct/2022:04:37:42 -0700] "GET /service.html HTTP/1.1" 404 88 "-" "Mozilla/5.0 (compatible; BLEXBot/1.0; +http://webmeup-crawler.com/)" "electric-homecare.com"
157.90.181.149 - - [01/Oct/2022:04:37:44 -0700] "GET /services.htm HTTP/1.1" 404 88 "-" "Mozilla/5.0 (compatible; BLEXBot/1.0; +http://webmeup-crawler.com/)" "electric-homecare.com"
157.90.181.149 - - [01/Oct/2022:04:37:47 -0700] "GET /serving-all-areas.html HTTP/1.1" 404 88 "-" "Mozilla/5.0 (compatible; BLEXBot/1.0; +http://webmeup-crawler.com/)" "electric-homecare.com"
173.252.83.119 - - [01/Oct/2022:04:43:38 -0700] "GET /pc-0.jpg HTTP/1.1" 200 351540 "-" "facebookexternalhit/1.1 (+http://www.facebook.com/externalhit_uatext.php)" "electric-homecare.com"
173.252.83.120 - - [01/Oct/2022:04:45:09 -0700] "GET /bariatric-burke-bariatric-2.jpg HTTP/1.1" 200 45865 "-" "facebookexternalhit/1.1 (+http://www.facebook.com/externalhit_uatext.php)" "electric-homecare.com"
5.45.207.107 - - [01/Oct/2022:04:53:03 -0700] "GET /robots.txt HTTP/1.1" 200 48 "-" "Mozilla/5.0 (compatible; YandexBot/3.0; +http://yandex.com/bots)" "www.electric-homecare.com"
87.250.224.107 - - [01/Oct/2022:04:53:09 -0700] "GET /robots.txt HTTP/1.1" 200 48 "-" "Mozilla/5.0 (compatible; YandexBot/3.0; +http://yandex.com/bots)" "www.electric-homecare.com"
87.250.224.177 - - [01/Oct/2022:04:53:13 -0700] "GET /Electropedic094.png HTTP/1.1" 404 88 "-" "Mozilla/5.0 (compatible; YandexImages/3.0; +http://yandex.com/bots)" "www.electric-homecare.com"
185.191.171.24 - - [01/Oct/2022:05:05:02 -0700] "GET /Contact-Massage-Chairs.html HTTP/1.1" 404 88 "-" "Mozilla/5.0 (compatible; SemrushBot/7~bl; +http://www.semrush.com/bot.html)" "www.electric-homecare.com"
77.75.78.169 - - [01/Oct/2022:05:06:06 -0700] "GET /robots.txt HTTP/1.1" 200 64 "-" "Mozilla/5.0 (compatible; SeznamBot/3.2; +http://napoveda.seznam.cz/en/seznambot-intro/)" "electric-homecare.com"
77.75.78.169 - - [01/Oct/2022:05:06:07 -0700] "GET /PR712_Golden-Pub-Chair_Geranium_4x5_10192015-480x640.jpg HTTP/1.1" 304 - "-" "Mozilla/5.0 (compatible; SeznamBot/3.2; +http://napoveda.seznam.cz/en/seznambot-intro/)" "electric-homecare.com"
40.77.167.21 - - [01/Oct/2022:05:20:08 -0700] "GET /Adjustable-Bed-Mattress.html HTTP/1.1" 304 - "-" "Mozilla/5.0 AppleWebKit/537.36 (KHTML, like Gecko; compatible; bingbot/2.0; +http://www.bing.com/bingbot.htm) Chrome/103.0.5060.134 Safari/537.36" "electric-homecare.com"
207.46.13.45 - - [01/Oct/2022:05:24:32 -0700] "GET /Houston-Used.html HTTP/1.1" 200 3724 "-" "Mozilla/5.0 (compatible; bingbot/2.0; +http://www.bing.com/bingbot.htm)" "electric-homecare.com"
185.191.171.24 - - [01/Oct/2022:05:32:40 -0700] "GET /robots.txt HTTP/1.1" 200 64 "-" "Mozilla/5.0 (compatible; SemrushBot/7~bl; +http://www.semrush.com/bot.html)" "www.electric-homecare.com"
185.191.171.39 - - [01/Oct/2022:05:32:40 -0700] "GET /Contact-Wheelchairs.html HTTP/1.1" 404 88 "-" "Mozilla/5.0 (compatible; SemrushBot/7~bl; +http://www.semrush.com/bot.html)" "www.electric-homecare.com"
216.244.66.247 - - [01/Oct/2022:05:34:43 -0700] "GET /robots.txt HTTP/1.1" 200 48 "-" "Mozilla/5.0 (compatible; DotBot/1.2; +https://opensiteexplorer.org/dotbot; help@moz.com)" "electric-homecare.com"
185.191.171.15 - - [01/Oct/2022:05:35:10 -0700] "GET /prodigy_leggett.html HTTP/1.1" 404 88 "-" "Mozilla/5.0 (compatible; SemrushBot/7~bl; +http://www.semrush.com/bot.html)" "www.electric-homecare.com"
61.135.159.126 - - [01/Oct/2022:05:44:38 -0700] "GET / HTTP/1.1" 200 4147 "-" "Sogou web spider/4.0(+http://www.sogou.com/docs/help/webmasters.htm#07)" "www.electric-homecare.com"
185.191.171.43 - - [01/Oct/2022:06:01:34 -0700] "GET /c.html HTTP/1.1" 404 88 "-" "Mozilla/5.0 (compatible; SemrushBot/7~bl; +http://www.semrush.com/bot.html)" "www.electric-homecare.com"
77.75.78.167 - - [01/Oct/2022:06:03:58 -0700] "GET /robots.txt HTTP/1.1" 200 64 "-" "Mozilla/5.0 (compatible; SeznamBot/3.2; +http://napoveda.seznam.cz/en/seznambot-intro/)" "electric-homecare.com"
77.75.78.167 - - [01/Oct/2022:06:04:00 -0700] "GET /Golden-DayDreamer_10162015-480x640.jpg HTTP/1.1" 304 - "-" "Mozilla/5.0 (compatible; SeznamBot/3.2; +http://napoveda.seznam.cz/en/seznambot-intro/)" "electric-homecare.com"
173.252.83.117 - - [01/Oct/2022:06:07:52 -0700] "GET /electropedic-helping%20you%20since%201964-2.png HTTP/1.1" 200 14233 "-" "facebookexternalhit/1.1 (+http://www.facebook.com/externalhit_uatext.php)" "electric-homecare.com"
46.161.27.156 - - [01/Oct/2022:06:28:52 -0700] "GET /wp-login.php HTTP/1.1" 404 88 "http://electric-homecare.com/wp-login.php" "Mozilla/5.0 (Windows NT 10.0; Win64; x64) AppleWebKit/537.36 (KHTML, like Gecko) Chrome/64.0.3282.140 Safari/537.36 Edge/18.17763" "electric-homecare.com"
216.244.66.247 - - [01/Oct/2022:06:29:44 -0700] "GET /robots.txt HTTP/1.1" 200 48 "-" "Mozilla/5.0 (compatible; DotBot/1.2; +https://opensiteexplorer.org/dotbot; help@moz.com)" "electric-homecare.com"
185.191.171.42 - - [01/Oct/2022:06:32:29 -0700] "GET /Contact-Us.html HTTP/1.1" 404 88 "-" "Mozilla/5.0 (compatible; SemrushBot/7~bl; +http://www.semrush.com/bot.html)" "www.electric-homecare.com"
173.252.83.119 - - [01/Oct/2022:06:46:39 -0700] "GET /1-jazzy-power-chairs-sophisticated-jazzy-air.jpg HTTP/1.1" 200 47207 "-" "facebookexternalhit/1.1 (+http://www.facebook.com/externalhit_uatext.php)" "electric-homecare.com"
173.252.83.21 - - [01/Oct/2022:06:48:54 -0700] "GET /cloud4.jpg HTTP/1.1" 200 158036 "-" "facebookexternalhit/1.1 (+http://www.facebook.com/externalhit_uatext.php)" "electric-homecare.com"
173.252.83.118 - - [01/Oct/2022:07:02:49 -0700] "GET /comforter2.jpg HTTP/1.1" 200 103042 "-" "facebookexternalhit/1.1 (+http://www.facebook.com/externalhit_uatext.php)" "electric-homecare.com"
34.212.113.173 - - [01/Oct/2022:07:27:14 -0700] "GET / HTTP/1.1" 200 4147 "-" "Mozilla/5.0 (Windows NT 10.0; Win64; x64)AppleWebKit/537.36 (KHTML, like Gecko) Chrome/66.0.3359.181 Safari/537.36" "electric-homecare.com"
27.115.124.5 - - [01/Oct/2022:07:37:47 -0700] "GET / HTTP/1.1" 200 4147 "https://electric-homecare.com/" "Mozilla/5.0(compatible;MSIE9.0;WindowsNT6.1;Trident/5.0)" "electric-homecare.com"
77.75.79.101 - - [01/Oct/2022:07:38:30 -0700] "GET /robots.txt HTTP/1.1" 200 64 "-" "Mozilla/5.0 (compatible; SeznamBot/3.2; +http://napoveda.seznam.cz/en/seznambot-intro/)" "electric-homecare.com"
77.75.79.101 - - [01/Oct/2022:07:38:32 -0700] "GET /TU-18.jpg HTTP/1.1" 304 - "-" "Mozilla/5.0 (compatible; SeznamBot/3.2; +http://napoveda.seznam.cz/en/seznambot-intro/)" "electric-homecare.com"
27.115.124.40 - - [01/Oct/2022:07:38:40 -0700] "GET / HTTP/1.1" 200 4147 "https://electric-homecare.com/" "Mozilla/5.0(compatible;MSIE9.0;WindowsNT6.1;Trident/5.0)" "electric-homecare.com"
34.216.116.9 - - [01/Oct/2022:07:40:40 -0700] "GET / HTTP/1.1" 200 4147 "-" "Mozilla/5.0 (X11; Linux x86_64) AppleWebKit/537.36 (KHTML, like Gecko) Chrome/83.0.4103.97 Safari/537.36" "electric-homecare.com"
54.244.188.226 - - [01/Oct/2022:07:40:41 -0700] "GET / HTTP/1.1" 200 4147 "-" "Mozilla/5.0 (X11; Linux x86_64) AppleWebKit/537.36 (KHTML, like Gecko) Chrome/83.0.4103.97 Safari/537.36" "electric-homecare.com"
173.252.83.14 - - [01/Oct/2022:07:41:23 -0700] "GET /gogoes2-2.jpg HTTP/1.1" 200 10184 "-" "facebookexternalhit/1.1 (+http://www.facebook.com/externalhit_uatext.php)" "electric-homecare.com"
185.191.171.11 - - [01/Oct/2022:07:43:20 -0700] "GET /robots.txt HTTP/1.1" 200 64 "-" "Mozilla/5.0 (compatible; SemrushBot/7~bl; +http://www.semrush.com/bot.html)" "www.electric-homecare.com"
185.191.171.34 - - [01/Oct/2022:07:43:20 -0700] "GET /Car-Lifts.html HTTP/1.1" 404 88 "-" "Mozilla/5.0 (compatible; SemrushBot/7~bl; +http://www.semrush.com/bot.html)" "www.electric-homecare.com"
173.252.83.120 - - [01/Oct/2022:07:55:52 -0700] "GET /LM-07.jpg HTTP/1.1" 200 5504 "-" "facebookexternalhit/1.1 (+http://www.facebook.com/externalhit_uatext.php)" "electric-homecare.com"
163.220.128.41 - - [01/Oct/2022:08:01:19 -0700] "GET /gogosport.jpg HTTP/1.1" 200 11035 "-" "Mozilla/5.0 (X11; Ubuntu; Linux x86_64; rv:72.0) Gecko/20100101 Firefox/72.0" "electric-homecare.com"
157.55.39.50 - - [01/Oct/2022:08:07:03 -0700] "GET /maxicomforter.jpg HTTP/1.1" 200 73393 "-" "Mozilla/5.0 (compatible; bingbot/2.0; +http://www.bing.com/bingbot.htm)" "electric-homecare.com"
192.99.37.124 - - [01/Oct/2022:08:15:42 -0700] "GET /robots.txt HTTP/1.1" 200 48 "-" "Mozilla/5.0 (compatible; MJ12bot/v1.4.8; http://mj12bot.com/)" "electric-homecare.com"
192.99.37.124 - - [01/Oct/2022:08:15:45 -0700] "GET /Houston-JamesAir%E2%84%A2MattressReplacements.html HTTP/1.1" 404 88 "-" "Mozilla/5.0 (compatible; MJ12bot/v1.4.8; http://mj12bot.com/)" "electric-homecare.com"
192.99.37.124 - - [01/Oct/2022:08:15:46 -0700] "GET /robots.txt HTTP/1.1" 200 48 "-" "Mozilla/5.0 (compatible; MJ12bot/v1.4.8; http://mj12bot.com/)" "www.electric-homecare.com"
192.99.37.124 - - [01/Oct/2022:08:15:49 -0700] "GET /Houston-JamesAir%E2%84%A2MattressReplacements.html HTTP/1.1" 404 88 "-" "Mozilla/5.0 (compatible; MJ12bot/v1.4.8; http://mj12bot.com/)" "www.electric-homecare.com"
216.244.66.247 - - [01/Oct/2022:08:17:14 -0700] "GET /robots.txt HTTP/1.1" 200 48 "-" "Mozilla/5.0 (compatible; DotBot/1.2; +https://opensiteexplorer.org/dotbot; help@moz.com)" "electric-homecare.com"
40.88.21.235 - - [01/Oct/2022:08:31:32 -0700] "GET / HTTP/1.1" 200 4147 "https://electric-homecare.com/" "Mozilla/5.0 (compatible; DuckDuckGo-Favicons-Bot/1.0; +http://duckduckgo.com)" "electric-homecare.com"
185.191.171.20 - - [01/Oct/2022:08:34:10 -0700] "GET /Houston-shoprider.html HTTP/1.1" 200 4958 "-" "Mozilla/5.0 (compatible; SemrushBot/7~bl; +http://www.semrush.com/bot.html)" "www.electric-homecare.com"
185.191.171.12 - - [01/Oct/2022:08:45:21 -0700] "GET /robots.txt HTTP/1.1" 200 64 "-" "Mozilla/5.0 (compatible; SemrushBot/7~bl; +http://www.semrush.com/bot.html)" "www.electric-homecare.com"
185.191.171.22 - - [01/Oct/2022:08:45:21 -0700] "GET /t.html HTTP/1.1" 404 88 "-" "Mozilla/5.0 (compatible; SemrushBot/7~bl; +http://www.semrush.com/bot.html)" "www.electric-homecare.com"
20.206.82.15 - - [01/Oct/2022:08:46:31 -0700] "GET / HTTP/1.1" 200 56385 "-" "Mozilla/5.0 (Windows NT 10.0; Win64; x64) AppleWebKit/537.36 (KHTML, like Gecko) Chrome/88.0.4240.193 Safari/537.36" "electric-homecare.com"
20.206.82.15 - - [01/Oct/2022:08:46:32 -0700] "GET /wp-includes/wlwmanifest.xml HTTP/1.1" 404 73 "-" "Mozilla/5.0 (Windows NT 10.0; Win64; x64) AppleWebKit/537.36 (KHTML, like Gecko) Chrome/88.0.4240.193 Safari/537.36" "electric-homecare.com"
20.206.82.15 - - [01/Oct/2022:08:46:33 -0700] "GET /xmlrpc.php?rsd HTTP/1.1" 404 73 "-" "Mozilla/5.0 (Windows NT 10.0; Win64; x64) AppleWebKit/537.36 (KHTML, like Gecko) Chrome/88.0.4240.193 Safari/537.36" "electric-homecare.com"
