114.119.136.219 - - [11/Oct/2022:17:14:46 -0700] "GET /Houston-AcornStairliftsforStraightstairways.html HTTP/1.1" 200 4423 "https://electric-homecare.com/Houston-Home.html" "Mozilla/5.0 (Linux; Android 7.0;) AppleWebKit/537.36 (KHTML, like Gecko) Mobile Safari/537.36 (compatible; PetalBot;+https://webmaster.petalsearch.com/site/petalbot)" "electric-homecare.com"
52.226.227.211 - - [11/Oct/2022:17:23:07 -0700] "GET /robots.txt HTTP/1.1" 200 64 "-" "python-requests/2.27.1" "electric-homecare.com"
52.226.227.211 - - [11/Oct/2022:17:23:18 -0700] "GET /Electropedic103.jpg HTTP/1.1" 200 90076 "-" "Mozilla/5.0 (Windows NT 10.0; Win64; x64) AppleWebKit/537.36 (KHTML, like Gecko) Chrome/76.0.3809.100 Safari/537.36" "electric-homecare.com"
114.119.136.215 - - [11/Oct/2022:17:27:24 -0700] "GET /Viva-brochure.pdf HTTP/1.1" 200 1272672 "https://electric-homecare.com/Houston-myamigo.html" "Mozilla/5.0 (Linux; Android 7.0;) AppleWebKit/537.36 (KHTML, like Gecko) Mobile Safari/537.36 (compatible; PetalBot;+https://webmaster.petalsearch.com/site/petalbot)" "electric-homecare.com"
216.244.66.247 - - [11/Oct/2022:17:48:01 -0700] "GET /robots.txt HTTP/1.1" 200 48 "-" "Mozilla/5.0 (compatible; DotBot/1.2; +https://opensiteexplorer.org/dotbot; help@moz.com)" "www.electric-homecare.com"
216.244.66.247 - - [11/Oct/2022:17:48:01 -0700] "GET /robots.txt HTTP/1.1" 200 48 "-" "Mozilla/5.0 (compatible; DotBot/1.2; +https://opensiteexplorer.org/dotbot; help@moz.com)" "electric-homecare.com"
114.119.157.57 - - [11/Oct/2022:17:57:36 -0700] "GET /ILS-00797.pdf_Elite_Outdoor_Technical_Specs.pdf HTTP/1.1" 200 103706 "https://electric-homecare.com/Houston-EliteOutdoorStraight.html" "Mozilla/5.0 (Linux; Android 7.0;) AppleWebKit/537.36 (KHTML, like Gecko) Mobile Safari/537.36 (compatible; PetalBot;+https://webmaster.petalsearch.com/site/petalbot)" "electric-homecare.com"
114.119.157.57 - - [11/Oct/2022:18:04:09 -0700] "GET /Houston-Pursuit.html HTTP/1.1" 200 4114 "https://www.electric-homecare.com/Houston-Home.html" "Mozilla/5.0 (Linux; Android 7.0;) AppleWebKit/537.36 (KHTML, like Gecko) Mobile Safari/537.36 (compatible; PetalBot;+https://webmaster.petalsearch.com/site/petalbot)" "www.electric-homecare.com"
157.55.39.50 - - [11/Oct/2022:18:17:34 -0700] "GET /pride-jazzy-powerchairs.html HTTP/1.1" 404 88 "-" "Mozilla/5.0 (compatible; bingbot/2.0; +http://www.bing.com/bingbot.htm)" "www.electric-homecare.com"
157.55.39.106 - - [11/Oct/2022:18:25:00 -0700] "GET /Houston-Cloud.html HTTP/1.1" 304 - "-" "Mozilla/5.0 AppleWebKit/537.36 (KHTML, like Gecko; compatible; bingbot/2.0; +http://www.bing.com/bingbot.htm) Chrome/103.0.5060.134 Safari/537.36" "electric-homecare.com"
114.119.136.215 - - [11/Oct/2022:18:27:24 -0700] "GET /Houston-AdjustableBeds-Twin.html HTTP/1.1" 200 3030 "https://electric-homecare.com/Houston-Used.html" "Mozilla/5.0 (Linux; Android 7.0;) AppleWebKit/537.36 (KHTML, like Gecko) Mobile Safari/537.36 (compatible; PetalBot;+https://webmaster.petalsearch.com/site/petalbot)" "electric-homecare.com"
216.244.66.247 - - [11/Oct/2022:18:41:03 -0700] "GET /robots.txt HTTP/1.1" 200 48 "-" "Mozilla/5.0 (compatible; DotBot/1.2; +https://opensiteexplorer.org/dotbot; help@moz.com)" "electric-homecare.com"
114.119.136.219 - - [11/Oct/2022:18:42:57 -0700] "GET /Rd-brochure.pdf HTTP/1.1" 200 1443156 "https://www.electric-homecare.com/Houston-myamigo.html" "Mozilla/5.0 (Linux; Android 7.0;) AppleWebKit/537.36 (KHTML, like Gecko) Mobile Safari/537.36 (compatible; PetalBot;+https://webmaster.petalsearch.com/site/petalbot)" "www.electric-homecare.com"
114.119.157.57 - - [11/Oct/2022:18:44:27 -0700] "GET /Trus-enclosed-lifts.pdf HTTP/1.1" 200 3824144 "https://electric-homecare.com/Houston-Trus-T-Lift.html" "Mozilla/5.0 (Linux; Android 7.0;) AppleWebKit/537.36 (KHTML, like Gecko) Mobile Safari/537.36 (compatible; PetalBot;+https://webmaster.petalsearch.com/site/petalbot)" "electric-homecare.com"
114.119.136.205 - - [11/Oct/2022:19:04:27 -0700] "GET /Invacare1.pdf HTTP/1.1" 200 595946 "https://www.electric-homecare.com/Houston-Invacare.html" "Mozilla/5.0 (Linux; Android 7.0;) AppleWebKit/537.36 (KHTML, like Gecko) Mobile Safari/537.36 (compatible; PetalBot;+https://webmaster.petalsearch.com/site/petalbot)" "www.electric-homecare.com"
114.119.136.219 - - [11/Oct/2022:19:14:23 -0700] "GET /Contact.html HTTP/1.1" 404 88 "https://www.electric-homecare.com/AdjustableBeds-DualQueen.html" "Mozilla/5.0 (Linux; Android 7.0;) AppleWebKit/537.36 (KHTML, like Gecko) Mobile Safari/537.36 (compatible; PetalBot;+https://webmaster.petalsearch.com/site/petalbot)" "www.electric-homecare.com"
50.31.180.38 - - [11/Oct/2022:19:20:17 -0700] "GET /Patriot.jpg HTTP/1.1" 200 14384 "-" "Mozilla/5.0 (X11; Ubuntu; Linux x86_64; rv:72.0) Gecko/20100101 Firefox/72.0" "electric-homecare.com"
114.119.136.205 - - [11/Oct/2022:19:23:14 -0700] "GET /Houston-GoChair.html HTTP/1.1" 200 3697 "https://electric-homecare.com/Houston-Home.html" "Mozilla/5.0 (Linux; Android 7.0;) AppleWebKit/537.36 (KHTML, like Gecko) Mobile Safari/537.36 (compatible; PetalBot;+https://webmaster.petalsearch.com/site/petalbot)" "electric-homecare.com"
216.244.66.247 - - [11/Oct/2022:19:31:38 -0700] "GET /robots.txt HTTP/1.1" 200 48 "-" "Mozilla/5.0 (compatible; DotBot/1.2; +https://opensiteexplorer.org/dotbot; help@moz.com)" "electric-homecare.com"
138.68.130.131 - - [11/Oct/2022:19:38:54 -0700] "GET /wp-admin/install.php?step=1 HTTP/1.1" 404 88 "-" "Mozilla/5.0 (X11; Linux x86_64; rv:52.0) Gecko/20100101 Firefox/52.0" "electric-homecare.com"
138.68.130.131 - - [11/Oct/2022:19:38:55 -0700] "GET /wp-admin/setup-config.php HTTP/1.1" 404 88 "-" "Mozilla/5.0 (X11; Linux x86_64; rv:52.0) Gecko/20100101 Firefox/52.0" "electric-homecare.com"
138.68.130.131 - - [11/Oct/2022:19:38:55 -0700] "GET /wp-admin/install.php?step=1 HTTP/1.1" 404 88 "-" "Mozilla/5.0 (X11; Linux x86_64; rv:52.0) Gecko/20100101 Firefox/52.0" "electric-homecare.com"
138.68.130.131 - - [11/Oct/2022:19:38:55 -0700] "GET /new/wp-admin/install.php?step=1 HTTP/1.1" 404 88 "-" "Mozilla/5.0 (X11; Linux x86_64; rv:52.0) Gecko/20100101 Firefox/52.0" "electric-homecare.com"
138.68.130.131 - - [11/Oct/2022:19:38:56 -0700] "GET /wp-admin/setup-config.php HTTP/1.1" 404 88 "-" "Mozilla/5.0 (X11; Linux x86_64; rv:52.0) Gecko/20100101 Firefox/52.0" "electric-homecare.com"
138.68.130.131 - - [11/Oct/2022:19:38:56 -0700] "GET /new/wp-admin/setup-config.php HTTP/1.1" 404 88 "-" "Mozilla/5.0 (X11; Linux x86_64; rv:52.0) Gecko/20100101 Firefox/52.0" "electric-homecare.com"
138.68.130.131 - - [11/Oct/2022:19:38:56 -0700] "GET /new/wp-admin/install.php?step=1 HTTP/1.1" 404 88 "-" "Mozilla/5.0 (X11; Linux x86_64; rv:52.0) Gecko/20100101 Firefox/52.0" "electric-homecare.com"
138.68.130.131 - - [11/Oct/2022:19:38:57 -0700] "GET /blog/wp-admin/install.php?step=1 HTTP/1.1" 404 88 "-" "Mozilla/5.0 (X11; Linux x86_64; rv:52.0) Gecko/20100101 Firefox/52.0" "electric-homecare.com"
138.68.130.131 - - [11/Oct/2022:19:38:57 -0700] "GET /new/wp-admin/setup-config.php HTTP/1.1" 404 88 "-" "Mozilla/5.0 (X11; Linux x86_64; rv:52.0) Gecko/20100101 Firefox/52.0" "electric-homecare.com"
138.68.130.131 - - [11/Oct/2022:19:38:57 -0700] "GET /blog/wp-admin/setup-config.php HTTP/1.1" 404 88 "-" "Mozilla/5.0 (X11; Linux x86_64; rv:52.0) Gecko/20100101 Firefox/52.0" "electric-homecare.com"
138.68.130.131 - - [11/Oct/2022:19:38:57 -0700] "GET /blog/wp-admin/install.php?step=1 HTTP/1.1" 404 88 "-" "Mozilla/5.0 (X11; Linux x86_64; rv:52.0) Gecko/20100101 Firefox/52.0" "electric-homecare.com"
138.68.130.131 - - [11/Oct/2022:19:38:58 -0700] "GET /blogs/wp-admin/install.php?step=1 HTTP/1.1" 404 88 "-" "Mozilla/5.0 (X11; Linux x86_64; rv:52.0) Gecko/20100101 Firefox/52.0" "electric-homecare.com"
138.68.130.131 - - [11/Oct/2022:19:38:58 -0700] "GET /blog/wp-admin/setup-config.php HTTP/1.1" 404 88 "-" "Mozilla/5.0 (X11; Linux x86_64; rv:52.0) Gecko/20100101 Firefox/52.0" "electric-homecare.com"
138.68.130.131 - - [11/Oct/2022:19:38:58 -0700] "GET /blogs/wp-admin/setup-config.php HTTP/1.1" 404 88 "-" "Mozilla/5.0 (X11; Linux x86_64; rv:52.0) Gecko/20100101 Firefox/52.0" "electric-homecare.com"
138.68.130.131 - - [11/Oct/2022:19:38:59 -0700] "GET /blogs/wp-admin/install.php?step=1 HTTP/1.1" 404 88 "-" "Mozilla/5.0 (X11; Linux x86_64; rv:52.0) Gecko/20100101 Firefox/52.0" "electric-homecare.com"
138.68.130.131 - - [11/Oct/2022:19:38:59 -0700] "GET /demo/wp-admin/install.php?step=1 HTTP/1.1" 404 88 "-" "Mozilla/5.0 (X11; Linux x86_64; rv:52.0) Gecko/20100101 Firefox/52.0" "electric-homecare.com"
138.68.130.131 - - [11/Oct/2022:19:38:59 -0700] "GET /blogs/wp-admin/setup-config.php HTTP/1.1" 404 88 "-" "Mozilla/5.0 (X11; Linux x86_64; rv:52.0) Gecko/20100101 Firefox/52.0" "electric-homecare.com"
138.68.130.131 - - [11/Oct/2022:19:38:59 -0700] "GET /demo/wp-admin/setup-config.php HTTP/1.1" 404 88 "-" "Mozilla/5.0 (X11; Linux x86_64; rv:52.0) Gecko/20100101 Firefox/52.0" "electric-homecare.com"
138.68.130.131 - - [11/Oct/2022:19:39:00 -0700] "GET /demo/wp-admin/install.php?step=1 HTTP/1.1" 404 88 "-" "Mozilla/5.0 (X11; Linux x86_64; rv:52.0) Gecko/20100101 Firefox/52.0" "electric-homecare.com"
138.68.130.131 - - [11/Oct/2022:19:39:00 -0700] "GET /wp/wp-admin/install.php?step=1 HTTP/1.1" 404 88 "-" "Mozilla/5.0 (X11; Linux x86_64; rv:52.0) Gecko/20100101 Firefox/52.0" "electric-homecare.com"
138.68.130.131 - - [11/Oct/2022:19:39:00 -0700] "GET /demo/wp-admin/setup-config.php HTTP/1.1" 404 88 "-" "Mozilla/5.0 (X11; Linux x86_64; rv:52.0) Gecko/20100101 Firefox/52.0" "electric-homecare.com"
138.68.130.131 - - [11/Oct/2022:19:39:00 -0700] "GET /wp/wp-admin/setup-config.php HTTP/1.1" 404 88 "-" "Mozilla/5.0 (X11; Linux x86_64; rv:52.0) Gecko/20100101 Firefox/52.0" "electric-homecare.com"
138.68.130.131 - - [11/Oct/2022:19:39:01 -0700] "GET /wp/wp-admin/install.php?step=1 HTTP/1.1" 404 88 "-" "Mozilla/5.0 (X11; Linux x86_64; rv:52.0) Gecko/20100101 Firefox/52.0" "electric-homecare.com"
138.68.130.131 - - [11/Oct/2022:19:39:01 -0700] "GET /wordpress/wp-admin/install.php?step=1 HTTP/1.1" 404 88 "-" "Mozilla/5.0 (X11; Linux x86_64; rv:52.0) Gecko/20100101 Firefox/52.0" "electric-homecare.com"
138.68.130.131 - - [11/Oct/2022:19:39:01 -0700] "GET /wp/wp-admin/setup-config.php HTTP/1.1" 404 88 "-" "Mozilla/5.0 (X11; Linux x86_64; rv:52.0) Gecko/20100101 Firefox/52.0" "electric-homecare.com"
138.68.130.131 - - [11/Oct/2022:19:39:02 -0700] "GET /wordpress/wp-admin/setup-config.php HTTP/1.1" 404 88 "-" "Mozilla/5.0 (X11; Linux x86_64; rv:52.0) Gecko/20100101 Firefox/52.0" "electric-homecare.com"
138.68.130.131 - - [11/Oct/2022:19:39:02 -0700] "GET /wordpress/wp-admin/install.php?step=1 HTTP/1.1" 404 88 "-" "Mozilla/5.0 (X11; Linux x86_64; rv:52.0) Gecko/20100101 Firefox/52.0" "electric-homecare.com"
138.68.130.131 - - [11/Oct/2022:19:39:02 -0700] "GET /wordpress/wp-admin/setup-config.php HTTP/1.1" 404 88 "-" "Mozilla/5.0 (X11; Linux x86_64; rv:52.0) Gecko/20100101 Firefox/52.0" "electric-homecare.com"
138.68.130.131 - - [11/Oct/2022:19:39:03 -0700] "GET /tes/wp-admin/install.php?step=1 HTTP/1.1" 404 88 "-" "Mozilla/5.0 (X11; Linux x86_64; rv:52.0) Gecko/20100101 Firefox/52.0" "electric-homecare.com"
138.68.130.131 - - [11/Oct/2022:19:39:03 -0700] "GET /tes/wp-admin/install.php?step=1 HTTP/1.1" 404 88 "-" "Mozilla/5.0 (X11; Linux x86_64; rv:52.0) Gecko/20100101 Firefox/52.0" "electric-homecare.com"
138.68.130.131 - - [11/Oct/2022:19:39:03 -0700] "GET /tes/wp-admin/setup-config.php HTTP/1.1" 404 88 "-" "Mozilla/5.0 (X11; Linux x86_64; rv:52.0) Gecko/20100101 Firefox/52.0" "electric-homecare.com"
138.68.130.131 - - [11/Oct/2022:19:39:04 -0700] "GET /tes/wp-admin/setup-config.php HTTP/1.1" 404 88 "-" "Mozilla/5.0 (X11; Linux x86_64; rv:52.0) Gecko/20100101 Firefox/52.0" "electric-homecare.com"
138.68.130.131 - - [11/Oct/2022:19:39:04 -0700] "GET /test/wp-admin/install.php?step=1 HTTP/1.1" 404 88 "-" "Mozilla/5.0 (X11; Linux x86_64; rv:52.0) Gecko/20100101 Firefox/52.0" "electric-homecare.com"
138.68.130.131 - - [11/Oct/2022:19:39:04 -0700] "GET /test/wp-admin/install.php?step=1 HTTP/1.1" 404 88 "-" "Mozilla/5.0 (X11; Linux x86_64; rv:52.0) Gecko/20100101 Firefox/52.0" "electric-homecare.com"
138.68.130.131 - - [11/Oct/2022:19:39:04 -0700] "GET /test/wp-admin/setup-config.php HTTP/1.1" 404 88 "-" "Mozilla/5.0 (X11; Linux x86_64; rv:52.0) Gecko/20100101 Firefox/52.0" "electric-homecare.com"
138.68.130.131 - - [11/Oct/2022:19:39:05 -0700] "GET /test/wp-admin/setup-config.php HTTP/1.1" 404 88 "-" "Mozilla/5.0 (X11; Linux x86_64; rv:52.0) Gecko/20100101 Firefox/52.0" "electric-homecare.com"
138.68.130.131 - - [11/Oct/2022:19:39:05 -0700] "GET /web/wp-admin/install.php?step=1 HTTP/1.1" 404 88 "-" "Mozilla/5.0 (X11; Linux x86_64; rv:52.0) Gecko/20100101 Firefox/52.0" "electric-homecare.com"
138.68.130.131 - - [11/Oct/2022:19:39:05 -0700] "GET /web/wp-admin/install.php?step=1 HTTP/1.1" 404 88 "-" "Mozilla/5.0 (X11; Linux x86_64; rv:52.0) Gecko/20100101 Firefox/52.0" "electric-homecare.com"
138.68.130.131 - - [11/Oct/2022:19:39:06 -0700] "GET /web/wp-admin/setup-config.php HTTP/1.1" 404 88 "-" "Mozilla/5.0 (X11; Linux x86_64; rv:52.0) Gecko/20100101 Firefox/52.0" "electric-homecare.com"
138.68.130.131 - - [11/Oct/2022:19:39:06 -0700] "GET /web/wp-admin/setup-config.php HTTP/1.1" 404 88 "-" "Mozilla/5.0 (X11; Linux x86_64; rv:52.0) Gecko/20100101 Firefox/52.0" "electric-homecare.com"
138.68.130.131 - - [11/Oct/2022:19:39:06 -0700] "GET /cms/wp-admin/install.php?step=1 HTTP/1.1" 404 88 "-" "Mozilla/5.0 (X11; Linux x86_64; rv:52.0) Gecko/20100101 Firefox/52.0" "electric-homecare.com"
138.68.130.131 - - [11/Oct/2022:19:39:06 -0700] "GET /cms/wp-admin/install.php?step=1 HTTP/1.1" 404 88 "-" "Mozilla/5.0 (X11; Linux x86_64; rv:52.0) Gecko/20100101 Firefox/52.0" "electric-homecare.com"
138.68.130.131 - - [11/Oct/2022:19:39:07 -0700] "GET /cms/wp-admin/setup-config.php HTTP/1.1" 404 88 "-" "Mozilla/5.0 (X11; Linux x86_64; rv:52.0) Gecko/20100101 Firefox/52.0" "electric-homecare.com"
138.68.130.131 - - [11/Oct/2022:19:39:07 -0700] "GET /cms/wp-admin/setup-config.php HTTP/1.1" 404 88 "-" "Mozilla/5.0 (X11; Linux x86_64; rv:52.0) Gecko/20100101 Firefox/52.0" "electric-homecare.com"
138.68.130.131 - - [11/Oct/2022:19:39:07 -0700] "GET /wp-admin/admin-ajax.php HTTP/1.1" 404 88 "-" "Mozilla/5.0 (X11; Linux x86_64; rv:52.0) Gecko/20100101 Firefox/52.0" "electric-homecare.com"
138.68.130.131 - - [11/Oct/2022:19:39:07 -0700] "GET /wp-admin/admin-ajax.php HTTP/1.1" 404 88 "-" "Mozilla/5.0 (X11; Linux x86_64; rv:52.0) Gecko/20100101 Firefox/52.0" "electric-homecare.com"
138.68.130.131 - - [11/Oct/2022:19:39:08 -0700] "GET /wp-admin/ HTTP/1.1" 404 88 "-" "Mozilla/5.0 (X11; Linux x86_64; rv:52.0) Gecko/20100101 Firefox/52.0" "electric-homecare.com"
138.68.130.131 - - [11/Oct/2022:19:39:08 -0700] "GET /wp-admin/ HTTP/1.1" 404 88 "-" "Mozilla/5.0 (X11; Linux x86_64; rv:52.0) Gecko/20100101 Firefox/52.0" "electric-homecare.com"
216.244.66.247 - - [11/Oct/2022:20:23:06 -0700] "GET /robots.txt HTTP/1.1" 200 48 "-" "Mozilla/5.0 (compatible; DotBot/1.2; +https://opensiteexplorer.org/dotbot; help@moz.com)" "electric-homecare.com"
185.191.171.43 - - [11/Oct/2022:20:47:11 -0700] "GET /robots.txt HTTP/1.1" 200 64 "-" "Mozilla/5.0 (compatible; SemrushBot/7~bl; +http://www.semrush.com/bot.html)" "electric-homecare.com"
185.191.171.11 - - [11/Oct/2022:20:47:13 -0700] "GET /Houston-Lift-Chairs.html HTTP/1.1" 200 8833 "-" "Mozilla/5.0 (compatible; SemrushBot/7~bl; +http://www.semrush.com/bot.html)" "electric-homecare.com"
193.169.255.57 - - [11/Oct/2022:21:04:04 -0700] "GET /Houston-Scooters.html HTTP/1.1" 200 155410 "https://electric-homecare.com/Houston-Scooters.html" "Mozilla/5.0 (Windows NT 6.2; WOW64; rv:27.0) Gecko/20100101 Firefox/27.0" "electric-homecare.com"
208.67.104.40 - - [11/Oct/2022:21:09:06 -0700] "GET / HTTP/1.1" 200 4147 "-" "python-requests/2.27.1" "electric-homecare.com"
216.244.66.247 - - [11/Oct/2022:21:15:04 -0700] "GET /robots.txt HTTP/1.1" 200 48 "-" "Mozilla/5.0 (compatible; DotBot/1.2; +https://opensiteexplorer.org/dotbot; help@moz.com)" "electric-homecare.com"
58.250.125.78 - - [11/Oct/2022:21:18:53 -0700] "GET / HTTP/1.1" 200 4147 "-" "Sogou web spider/4.0(+http://www.sogou.com/docs/help/webmasters.htm#07)" "www.electric-homecare.com"
17.121.113.44 - - [11/Oct/2022:21:19:22 -0700] "GET /Mattresses1.html HTTP/1.1" 404 88 "-" "Mozilla/5.0 (Macintosh; Intel Mac OS X 10_15_5) AppleWebKit/605.1.15 (KHTML, like Gecko) Version/13.1.1 Safari/605.1.15 (Applebot/0.1; +http://www.apple.com/go/applebot)" "electric-homecare.com"
40.77.167.57 - - [11/Oct/2022:21:21:59 -0700] "GET /Houston-GoChair.html HTTP/1.1" 200 3697 "-" "Mozilla/5.0 AppleWebKit/537.36 (KHTML, like Gecko; compatible; bingbot/2.0; +http://www.bing.com/bingbot.htm) Chrome/103.0.5060.134 Safari/537.36" "electric-homecare.com"
185.191.171.26 - - [11/Oct/2022:21:24:27 -0700] "GET /Houston-ElanIndoorStairlift.html HTTP/1.1" 200 5112 "-" "Mozilla/5.0 (compatible; SemrushBot/7~bl; +http://www.semrush.com/bot.html)" "electric-homecare.com"
185.191.171.7 - - [11/Oct/2022:21:30:58 -0700] "GET /robots.txt HTTP/1.1" 200 64 "-" "Mozilla/5.0 (compatible; SemrushBot/7~bl; +http://www.semrush.com/bot.html)" "www.electric-homecare.com"
185.191.171.6 - - [11/Oct/2022:21:30:58 -0700] "GET /Bariatric-Wheelchairs.html HTTP/1.1" 200 5165 "-" "Mozilla/5.0 (compatible; SemrushBot/7~bl; +http://www.semrush.com/bot.html)" "www.electric-homecare.com"
185.191.171.40 - - [11/Oct/2022:21:34:04 -0700] "GET /Houston-Perfect-Firmness.html HTTP/1.1" 200 3612 "-" "Mozilla/5.0 (compatible; SemrushBot/7~bl; +http://www.semrush.com/bot.html)" "electric-homecare.com"
61.135.159.126 - - [11/Oct/2022:21:55:42 -0700] "GET / HTTP/1.1" 200 4147 "-" "Sogou web spider/4.0(+http://www.sogou.com/docs/help/webmasters.htm#07)" "www.electric-homecare.com"
185.191.171.16 - - [11/Oct/2022:21:59:52 -0700] "GET /robots.txt HTTP/1.1" 200 64 "-" "Mozilla/5.0 (compatible; SemrushBot/7~bl; +http://www.semrush.com/bot.html)" "electric-homecare.com"
185.191.171.4 - - [11/Oct/2022:21:59:53 -0700] "GET /Houston-Adjustable-Beds.html HTTP/1.1" 200 11912 "-" "Mozilla/5.0 (compatible; SemrushBot/7~bl; +http://www.semrush.com/bot.html)" "electric-homecare.com"
216.244.66.247 - - [11/Oct/2022:22:06:36 -0700] "GET /robots.txt HTTP/1.1" 200 48 "-" "Mozilla/5.0 (compatible; DotBot/1.2; +https://opensiteexplorer.org/dotbot; help@moz.com)" "electric-homecare.com"
185.191.171.7 - - [11/Oct/2022:22:11:58 -0700] "GET /Houston-Lift-Chairs.html HTTP/1.1" 200 8833 "-" "Mozilla/5.0 (compatible; SemrushBot/7~bl; +http://www.semrush.com/bot.html)" "www.electric-homecare.com"
87.250.224.122 - - [11/Oct/2022:22:37:38 -0700] "GET /robots.txt HTTP/1.1" 200 48 "-" "Mozilla/5.0 (compatible; YandexBot/3.0; +http://yandex.com/bots)" "electric-homecare.com"
87.250.224.150 - - [11/Oct/2022:22:37:42 -0700] "GET /a.html HTTP/1.1" 200 1725 "-" "Mozilla/5.0 (compatible; YandexBot/3.0; +http://yandex.com/bots)" "electric-homecare.com"
77.75.78.168 - - [11/Oct/2022:22:48:40 -0700] "GET /robots.txt HTTP/1.1" 200 64 "-" "Mozilla/5.0 (compatible; SeznamBot/3.2; +http://napoveda.seznam.cz/en/seznambot-intro/)" "electric-homecare.com"
77.75.78.168 - - [11/Oct/2022:22:48:41 -0700] "GET /EP-0wh1-2.jpg HTTP/1.1" 304 - "-" "Mozilla/5.0 (compatible; SeznamBot/3.2; +http://napoveda.seznam.cz/en/seznambot-intro/)" "electric-homecare.com"
185.191.171.5 - - [11/Oct/2022:22:48:54 -0700] "GET /robots.txt HTTP/1.1" 200 64 "-" "Mozilla/5.0 (compatible; SemrushBot/7~bl; +http://www.semrush.com/bot.html)" "www.electric-homecare.com"
185.191.171.39 - - [11/Oct/2022:22:48:56 -0700] "GET /Big-Boyz.html HTTP/1.1" 200 3576 "-" "Mozilla/5.0 (compatible; SemrushBot/7~bl; +http://www.semrush.com/bot.html)" "www.electric-homecare.com"
216.244.66.247 - - [11/Oct/2022:22:57:35 -0700] "GET /robots.txt HTTP/1.1" 200 48 "-" "Mozilla/5.0 (compatible; DotBot/1.2; +https://opensiteexplorer.org/dotbot; help@moz.com)" "electric-homecare.com"
185.191.171.21 - - [11/Oct/2022:23:00:14 -0700] "GET /golden.html HTTP/1.1" 200 6792 "-" "Mozilla/5.0 (compatible; SemrushBot/7~bl; +http://www.semrush.com/bot.html)" "www.electric-homecare.com"
157.55.39.106 - - [11/Oct/2022:23:10:16 -0700] "GET /1-high-profile-review.jpg HTTP/1.1" 200 7317 "-" "Mozilla/5.0 (compatible; bingbot/2.0; +http://www.bing.com/bingbot.htm)" "electric-homecare.com"
216.244.66.247 - - [11/Oct/2022:23:49:09 -0700] "GET /robots.txt HTTP/1.1" 200 48 "-" "Mozilla/5.0 (compatible; DotBot/1.2; +https://opensiteexplorer.org/dotbot; help@moz.com)" "electric-homecare.com"
77.75.76.160 - - [11/Oct/2022:23:51:21 -0700] "GET /robots.txt HTTP/1.1" 200 64 "-" "Mozilla/5.0 (compatible; SeznamBot/3.2; +http://napoveda.seznam.cz/en/seznambot-intro/)" "electric-homecare.com"
77.75.76.160 - - [11/Oct/2022:23:51:22 -0700] "GET /brunostairlift-Elite-straight-6.jpg HTTP/1.1" 304 - "-" "Mozilla/5.0 (compatible; SeznamBot/3.2; +http://napoveda.seznam.cz/en/seznambot-intro/)" "electric-homecare.com"
185.191.171.2 - - [12/Oct/2022:00:01:16 -0700] "GET /robots.txt HTTP/1.1" 200 64 "-" "Mozilla/5.0 (compatible; SemrushBot/7~bl; +http://www.semrush.com/bot.html)" "electric-homecare.com"
185.191.171.7 - - [12/Oct/2022:00:01:18 -0700] "GET /Bariatric-Lift-Chairs.html HTTP/1.1" 200 11198 "-" "Mozilla/5.0 (compatible; SemrushBot/7~bl; +http://www.semrush.com/bot.html)" "electric-homecare.com"
185.191.171.13 - - [12/Oct/2022:00:01:53 -0700] "GET /index.html HTTP/1.1" 200 4147 "-" "Mozilla/5.0 (compatible; SemrushBot/7~bl; +http://www.semrush.com/bot.html)" "electric-homecare.com"
157.55.39.106 - - [12/Oct/2022:00:04:22 -0700] "GET /electropedic-helping%20you%20since%201964-2.png HTTP/1.1" 200 14233 "-" "Mozilla/5.0 AppleWebKit/537.36 (KHTML, like Gecko; compatible; bingbot/2.0; +http://www.bing.com/bingbot.htm) Chrome/103.0.5060.134 Safari/537.36" "electric-homecare.com"
185.191.171.43 - - [12/Oct/2022:00:05:20 -0700] "GET /Houston-maxicomfort.html HTTP/1.1" 200 3891 "-" "Mozilla/5.0 (compatible; SemrushBot/7~bl; +http://www.semrush.com/bot.html)" "electric-homecare.com"
185.191.171.12 - - [12/Oct/2022:00:14:40 -0700] "GET /Houston-Shopriderpowerchairs.html HTTP/1.1" 200 4895 "-" "Mozilla/5.0 (compatible; SemrushBot/7~bl; +http://www.semrush.com/bot.html)" "electric-homecare.com"
185.191.171.10 - - [12/Oct/2022:00:19:43 -0700] "GET /robots.txt HTTP/1.1" 200 64 "-" "Mozilla/5.0 (compatible; SemrushBot/7~bl; +http://www.semrush.com/bot.html)" "www.electric-homecare.com"
185.191.171.8 - - [12/Oct/2022:00:19:45 -0700] "GET /About-Us.html HTTP/1.1" 200 8199 "-" "Mozilla/5.0 (compatible; SemrushBot/7~bl; +http://www.semrush.com/bot.html)" "www.electric-homecare.com"
50.31.180.37 - - [12/Oct/2022:00:38:07 -0700] "GET /pc-05.jpg HTTP/1.1" 200 167497 "-" "Mozilla/5.0 (X11; Ubuntu; Linux x86_64; rv:72.0) Gecko/20100101 Firefox/72.0" "electric-homecare.com"
216.244.66.247 - - [12/Oct/2022:00:40:48 -0700] "GET /robots.txt HTTP/1.1" 200 48 "-" "Mozilla/5.0 (compatible; DotBot/1.2; +https://opensiteexplorer.org/dotbot; help@moz.com)" "electric-homecare.com"
185.191.171.15 - - [12/Oct/2022:00:50:04 -0700] "GET /Adjustable-Bed-Sizes.htm HTTP/1.1" 200 4100 "-" "Mozilla/5.0 (compatible; SemrushBot/7~bl; +http://www.semrush.com/bot.html)" "www.electric-homecare.com"
77.75.76.169 - - [12/Oct/2022:00:50:58 -0700] "GET /robots.txt HTTP/1.1" 200 64 "-" "Mozilla/5.0 (compatible; SeznamBot/3.2; +http://napoveda.seznam.cz/en/seznambot-intro/)" "electric-homecare.com"
77.75.76.169 - - [12/Oct/2022:00:50:59 -0700] "GET /hp-14.gif HTTP/1.1" 304 - "-" "Mozilla/5.0 (compatible; SeznamBot/3.2; +http://napoveda.seznam.cz/en/seznambot-intro/)" "electric-homecare.com"
54.36.148.16 - - [12/Oct/2022:01:03:34 -0700] "GET /robots.txt HTTP/1.1" 200 64 "-" "Mozilla/5.0 (compatible; AhrefsBot/7.0; +http://ahrefs.com/robot/)" "www.electric-homecare.com"
51.222.253.1 - - [12/Oct/2022:01:03:38 -0700] "GET /West-Covina-Electric-Wheelchair-Power-Chairs.html HTTP/1.1" 404 88 "-" "Mozilla/5.0 (compatible; AhrefsBot/7.0; +http://ahrefs.com/robot/)" "www.electric-homecare.com"
185.191.171.43 - - [12/Oct/2022:01:05:12 -0700] "GET /Adjustable-Beds-Models.html HTTP/1.1" 200 4376 "-" "Mozilla/5.0 (compatible; SemrushBot/7~bl; +http://www.semrush.com/bot.html)" "www.electric-homecare.com"
173.231.60.197 - - [12/Oct/2022:01:07:40 -0700] "GET /robots.txt HTTP/1.1" 200 64 "-" "Mozilla/5.0 (compatible; Adsbot/3.1; +https://seostar.co/robot/)" "electric-homecare.com"
185.191.171.12 - - [12/Oct/2022:01:07:56 -0700] "GET /robots.txt HTTP/1.1" 200 64 "-" "Mozilla/5.0 (compatible; SemrushBot/7~bl; +http://www.semrush.com/bot.html)" "electric-homecare.com"
185.191.171.12 - - [12/Oct/2022:01:07:58 -0700] "GET /Houston-GoGoLXwithCTSSuspension.html HTTP/1.1" 200 4029 "-" "Mozilla/5.0 (compatible; SemrushBot/7~bl; +http://www.semrush.com/bot.html)" "electric-homecare.com"
173.231.60.197 - - [12/Oct/2022:01:09:51 -0700] "GET /Houston.html HTTP/1.1" 200 4223 "https://electric-homecare.com/" "Mozilla/5.0 (compatible; Adsbot/3.1; +https://seostar.co/robot/)" "electric-homecare.com"
173.231.60.197 - - [12/Oct/2022:01:10:40 -0700] "GET /Houston-TX.html HTTP/1.1" 200 4286 "https://electric-homecare.com/" "Mozilla/5.0 (compatible; Adsbot/3.1; +https://seostar.co/robot/)" "electric-homecare.com"
173.231.60.197 - - [12/Oct/2022:01:11:19 -0700] "GET /Stair-Lifts.html HTTP/1.1" 200 13618 "https://electric-homecare.com/" "Mozilla/5.0 (compatible; Adsbot/3.1; +https://seostar.co/robot/)" "electric-homecare.com"
173.231.60.197 - - [12/Oct/2022:01:12:13 -0700] "GET /Houston-Scooters.html HTTP/1.1" 200 13467 "https://electric-homecare.com/" "Mozilla/5.0 (compatible; Adsbot/3.1; +https://seostar.co/robot/)" "electric-homecare.com"
173.231.60.197 - - [12/Oct/2022:01:12:38 -0700] "GET /Houston-Mattresses.html HTTP/1.1" 200 3535 "https://electric-homecare.com/" "Mozilla/5.0 (compatible; Adsbot/3.1; +https://seostar.co/robot/)" "electric-homecare.com"
77.75.79.31 - - [12/Oct/2022:01:13:12 -0700] "GET /robots.txt HTTP/1.1" 200 64 "-" "Mozilla/5.0 (compatible; SeznamBot/4.0-RC1; +http://napoveda.seznam.cz/seznambot-intro/)" "www.electric-homecare.com"
173.231.60.197 - - [12/Oct/2022:01:13:57 -0700] "GET /Houston-Lift-Chairs.html HTTP/1.1" 200 8833 "https://electric-homecare.com/" "Mozilla/5.0 (compatible; Adsbot/3.1; +https://seostar.co/robot/)" "electric-homecare.com"
216.244.66.247 - - [12/Oct/2022:01:31:55 -0700] "GET /robots.txt HTTP/1.1" 200 48 "-" "Mozilla/5.0 (compatible; DotBot/1.2; +https://opensiteexplorer.org/dotbot; help@moz.com)" "electric-homecare.com"
185.191.171.8 - - [12/Oct/2022:01:35:03 -0700] "GET /Houston-GoGoEliteTravellerPlus.html HTTP/1.1" 200 5024 "-" "Mozilla/5.0 (compatible; SemrushBot/7~bl; +http://www.semrush.com/bot.html)" "electric-homecare.com"
185.191.171.13 - - [12/Oct/2022:01:35:37 -0700] "GET /robots.txt HTTP/1.1" 200 64 "-" "Mozilla/5.0 (compatible; SemrushBot/7~bl; +http://www.semrush.com/bot.html)" "www.electric-homecare.com"
185.191.171.7 - - [12/Oct/2022:01:35:38 -0700] "GET /Adjustable-Beds-Models.html HTTP/1.1" 200 4376 "-" "Mozilla/5.0 (compatible; SemrushBot/7~bl; +http://www.semrush.com/bot.html)" "www.electric-homecare.com"
77.75.79.11 - - [12/Oct/2022:01:47:44 -0700] "GET /robots.txt HTTP/1.1" 200 64 "-" "Mozilla/5.0 (compatible; SeznamBot/3.2; +http://napoveda.seznam.cz/en/seznambot-intro/)" "electric-homecare.com"
77.75.79.11 - - [12/Oct/2022:01:47:45 -0700] "GET /brunostairlift-Elite-straight-1.jpg HTTP/1.1" 304 - "-" "Mozilla/5.0 (compatible; SeznamBot/3.2; +http://napoveda.seznam.cz/en/seznambot-intro/)" "electric-homecare.com"
185.191.171.14 - - [12/Oct/2022:01:52:21 -0700] "GET /Big-Boyz.html HTTP/1.1" 200 3576 "-" "Mozilla/5.0 (compatible; SemrushBot/7~bl; +http://www.semrush.com/bot.html)" "electric-homecare.com"
185.191.171.22 - - [12/Oct/2022:01:59:56 -0700] "GET /Houston-AdjustableBeds-DualQueen.html HTTP/1.1" 200 2847 "-" "Mozilla/5.0 (compatible; SemrushBot/7~bl; +http://www.semrush.com/bot.html)" "electric-homecare.com"
185.191.171.17 - - [12/Oct/2022:02:05:23 -0700] "GET /AdjustableBeds-Twin.html HTTP/1.1" 200 8162 "-" "Mozilla/5.0 (compatible; SemrushBot/7~bl; +http://www.semrush.com/bot.html)" "www.electric-homecare.com"
185.191.171.25 - - [12/Oct/2022:02:12:08 -0700] "GET /robots.txt HTTP/1.1" 200 64 "-" "Mozilla/5.0 (compatible; SemrushBot/7~bl; +http://www.semrush.com/bot.html)" "electric-homecare.com"
185.191.171.39 - - [12/Oct/2022:02:12:09 -0700] "GET /Houston-AcornStairliftsforoutdoorspaces.html HTTP/1.1" 200 4428 "-" "Mozilla/5.0 (compatible; SemrushBot/7~bl; +http://www.semrush.com/bot.html)" "electric-homecare.com"
114.119.136.215 - - [12/Oct/2022:02:22:30 -0700] "GET /Houston-Ergomotion.html HTTP/1.1" 200 4843 "https://www.electric-homecare.com/Houston-Used.html" "Mozilla/5.0 (Linux; Android 7.0;) AppleWebKit/537.36 (KHTML, like Gecko) Mobile Safari/537.36 (compatible; PetalBot;+https://webmaster.petalsearch.com/site/petalbot)" "www.electric-homecare.com"
216.244.66.247 - - [12/Oct/2022:02:24:27 -0700] "GET /robots.txt HTTP/1.1" 200 48 "-" "Mozilla/5.0 (compatible; DotBot/1.2; +https://opensiteexplorer.org/dotbot; help@moz.com)" "electric-homecare.com"
185.191.171.23 - - [12/Oct/2022:02:28:12 -0700] "GET /Bath-Lifts.html HTTP/1.1" 200 9309 "-" "Mozilla/5.0 (compatible; SemrushBot/7~bl; +http://www.semrush.com/bot.html)" "electric-homecare.com"
185.191.171.44 - - [12/Oct/2022:02:31:25 -0700] "GET /Houston-GoGoSport.html HTTP/1.1" 200 4088 "-" "Mozilla/5.0 (compatible; SemrushBot/7~bl; +http://www.semrush.com/bot.html)" "electric-homecare.com"
77.75.78.168 - - [12/Oct/2022:02:43:48 -0700] "GET /robots.txt HTTP/1.1" 200 64 "-" "Mozilla/5.0 (compatible; SeznamBot/3.2; +http://napoveda.seznam.cz/en/seznambot-intro/)" "electric-homecare.com"
77.75.78.168 - - [12/Oct/2022:02:43:50 -0700] "GET /Cloud-9.jpg HTTP/1.1" 304 - "-" "Mozilla/5.0 (compatible; SeznamBot/3.2; +http://napoveda.seznam.cz/en/seznambot-intro/)" "electric-homecare.com"
142.54.224.196 - - [12/Oct/2022:02:49:38 -0700] "HEAD / HTTP/1.1" 200 - "https://www.bing.com" "Mozilla/5.0 (X11; Linux x86_64) AppleWebKit/537.36 (KHTML, like Gecko) Chrome/33.0.1750.517 Safari/537.36" "electric-homecare.com"
142.54.224.196 - - [12/Oct/2022:02:49:38 -0700] "GET /wp-login.php HTTP/1.1" 404 88 "http://electric-homecare.com" "Mozilla/5.0 (X11; Linux x86_64) AppleWebKit/537.36 (KHTML, like Gecko) Chrome/33.0.1750.517 Safari/537.36" "electric-homecare.com"
142.54.224.196 - - [12/Oct/2022:02:49:39 -0700] "GET /wordpress/wp-login.php HTTP/1.1" 404 88 "http://electric-homecare.com" "Mozilla/5.0 (X11; Linux x86_64) AppleWebKit/537.36 (KHTML, like Gecko) Chrome/33.0.1750.517 Safari/537.36" "electric-homecare.com"
142.54.224.196 - - [12/Oct/2022:02:49:39 -0700] "GET /blog/wp-login.php HTTP/1.1" 404 88 "http://electric-homecare.com" "Mozilla/5.0 (X11; Linux x86_64) AppleWebKit/537.36 (KHTML, like Gecko) Chrome/33.0.1750.517 Safari/537.36" "electric-homecare.com"
142.54.224.196 - - [12/Oct/2022:02:49:40 -0700] "GET /wp/wp-login.php HTTP/1.1" 404 88 "http://electric-homecare.com" "Mozilla/5.0 (X11; Linux x86_64) AppleWebKit/537.36 (KHTML, like Gecko) Chrome/33.0.1750.517 Safari/537.36" "electric-homecare.com"
185.191.171.1 - - [12/Oct/2022:03:05:21 -0700] "GET /robots.txt HTTP/1.1" 200 64 "-" "Mozilla/5.0 (compatible; SemrushBot/7~bl; +http://www.semrush.com/bot.html)" "www.electric-homecare.com"
185.191.171.22 - - [12/Oct/2022:03:05:24 -0700] "GET /Bariatric-Room.html HTTP/1.1" 200 12273 "-" "Mozilla/5.0 (compatible; SemrushBot/7~bl; +http://www.semrush.com/bot.html)" "www.electric-homecare.com"
123.125.109.137 - - [12/Oct/2022:03:11:40 -0700] "GET / HTTP/1.1" 200 4147 "-" "Sogou web spider/4.0(+http://www.sogou.com/docs/help/webmasters.htm#07)" "www.electric-homecare.com"
77.75.78.163 - - [12/Oct/2022:03:57:07 -0700] "GET /robots.txt HTTP/1.1" 200 64 "-" "Mozilla/5.0 (compatible; SeznamBot/3.2; +http://napoveda.seznam.cz/en/seznambot-intro/)" "electric-homecare.com"
77.75.78.163 - - [12/Oct/2022:03:57:09 -0700] "GET /drive_homecarebeds-4.jpg HTTP/1.1" 304 - "-" "Mozilla/5.0 (compatible; SeznamBot/3.2; +http://napoveda.seznam.cz/en/seznambot-intro/)" "electric-homecare.com"
216.244.66.247 - - [12/Oct/2022:04:09:12 -0700] "GET /robots.txt HTTP/1.1" 200 48 "-" "Mozilla/5.0 (compatible; DotBot/1.2; +https://opensiteexplorer.org/dotbot; help@moz.com)" "electric-homecare.com"
185.191.171.43 - - [12/Oct/2022:04:13:01 -0700] "GET /robots.txt HTTP/1.1" 200 64 "-" "Mozilla/5.0 (compatible; SemrushBot/7~bl; +http://www.semrush.com/bot.html)" "electric-homecare.com"
185.191.171.5 - - [12/Oct/2022:04:13:03 -0700] "GET /Houston-myamigo.html HTTP/1.1" 200 4780 "-" "Mozilla/5.0 (compatible; SemrushBot/7~bl; +http://www.semrush.com/bot.html)" "electric-homecare.com"
185.191.171.26 - - [12/Oct/2022:04:15:04 -0700] "GET /robots.txt HTTP/1.1" 200 64 "-" "Mozilla/5.0 (compatible; SemrushBot/7~bl; +http://www.semrush.com/bot.html)" "www.electric-homecare.com"
185.191.171.42 - - [12/Oct/2022:04:15:04 -0700] "GET /index.htm HTTP/1.1" 200 4960 "-" "Mozilla/5.0 (compatible; SemrushBot/7~bl; +http://www.semrush.com/bot.html)" "www.electric-homecare.com"
185.191.171.41 - - [12/Oct/2022:04:52:21 -0700] "GET /Blue-Chip.html HTTP/1.1" 200 7222 "-" "Mozilla/5.0 (compatible; SemrushBot/7~bl; +http://www.semrush.com/bot.html)" "electric-homecare.com"
77.75.78.163 - - [12/Oct/2022:04:53:46 -0700] "GET /robots.txt HTTP/1.1" 200 64 "-" "Mozilla/5.0 (compatible; SeznamBot/3.2; +http://napoveda.seznam.cz/en/seznambot-intro/)" "electric-homecare.com"
77.75.78.163 - - [12/Oct/2022:04:53:48 -0700] "GET /Acorn-Stairlift-Curved-1.jpg HTTP/1.1" 304 - "-" "Mozilla/5.0 (compatible; SeznamBot/3.2; +http://napoveda.seznam.cz/en/seznambot-intro/)" "electric-homecare.com"
216.244.66.247 - - [12/Oct/2022:05:00:02 -0700] "GET /robots.txt HTTP/1.1" 200 48 "-" "Mozilla/5.0 (compatible; DotBot/1.2; +https://opensiteexplorer.org/dotbot; help@moz.com)" "electric-homecare.com"
114.119.136.215 - - [12/Oct/2022:05:17:19 -0700] "GET /AvengerOwner's%20manual.pdf HTTP/1.1" 200 834970 "https://www.electric-homecare.com/Houston-goldentech.html" "Mozilla/5.0 (Linux; Android 7.0;) AppleWebKit/537.36 (KHTML, like Gecko) Mobile Safari/537.36 (compatible; PetalBot;+https://webmaster.petalsearch.com/site/petalbot)" "www.electric-homecare.com"
114.119.135.34 - - [12/Oct/2022:05:22:38 -0700] "GET /robots.txt HTTP/1.1" 200 64 "-" "Mozilla/5.0 (compatible;PetalBot;+https://webmaster.petalsearch.com/site/petalbot)" "electric-homecare.com"
51.132.231.206 - - [12/Oct/2022:05:29:37 -0700] "GET /Makhdamxshell.php HTTP/1.1" 404 88 "-" "Mozilla/5.0 (Windows NT 10.0; Win64; x64) AppleWebKit/537.36 (KHTML, like Gecko) Chrome/85.0.4183.102 Safari/537.36" "electric-homecare.com"
51.132.231.206 - - [12/Oct/2022:05:29:41 -0700] "GET /wp-admin/includes/class-wp-media-list-data.php HTTP/1.1" 404 88 "-" "Mozilla/5.0 (Windows NT 10.0; Win64; x64) AppleWebKit/537.36 (KHTML, like Gecko) Chrome/85.0.4183.102 Safari/537.36" "electric-homecare.com"
51.132.231.206 - - [12/Oct/2022:05:29:51 -0700] "GET /wp-includes/wp-class.php HTTP/1.1" 404 88 "-" "Mozilla/5.0 (Windows NT 10.0; Win64; x64) AppleWebKit/537.36 (KHTML, like Gecko) Chrome/85.0.4183.102 Safari/537.36" "electric-homecare.com"
51.132.231.206 - - [12/Oct/2022:05:29:53 -0700] "GET /radio.php HTTP/1.1" 404 88 "-" "Mozilla/5.0 (Windows NT 10.0; Win64; x64) AppleWebKit/537.36 (KHTML, like Gecko) Chrome/85.0.4183.102 Safari/537.36" "electric-homecare.com"
51.132.231.206 - - [12/Oct/2022:05:29:59 -0700] "GET /fw.php HTTP/1.1" 404 88 "-" "Mozilla/5.0 (Windows NT 10.0; Win64; x64) AppleWebKit/537.36 (KHTML, like Gecko) Chrome/85.0.4183.102 Safari/537.36" "electric-homecare.com"
51.132.231.206 - - [12/Oct/2022:05:30:03 -0700] "GET /fx.php HTTP/1.1" 404 88 "-" "Mozilla/5.0 (Windows NT 10.0; Win64; x64) AppleWebKit/537.36 (KHTML, like Gecko) Chrome/85.0.4183.102 Safari/537.36" "electric-homecare.com"
51.132.231.206 - - [12/Oct/2022:05:30:07 -0700] "GET /ups.php HTTP/1.1" 404 88 "-" "Mozilla/5.0 (Windows NT 10.0; Win64; x64) AppleWebKit/537.36 (KHTML, like Gecko) Chrome/85.0.4183.102 Safari/537.36" "electric-homecare.com"
51.132.231.206 - - [12/Oct/2022:05:30:07 -0700] "GET /wikindex.php HTTP/1.1" 404 88 "-" "Mozilla/5.0 (Windows NT 10.0; Win64; x64) AppleWebKit/537.36 (KHTML, like Gecko) Chrome/85.0.4183.102 Safari/537.36" "electric-homecare.com"
51.132.231.206 - - [12/Oct/2022:05:30:13 -0700] "GET /1index.php HTTP/1.1" 404 88 "-" "Mozilla/5.0 (Windows NT 10.0; Win64; x64) AppleWebKit/537.36 (KHTML, like Gecko) Chrome/85.0.4183.102 Safari/537.36" "electric-homecare.com"
51.132.231.206 - - [12/Oct/2022:05:30:17 -0700] "GET /0.php HTTP/1.1" 404 88 "-" "Mozilla/5.0 (Windows NT 10.0; Win64; x64) AppleWebKit/537.36 (KHTML, like Gecko) Chrome/85.0.4183.102 Safari/537.36" "electric-homecare.com"
51.132.231.206 - - [12/Oct/2022:05:30:20 -0700] "GET /01.php HTTP/1.1" 404 88 "-" "Mozilla/5.0 (Windows NT 10.0; Win64; x64) AppleWebKit/537.36 (KHTML, like Gecko) Chrome/85.0.4183.102 Safari/537.36" "electric-homecare.com"
51.132.231.206 - - [12/Oct/2022:05:30:26 -0700] "GET /0byte HTTP/1.1" 404 88 "-" "Mozilla/5.0 (Windows NT 10.0; Win64; x64) AppleWebKit/537.36 (KHTML, like Gecko) Chrome/85.0.4183.102 Safari/537.36" "electric-homecare.com"
51.132.231.206 - - [12/Oct/2022:05:30:43 -0700] "GET /0byte.php HTTP/1.1" 404 88 "-" "Mozilla/5.0 (Windows NT 10.0; Win64; x64) AppleWebKit/537.36 (KHTML, like Gecko) Chrome/85.0.4183.102 Safari/537.36" "electric-homecare.com"
51.132.231.206 - - [12/Oct/2022:05:30:53 -0700] "GET /1.php HTTP/1.1" 404 88 "-" "Mozilla/5.0 (Windows NT 10.0; Win64; x64) AppleWebKit/537.36 (KHTML, like Gecko) Chrome/85.0.4183.102 Safari/537.36" "electric-homecare.com"
51.132.231.206 - - [12/Oct/2022:05:30:58 -0700] "GET /10.php HTTP/1.1" 404 88 "-" "Mozilla/5.0 (Windows NT 10.0; Win64; x64) AppleWebKit/537.36 (KHTML, like Gecko) Chrome/85.0.4183.102 Safari/537.36" "electric-homecare.com"
51.132.231.206 - - [12/Oct/2022:05:31:00 -0700] "GET /100.php HTTP/1.1" 404 88 "-" "Mozilla/5.0 (Windows NT 10.0; Win64; x64) AppleWebKit/537.36 (KHTML, like Gecko) Chrome/85.0.4183.102 Safari/537.36" "electric-homecare.com"
51.132.231.206 - - [12/Oct/2022:05:31:06 -0700] "GET /11index.php HTTP/1.1" 404 88 "-" "Mozilla/5.0 (Windows NT 10.0; Win64; x64) AppleWebKit/537.36 (KHTML, like Gecko) Chrome/85.0.4183.102 Safari/537.36" "electric-homecare.com"
51.132.231.206 - - [12/Oct/2022:05:31:10 -0700] "GET /13.php HTTP/1.1" 404 88 "-" "Mozilla/5.0 (Windows NT 10.0; Win64; x64) AppleWebKit/537.36 (KHTML, like Gecko) Chrome/85.0.4183.102 Safari/537.36" "electric-homecare.com"
51.132.231.206 - - [12/Oct/2022:05:31:17 -0700] "GET /1337.php HTTP/1.1" 404 88 "-" "Mozilla/5.0 (Windows NT 10.0; Win64; x64) AppleWebKit/537.36 (KHTML, like Gecko) Chrome/85.0.4183.102 Safari/537.36" "electric-homecare.com"
51.132.231.206 - - [12/Oct/2022:05:31:23 -0700] "GET /2.php HTTP/1.1" 404 88 "-" "Mozilla/5.0 (Windows NT 10.0; Win64; x64) AppleWebKit/537.36 (KHTML, like Gecko) Chrome/85.0.4183.102 Safari/537.36" "electric-homecare.com"
51.132.231.206 - - [12/Oct/2022:05:31:29 -0700] "GET /2index.php HTTP/1.1" 404 88 "-" "Mozilla/5.0 (Windows NT 10.0; Win64; x64) AppleWebKit/537.36 (KHTML, like Gecko) Chrome/85.0.4183.102 Safari/537.36" "electric-homecare.com"
51.132.231.206 - - [12/Oct/2022:05:31:35 -0700] "GET /3.php HTTP/1.1" 404 88 "-" "Mozilla/5.0 (Windows NT 10.0; Win64; x64) AppleWebKit/537.36 (KHTML, like Gecko) Chrome/85.0.4183.102 Safari/537.36" "electric-homecare.com"
51.132.231.206 - - [12/Oct/2022:05:31:36 -0700] "GET /4.php HTTP/1.1" 404 88 "-" "Mozilla/5.0 (Windows NT 10.0; Win64; x64) AppleWebKit/537.36 (KHTML, like Gecko) Chrome/85.0.4183.102 Safari/537.36" "electric-homecare.com"
51.132.231.206 - - [12/Oct/2022:05:31:42 -0700] "GET /403.php HTTP/1.1" 404 88 "-" "Mozilla/5.0 (Windows NT 10.0; Win64; x64) AppleWebKit/537.36 (KHTML, like Gecko) Chrome/85.0.4183.102 Safari/537.36" "electric-homecare.com"
51.132.231.206 - - [12/Oct/2022:05:31:47 -0700] "GET /404.php HTTP/1.1" 404 88 "-" "Mozilla/5.0 (Windows NT 10.0; Win64; x64) AppleWebKit/537.36 (KHTML, like Gecko) Chrome/85.0.4183.102 Safari/537.36" "electric-homecare.com"
51.132.231.206 - - [12/Oct/2022:05:31:51 -0700] "GET /5.php HTTP/1.1" 404 88 "-" "Mozilla/5.0 (Windows NT 10.0; Win64; x64) AppleWebKit/537.36 (KHTML, like Gecko) Chrome/85.0.4183.102 Safari/537.36" "electric-homecare.com"
51.132.231.206 - - [12/Oct/2022:05:31:56 -0700] "GET /9.php HTTP/1.1" 404 88 "-" "Mozilla/5.0 (Windows NT 10.0; Win64; x64) AppleWebKit/537.36 (KHTML, like Gecko) Chrome/85.0.4183.102 Safari/537.36" "electric-homecare.com"
51.132.231.206 - - [12/Oct/2022:05:31:57 -0700] "GET /Alfa.php HTTP/1.1" 404 88 "-" "Mozilla/5.0 (Windows NT 10.0; Win64; x64) AppleWebKit/537.36 (KHTML, like Gecko) Chrome/85.0.4183.102 Safari/537.36" "electric-homecare.com"
51.132.231.206 - - [12/Oct/2022:05:32:00 -0700] "GET /FoxWSO.php HTTP/1.1" 404 88 "-" "Mozilla/5.0 (Windows NT 10.0; Win64; x64) AppleWebKit/537.36 (KHTML, like Gecko) Chrome/85.0.4183.102 Safari/537.36" "electric-homecare.com"
51.132.231.206 - - [12/Oct/2022:05:32:07 -0700] "GET /WSO.php HTTP/1.1" 404 88 "-" "Mozilla/5.0 (Windows NT 10.0; Win64; x64) AppleWebKit/537.36 (KHTML, like Gecko) Chrome/85.0.4183.102 Safari/537.36" "electric-homecare.com"
51.132.231.206 - - [12/Oct/2022:05:32:08 -0700] "GET /a.php HTTP/1.1" 404 88 "-" "Mozilla/5.0 (Windows NT 10.0; Win64; x64) AppleWebKit/537.36 (KHTML, like Gecko) Chrome/85.0.4183.102 Safari/537.36" "electric-homecare.com"
51.132.231.206 - - [12/Oct/2022:05:32:13 -0700] "GET /about.php HTTP/1.1" 404 88 "-" "Mozilla/5.0 (Windows NT 10.0; Win64; x64) AppleWebKit/537.36 (KHTML, like Gecko) Chrome/85.0.4183.102 Safari/537.36" "electric-homecare.com"
51.132.231.206 - - [12/Oct/2022:05:32:17 -0700] "GET /alf.php HTTP/1.1" 404 88 "-" "Mozilla/5.0 (Windows NT 10.0; Win64; x64) AppleWebKit/537.36 (KHTML, like Gecko) Chrome/85.0.4183.102 Safari/537.36" "electric-homecare.com"
51.132.231.206 - - [12/Oct/2022:05:32:31 -0700] "GET /alfa.php HTTP/1.1" 404 88 "-" "Mozilla/5.0 (Windows NT 10.0; Win64; x64) AppleWebKit/537.36 (KHTML, like Gecko) Chrome/85.0.4183.102 Safari/537.36" "electric-homecare.com"
51.132.231.206 - - [12/Oct/2022:05:32:36 -0700] "GET /alfashell.php HTTP/1.1" 404 88 "-" "Mozilla/5.0 (Windows NT 10.0; Win64; x64) AppleWebKit/537.36 (KHTML, like Gecko) Chrome/85.0.4183.102 Safari/537.36" "electric-homecare.com"
51.132.231.206 - - [12/Oct/2022:05:32:39 -0700] "GET /alwso.php HTTP/1.1" 404 88 "-" "Mozilla/5.0 (Windows NT 10.0; Win64; x64) AppleWebKit/537.36 (KHTML, like Gecko) Chrome/85.0.4183.102 Safari/537.36" "electric-homecare.com"
51.132.231.206 - - [12/Oct/2022:05:32:44 -0700] "GET /autoload_classmap.php HTTP/1.1" 404 88 "-" "Mozilla/5.0 (Windows NT 10.0; Win64; x64) AppleWebKit/537.36 (KHTML, like Gecko) Chrome/85.0.4183.102 Safari/537.36" "electric-homecare.com"
51.132.231.206 - - [12/Oct/2022:05:32:50 -0700] "GET /b.php HTTP/1.1" 404 88 "-" "Mozilla/5.0 (Windows NT 10.0; Win64; x64) AppleWebKit/537.36 (KHTML, like Gecko) Chrome/85.0.4183.102 Safari/537.36" "electric-homecare.com"
51.132.231.206 - - [12/Oct/2022:05:32:54 -0700] "GET /blog.php HTTP/1.1" 404 88 "-" "Mozilla/5.0 (Windows NT 10.0; Win64; x64) AppleWebKit/537.36 (KHTML, like Gecko) Chrome/85.0.4183.102 Safari/537.36" "electric-homecare.com"
51.132.231.206 - - [12/Oct/2022:05:33:00 -0700] "GET /blog/fw.php HTTP/1.1" 404 88 "-" "Mozilla/5.0 (Windows NT 10.0; Win64; x64) AppleWebKit/537.36 (KHTML, like Gecko) Chrome/85.0.4183.102 Safari/537.36" "electric-homecare.com"
51.132.231.206 - - [12/Oct/2022:05:33:02 -0700] "GET /bypass.php HTTP/1.1" 404 88 "-" "Mozilla/5.0 (Windows NT 10.0; Win64; x64) AppleWebKit/537.36 (KHTML, like Gecko) Chrome/85.0.4183.102 Safari/537.36" "electric-homecare.com"
51.132.231.206 - - [12/Oct/2022:05:33:10 -0700] "GET /c.php HTTP/1.1" 404 88 "-" "Mozilla/5.0 (Windows NT 10.0; Win64; x64) AppleWebKit/537.36 (KHTML, like Gecko) Chrome/85.0.4183.102 Safari/537.36" "electric-homecare.com"
51.132.231.206 - - [12/Oct/2022:05:33:13 -0700] "GET /c99.php HTTP/1.1" 404 88 "-" "Mozilla/5.0 (Windows NT 10.0; Win64; x64) AppleWebKit/537.36 (KHTML, like Gecko) Chrome/85.0.4183.102 Safari/537.36" "electric-homecare.com"
51.132.231.206 - - [12/Oct/2022:05:33:23 -0700] "GET /content.php HTTP/1.1" 404 88 "-" "Mozilla/5.0 (Windows NT 10.0; Win64; x64) AppleWebKit/537.36 (KHTML, like Gecko) Chrome/85.0.4183.102 Safari/537.36" "electric-homecare.com"
51.132.231.206 - - [12/Oct/2022:05:33:28 -0700] "GET /date.php HTTP/1.1" 404 88 "-" "Mozilla/5.0 (Windows NT 10.0; Win64; x64) AppleWebKit/537.36 (KHTML, like Gecko) Chrome/85.0.4183.102 Safari/537.36" "electric-homecare.com"
51.132.231.206 - - [12/Oct/2022:05:33:30 -0700] "GET /doc.php HTTP/1.1" 404 88 "-" "Mozilla/5.0 (Windows NT 10.0; Win64; x64) AppleWebKit/537.36 (KHTML, like Gecko) Chrome/85.0.4183.102 Safari/537.36" "electric-homecare.com"
51.132.231.206 - - [12/Oct/2022:05:33:35 -0700] "GET /e.php HTTP/1.1" 404 88 "-" "Mozilla/5.0 (Windows NT 10.0; Win64; x64) AppleWebKit/537.36 (KHTML, like Gecko) Chrome/85.0.4183.102 Safari/537.36" "electric-homecare.com"
51.132.231.206 - - [12/Oct/2022:05:33:43 -0700] "GET /edit-form.php HTTP/1.1" 404 88 "-" "Mozilla/5.0 (Windows NT 10.0; Win64; x64) AppleWebKit/537.36 (KHTML, like Gecko) Chrome/85.0.4183.102 Safari/537.36" "electric-homecare.com"
51.132.231.206 - - [12/Oct/2022:05:33:59 -0700] "GET /f.php HTTP/1.1" 404 88 "-" "Mozilla/5.0 (Windows NT 10.0; Win64; x64) AppleWebKit/537.36 (KHTML, like Gecko) Chrome/85.0.4183.102 Safari/537.36" "electric-homecare.com"
51.132.231.206 - - [12/Oct/2022:05:34:02 -0700] "GET /fox.php HTTP/1.1" 404 88 "-" "Mozilla/5.0 (Windows NT 10.0; Win64; x64) AppleWebKit/537.36 (KHTML, like Gecko) Chrome/85.0.4183.102 Safari/537.36" "electric-homecare.com"
51.132.231.206 - - [12/Oct/2022:05:34:08 -0700] "GET /g.php HTTP/1.1" 404 88 "-" "Mozilla/5.0 (Windows NT 10.0; Win64; x64) AppleWebKit/537.36 (KHTML, like Gecko) Chrome/85.0.4183.102 Safari/537.36" "electric-homecare.com"
51.132.231.206 - - [12/Oct/2022:05:34:12 -0700] "GET /goods.php HTTP/1.1" 404 88 "-" "Mozilla/5.0 (Windows NT 10.0; Win64; x64) AppleWebKit/537.36 (KHTML, like Gecko) Chrome/85.0.4183.102 Safari/537.36" "electric-homecare.com"
51.132.231.206 - - [12/Oct/2022:05:34:19 -0700] "GET /h.php HTTP/1.1" 404 88 "-" "Mozilla/5.0 (Windows NT 10.0; Win64; x64) AppleWebKit/537.36 (KHTML, like Gecko) Chrome/85.0.4183.102 Safari/537.36" "electric-homecare.com"
51.132.231.206 - - [12/Oct/2022:05:34:28 -0700] "GET /haxor.php HTTP/1.1" 404 88 "-" "Mozilla/5.0 (Windows NT 10.0; Win64; x64) AppleWebKit/537.36 (KHTML, like Gecko) Chrome/85.0.4183.102 Safari/537.36" "electric-homecare.com"
51.132.231.206 - - [12/Oct/2022:05:34:30 -0700] "GET /hello.php HTTP/1.1" 404 88 "-" "Mozilla/5.0 (Windows NT 10.0; Win64; x64) AppleWebKit/537.36 (KHTML, like Gecko) Chrome/85.0.4183.102 Safari/537.36" "electric-homecare.com"
51.132.231.206 - - [12/Oct/2022:05:34:35 -0700] "GET /i.php HTTP/1.1" 404 88 "-" "Mozilla/5.0 (Windows NT 10.0; Win64; x64) AppleWebKit/537.36 (KHTML, like Gecko) Chrome/85.0.4183.102 Safari/537.36" "electric-homecare.com"
51.132.231.206 - - [12/Oct/2022:05:34:39 -0700] "GET /images/about.php HTTP/1.1" 404 88 "-" "Mozilla/5.0 (Windows NT 10.0; Win64; x64) AppleWebKit/537.36 (KHTML, like Gecko) Chrome/85.0.4183.102 Safari/537.36" "electric-homecare.com"
51.132.231.206 - - [12/Oct/2022:05:34:46 -0700] "GET /jindex.php HTTP/1.1" 404 88 "-" "Mozilla/5.0 (Windows NT 10.0; Win64; x64) AppleWebKit/537.36 (KHTML, like Gecko) Chrome/85.0.4183.102 Safari/537.36" "electric-homecare.com"
51.132.231.206 - - [12/Oct/2022:05:34:49 -0700] "GET /k.php HTTP/1.1" 404 88 "-" "Mozilla/5.0 (Windows NT 10.0; Win64; x64) AppleWebKit/537.36 (KHTML, like Gecko) Chrome/85.0.4183.102 Safari/537.36" "electric-homecare.com"
51.132.231.206 - - [12/Oct/2022:05:34:52 -0700] "GET /l.php HTTP/1.1" 404 88 "-" "Mozilla/5.0 (Windows NT 10.0; Win64; x64) AppleWebKit/537.36 (KHTML, like Gecko) Chrome/85.0.4183.102 Safari/537.36" "electric-homecare.com"
51.132.231.206 - - [12/Oct/2022:05:34:56 -0700] "GET /license.php HTTP/1.1" 404 88 "-" "Mozilla/5.0 (Windows NT 10.0; Win64; x64) AppleWebKit/537.36 (KHTML, like Gecko) Chrome/85.0.4183.102 Safari/537.36" "electric-homecare.com"
51.132.231.206 - - [12/Oct/2022:05:35:00 -0700] "GET /m.php HTTP/1.1" 404 88 "-" "Mozilla/5.0 (Windows NT 10.0; Win64; x64) AppleWebKit/537.36 (KHTML, like Gecko) Chrome/85.0.4183.102 Safari/537.36" "electric-homecare.com"
51.132.231.206 - - [12/Oct/2022:05:35:04 -0700] "GET /mar.php HTTP/1.1" 404 88 "-" "Mozilla/5.0 (Windows NT 10.0; Win64; x64) AppleWebKit/537.36 (KHTML, like Gecko) Chrome/85.0.4183.102 Safari/537.36" "electric-homecare.com"
51.132.231.206 - - [12/Oct/2022:05:35:12 -0700] "GET /mari.php HTTP/1.1" 404 88 "-" "Mozilla/5.0 (Windows NT 10.0; Win64; x64) AppleWebKit/537.36 (KHTML, like Gecko) Chrome/85.0.4183.102 Safari/537.36" "electric-homecare.com"
51.132.231.206 - - [12/Oct/2022:05:35:16 -0700] "GET /marijuana.php HTTP/1.1" 404 88 "-" "Mozilla/5.0 (Windows NT 10.0; Win64; x64) AppleWebKit/537.36 (KHTML, like Gecko) Chrome/85.0.4183.102 Safari/537.36" "electric-homecare.com"
51.132.231.206 - - [12/Oct/2022:05:35:17 -0700] "GET /mini.php HTTP/1.1" 404 88 "-" "Mozilla/5.0 (Windows NT 10.0; Win64; x64) AppleWebKit/537.36 (KHTML, like Gecko) Chrome/85.0.4183.102 Safari/537.36" "electric-homecare.com"
51.132.231.206 - - [12/Oct/2022:05:35:28 -0700] "GET /n.php HTTP/1.1" 404 88 "-" "Mozilla/5.0 (Windows NT 10.0; Win64; x64) AppleWebKit/537.36 (KHTML, like Gecko) Chrome/85.0.4183.102 Safari/537.36" "electric-homecare.com"
51.132.231.206 - - [12/Oct/2022:05:35:32 -0700] "GET /new.php HTTP/1.1" 404 88 "-" "Mozilla/5.0 (Windows NT 10.0; Win64; x64) AppleWebKit/537.36 (KHTML, like Gecko) Chrome/85.0.4183.102 Safari/537.36" "electric-homecare.com"
