216.244.66.247 - - [13/Oct/2022:17:05:46 -0700] "GET /robots.txt HTTP/1.1" 200 48 "-" "Mozilla/5.0 (compatible; DotBot/1.2; +https://opensiteexplorer.org/dotbot; help@moz.com)" "electric-homecare.com"
77.75.79.31 - - [13/Oct/2022:17:11:30 -0700] "GET /Houston-MedLiftLiftChairs.html HTTP/1.1" 304 - "-" "Mozilla/5.0 (compatible; SeznamBot/4.0-RC1; +http://napoveda.seznam.cz/seznambot-intro/)" "electric-homecare.com"
77.75.77.72 - - [13/Oct/2022:17:13:42 -0700] "GET /robots.txt HTTP/1.1" 200 64 "-" "Mozilla/5.0 (compatible; SeznamBot/3.2; +http://napoveda.seznam.cz/en/seznambot-intro/)" "electric-homecare.com"
77.75.77.72 - - [13/Oct/2022:17:13:44 -0700] "GET /TM_hilow_13.jpg HTTP/1.1" 304 - "-" "Mozilla/5.0 (compatible; SeznamBot/3.2; +http://napoveda.seznam.cz/en/seznambot-intro/)" "electric-homecare.com"
207.46.13.44 - - [13/Oct/2022:17:33:06 -0700] "GET /Tm_HosBed_9.jpg HTTP/1.1" 200 29452 "-" "Mozilla/5.0 (compatible; bingbot/2.0; +http://www.bing.com/bingbot.htm)" "electric-homecare.com"
114.119.136.219 - - [13/Oct/2022:17:50:09 -0700] "GET /AdjustableBeds-DualQueen.html HTTP/1.1" 200 12565 "https://www.electric-homecare.com/AdjustableBeds-Full.html" "Mozilla/5.0 (Linux; Android 7.0;) AppleWebKit/537.36 (KHTML, like Gecko) Mobile Safari/537.36 (compatible; PetalBot;+https://webmaster.petalsearch.com/site/petalbot)" "www.electric-homecare.com"
216.244.66.247 - - [13/Oct/2022:17:54:51 -0700] "GET /robots.txt HTTP/1.1" 200 48 "-" "Mozilla/5.0 (compatible; DotBot/1.2; +https://opensiteexplorer.org/dotbot; help@moz.com)" "electric-homecare.com"
114.119.136.215 - - [13/Oct/2022:17:59:34 -0700] "GET /Houston-JazzySelect6.html HTTP/1.1" 200 4425 "https://www.electric-homecare.com/Houston-Home.html" "Mozilla/5.0 (Linux; Android 7.0;) AppleWebKit/537.36 (KHTML, like Gecko) Mobile Safari/537.36 (compatible; PetalBot;+https://webmaster.petalsearch.com/site/petalbot)" "www.electric-homecare.com"
114.119.157.57 - - [13/Oct/2022:18:01:09 -0700] "GET /Bariatric-Room.html HTTP/1.1" 200 12273 "https://electric-homecare.com/b.html" "Mozilla/5.0 (Linux; Android 7.0;) AppleWebKit/537.36 (KHTML, like Gecko) Mobile Safari/537.36 (compatible; PetalBot;+https://webmaster.petalsearch.com/site/petalbot)" "electric-homecare.com"
114.119.157.57 - - [13/Oct/2022:18:02:40 -0700] "GET /about.html HTTP/1.1" 200 8212 "https://electric-homecare.com/AdjustableBeds-Twin.html" "Mozilla/5.0 (Linux; Android 7.0;) AppleWebKit/537.36 (KHTML, like Gecko) Mobile Safari/537.36 (compatible; PetalBot;+https://webmaster.petalsearch.com/site/petalbot)" "electric-homecare.com"
114.119.136.203 - - [13/Oct/2022:18:10:55 -0700] "GET /Bariatric-Lift-Chairs.html HTTP/1.1" 200 11198 "https://www.electric-homecare.com/Bariatric-Hospital-Beds.html" "Mozilla/5.0 (Linux; Android 7.0;) AppleWebKit/537.36 (KHTML, like Gecko) Mobile Safari/537.36 (compatible; PetalBot;+https://webmaster.petalsearch.com/site/petalbot)" "www.electric-homecare.com"
77.75.79.101 - - [13/Oct/2022:18:15:26 -0700] "GET /robots.txt HTTP/1.1" 200 64 "-" "Mozilla/5.0 (compatible; SeznamBot/3.2; +http://napoveda.seznam.cz/en/seznambot-intro/)" "electric-homecare.com"
77.75.79.101 - - [13/Oct/2022:18:15:28 -0700] "GET /TM_slbed_4.jpg HTTP/1.1" 304 - "-" "Mozilla/5.0 (compatible; SeznamBot/3.2; +http://napoveda.seznam.cz/en/seznambot-intro/)" "electric-homecare.com"
170.83.178.206 - - [13/Oct/2022:18:29:32 -0700] "GET /Houston-Adjustable-Beds.html HTTP/1.1" 200 11912 "-" "Mozilla/5.0 (Macintosh; Intel Mac OS X 12_5) AppleWebKit/537.36 (KHTML, like Gecko) Chrome/103.0.0.0 Safari/537.36" "electric-homecare.com"
23.250.67.200 - - [13/Oct/2022:18:29:35 -0700] "GET /Adjustable-Beds.html HTTP/1.1" 200 6512 "http://electric-homecare.com/Adjustable-Beds.html" "Mozilla/5.0 (Macintosh; Intel Mac OS X 12_5) AppleWebKit/537.36 (KHTML, like Gecko) Chrome/103.0.0.0 Safari/537.36" "electric-homecare.com"
170.83.178.206 - - [13/Oct/2022:18:29:36 -0700] "GET /Contact-Mattresses.html HTTP/1.1" 404 88 "https://electric-homecare.com/Houston-Adjustable-Beds.html" "Mozilla/5.0 (Macintosh; Intel Mac OS X 12_5) AppleWebKit/537.36 (KHTML, like Gecko) Chrome/103.0.0.0 Safari/537.36" "electric-homecare.com"
170.83.178.206 - - [13/Oct/2022:18:29:38 -0700] "GET /Contact.html HTTP/1.1" 404 88 "https://electric-homecare.com/Houston-Adjustable-Beds.html" "Mozilla/5.0 (Macintosh; Intel Mac OS X 12_5) AppleWebKit/537.36 (KHTML, like Gecko) Chrome/103.0.0.0 Safari/537.36" "electric-homecare.com"
170.83.178.206 - - [13/Oct/2022:18:29:40 -0700] "GET /Contact-Hospital-Beds.html HTTP/1.1" 404 88 "https://electric-homecare.com/Houston-Adjustable-Beds.html" "Mozilla/5.0 (Macintosh; Intel Mac OS X 12_5) AppleWebKit/537.36 (KHTML, like Gecko) Chrome/103.0.0.0 Safari/537.36" "electric-homecare.com"
170.83.178.206 - - [13/Oct/2022:18:29:41 -0700] "GET /Contact-Adjustable-Beds.html HTTP/1.1" 404 88 "https://electric-homecare.com/Houston-Adjustable-Beds.html" "Mozilla/5.0 (Macintosh; Intel Mac OS X 12_5) AppleWebKit/537.36 (KHTML, like Gecko) Chrome/103.0.0.0 Safari/537.36" "electric-homecare.com"
170.83.178.206 - - [13/Oct/2022:18:29:43 -0700] "GET /Contact-Bariatric-Equipment.html HTTP/1.1" 404 88 "https://electric-homecare.com/Houston-Adjustable-Beds.html" "Mozilla/5.0 (Macintosh; Intel Mac OS X 12_5) AppleWebKit/537.36 (KHTML, like Gecko) Chrome/103.0.0.0 Safari/537.36" "electric-homecare.com"
216.244.66.247 - - [13/Oct/2022:18:50:31 -0700] "GET /robots.txt HTTP/1.1" 200 48 "-" "Mozilla/5.0 (compatible; DotBot/1.2; +https://opensiteexplorer.org/dotbot; help@moz.com)" "www.electric-homecare.com"
216.244.66.247 - - [13/Oct/2022:18:50:31 -0700] "GET /robots.txt HTTP/1.1" 200 48 "-" "Mozilla/5.0 (compatible; DotBot/1.2; +https://opensiteexplorer.org/dotbot; help@moz.com)" "electric-homecare.com"
157.55.39.50 - - [13/Oct/2022:19:03:19 -0700] "GET /Essence_2.jpg HTTP/1.1" 200 110903 "-" "Mozilla/5.0 (compatible; bingbot/2.0; +http://www.bing.com/bingbot.htm)" "electric-homecare.com"
77.75.76.161 - - [13/Oct/2022:19:06:59 -0700] "GET /robots.txt HTTP/1.1" 200 64 "-" "Mozilla/5.0 (compatible; SeznamBot/3.2; +http://napoveda.seznam.cz/en/seznambot-intro/)" "electric-homecare.com"
77.75.76.161 - - [13/Oct/2022:19:07:00 -0700] "GET /Elite_1.jpg HTTP/1.1" 304 - "-" "Mozilla/5.0 (compatible; SeznamBot/3.2; +http://napoveda.seznam.cz/en/seznambot-intro/)" "electric-homecare.com"
66.249.66.32 - - [13/Oct/2022:19:27:46 -0700] "GET /linkedin%20logo.jpg HTTP/1.1" 404 88 "-" "Googlebot-Image/1.0" "www.electric-homecare.com"
216.244.66.247 - - [13/Oct/2022:19:36:22 -0700] "GET /robots.txt HTTP/1.1" 200 48 "-" "Mozilla/5.0 (compatible; DotBot/1.2; +https://opensiteexplorer.org/dotbot; help@moz.com)" "electric-homecare.com"
77.75.79.72 - - [13/Oct/2022:20:01:59 -0700] "GET /robots.txt HTTP/1.1" 200 64 "-" "Mozilla/5.0 (compatible; SeznamBot/3.2; +http://napoveda.seznam.cz/en/seznambot-intro/)" "electric-homecare.com"
77.75.79.72 - - [13/Oct/2022:20:02:01 -0700] "GET /TM_hilow_7.jpg HTTP/1.1" 304 - "-" "Mozilla/5.0 (compatible; SeznamBot/3.2; +http://napoveda.seznam.cz/en/seznambot-intro/)" "electric-homecare.com"
216.244.66.247 - - [13/Oct/2022:20:31:29 -0700] "GET /robots.txt HTTP/1.1" 200 48 "-" "Mozilla/5.0 (compatible; DotBot/1.2; +https://opensiteexplorer.org/dotbot; help@moz.com)" "electric-homecare.com"
216.244.66.247 - - [13/Oct/2022:20:31:29 -0700] "GET /robots.txt HTTP/1.1" 200 48 "-" "Mozilla/5.0 (compatible; DotBot/1.2; +https://opensiteexplorer.org/dotbot; help@moz.com)" "www.electric-homecare.com"
207.46.13.45 - - [13/Oct/2022:20:52:38 -0700] "GET /Bariatric-Hospital-Beds.html HTTP/1.1" 304 - "-" "Mozilla/5.0 (compatible; bingbot/2.0; +http://www.bing.com/bingbot.htm)" "www.electric-homecare.com"
51.222.253.6 - - [13/Oct/2022:20:54:44 -0700] "GET /Bariatric-Lift-Chairs.html HTTP/1.1" 200 11198 "-" "Mozilla/5.0 (compatible; AhrefsBot/7.0; +http://ahrefs.com/robot/)" "electric-homecare.com"
77.75.79.101 - - [13/Oct/2022:21:01:47 -0700] "GET /robots.txt HTTP/1.1" 200 64 "-" "Mozilla/5.0 (compatible; SeznamBot/3.2; +http://napoveda.seznam.cz/en/seznambot-intro/)" "electric-homecare.com"
77.75.79.101 - - [13/Oct/2022:21:01:49 -0700] "GET /Elite_2.jpg HTTP/1.1" 304 - "-" "Mozilla/5.0 (compatible; SeznamBot/3.2; +http://napoveda.seznam.cz/en/seznambot-intro/)" "electric-homecare.com"
51.222.253.9 - - [13/Oct/2022:21:18:02 -0700] "GET /Houston-Wheelchairs.html HTTP/1.1" 200 12937 "-" "Mozilla/5.0 (compatible; AhrefsBot/7.0; +http://ahrefs.com/robot/)" "electric-homecare.com"
173.252.83.1 - - [13/Oct/2022:21:22:27 -0700] "GET /tuffcare-7.jpg HTTP/1.1" 200 45186 "-" "facebookexternalhit/1.1 (+http://www.facebook.com/externalhit_uatext.php)" "electric-homecare.com"
216.244.66.247 - - [13/Oct/2022:21:25:57 -0700] "GET /robots.txt HTTP/1.1" 200 48 "-" "Mozilla/5.0 (compatible; DotBot/1.2; +https://opensiteexplorer.org/dotbot; help@moz.com)" "electric-homecare.com"
42.83.147.34 - - [13/Oct/2022:21:26:55 -0700] "GET / HTTP/1.1" 200 4147 "-" "Mozilla/5.0 (Windows NT 6.1; Win64; x64) AppleWebKit/537.36 (KHTML, like Gecko)Chrome/74.0.3729.169 Safari/537.36" "electric-homecare.com"
51.222.253.7 - - [13/Oct/2022:21:28:55 -0700] "GET /robots.txt HTTP/1.1" 200 64 "-" "Mozilla/5.0 (compatible; AhrefsBot/7.0; +http://ahrefs.com/robot/)" "electric-homecare.com"
51.222.253.19 - - [13/Oct/2022:21:53:37 -0700] "GET / HTTP/1.1" 200 4147 "-" "Mozilla/5.0 (compatible; AhrefsBot/7.0; +http://ahrefs.com/robot/)" "electric-homecare.com"
77.75.79.95 - - [13/Oct/2022:21:56:39 -0700] "GET /robots.txt HTTP/1.1" 200 64 "-" "Mozilla/5.0 (compatible; SeznamBot/3.2; +http://napoveda.seznam.cz/en/seznambot-intro/)" "electric-homecare.com"
77.75.79.95 - - [13/Oct/2022:21:56:40 -0700] "GET /Elite_4.jpg HTTP/1.1" 304 - "-" "Mozilla/5.0 (compatible; SeznamBot/3.2; +http://napoveda.seznam.cz/en/seznambot-intro/)" "electric-homecare.com"
173.252.83.117 - - [13/Oct/2022:21:57:11 -0700] "GET /hp-12.jpg HTTP/1.1" 200 215781 "-" "facebookexternalhit/1.1 (+http://www.facebook.com/externalhit_uatext.php)" "electric-homecare.com"
220.230.168.4 - - [13/Oct/2022:22:01:46 -0700] "GET /stairlift-for-curved-stairs-acorn-180.jpg HTTP/1.1" 200 27821 "-" "Mozilla/5.0 (X11; Ubuntu; Linux x86_64; rv:80.0) Gecko/20100101 Firefox/80.0" "electric-homecare.com"
51.222.253.11 - - [13/Oct/2022:22:06:45 -0700] "GET /Houston-Scooters.html HTTP/1.1" 200 13467 "-" "Mozilla/5.0 (compatible; AhrefsBot/7.0; +http://ahrefs.com/robot/)" "electric-homecare.com"
51.222.253.1 - - [13/Oct/2022:22:06:47 -0700] "GET /4go-go-travel-mobility-reliable-go-go-elite-traveller.jpg HTTP/1.1" 200 67820 "-" "Mozilla/5.0 (compatible; AhrefsBot/7.0; +http://ahrefs.com/robot/)" "electric-homecare.com"
51.222.253.14 - - [13/Oct/2022:22:06:48 -0700] "GET /TRILIFT-010.png HTTP/1.1" 200 795673 "-" "Mozilla/5.0 (compatible; AhrefsBot/7.0; +http://ahrefs.com/robot/)" "electric-homecare.com"
51.222.253.2 - - [13/Oct/2022:22:06:51 -0700] "GET /Jazzy-009.png HTTP/1.1" 200 22298 "-" "Mozilla/5.0 (compatible; AhrefsBot/7.0; +http://ahrefs.com/robot/)" "electric-homecare.com"
51.222.253.1 - - [13/Oct/2022:22:06:51 -0700] "GET /7go-go-elite-traveller-3-wheel-blue.jpg HTTP/1.1" 200 58426 "-" "Mozilla/5.0 (compatible; AhrefsBot/7.0; +http://ahrefs.com/robot/)" "electric-homecare.com"
51.222.253.7 - - [13/Oct/2022:22:06:52 -0700] "GET /9pride-mobility-scooters-convenient-disassembly-revo.jpg HTTP/1.1" 200 38462 "-" "Mozilla/5.0 (compatible; AhrefsBot/7.0; +http://ahrefs.com/robot/)" "electric-homecare.com"
51.222.253.12 - - [13/Oct/2022:22:06:52 -0700] "GET /4go-go-travel-mobility-feather-touch-disassembly-go-chair.jpg HTTP/1.1" 200 41138 "-" "Mozilla/5.0 (compatible; AhrefsBot/7.0; +http://ahrefs.com/robot/)" "electric-homecare.com"
51.222.253.19 - - [13/Oct/2022:22:06:54 -0700] "GET /0001.jpg HTTP/1.1" 200 153678 "-" "Mozilla/5.0 (compatible; AhrefsBot/7.0; +http://ahrefs.com/robot/)" "electric-homecare.com"
51.222.253.3 - - [13/Oct/2022:22:06:54 -0700] "GET /Jazzy-010.png HTTP/1.1" 200 20618 "-" "Mozilla/5.0 (compatible; AhrefsBot/7.0; +http://ahrefs.com/robot/)" "electric-homecare.com"
51.222.253.10 - - [13/Oct/2022:22:06:55 -0700] "GET /6go-go-lx-with-cts.jpg HTTP/1.1" 200 144667 "-" "Mozilla/5.0 (compatible; AhrefsBot/7.0; +http://ahrefs.com/robot/)" "electric-homecare.com"
51.222.253.7 - - [13/Oct/2022:22:06:55 -0700] "GET /TRILIFT-002.png HTTP/1.1" 200 41551 "-" "Mozilla/5.0 (compatible; AhrefsBot/7.0; +http://ahrefs.com/robot/)" "electric-homecare.com"
51.222.253.17 - - [13/Oct/2022:22:06:56 -0700] "GET /Brevo-2.0-gravel.jpg HTTP/1.1" 200 109665 "-" "Mozilla/5.0 (compatible; AhrefsBot/7.0; +http://ahrefs.com/robot/)" "electric-homecare.com"
51.222.253.5 - - [13/Oct/2022:22:06:56 -0700] "GET /Brevo-2.0-trail.jpg HTTP/1.1" 200 126229 "-" "Mozilla/5.0 (compatible; AhrefsBot/7.0; +http://ahrefs.com/robot/)" "electric-homecare.com"
51.222.253.17 - - [13/Oct/2022:22:06:57 -0700] "GET /8jazzy-zero-turn-and-iturn-technology-Houston%20-sm.jpg HTTP/1.1" 404 88 "-" "Mozilla/5.0 (compatible; AhrefsBot/7.0; +http://ahrefs.com/robot/)" "electric-homecare.com"
51.222.253.18 - - [13/Oct/2022:22:06:57 -0700] "GET /7go-go-elite-traveller-storefront.jpg HTTP/1.1" 200 90530 "-" "Mozilla/5.0 (compatible; AhrefsBot/7.0; +http://ahrefs.com/robot/)" "electric-homecare.com"
51.222.253.16 - - [13/Oct/2022:22:06:58 -0700] "GET /electropedicsince1964.gif HTTP/1.1" 200 62199 "-" "Mozilla/5.0 (compatible; AhrefsBot/7.0; +http://ahrefs.com/robot/)" "electric-homecare.com"
51.222.253.14 - - [13/Oct/2022:22:06:58 -0700] "GET /macs-pl50-04.jpg HTTP/1.1" 200 24113 "-" "Mozilla/5.0 (compatible; AhrefsBot/7.0; +http://ahrefs.com/robot/)" "electric-homecare.com"
51.222.253.12 - - [13/Oct/2022:22:06:59 -0700] "GET /Apride-mobility-scooters-hero.jpg HTTP/1.1" 200 218750 "-" "Mozilla/5.0 (compatible; AhrefsBot/7.0; +http://ahrefs.com/robot/)" "electric-homecare.com"
51.222.253.20 - - [13/Oct/2022:22:06:59 -0700] "GET /TRILIFT-004.png HTTP/1.1" 200 29080 "-" "Mozilla/5.0 (compatible; AhrefsBot/7.0; +http://ahrefs.com/robot/)" "electric-homecare.com"
51.222.253.13 - - [13/Oct/2022:22:07:00 -0700] "GET /TRILIFT-011.png HTTP/1.1" 200 636154 "-" "Mozilla/5.0 (compatible; AhrefsBot/7.0; +http://ahrefs.com/robot/)" "electric-homecare.com"
51.222.253.5 - - [13/Oct/2022:22:07:01 -0700] "GET /TRILIFT-008.png HTTP/1.1" 200 38501 "-" "Mozilla/5.0 (compatible; AhrefsBot/7.0; +http://ahrefs.com/robot/)" "electric-homecare.com"
51.222.253.15 - - [13/Oct/2022:22:07:01 -0700] "GET /Jazzy-007.png HTTP/1.1" 200 22358 "-" "Mozilla/5.0 (compatible; AhrefsBot/7.0; +http://ahrefs.com/robot/)" "electric-homecare.com"
51.222.253.11 - - [13/Oct/2022:22:07:02 -0700] "GET /Jazzy-004.png HTTP/1.1" 200 23145 "-" "Mozilla/5.0 (compatible; AhrefsBot/7.0; +http://ahrefs.com/robot/)" "electric-homecare.com"
51.222.253.19 - - [13/Oct/2022:22:07:02 -0700] "GET /4go-go-travel-mobility-easy-to-use-go-go-lx-with-cts.jpg HTTP/1.1" 200 50371 "-" "Mozilla/5.0 (compatible; AhrefsBot/7.0; +http://ahrefs.com/robot/)" "electric-homecare.com"
51.222.253.2 - - [13/Oct/2022:22:07:03 -0700] "GET /Craptor-bridge.jpg HTTP/1.1" 200 97312 "-" "Mozilla/5.0 (compatible; AhrefsBot/7.0; +http://ahrefs.com/robot/)" "electric-homecare.com"
51.222.253.17 - - [13/Oct/2022:22:07:03 -0700] "GET /Jazzy-011.png HTTP/1.1" 200 20310 "-" "Mozilla/5.0 (compatible; AhrefsBot/7.0; +http://ahrefs.com/robot/)" "electric-homecare.com"
51.222.253.11 - - [13/Oct/2022:22:07:04 -0700] "GET /8jazzy-zero-turn-doorway.jpg HTTP/1.1" 200 13834 "-" "Mozilla/5.0 (compatible; AhrefsBot/7.0; +http://ahrefs.com/robot/)" "electric-homecare.com"
51.222.253.2 - - [13/Oct/2022:22:07:04 -0700] "GET /Jazzy-012.png HTTP/1.1" 200 24214 "-" "Mozilla/5.0 (compatible; AhrefsBot/7.0; +http://ahrefs.com/robot/)" "electric-homecare.com"
51.222.253.5 - - [13/Oct/2022:22:07:04 -0700] "GET /Jazzy-006.png HTTP/1.1" 200 22322 "-" "Mozilla/5.0 (compatible; AhrefsBot/7.0; +http://ahrefs.com/robot/)" "electric-homecare.com"
51.222.253.20 - - [13/Oct/2022:22:07:05 -0700] "GET /electric-wheelchair-elevator.jpg HTTP/1.1" 200 13718 "-" "Mozilla/5.0 (compatible; AhrefsBot/7.0; +http://ahrefs.com/robot/)" "electric-homecare.com"
51.222.253.10 - - [13/Oct/2022:22:07:05 -0700] "GET /gogolx-4.jpg HTTP/1.1" 200 13828 "-" "Mozilla/5.0 (compatible; AhrefsBot/7.0; +http://ahrefs.com/robot/)" "electric-homecare.com"
51.222.253.5 - - [13/Oct/2022:22:07:05 -0700] "GET /Jazzy-005.png HTTP/1.1" 200 21537 "-" "Mozilla/5.0 (compatible; AhrefsBot/7.0; +http://ahrefs.com/robot/)" "electric-homecare.com"
51.222.253.8 - - [13/Oct/2022:22:07:06 -0700] "GET /DDDvictory-10-lakeside.jpg HTTP/1.1" 200 92800 "-" "Mozilla/5.0 (compatible; AhrefsBot/7.0; +http://ahrefs.com/robot/)" "electric-homecare.com"
51.222.253.8 - - [13/Oct/2022:22:07:06 -0700] "GET /sale-price-003.jpg HTTP/1.1" 200 9098 "-" "Mozilla/5.0 (compatible; AhrefsBot/7.0; +http://ahrefs.com/robot/)" "electric-homecare.com"
51.222.253.15 - - [13/Oct/2022:22:07:06 -0700] "GET /TRILIFT-012.png HTTP/1.1" 200 532947 "-" "Mozilla/5.0 (compatible; AhrefsBot/7.0; +http://ahrefs.com/robot/)" "electric-homecare.com"
51.222.253.2 - - [13/Oct/2022:22:07:07 -0700] "GET /4go-go-travel-mobility-innovative-technology-jazzy-zero-turn.jpg HTTP/1.1" 200 50875 "-" "Mozilla/5.0 (compatible; AhrefsBot/7.0; +http://ahrefs.com/robot/)" "electric-homecare.com"
51.222.253.5 - - [13/Oct/2022:22:07:08 -0700] "GET /gogovictory10.jpg HTTP/1.1" 200 40632 "-" "Mozilla/5.0 (compatible; AhrefsBot/7.0; +http://ahrefs.com/robot/)" "electric-homecare.com"
51.222.253.19 - - [13/Oct/2022:22:07:08 -0700] "GET /50off.jpg HTTP/1.1" 200 12405 "-" "Mozilla/5.0 (compatible; AhrefsBot/7.0; +http://ahrefs.com/robot/)" "electric-homecare.com"
51.222.253.19 - - [13/Oct/2022:22:07:08 -0700] "GET /TRILIFT-003.png HTTP/1.1" 200 45159 "-" "Mozilla/5.0 (compatible; AhrefsBot/7.0; +http://ahrefs.com/robot/)" "electric-homecare.com"
51.222.253.12 - - [13/Oct/2022:22:07:09 -0700] "GET /5go-chair-park-bench.jpg HTTP/1.1" 200 99627 "-" "Mozilla/5.0 (compatible; AhrefsBot/7.0; +http://ahrefs.com/robot/)" "electric-homecare.com"
51.222.253.2 - - [13/Oct/2022:22:07:09 -0700] "GET /Jazzy-013.png HTTP/1.1" 200 21921 "-" "Mozilla/5.0 (compatible; AhrefsBot/7.0; +http://ahrefs.com/robot/)" "electric-homecare.com"
51.222.253.9 - - [13/Oct/2022:22:07:10 -0700] "GET /gogoes2-2.jpg HTTP/1.1" 200 10184 "-" "Mozilla/5.0 (compatible; AhrefsBot/7.0; +http://ahrefs.com/robot/)" "electric-homecare.com"
51.222.253.17 - - [13/Oct/2022:22:07:10 -0700] "GET /TRILIFT-009.png HTTP/1.1" 200 35885 "-" "Mozilla/5.0 (compatible; AhrefsBot/7.0; +http://ahrefs.com/robot/)" "electric-homecare.com"
51.222.253.3 - - [13/Oct/2022:22:07:10 -0700] "GET /-00-used.png HTTP/1.1" 200 4752 "-" "Mozilla/5.0 (compatible; AhrefsBot/7.0; +http://ahrefs.com/robot/)" "electric-homecare.com"
51.222.253.16 - - [13/Oct/2022:22:07:11 -0700] "GET /gogovictory10lxwithctssuspension.jpg HTTP/1.1" 200 11984 "-" "Mozilla/5.0 (compatible; AhrefsBot/7.0; +http://ahrefs.com/robot/)" "electric-homecare.com"
51.222.253.13 - - [13/Oct/2022:22:07:11 -0700] "GET /Jazzy-002.png HTTP/1.1" 200 25303 "-" "Mozilla/5.0 (compatible; AhrefsBot/7.0; +http://ahrefs.com/robot/)" "electric-homecare.com"
51.222.253.7 - - [13/Oct/2022:22:07:12 -0700] "GET /gogosport.jpg HTTP/1.1" 200 11035 "-" "Mozilla/5.0 (compatible; AhrefsBot/7.0; +http://ahrefs.com/robot/)" "electric-homecare.com"
51.222.253.13 - - [13/Oct/2022:22:07:12 -0700] "GET /gogolxcts.jpg HTTP/1.1" 200 11077 "-" "Mozilla/5.0 (compatible; AhrefsBot/7.0; +http://ahrefs.com/robot/)" "electric-homecare.com"
51.222.253.1 - - [13/Oct/2022:22:07:13 -0700] "GET /macs-pl50-05.jpg HTTP/1.1" 200 9225 "-" "Mozilla/5.0 (compatible; AhrefsBot/7.0; +http://ahrefs.com/robot/)" "electric-homecare.com"
51.222.253.11 - - [13/Oct/2022:22:07:13 -0700] "GET /victory-10-lakeside.jpg HTTP/1.1" 200 92800 "-" "Mozilla/5.0 (compatible; AhrefsBot/7.0; +http://ahrefs.com/robot/)" "electric-homecare.com"
51.222.253.7 - - [13/Oct/2022:22:07:13 -0700] "GET /9pride-mobility-scooters-performance-raptor.jpg HTTP/1.1" 200 56669 "-" "Mozilla/5.0 (compatible; AhrefsBot/7.0; +http://ahrefs.com/robot/)" "electric-homecare.com"
51.222.253.11 - - [13/Oct/2022:22:07:14 -0700] "GET /9pride-mobility-scooters-versatility-victory-10.jpg HTTP/1.1" 200 99210 "-" "Mozilla/5.0 (compatible; AhrefsBot/7.0; +http://ahrefs.com/robot/)" "electric-homecare.com"
51.222.253.20 - - [13/Oct/2022:22:07:15 -0700] "GET /Jazzy-003.png HTTP/1.1" 200 15863 "-" "Mozilla/5.0 (compatible; AhrefsBot/7.0; +http://ahrefs.com/robot/)" "electric-homecare.com"
51.222.253.4 - - [13/Oct/2022:22:07:15 -0700] "GET /macs-008.jpg HTTP/1.1" 200 139813 "-" "Mozilla/5.0 (compatible; AhrefsBot/7.0; +http://ahrefs.com/robot/)" "electric-homecare.com"
51.222.253.14 - - [13/Oct/2022:22:07:16 -0700] "GET /TRILIFT-007.png HTTP/1.1" 200 47356 "-" "Mozilla/5.0 (compatible; AhrefsBot/7.0; +http://ahrefs.com/robot/)" "electric-homecare.com"
51.222.253.3 - - [13/Oct/2022:22:07:16 -0700] "GET /Jazzy-008.png HTTP/1.1" 200 20578 "-" "Mozilla/5.0 (compatible; AhrefsBot/7.0; +http://ahrefs.com/robot/)" "electric-homecare.com"
51.222.253.6 - - [13/Oct/2022:22:07:17 -0700] "GET /Craptor-courthouse.jpg HTTP/1.1" 200 98984 "-" "Mozilla/5.0 (compatible; AhrefsBot/7.0; +http://ahrefs.com/robot/)" "electric-homecare.com"
51.222.253.20 - - [13/Oct/2022:22:07:17 -0700] "GET /6go-go-lx-with-cts-park.jpg HTTP/1.1" 200 105216 "-" "Mozilla/5.0 (compatible; AhrefsBot/7.0; +http://ahrefs.com/robot/)" "electric-homecare.com"
51.222.253.19 - - [13/Oct/2022:22:07:18 -0700] "GET /gogoelitetravellerplus.jpg HTTP/1.1" 200 38741 "-" "Mozilla/5.0 (compatible; AhrefsBot/7.0; +http://ahrefs.com/robot/)" "electric-homecare.com"
51.222.253.20 - - [13/Oct/2022:22:07:19 -0700] "GET /8jazzy-zero-turn-grocery.jpg HTTP/1.1" 200 103424 "-" "Mozilla/5.0 (compatible; AhrefsBot/7.0; +http://ahrefs.com/robot/)" "electric-homecare.com"
51.222.253.12 - - [13/Oct/2022:22:07:19 -0700] "GET /4go-chair-woods.jpg HTTP/1.1" 200 111024 "-" "Mozilla/5.0 (compatible; AhrefsBot/7.0; +http://ahrefs.com/robot/)" "electric-homecare.com"
51.222.253.6 - - [13/Oct/2022:22:07:20 -0700] "GET /TRILIFT-001.png HTTP/1.1" 200 44869 "-" "Mozilla/5.0 (compatible; AhrefsBot/7.0; +http://ahrefs.com/robot/)" "electric-homecare.com"
51.222.253.3 - - [13/Oct/2022:22:07:20 -0700] "GET /macs-pl50-02.jpg HTTP/1.1" 200 8829 "-" "Mozilla/5.0 (compatible; AhrefsBot/7.0; +http://ahrefs.com/robot/)" "electric-homecare.com"
51.222.253.7 - - [13/Oct/2022:22:07:21 -0700] "GET /TRILIFT-005.png HTTP/1.1" 200 35306 "-" "Mozilla/5.0 (compatible; AhrefsBot/7.0; +http://ahrefs.com/robot/)" "electric-homecare.com"
51.222.253.16 - - [13/Oct/2022:22:07:21 -0700] "GET /gogoelitetraveller-3.jpg HTTP/1.1" 200 33514 "-" "Mozilla/5.0 (compatible; AhrefsBot/7.0; +http://ahrefs.com/robot/)" "electric-homecare.com"
51.222.253.17 - - [13/Oct/2022:22:07:21 -0700] "GET /9pride-mobility-scooters-easy-to-use-jazzy-zero-turn.jpg HTTP/1.1" 200 64856 "-" "Mozilla/5.0 (compatible; AhrefsBot/7.0; +http://ahrefs.com/robot/)" "electric-homecare.com"
51.222.253.11 - - [13/Oct/2022:22:07:22 -0700] "GET /macs-pl50-03.jpg HTTP/1.1" 200 16437 "-" "Mozilla/5.0 (compatible; AhrefsBot/7.0; +http://ahrefs.com/robot/)" "electric-homecare.com"
51.222.253.8 - - [13/Oct/2022:22:19:26 -0700] "GET /Houston-Hospital-Beds.html HTTP/1.1" 200 4991 "-" "Mozilla/5.0 (compatible; AhrefsBot/7.0; +http://ahrefs.com/robot/)" "electric-homecare.com"
51.222.253.8 - - [13/Oct/2022:22:19:32 -0700] "GET /bariatric-wheelchairs-of-kansas-4.jpg HTTP/1.1" 200 79029 "-" "Mozilla/5.0 (compatible; AhrefsBot/7.0; +http://ahrefs.com/robot/)" "electric-homecare.com"
51.222.253.11 - - [13/Oct/2022:22:19:33 -0700] "GET /bariatric-drive-medical.jpg HTTP/1.1" 200 311311 "-" "Mozilla/5.0 (compatible; AhrefsBot/7.0; +http://ahrefs.com/robot/)" "electric-homecare.com"
51.222.253.9 - - [13/Oct/2022:22:19:33 -0700] "GET /tuffcare-2.gif HTTP/1.1" 200 38913 "-" "Mozilla/5.0 (compatible; AhrefsBot/7.0; +http://ahrefs.com/robot/)" "electric-homecare.com"
51.222.253.13 - - [13/Oct/2022:22:19:34 -0700] "GET /tx-full.png HTTP/1.1" 200 20169 "-" "Mozilla/5.0 (compatible; AhrefsBot/7.0; +http://ahrefs.com/robot/)" "electric-homecare.com"
51.222.253.7 - - [13/Oct/2022:22:19:34 -0700] "GET /Drive-medical-2.jpg HTTP/1.1" 200 310007 "-" "Mozilla/5.0 (compatible; AhrefsBot/7.0; +http://ahrefs.com/robot/)" "electric-homecare.com"
51.222.253.8 - - [13/Oct/2022:22:19:35 -0700] "GET /1-hospital-beds.jpg HTTP/1.1" 200 1492027 "-" "Mozilla/5.0 (compatible; AhrefsBot/7.0; +http://ahrefs.com/robot/)" "electric-homecare.com"
51.222.253.1 - - [13/Oct/2022:22:19:36 -0700] "GET /bariatric-burke-bariatric-2.jpg HTTP/1.1" 200 45865 "-" "Mozilla/5.0 (compatible; AhrefsBot/7.0; +http://ahrefs.com/robot/)" "electric-homecare.com"
51.222.253.11 - - [13/Oct/2022:22:19:36 -0700] "GET /electropedicsince1964-2.jpg HTTP/1.1" 200 140430 "-" "Mozilla/5.0 (compatible; AhrefsBot/7.0; +http://ahrefs.com/robot/)" "electric-homecare.com"
51.222.253.7 - - [13/Oct/2022:22:19:37 -0700] "GET /Supernal.jpg HTTP/1.1" 200 6605 "-" "Mozilla/5.0 (compatible; AhrefsBot/7.0; +http://ahrefs.com/robot/)" "electric-homecare.com"
51.222.253.4 - - [13/Oct/2022:22:19:37 -0700] "GET /bariatric-big-boyz-2.jpg HTTP/1.1" 200 11994 "-" "Mozilla/5.0 (compatible; AhrefsBot/7.0; +http://ahrefs.com/robot/)" "electric-homecare.com"
51.222.253.5 - - [13/Oct/2022:22:19:37 -0700] "GET /flex-a-bed.jpg HTTP/1.1" 200 40443 "-" "Mozilla/5.0 (compatible; AhrefsBot/7.0; +http://ahrefs.com/robot/)" "electric-homecare.com"
51.222.253.18 - - [13/Oct/2022:22:19:38 -0700] "GET /bariatric-tuffcare.gif HTTP/1.1" 200 45186 "-" "Mozilla/5.0 (compatible; AhrefsBot/7.0; +http://ahrefs.com/robot/)" "electric-homecare.com"
51.222.253.5 - - [13/Oct/2022:22:19:38 -0700] "GET /supernal5.jpg HTTP/1.1" 200 16887 "-" "Mozilla/5.0 (compatible; AhrefsBot/7.0; +http://ahrefs.com/robot/)" "electric-homecare.com"
216.244.66.247 - - [13/Oct/2022:22:20:21 -0700] "GET /robots.txt HTTP/1.1" 200 48 "-" "Mozilla/5.0 (compatible; DotBot/1.2; +https://opensiteexplorer.org/dotbot; help@moz.com)" "electric-homecare.com"
77.75.79.62 - - [13/Oct/2022:22:59:35 -0700] "GET /robots.txt HTTP/1.1" 200 64 "-" "Mozilla/5.0 (compatible; SeznamBot/3.2; +http://napoveda.seznam.cz/en/seznambot-intro/)" "electric-homecare.com"
77.75.79.62 - - [13/Oct/2022:22:59:37 -0700] "GET /Theclassic_7.jpg HTTP/1.1" 304 - "-" "Mozilla/5.0 (compatible; SeznamBot/3.2; +http://napoveda.seznam.cz/en/seznambot-intro/)" "electric-homecare.com"
173.252.83.6 - - [13/Oct/2022:23:11:35 -0700] "GET /EEEcomforterfeat.jpg HTTP/1.1" 200 77635 "-" "facebookexternalhit/1.1 (+http://www.facebook.com/externalhit_uatext.php)" "electric-homecare.com"
173.252.83.2 - - [13/Oct/2022:23:15:35 -0700] "GET /dking-21.jpg HTTP/1.1" 200 167497 "-" "facebookexternalhit/1.1 (+http://www.facebook.com/externalhit_uatext.php)" "electric-homecare.com"
216.244.66.247 - - [13/Oct/2022:23:15:48 -0700] "GET /robots.txt HTTP/1.1" 200 48 "-" "Mozilla/5.0 (compatible; DotBot/1.2; +https://opensiteexplorer.org/dotbot; help@moz.com)" "electric-homecare.com"
137.184.132.157 - - [13/Oct/2022:23:31:55 -0700] "GET /wp-login.php HTTP/1.1" 404 88 "http://electric-homecare.com/wp-login.php" "Mozilla/5.0 (Windows NT 10.0; Win64; x64; rv:96.0) Gecko/20100101 Firefox/96" "electric-homecare.com"
77.75.78.162 - - [13/Oct/2022:23:59:52 -0700] "GET /robots.txt HTTP/1.1" 200 64 "-" "Mozilla/5.0 (compatible; SeznamBot/3.2; +http://napoveda.seznam.cz/en/seznambot-intro/)" "electric-homecare.com"
77.75.78.162 - - [13/Oct/2022:23:59:54 -0700] "GET /TRILIFT-010.png HTTP/1.1" 304 - "-" "Mozilla/5.0 (compatible; SeznamBot/3.2; +http://napoveda.seznam.cz/en/seznambot-intro/)" "electric-homecare.com"
77.75.78.162 - - [13/Oct/2022:23:59:55 -0700] "GET /Elite_3.jpg HTTP/1.1" 304 - "-" "Mozilla/5.0 (compatible; SeznamBot/3.2; +http://napoveda.seznam.cz/en/seznambot-intro/)" "electric-homecare.com"
216.244.66.247 - - [14/Oct/2022:00:12:44 -0700] "GET /robots.txt HTTP/1.1" 200 48 "-" "Mozilla/5.0 (compatible; DotBot/1.2; +https://opensiteexplorer.org/dotbot; help@moz.com)" "electric-homecare.com"
173.252.83.14 - - [14/Oct/2022:00:21:05 -0700] "GET /Reverie-1.jpg HTTP/1.1" 200 101617 "-" "facebookexternalhit/1.1 (+http://www.facebook.com/externalhit_uatext.php)" "electric-homecare.com"
77.75.78.163 - - [14/Oct/2022:01:05:20 -0700] "GET /robots.txt HTTP/1.1" 200 64 "-" "Mozilla/5.0 (compatible; SeznamBot/3.2; +http://napoveda.seznam.cz/en/seznambot-intro/)" "electric-homecare.com"
77.75.78.163 - - [14/Oct/2022:01:05:21 -0700] "GET /Element_1.jpg HTTP/1.1" 304 - "-" "Mozilla/5.0 (compatible; SeznamBot/3.2; +http://napoveda.seznam.cz/en/seznambot-intro/)" "electric-homecare.com"
216.244.66.247 - - [14/Oct/2022:01:07:09 -0700] "GET /robots.txt HTTP/1.1" 200 48 "-" "Mozilla/5.0 (compatible; DotBot/1.2; +https://opensiteexplorer.org/dotbot; help@moz.com)" "electric-homecare.com"
114.119.136.215 - - [14/Oct/2022:01:09:11 -0700] "GET /US_Lift_Chair_Guide.pdf HTTP/1.1" 200 15751891 "https://electric-homecare.com/Houston-Lift-Chair-LC-105.html" "Mozilla/5.0 (Linux; Android 7.0;) AppleWebKit/537.36 (KHTML, like Gecko) Mobile Safari/537.36 (compatible; PetalBot;+https://webmaster.petalsearch.com/site/petalbot)" "electric-homecare.com"
220.230.168.12 - - [14/Oct/2022:01:19:03 -0700] "GET /stairlift-for-curved-stairs-acorn-180.jpg HTTP/1.1" 200 27821 "-" "Mozilla/5.0 (X11; Ubuntu; Linux x86_64; rv:80.0) Gecko/20100101 Firefox/80.0" "electric-homecare.com"
173.252.83.20 - - [14/Oct/2022:01:19:04 -0700] "GET /electric-wheelchair-elevator.jpg HTTP/1.1" 200 13718 "-" "facebookexternalhit/1.1 (+http://www.facebook.com/externalhit_uatext.php)" "electric-homecare.com"
114.119.136.219 - - [14/Oct/2022:01:44:27 -0700] "GET /CRE-2010_EliteCurved-Spanish-WEB.pdf HTTP/1.1" 200 674797 "https://electric-homecare.com/Houston-Eliteindoorcurved.html" "Mozilla/5.0 (Linux; Android 7.0;) AppleWebKit/537.36 (KHTML, like Gecko) Mobile Safari/537.36 (compatible; PetalBot;+https://webmaster.petalsearch.com/site/petalbot)" "electric-homecare.com"
77.75.78.169 - - [14/Oct/2022:01:56:45 -0700] "GET /robots.txt HTTP/1.1" 200 64 "-" "Mozilla/5.0 (compatible; SeznamBot/3.2; +http://napoveda.seznam.cz/en/seznambot-intro/)" "electric-homecare.com"
77.75.78.169 - - [14/Oct/2022:01:56:46 -0700] "GET /pc-06.jpg HTTP/1.1" 304 - "-" "Mozilla/5.0 (compatible; SeznamBot/3.2; +http://napoveda.seznam.cz/en/seznambot-intro/)" "electric-homecare.com"
216.244.66.247 - - [14/Oct/2022:02:00:40 -0700] "GET /robots.txt HTTP/1.1" 200 48 "-" "Mozilla/5.0 (compatible; DotBot/1.2; +https://opensiteexplorer.org/dotbot; help@moz.com)" "electric-homecare.com"
173.252.83.117 - - [14/Oct/2022:02:08:07 -0700] "GET /Cabernet1-150x150.jpg HTTP/1.1" 200 9284 "-" "facebookexternalhit/1.1 (+http://www.facebook.com/externalhit_uatext.php)" "electric-homecare.com"
75.216.232.94 - - [14/Oct/2022:02:08:43 -0700] "GET /Reverie-9.jpg HTTP/1.1" 200 13693 "https://www.bing.com/" "Mozilla/5.0 (Windows NT 10.0; Win64; x64) AppleWebKit/537.36 (KHTML, like Gecko) Chrome/106.0.0.0 Safari/537.36 Edg/106.0.1370.42" "electric-homecare.com"
114.119.136.219 - - [14/Oct/2022:02:10:42 -0700] "GET /Houston-LC525.html HTTP/1.1" 200 3407 "https://www.electric-homecare.com/Houston-Home.html" "Mozilla/5.0 (Linux; Android 7.0;) AppleWebKit/537.36 (KHTML, like Gecko) Mobile Safari/537.36 (compatible; PetalBot;+https://webmaster.petalsearch.com/site/petalbot)" "www.electric-homecare.com"
157.55.39.50 - - [14/Oct/2022:02:13:59 -0700] "GET /bariatric_01.jpg HTTP/1.1" 200 18096 "-" "Mozilla/5.0 AppleWebKit/537.36 (KHTML, like Gecko; compatible; bingbot/2.0; +http://www.bing.com/bingbot.htm) Chrome/103.0.5060.134 Safari/537.36" "www.electric-homecare.com"
124.220.171.131 - - [14/Oct/2022:02:19:57 -0700] "GET / HTTP/1.1" 200 4147 "http://electric-homecare.com" "Mozilla/5.0 (Linux; Android 6.0; Nexus 5 Build/MRA58N) AppleWebKit/537.36 (KHTML, like Gecko) Chrome/81.0.4044.138 Mobile Safari/537.36" "electric-homecare.com"
114.119.136.215 - - [14/Oct/2022:02:26:36 -0700] "GET /Houston-AcornStairliftsforStraightstairways.html HTTP/1.1" 200 4423 "https://www.electric-homecare.com/Houston-Home.html" "Mozilla/5.0 (Linux; Android 7.0;) AppleWebKit/537.36 (KHTML, like Gecko) Mobile Safari/537.36 (compatible; PetalBot;+https://webmaster.petalsearch.com/site/petalbot)" "www.electric-homecare.com"
114.119.136.219 - - [14/Oct/2022:02:29:11 -0700] "GET /Gentle-Line.html HTTP/1.1" 404 88 "https://www.electric-homecare.com/Bariatric-Lift-Chairs.html" "Mozilla/5.0 (Linux; Android 7.0;) AppleWebKit/537.36 (KHTML, like Gecko) Mobile Safari/537.36 (compatible; PetalBot;+https://webmaster.petalsearch.com/site/petalbot)" "www.electric-homecare.com"
65.108.76.15 - - [14/Oct/2022:02:35:59 -0700] "GET /robots.txt HTTP/1.1" 200 64 "http://www.electric-homecare.com/robots.txt" "Mozilla/5.0 (compatible; SEOkicks; +https://www.seokicks.de/robot.html)" "www.electric-homecare.com"
65.108.76.15 - - [14/Oct/2022:02:36:00 -0700] "GET /robots.txt HTTP/1.1" 200 64 "http://electric-homecare.com/robots.txt" "Mozilla/5.0 (compatible; SEOkicks; +https://www.seokicks.de/robot.html)" "electric-homecare.com"
65.108.76.15 - - [14/Oct/2022:02:36:01 -0700] "GET / HTTP/1.1" 200 4147 "http://www.electric-homecare.com/" "Mozilla/5.0 (compatible; SEOkicks; +https://www.seokicks.de/robot.html)" "www.electric-homecare.com"
65.108.76.15 - - [14/Oct/2022:02:36:01 -0700] "GET / HTTP/1.1" 200 4147 "http://electric-homecare.com/" "Mozilla/5.0 (compatible; SEOkicks; +https://www.seokicks.de/robot.html)" "electric-homecare.com"
65.108.76.15 - - [14/Oct/2022:02:36:02 -0700] "GET /Houston.html HTTP/1.1" 200 4223 "https://www.electric-homecare.com/" "Mozilla/5.0 (compatible; SEOkicks; +https://www.seokicks.de/robot.html)" "www.electric-homecare.com"
65.108.76.15 - - [14/Oct/2022:02:36:02 -0700] "GET /Houston.html HTTP/1.1" 200 4223 "https://electric-homecare.com/" "Mozilla/5.0 (compatible; SEOkicks; +https://www.seokicks.de/robot.html)" "electric-homecare.com"
65.108.76.15 - - [14/Oct/2022:02:36:04 -0700] "GET /Houston-TX.html HTTP/1.1" 200 4286 "https://www.electric-homecare.com/" "Mozilla/5.0 (compatible; SEOkicks; +https://www.seokicks.de/robot.html)" "www.electric-homecare.com"
65.108.76.15 - - [14/Oct/2022:02:36:04 -0700] "GET /Houston-TX.html HTTP/1.1" 200 4286 "https://electric-homecare.com/" "Mozilla/5.0 (compatible; SEOkicks; +https://www.seokicks.de/robot.html)" "electric-homecare.com"
61.135.159.126 - - [14/Oct/2022:02:36:42 -0700] "GET / HTTP/1.1" 200 4147 "-" "Sogou web spider/4.0(+http://www.sogou.com/docs/help/webmasters.htm#07)" "www.electric-homecare.com"
173.252.83.117 - - [14/Oct/2022:02:43:35 -0700] "GET /pc-05.jpg HTTP/1.1" 200 167497 "-" "facebookexternalhit/1.1 (+http://www.facebook.com/externalhit_uatext.php)" "electric-homecare.com"
114.119.157.57 - - [14/Oct/2022:02:51:12 -0700] "GET /Elite_Indoor_Curve_Brochure.pdf HTTP/1.1" 200 674117 "https://electric-homecare.com/Houston-Eliteindoorcurved.html" "Mozilla/5.0 (Linux; Android 7.0;) AppleWebKit/537.36 (KHTML, like Gecko) Mobile Safari/537.36 (compatible; PetalBot;+https://webmaster.petalsearch.com/site/petalbot)" "electric-homecare.com"
216.244.66.247 - - [14/Oct/2022:02:53:26 -0700] "GET /robots.txt HTTP/1.1" 200 48 "-" "Mozilla/5.0 (compatible; DotBot/1.2; +https://opensiteexplorer.org/dotbot; help@moz.com)" "electric-homecare.com"
77.75.78.165 - - [14/Oct/2022:02:53:53 -0700] "GET /robots.txt HTTP/1.1" 200 64 "-" "Mozilla/5.0 (compatible; SeznamBot/3.2; +http://napoveda.seznam.cz/en/seznambot-intro/)" "electric-homecare.com"
77.75.78.165 - - [14/Oct/2022:02:53:54 -0700] "GET /Golden-01.jpg HTTP/1.1" 304 - "-" "Mozilla/5.0 (compatible; SeznamBot/3.2; +http://napoveda.seznam.cz/en/seznambot-intro/)" "electric-homecare.com"
95.216.106.100 - - [14/Oct/2022:03:42:42 -0700] "GET / HTTP/1.1" 200 4147 "-" "Mozilla/5.0 (Windows NT 10.0; WOW64) AppleWebKit/537.36 (KHTML, like Gecko) Chrome/84.0.4147.125 Safari/537.36" "electric-homecare.com"
95.216.106.100 - - [14/Oct/2022:03:42:44 -0700] "GET /wp-login.php?673435=1 HTTP/1.1" 404 88 "-" "Mozilla/5.0 (Windows NT 10.0; WOW64) AppleWebKit/537.36 (KHTML, like Gecko) Chrome/84.0.4147.125 Safari/537.36" "electric-homecare.com"
95.216.106.100 - - [14/Oct/2022:03:42:46 -0700] "POST /wp-login.php HTTP/1.1" 404 88 "-" "Mozilla/5.0 (Windows NT 10.0; WOW64) AppleWebKit/537.36 (KHTML, like Gecko) Chrome/84.0.4147.125 Safari/537.36" "electric-homecare.com"
95.216.106.100 - - [14/Oct/2022:03:42:47 -0700] "GET /years.php?673435=1 HTTP/1.1" 404 88 "-" "Mozilla/5.0 (Windows NT 10.0; WOW64) AppleWebKit/537.36 (KHTML, like Gecko) Chrome/84.0.4147.125 Safari/537.36" "electric-homecare.com"
95.216.106.100 - - [14/Oct/2022:03:42:47 -0700] "POST /years.php HTTP/1.1" 404 88 "-" "Mozilla/5.0 (Windows NT 10.0; WOW64) AppleWebKit/537.36 (KHTML, like Gecko) Chrome/84.0.4147.125 Safari/537.36" "electric-homecare.com"
95.216.106.100 - - [14/Oct/2022:03:42:48 -0700] "GET /css/index.php?673435=1 HTTP/1.1" 404 88 "-" "Mozilla/5.0 (Windows NT 10.0; WOW64) AppleWebKit/537.36 (KHTML, like Gecko) Chrome/84.0.4147.125 Safari/537.36" "electric-homecare.com"
95.216.106.100 - - [14/Oct/2022:03:42:48 -0700] "POST /css/index.php HTTP/1.1" 404 88 "-" "Mozilla/5.0 (Windows NT 10.0; WOW64) AppleWebKit/537.36 (KHTML, like Gecko) Chrome/84.0.4147.125 Safari/537.36" "electric-homecare.com"
95.216.106.100 - - [14/Oct/2022:03:42:51 -0700] "GET /css/contents.php?673435=1 HTTP/1.1" 404 88 "-" "Mozilla/5.0 (Windows NT 10.0; WOW64) AppleWebKit/537.36 (KHTML, like Gecko) Chrome/84.0.4147.125 Safari/537.36" "electric-homecare.com"
95.216.106.100 - - [14/Oct/2022:03:42:55 -0700] "POST /css/contents.php HTTP/1.1" 404 88 "-" "Mozilla/5.0 (Windows NT 10.0; WOW64) AppleWebKit/537.36 (KHTML, like Gecko) Chrome/84.0.4147.125 Safari/537.36" "electric-homecare.com"
95.216.106.100 - - [14/Oct/2022:03:42:56 -0700] "GET /contents.php?673435=1 HTTP/1.1" 404 88 "-" "Mozilla/5.0 (Windows NT 10.0; WOW64) AppleWebKit/537.36 (KHTML, like Gecko) Chrome/84.0.4147.125 Safari/537.36" "electric-homecare.com"
95.216.106.100 - - [14/Oct/2022:03:42:57 -0700] "POST /contents.php HTTP/1.1" 404 88 "-" "Mozilla/5.0 (Windows NT 10.0; WOW64) AppleWebKit/537.36 (KHTML, like Gecko) Chrome/84.0.4147.125 Safari/537.36" "electric-homecare.com"
95.216.106.100 - - [14/Oct/2022:03:42:58 -0700] "GET /css/load.php?673435=1 HTTP/1.1" 404 88 "-" "Mozilla/5.0 (Windows NT 10.0; WOW64) AppleWebKit/537.36 (KHTML, like Gecko) Chrome/84.0.4147.125 Safari/537.36" "electric-homecare.com"
95.216.106.100 - - [14/Oct/2022:03:42:58 -0700] "POST /css/load.php HTTP/1.1" 404 88 "-" "Mozilla/5.0 (Windows NT 10.0; WOW64) AppleWebKit/537.36 (KHTML, like Gecko) Chrome/84.0.4147.125 Safari/537.36" "electric-homecare.com"
95.216.106.100 - - [14/Oct/2022:03:43:02 -0700] "GET /votes.php?673435=1 HTTP/1.1" 404 88 "-" "Mozilla/5.0 (Windows NT 10.0; WOW64) AppleWebKit/537.36 (KHTML, like Gecko) Chrome/84.0.4147.125 Safari/537.36" "electric-homecare.com"
95.216.106.100 - - [14/Oct/2022:03:43:05 -0700] "POST /votes.php HTTP/1.1" 404 88 "-" "Mozilla/5.0 (Windows NT 10.0; WOW64) AppleWebKit/537.36 (KHTML, like Gecko) Chrome/84.0.4147.125 Safari/537.36" "electric-homecare.com"
95.216.106.100 - - [14/Oct/2022:03:43:06 -0700] "GET /2index.php?673435=1 HTTP/1.1" 404 88 "-" "Mozilla/5.0 (Windows NT 10.0; WOW64) AppleWebKit/537.36 (KHTML, like Gecko) Chrome/84.0.4147.125 Safari/537.36" "electric-homecare.com"
95.216.106.100 - - [14/Oct/2022:03:43:07 -0700] "POST /2index.php HTTP/1.1" 404 88 "-" "Mozilla/5.0 (Windows NT 10.0; WOW64) AppleWebKit/537.36 (KHTML, like Gecko) Chrome/84.0.4147.125 Safari/537.36" "electric-homecare.com"
95.216.106.100 - - [14/Oct/2022:03:43:08 -0700] "GET /1index.php?673435=1 HTTP/1.1" 404 88 "-" "Mozilla/5.0 (Windows NT 10.0; WOW64) AppleWebKit/537.36 (KHTML, like Gecko) Chrome/84.0.4147.125 Safari/537.36" "electric-homecare.com"
95.216.106.100 - - [14/Oct/2022:03:43:09 -0700] "POST /1index.php HTTP/1.1" 404 88 "-" "Mozilla/5.0 (Windows NT 10.0; WOW64) AppleWebKit/537.36 (KHTML, like Gecko) Chrome/84.0.4147.125 Safari/537.36" "electric-homecare.com"
95.216.106.100 - - [14/Oct/2022:03:43:09 -0700] "GET /?673435=1 HTTP/1.1" 200 4147 "-" "Mozilla/5.0 (Windows NT 10.0; WOW64) AppleWebKit/537.36 (KHTML, like Gecko) Chrome/84.0.4147.125 Safari/537.36" "electric-homecare.com"
95.216.106.100 - - [14/Oct/2022:03:43:10 -0700] "POST / HTTP/1.1" 200 4147 "-" "Mozilla/5.0 (Windows NT 10.0; WOW64) AppleWebKit/537.36 (KHTML, like Gecko) Chrome/84.0.4147.125 Safari/537.36" "electric-homecare.com"
95.216.106.100 - - [14/Oct/2022:03:43:11 -0700] "GET /load.php?673435=1 HTTP/1.1" 404 88 "-" "Mozilla/5.0 (Windows NT 10.0; WOW64) AppleWebKit/537.36 (KHTML, like Gecko) Chrome/84.0.4147.125 Safari/537.36" "electric-homecare.com"
95.216.106.100 - - [14/Oct/2022:03:43:12 -0700] "POST /load.php HTTP/1.1" 404 88 "-" "Mozilla/5.0 (Windows NT 10.0; WOW64) AppleWebKit/537.36 (KHTML, like Gecko) Chrome/84.0.4147.125 Safari/537.36" "electric-homecare.com"
95.216.106.100 - - [14/Oct/2022:03:43:14 -0700] "GET /admin.php?673435=1 HTTP/1.1" 404 88 "-" "Mozilla/5.0 (Windows NT 10.0; WOW64) AppleWebKit/537.36 (KHTML, like Gecko) Chrome/84.0.4147.125 Safari/537.36" "electric-homecare.com"
95.216.106.100 - - [14/Oct/2022:03:43:16 -0700] "POST /admin.php HTTP/1.1" 404 88 "-" "Mozilla/5.0 (Windows NT 10.0; WOW64) AppleWebKit/537.36 (KHTML, like Gecko) Chrome/84.0.4147.125 Safari/537.36" "electric-homecare.com"
95.216.106.100 - - [14/Oct/2022:03:43:17 -0700] "GET /wikindex.php?673435=1 HTTP/1.1" 404 88 "-" "Mozilla/5.0 (Windows NT 10.0; WOW64) AppleWebKit/537.36 (KHTML, like Gecko) Chrome/84.0.4147.125 Safari/537.36" "electric-homecare.com"
95.216.106.100 - - [14/Oct/2022:03:43:18 -0700] "POST /wikindex.php HTTP/1.1" 404 88 "-" "Mozilla/5.0 (Windows NT 10.0; WOW64) AppleWebKit/537.36 (KHTML, like Gecko) Chrome/84.0.4147.125 Safari/537.36" "electric-homecare.com"
95.216.106.100 - - [14/Oct/2022:03:43:19 -0700] "GET /xmlrpc.php?673435=1 HTTP/1.1" 404 88 "-" "Mozilla/5.0 (Windows NT 10.0; WOW64) AppleWebKit/537.36 (KHTML, like Gecko) Chrome/84.0.4147.125 Safari/537.36" "electric-homecare.com"
95.216.106.100 - - [14/Oct/2022:03:43:21 -0700] "POST /xmlrpc.php HTTP/1.1" 404 88 "-" "Mozilla/5.0 (Windows NT 10.0; WOW64) AppleWebKit/537.36 (KHTML, like Gecko) Chrome/84.0.4147.125 Safari/537.36" "electric-homecare.com"
95.216.106.100 - - [14/Oct/2022:03:43:21 -0700] "GET /css/votes.php?673435=1 HTTP/1.1" 404 88 "-" "Mozilla/5.0 (Windows NT 10.0; WOW64) AppleWebKit/537.36 (KHTML, like Gecko) Chrome/84.0.4147.125 Safari/537.36" "electric-homecare.com"
95.216.106.100 - - [14/Oct/2022:03:43:22 -0700] "POST /css/votes.php HTTP/1.1" 404 88 "-" "Mozilla/5.0 (Windows NT 10.0; WOW64) AppleWebKit/537.36 (KHTML, like Gecko) Chrome/84.0.4147.125 Safari/537.36" "electric-homecare.com"
95.216.106.100 - - [14/Oct/2022:03:43:22 -0700] "GET /about.php?673435=1 HTTP/1.1" 404 88 "-" "Mozilla/5.0 (Windows NT 10.0; WOW64) AppleWebKit/537.36 (KHTML, like Gecko) Chrome/84.0.4147.125 Safari/537.36" "electric-homecare.com"
95.216.106.100 - - [14/Oct/2022:03:43:24 -0700] "POST /about.php HTTP/1.1" 404 88 "-" "Mozilla/5.0 (Windows NT 10.0; WOW64) AppleWebKit/537.36 (KHTML, like Gecko) Chrome/84.0.4147.125 Safari/537.36" "electric-homecare.com"
95.216.106.100 - - [14/Oct/2022:03:43:25 -0700] "GET /radio.php?673435=1 HTTP/1.1" 404 88 "-" "Mozilla/5.0 (Windows NT 10.0; WOW64) AppleWebKit/537.36 (KHTML, like Gecko) Chrome/84.0.4147.125 Safari/537.36" "electric-homecare.com"
95.216.106.100 - - [14/Oct/2022:03:43:26 -0700] "POST /radio.php HTTP/1.1" 404 88 "-" "Mozilla/5.0 (Windows NT 10.0; WOW64) AppleWebKit/537.36 (KHTML, like Gecko) Chrome/84.0.4147.125 Safari/537.36" "electric-homecare.com"
95.216.106.100 - - [14/Oct/2022:03:43:27 -0700] "GET /wp-queryall.php HTTP/1.1" 404 88 "-" "Mozilla/5.0 (Windows NT 10.0; WOW64) AppleWebKit/537.36 (KHTML, like Gecko) Chrome/84.0.4147.125 Safari/537.36" "electric-homecare.com"
95.216.106.100 - - [14/Oct/2022:03:43:29 -0700] "GET /wp-static.php HTTP/1.1" 404 88 "-" "Mozilla/5.0 (Windows NT 10.0; WOW64) AppleWebKit/537.36 (KHTML, like Gecko) Chrome/84.0.4147.125 Safari/537.36" "electric-homecare.com"
216.244.66.247 - - [14/Oct/2022:03:45:47 -0700] "GET /robots.txt HTTP/1.1" 200 48 "-" "Mozilla/5.0 (compatible; DotBot/1.2; +https://opensiteexplorer.org/dotbot; help@moz.com)" "electric-homecare.com"
216.244.66.247 - - [14/Oct/2022:03:45:47 -0700] "GET /robots.txt HTTP/1.1" 200 48 "-" "Mozilla/5.0 (compatible; DotBot/1.2; +https://opensiteexplorer.org/dotbot; help@moz.com)" "www.electric-homecare.com"
207.46.13.44 - - [14/Oct/2022:03:56:26 -0700] "GET /sitemap.xml HTTP/1.1" 200 175 "-" "Mozilla/5.0 (compatible; bingbot/2.0; +http://www.bing.com/bingbot.htm)" "electric-homecare.com"
77.75.77.95 - - [14/Oct/2022:03:57:06 -0700] "GET /robots.txt HTTP/1.1" 200 64 "-" "Mozilla/5.0 (compatible; SeznamBot/3.2; +http://napoveda.seznam.cz/en/seznambot-intro/)" "electric-homecare.com"
77.75.77.95 - - [14/Oct/2022:03:57:08 -0700] "GET /adjustable-bed-0008.jpg HTTP/1.1" 304 - "-" "Mozilla/5.0 (compatible; SeznamBot/3.2; +http://napoveda.seznam.cz/en/seznambot-intro/)" "electric-homecare.com"
65.108.76.15 - - [14/Oct/2022:04:17:48 -0700] "GET /Nationwide.html HTTP/1.1" 404 88 "http://electric-homecare.com/Nationwide.html" "Mozilla/5.0 (compatible; SEOkicks; +https://www.seokicks.de/robot.html)" "electric-homecare.com"
65.108.76.15 - - [14/Oct/2022:04:17:49 -0700] "GET /Houston-Adjustable-Beds.html HTTP/1.1" 200 11912 "http://electric-homecare.com/Houston-Adjustable-Beds.html" "Mozilla/5.0 (compatible; SEOkicks; +https://www.seokicks.de/robot.html)" "electric-homecare.com"
65.108.76.15 - - [14/Oct/2022:04:17:51 -0700] "GET /Houston-Bariatric-Beds.html HTTP/1.1" 200 9978 "http://electric-homecare.com/Houston-Bariatric-Beds.html" "Mozilla/5.0 (compatible; SEOkicks; +https://www.seokicks.de/robot.html)" "electric-homecare.com"
65.108.76.15 - - [14/Oct/2022:04:17:52 -0700] "GET /Houston-Hospital-Beds.html HTTP/1.1" 200 4991 "http://electric-homecare.com/Houston-Hospital-Beds.html" "Mozilla/5.0 (compatible; SEOkicks; +https://www.seokicks.de/robot.html)" "electric-homecare.com"
65.108.76.15 - - [14/Oct/2022:04:17:53 -0700] "GET /Houston-Lift-Chairs.html HTTP/1.1" 200 8833 "http://electric-homecare.com/Houston-Lift-Chairs.html" "Mozilla/5.0 (compatible; SEOkicks; +https://www.seokicks.de/robot.html)" "electric-homecare.com"
65.108.76.15 - - [14/Oct/2022:04:17:55 -0700] "GET /Houston-Mattresses.html HTTP/1.1" 200 3535 "http://electric-homecare.com/Houston-Mattresses.html" "Mozilla/5.0 (compatible; SEOkicks; +https://www.seokicks.de/robot.html)" "electric-homecare.com"
65.108.76.15 - - [14/Oct/2022:04:17:56 -0700] "GET /Houston-Scooters.html HTTP/1.1" 200 13467 "http://electric-homecare.com/Houston-Scooters.html" "Mozilla/5.0 (compatible; SEOkicks; +https://www.seokicks.de/robot.html)" "electric-homecare.com"
65.108.76.15 - - [14/Oct/2022:04:17:58 -0700] "GET /Stair-Lifts.html HTTP/1.1" 200 13618 "http://electric-homecare.com/Stair-Lifts.html" "Mozilla/5.0 (compatible; SEOkicks; +https://www.seokicks.de/robot.html)" "electric-homecare.com"
65.108.76.15 - - [14/Oct/2022:04:18:00 -0700] "GET /Houston-Wheelchairs.html HTTP/1.1" 200 12937 "http://electric-homecare.com/Houston-Wheelchairs.html" "Mozilla/5.0 (compatible; SEOkicks; +https://www.seokicks.de/robot.html)" "electric-homecare.com"
65.108.76.15 - - [14/Oct/2022:04:18:01 -0700] "GET /Wheelchair-Elevators.html HTTP/1.1" 404 88 "http://electric-homecare.com/Wheelchair-Elevators.html" "Mozilla/5.0 (compatible; SEOkicks; +https://www.seokicks.de/robot.html)" "electric-homecare.com"
65.108.76.15 - - [14/Oct/2022:04:18:03 -0700] "GET /index.html HTTP/1.1" 200 4147 "https://electric-homecare.com/Houston-Adjustable-Beds.html" "Mozilla/5.0 (compatible; SEOkicks; +https://www.seokicks.de/robot.html)" "electric-homecare.com"
157.55.39.50 - - [14/Oct/2022:04:24:52 -0700] "GET /PF-09.gif HTTP/1.1" 200 4928328 "-" "Mozilla/5.0 (compatible; bingbot/2.0; +http://www.bing.com/bingbot.htm)" "electric-homecare.com"
216.244.66.247 - - [14/Oct/2022:04:54:19 -0700] "GET /robots.txt HTTP/1.1" 200 48 "-" "Mozilla/5.0 (compatible; DotBot/1.2; +https://opensiteexplorer.org/dotbot; help@moz.com)" "www.electric-homecare.com"
216.244.66.247 - - [14/Oct/2022:04:54:19 -0700] "GET /robots.txt HTTP/1.1" 200 48 "-" "Mozilla/5.0 (compatible; DotBot/1.2; +https://opensiteexplorer.org/dotbot; help@moz.com)" "electric-homecare.com"
77.75.76.163 - - [14/Oct/2022:04:54:52 -0700] "GET /robots.txt HTTP/1.1" 200 64 "-" "Mozilla/5.0 (compatible; SeznamBot/3.2; +http://napoveda.seznam.cz/en/seznambot-intro/)" "electric-homecare.com"
77.75.76.163 - - [14/Oct/2022:04:54:54 -0700] "GET /LM-05.jpg HTTP/1.1" 304 - "-" "Mozilla/5.0 (compatible; SeznamBot/3.2; +http://napoveda.seznam.cz/en/seznambot-intro/)" "electric-homecare.com"
114.119.136.219 - - [14/Oct/2022:05:01:33 -0700] "GET /sport-rider-manual.pdf HTTP/1.1" 200 1903445 "https://electric-homecare.com/Houston-evrider.html" "Mozilla/5.0 (Linux; Android 7.0;) AppleWebKit/537.36 (KHTML, like Gecko) Mobile Safari/537.36 (compatible; PetalBot;+https://webmaster.petalsearch.com/site/petalbot)" "electric-homecare.com"
65.108.76.15 - - [14/Oct/2022:05:01:45 -0700] "GET /San-Francisco-Adjustable-Beds.html HTTP/1.1" 404 88 "https://electric-homecare.com/Houston-Adjustable-Beds.html" "Mozilla/5.0 (compatible; SEOkicks; +https://www.seokicks.de/robot.html)" "electric-homecare.com"
65.108.76.15 - - [14/Oct/2022:05:01:47 -0700] "GET /Adjustable-Beds.html HTTP/1.1" 200 6512 "http://electric-homecare.com/Adjustable-Beds.html" "Mozilla/5.0 (compatible; SEOkicks; +https://www.seokicks.de/robot.html)" "electric-homecare.com"
