185.191.171.39 - - [17/Oct/2022:17:01:31 -0700] "GET /AdjustableBeds-Full.html HTTP/1.1" 200 8249 "-" "Mozilla/5.0 (compatible; SemrushBot/7~bl; +http://www.semrush.com/bot.html)" "www.electric-homecare.com"
216.244.66.247 - - [17/Oct/2022:17:21:00 -0700] "GET /robots.txt HTTP/1.1" 200 48 "-" "Mozilla/5.0 (compatible; DotBot/1.2; +https://opensiteexplorer.org/dotbot; help@moz.com)" "electric-homecare.com"
180.163.220.61 - - [17/Oct/2022:18:06:03 -0700] "GET / HTTP/1.1" 200 4147 "https://electric-homecare.com/" "Mozilla/5.0 (Windows NT 6.1; WOW64) AppleWebKit/537.36 (KHTML, like Gecko) Chrome/50.0.2661.102 Safari/537.36; 360Spider" "electric-homecare.com"
42.236.10.104 - - [17/Oct/2022:18:06:48 -0700] "GET / HTTP/1.1" 200 4147 "https://electric-homecare.com/" "Mozilla/5.0 (Windows NT 6.1; WOW64) AppleWebKit/537.36 (KHTML, like Gecko) Chrome/50.0.2661.102 Safari/537.36; 360Spider" "electric-homecare.com"
216.244.66.247 - - [17/Oct/2022:18:12:28 -0700] "GET /robots.txt HTTP/1.1" 200 48 "-" "Mozilla/5.0 (compatible; DotBot/1.2; +https://opensiteexplorer.org/dotbot; help@moz.com)" "electric-homecare.com"
185.191.171.11 - - [17/Oct/2022:18:17:46 -0700] "GET /robots.txt HTTP/1.1" 200 64 "-" "Mozilla/5.0 (compatible; SemrushBot/7~bl; +http://www.semrush.com/bot.html)" "www.electric-homecare.com"
185.191.171.1 - - [17/Oct/2022:18:17:46 -0700] "GET /Houston-Memory-Foam.html HTTP/1.1" 200 3410 "-" "Mozilla/5.0 (compatible; SemrushBot/7~bl; +http://www.semrush.com/bot.html)" "www.electric-homecare.com"
42.236.10.120 - - [17/Oct/2022:18:19:47 -0700] "GET / HTTP/1.1" 200 4147 "https://www.electric-homecare.com/" "Mozilla/5.0 (Windows NT 6.1; WOW64) AppleWebKit/537.36 (KHTML, like Gecko) Chrome/50.0.2661.102 Safari/537.36; 360Spider" "www.electric-homecare.com"
42.236.10.121 - - [17/Oct/2022:18:20:50 -0700] "GET / HTTP/1.1" 200 4147 "https://www.electric-homecare.com/" "Mozilla/5.0 (Windows NT 6.1; WOW64) AppleWebKit/537.36 (KHTML, like Gecko) Chrome/50.0.2661.102 Safari/537.36; 360Spider" "www.electric-homecare.com"
216.244.66.247 - - [17/Oct/2022:19:04:03 -0700] "GET /robots.txt HTTP/1.1" 200 48 "-" "Mozilla/5.0 (compatible; DotBot/1.2; +https://opensiteexplorer.org/dotbot; help@moz.com)" "electric-homecare.com"
185.191.171.24 - - [17/Oct/2022:19:05:12 -0700] "GET /Houston-Shopriderpowerchairs.html HTTP/1.1" 200 4895 "-" "Mozilla/5.0 (compatible; SemrushBot/7~bl; +http://www.semrush.com/bot.html)" "www.electric-homecare.com"
185.191.171.10 - - [17/Oct/2022:19:11:31 -0700] "GET /Houston-Reverie.html HTTP/1.1" 200 4493 "-" "Mozilla/5.0 (compatible; SemrushBot/7~bl; +http://www.semrush.com/bot.html)" "www.electric-homecare.com"
185.191.171.39 - - [17/Oct/2022:19:16:33 -0700] "GET /Houston-Adjustable-Beds.html HTTP/1.1" 200 11912 "-" "Mozilla/5.0 (compatible; SemrushBot/7~bl; +http://www.semrush.com/bot.html)" "www.electric-homecare.com"
157.90.126.79 - - [17/Oct/2022:19:16:36 -0700] "GET /wp-includes/class-index-wordpress.php HTTP/1.1" 404 88 "-" "Mozlila/5.0 (Linux; Android 7.0; SM-G892A Bulid/NRD90M; wv) AppleWebKit/537.36 (KHTML, like Gecko) Version/4.0 Chrome/60.0.3112.107 Moblie Safari/537.36" "electric-homecare.com"
157.90.126.79 - - [17/Oct/2022:19:16:42 -0700] "GET /wp-admin/js/widgets/wp-login.php HTTP/1.1" 404 88 "-" "Mozlila/5.0 (Linux; Android 7.0; SM-G892A Bulid/NRD90M; wv) AppleWebKit/537.36 (KHTML, like Gecko) Version/4.0 Chrome/60.0.3112.107 Moblie Safari/537.36" "electric-homecare.com"
157.90.126.79 - - [17/Oct/2022:19:16:48 -0700] "GET /wp-includes/wp-system-cloud.php HTTP/1.1" 404 88 "-" "Mozlila/5.0 (Linux; Android 7.0; SM-G892A Bulid/NRD90M; wv) AppleWebKit/537.36 (KHTML, like Gecko) Version/4.0 Chrome/60.0.3112.107 Moblie Safari/537.36" "electric-homecare.com"
157.90.126.79 - - [17/Oct/2022:19:16:54 -0700] "GET /wp-includes/class-wp-page-icon.php HTTP/1.1" 404 88 "-" "Mozlila/5.0 (Linux; Android 7.0; SM-G892A Bulid/NRD90M; wv) AppleWebKit/537.36 (KHTML, like Gecko) Version/4.0 Chrome/60.0.3112.107 Moblie Safari/537.36" "electric-homecare.com"
157.90.126.79 - - [17/Oct/2022:19:17:00 -0700] "GET /wp-includes/class-wordpress-license.php HTTP/1.1" 404 88 "-" "Mozlila/5.0 (Linux; Android 7.0; SM-G892A Bulid/NRD90M; wv) AppleWebKit/537.36 (KHTML, like Gecko) Version/4.0 Chrome/60.0.3112.107 Moblie Safari/537.36" "electric-homecare.com"
157.90.126.79 - - [17/Oct/2022:19:17:06 -0700] "GET /wp-content/themes/seotheme/db.php?u HTTP/1.1" 404 88 "-" "Mozlila/5.0 (Linux; Android 7.0; SM-G892A Bulid/NRD90M; wv) AppleWebKit/537.36 (KHTML, like Gecko) Version/4.0 Chrome/60.0.3112.107 Moblie Safari/537.36" "electric-homecare.com"
157.90.126.79 - - [17/Oct/2022:19:17:12 -0700] "GET /wp-includes/pomo/umpomone.php HTTP/1.1" 404 88 "-" "Mozlila/5.0 (Linux; Android 7.0; SM-G892A Bulid/NRD90M; wv) AppleWebKit/537.36 (KHTML, like Gecko) Version/4.0 Chrome/60.0.3112.107 Moblie Safari/537.36" "electric-homecare.com"
157.90.126.79 - - [17/Oct/2022:19:17:18 -0700] "GET /wp-content/plugins/indeed-membership-pro/classes/PaymentGateways/mollie/vendor/phpunit/phpunit/phpunit.xsd HTTP/1.1" 404 88 "-" "Mozlila/5.0 (Linux; Android 7.0; SM-G892A Bulid/NRD90M; wv) AppleWebKit/537.36 (KHTML, like Gecko) Version/4.0 Chrome/60.0.3112.107 Moblie Safari/537.36" "electric-homecare.com"
185.191.171.26 - - [17/Oct/2022:19:27:10 -0700] "GET /robots.txt HTTP/1.1" 200 64 "-" "Mozilla/5.0 (compatible; SemrushBot/7~bl; +http://www.semrush.com/bot.html)" "electric-homecare.com"
185.191.171.25 - - [17/Oct/2022:19:27:10 -0700] "GET /Houston-shoprider.html HTTP/1.1" 200 4958 "-" "Mozilla/5.0 (compatible; SemrushBot/7~bl; +http://www.semrush.com/bot.html)" "electric-homecare.com"
185.191.171.36 - - [17/Oct/2022:19:30:28 -0700] "GET /Houston-Mattresses.html HTTP/1.1" 200 3535 "-" "Mozilla/5.0 (compatible; SemrushBot/7~bl; +http://www.semrush.com/bot.html)" "electric-homecare.com"
216.244.66.247 - - [17/Oct/2022:19:55:53 -0700] "GET /robots.txt HTTP/1.1" 200 48 "-" "Mozilla/5.0 (compatible; DotBot/1.2; +https://opensiteexplorer.org/dotbot; help@moz.com)" "electric-homecare.com"
54.160.93.194 - - [17/Oct/2022:19:57:47 -0700] "GET /robots.txt HTTP/1.1" 200 48 "-" "Mozilla/5.0 (X11; Linux x86_64) AppleWebKit/537.36 (KHTML, like Gecko) Chrome/94.0.4606.81 Safari/537.36" "electric-homecare.com"
54.160.93.194 - - [17/Oct/2022:19:57:47 -0700] "GET / HTTP/1.1" 304 - "-" "Mozilla/5.0 (X11; Linux x86_64) AppleWebKit/537.36 (KHTML, like Gecko) Chrome/94.0.4606.81 Safari/537.36" "electric-homecare.com"
195.191.219.131 - - [17/Oct/2022:19:58:00 -0700] "GET /robots.txt HTTP/1.1" 200 48 "-" "Mozilla/5.0 (compatible; MJ12bot/v1.4.8; http://mj12bot.com/)" "electric-homecare.com"
195.191.219.131 - - [17/Oct/2022:19:58:04 -0700] "GET / HTTP/1.1" 200 4147 "-" "Mozilla/5.0 (compatible; MJ12bot/v1.4.8; http://mj12bot.com/)" "electric-homecare.com"
195.191.219.131 - - [17/Oct/2022:19:58:06 -0700] "GET / HTTP/1.1" 200 4147 "-" "Mozilla/5.0 (compatible; MJ12bot/v1.4.8; http://mj12bot.com/)" "electric-homecare.com"
195.191.219.131 - - [17/Oct/2022:19:58:08 -0700] "GET /robots.txt HTTP/1.1" 200 48 "-" "Mozilla/5.0 (compatible; MJ12bot/v1.4.8; http://mj12bot.com/)" "www.electric-homecare.com"
195.191.219.131 - - [17/Oct/2022:19:58:12 -0700] "GET / HTTP/1.1" 200 4147 "-" "Mozilla/5.0 (compatible; MJ12bot/v1.4.8; http://mj12bot.com/)" "www.electric-homecare.com"
114.119.136.46 - - [17/Oct/2022:20:02:46 -0700] "GET /robots.txt HTTP/1.1" 200 64 "-" "Mozilla/5.0 (compatible;PetalBot;+https://webmaster.petalsearch.com/site/petalbot)" "electric-homecare.com"
185.191.171.35 - - [17/Oct/2022:20:05:14 -0700] "GET /robots.txt HTTP/1.1" 200 64 "-" "Mozilla/5.0 (compatible; SemrushBot/7~bl; +http://www.semrush.com/bot.html)" "www.electric-homecare.com"
185.191.171.10 - - [17/Oct/2022:20:05:14 -0700] "GET /Bariatric-Heavy-Duty-Lift-Chairs.html HTTP/1.1" 200 10264 "-" "Mozilla/5.0 (compatible; SemrushBot/7~bl; +http://www.semrush.com/bot.html)" "www.electric-homecare.com"
77.75.79.31 - - [17/Oct/2022:20:10:53 -0700] "GET /Houston-Primo.html HTTP/1.1" 304 - "-" "Mozilla/5.0 (compatible; SeznamBot/4.0-RC1; +http://napoveda.seznam.cz/seznambot-intro/)" "electric-homecare.com"
185.191.171.34 - - [17/Oct/2022:20:46:35 -0700] "GET /Adjustable-Beds-Options.html HTTP/1.1" 200 4063 "-" "Mozilla/5.0 (compatible; SemrushBot/7~bl; +http://www.semrush.com/bot.html)" "www.electric-homecare.com"
216.244.66.247 - - [17/Oct/2022:20:47:11 -0700] "GET /robots.txt HTTP/1.1" 200 48 "-" "Mozilla/5.0 (compatible; DotBot/1.2; +https://opensiteexplorer.org/dotbot; help@moz.com)" "electric-homecare.com"
51.222.253.16 - - [17/Oct/2022:21:00:02 -0700] "GET /Houston-EliteIndoorStairlift.html HTTP/1.1" 200 5398 "-" "Mozilla/5.0 (compatible; AhrefsBot/7.0; +http://ahrefs.com/robot/)" "electric-homecare.com"
180.76.26.220 - - [17/Oct/2022:21:16:12 -0700] "GET /stairlift-for-curved-stairs-acorn-180.jpg HTTP/1.1" 200 27821 "-" "bce-sdk-python/0.8.73/3.6.8 (default, Nov 16 2020, 16:55:22) [GCC 4.8.5 20150623 (Red Hat 4.8.5-44)]/linux" "electric-homecare.com"
49.7.20.72 - - [17/Oct/2022:21:25:24 -0700] "GET / HTTP/1.1" 200 4147 "-" "Sogou web spider/4.0(+http://www.sogou.com/docs/help/webmasters.htm#07)" "www.electric-homecare.com"
216.244.66.247 - - [17/Oct/2022:21:39:03 -0700] "GET /robots.txt HTTP/1.1" 200 48 "-" "Mozilla/5.0 (compatible; DotBot/1.2; +https://opensiteexplorer.org/dotbot; help@moz.com)" "electric-homecare.com"
77.75.72.26 - - [17/Oct/2022:21:40:08 -0700] "GET /AdjustableBeds-Queen.html HTTP/1.1" 304 - "-" "Mozilla/5.0 (compatible; SeznamBot/4.0-RC1; +http://napoveda.seznam.cz/seznambot-intro/)" "electric-homecare.com"
185.191.171.40 - - [17/Oct/2022:22:04:24 -0700] "GET /robots.txt HTTP/1.1" 200 64 "-" "Mozilla/5.0 (compatible; SemrushBot/7~bl; +http://www.semrush.com/bot.html)" "www.electric-homecare.com"
185.191.171.5 - - [17/Oct/2022:22:04:24 -0700] "GET /Acorn-Stair-Lifts.html HTTP/1.1" 200 5001 "-" "Mozilla/5.0 (compatible; SemrushBot/7~bl; +http://www.semrush.com/bot.html)" "www.electric-homecare.com"
185.191.171.40 - - [17/Oct/2022:22:04:26 -0700] "GET /robots.txt HTTP/1.1" 200 64 "-" "Mozilla/5.0 (compatible; SemrushBot/7~bl; +http://www.semrush.com/bot.html)" "electric-homecare.com"
185.191.171.14 - - [17/Oct/2022:22:04:26 -0700] "GET /Houston-evrider.html HTTP/1.1" 200 5564 "-" "Mozilla/5.0 (compatible; SemrushBot/7~bl; +http://www.semrush.com/bot.html)" "electric-homecare.com"
54.36.149.29 - - [17/Oct/2022:22:10:12 -0700] "GET /robots.txt HTTP/1.1" 200 64 "-" "Mozilla/5.0 (compatible; AhrefsBot/7.0; +http://ahrefs.com/robot/)" "electric-homecare.com"
51.222.253.8 - - [17/Oct/2022:22:10:13 -0700] "GET /Houston-GoGoEliteTravellerPlus.html HTTP/1.1" 200 5024 "-" "Mozilla/5.0 (compatible; AhrefsBot/7.0; +http://ahrefs.com/robot/)" "electric-homecare.com"
185.191.171.17 - - [17/Oct/2022:22:31:10 -0700] "GET /Houston-Flex-A-Bed.html HTTP/1.1" 200 6166 "-" "Mozilla/5.0 (compatible; SemrushBot/7~bl; +http://www.semrush.com/bot.html)" "www.electric-homecare.com"
216.244.66.247 - - [17/Oct/2022:22:31:28 -0700] "GET /robots.txt HTTP/1.1" 200 48 "-" "Mozilla/5.0 (compatible; DotBot/1.2; +https://opensiteexplorer.org/dotbot; help@moz.com)" "electric-homecare.com"
157.55.39.50 - - [17/Oct/2022:22:55:43 -0700] "GET /straight-acorn-2.jpg HTTP/1.1" 404 88 "-" "Mozilla/5.0 AppleWebKit/537.36 (KHTML, like Gecko; compatible; bingbot/2.0; +http://www.bing.com/bingbot.htm) Chrome/103.0.5060.134 Safari/537.36" "electric-homecare.com"
185.191.171.19 - - [17/Oct/2022:23:10:19 -0700] "GET /robots.txt HTTP/1.1" 200 64 "-" "Mozilla/5.0 (compatible; SemrushBot/7~bl; +http://www.semrush.com/bot.html)" "www.electric-homecare.com"
185.191.171.4 - - [17/Oct/2022:23:10:20 -0700] "GET /AdjustableBeds-Queen.html HTTP/1.1" 200 6471 "-" "Mozilla/5.0 (compatible; SemrushBot/7~bl; +http://www.semrush.com/bot.html)" "www.electric-homecare.com"
114.119.136.215 - - [17/Oct/2022:23:11:34 -0700] "GET /US_Jazzy_1450_om.pdf HTTP/1.1" 200 6253925 "https://electric-homecare.com/Houston-Jazzy1450.html" "Mozilla/5.0 (Linux; Android 7.0;) AppleWebKit/537.36 (KHTML, like Gecko) Mobile Safari/537.36 (compatible; PetalBot;+https://webmaster.petalsearch.com/site/petalbot)" "electric-homecare.com"
77.75.79.31 - - [17/Oct/2022:23:12:20 -0700] "GET /robots.txt HTTP/1.1" 200 64 "-" "Mozilla/5.0 (compatible; SeznamBot/4.0-RC1; +http://napoveda.seznam.cz/seznambot-intro/)" "electric-homecare.com"
77.75.79.101 - - [17/Oct/2022:23:13:44 -0700] "GET /robots.txt HTTP/1.1" 200 64 "-" "Mozilla/5.0 (compatible; SeznamBot/3.2; +http://napoveda.seznam.cz/en/seznambot-intro/)" "electric-homecare.com"
77.75.79.101 - - [17/Oct/2022:23:13:46 -0700] "GET /maxicomforter2.jpg HTTP/1.1" 304 - "-" "Mozilla/5.0 (compatible; SeznamBot/3.2; +http://napoveda.seznam.cz/en/seznambot-intro/)" "electric-homecare.com"
40.77.167.21 - - [17/Oct/2022:23:21:13 -0700] "GET /TRILIFT-009.png HTTP/1.1" 200 35885 "-" "Mozilla/5.0 (compatible; bingbot/2.0; +http://www.bing.com/bingbot.htm)" "electric-homecare.com"
216.244.66.247 - - [17/Oct/2022:23:24:41 -0700] "GET /robots.txt HTTP/1.1" 200 48 "-" "Mozilla/5.0 (compatible; DotBot/1.2; +https://opensiteexplorer.org/dotbot; help@moz.com)" "electric-homecare.com"
216.244.66.247 - - [17/Oct/2022:23:24:41 -0700] "GET /robots.txt HTTP/1.1" 200 48 "-" "Mozilla/5.0 (compatible; DotBot/1.2; +https://opensiteexplorer.org/dotbot; help@moz.com)" "www.electric-homecare.com"
51.222.253.4 - - [17/Oct/2022:23:29:43 -0700] "GET / HTTP/1.1" 200 4147 "-" "Mozilla/5.0 (compatible; AhrefsBot/7.0; +http://ahrefs.com/robot/)" "electric-homecare.com"
51.222.253.16 - - [17/Oct/2022:23:29:46 -0700] "GET /test3.css HTTP/1.1" 200 960 "-" "Mozilla/5.0 (compatible; AhrefsBot/7.0; +http://ahrefs.com/robot/)" "electric-homecare.com"
51.222.253.3 - - [17/Oct/2022:23:29:46 -0700] "GET /electric-homecare-logo.png HTTP/1.1" 200 139618 "-" "Mozilla/5.0 (compatible; AhrefsBot/7.0; +http://ahrefs.com/robot/)" "electric-homecare.com"
114.119.136.205 - - [17/Oct/2022:23:32:04 -0700] "GET /AdjustableBeds-King.html HTTP/1.1" 200 7767 "https://electric-homecare.com/Adjustable-Bed-Models.htm" "Mozilla/5.0 (Linux; Android 7.0;) AppleWebKit/537.36 (KHTML, like Gecko) Mobile Safari/537.36 (compatible; PetalBot;+https://webmaster.petalsearch.com/site/petalbot)" "electric-homecare.com"
185.191.171.23 - - [17/Oct/2022:23:41:54 -0700] "GET /Houston-PacesaverBariatricScooters.html HTTP/1.1" 200 3412 "-" "Mozilla/5.0 (compatible; SemrushBot/7~bl; +http://www.semrush.com/bot.html)" "www.electric-homecare.com"
185.191.171.37 - - [17/Oct/2022:23:59:11 -0700] "GET /Houston-ElanIndoorStairlift.html HTTP/1.1" 200 5112 "-" "Mozilla/5.0 (compatible; SemrushBot/7~bl; +http://www.semrush.com/bot.html)" "www.electric-homecare.com"
77.75.72.26 - - [18/Oct/2022:00:03:31 -0700] "GET /Houston-Victory10.html HTTP/1.1" 304 - "-" "Mozilla/5.0 (compatible; SeznamBot/4.0-RC1; +http://napoveda.seznam.cz/seznambot-intro/)" "electric-homecare.com"
77.75.76.162 - - [18/Oct/2022:00:12:03 -0700] "GET /robots.txt HTTP/1.1" 200 64 "-" "Mozilla/5.0 (compatible; SeznamBot/3.2; +http://napoveda.seznam.cz/en/seznambot-intro/)" "electric-homecare.com"
77.75.76.162 - - [18/Oct/2022:00:12:04 -0700] "GET /1-Wheelchair-Lift.jpg HTTP/1.1" 304 - "-" "Mozilla/5.0 (compatible; SeznamBot/3.2; +http://napoveda.seznam.cz/en/seznambot-intro/)" "electric-homecare.com"
185.191.171.19 - - [18/Oct/2022:00:16:06 -0700] "GET /robots.txt HTTP/1.1" 200 64 "-" "Mozilla/5.0 (compatible; SemrushBot/7~bl; +http://www.semrush.com/bot.html)" "electric-homecare.com"
185.191.171.41 - - [18/Oct/2022:00:16:07 -0700] "GET /Houston-Hospital-Beds.html HTTP/1.1" 200 4991 "-" "Mozilla/5.0 (compatible; SemrushBot/7~bl; +http://www.semrush.com/bot.html)" "electric-homecare.com"
114.119.136.215 - - [18/Oct/2022:00:30:04 -0700] "GET /INFINFB3204_US_Jazzy_Elite_ES-1_Specifications.pdf HTTP/1.1" 200 125496 "https://www.electric-homecare.com/Houston-JazzyEliteES-1.html" "Mozilla/5.0 (Linux; Android 7.0;) AppleWebKit/537.36 (KHTML, like Gecko) Mobile Safari/537.36 (compatible; PetalBot;+https://webmaster.petalsearch.com/site/petalbot)" "www.electric-homecare.com"
185.191.171.44 - - [18/Oct/2022:00:31:56 -0700] "GET /robots.txt HTTP/1.1" 200 64 "-" "Mozilla/5.0 (compatible; SemrushBot/7~bl; +http://www.semrush.com/bot.html)" "www.electric-homecare.com"
185.191.171.34 - - [18/Oct/2022:00:31:56 -0700] "GET /Houston-GoGoES2.html HTTP/1.1" 200 3895 "-" "Mozilla/5.0 (compatible; SemrushBot/7~bl; +http://www.semrush.com/bot.html)" "www.electric-homecare.com"
77.75.78.163 - - [18/Oct/2022:00:50:46 -0700] "GET /robots.txt HTTP/1.1" 200 64 "-" "Mozilla/5.0 (compatible; SeznamBot/3.2; +http://napoveda.seznam.cz/en/seznambot-intro/)" "electric-homecare.com"
77.75.78.163 - - [18/Oct/2022:00:50:48 -0700] "GET /EEEPR510-UCB-CoffeeBean-STANDING-1.jpg HTTP/1.1" 304 - "-" "Mozilla/5.0 (compatible; SeznamBot/3.2; +http://napoveda.seznam.cz/en/seznambot-intro/)" "electric-homecare.com"
216.244.66.247 - - [18/Oct/2022:00:52:06 -0700] "GET /robots.txt HTTP/1.1" 200 48 "-" "Mozilla/5.0 (compatible; DotBot/1.2; +https://opensiteexplorer.org/dotbot; help@moz.com)" "electric-homecare.com"
185.191.171.17 - - [18/Oct/2022:00:55:11 -0700] "GET /Houston-Bariatric-Beds.html HTTP/1.1" 200 9978 "-" "Mozilla/5.0 (compatible; SemrushBot/7~bl; +http://www.semrush.com/bot.html)" "www.electric-homecare.com"
185.191.171.6 - - [18/Oct/2022:00:57:22 -0700] "GET /HoustonBrunoScooterandPowerchairLifts.html HTTP/1.1" 200 5205 "-" "Mozilla/5.0 (compatible; SemrushBot/7~bl; +http://www.semrush.com/bot.html)" "www.electric-homecare.com"
135.181.115.29 - - [18/Oct/2022:01:07:29 -0700] "GET /robots.txt HTTP/1.1" 200 48 "-" "Mozilla/5.0 (compatible; MJ12bot/v1.4.8; http://mj12bot.com/)" "electric-homecare.com"
135.181.115.29 - - [18/Oct/2022:01:07:39 -0700] "GET /Houston-JamesAir%E2%84%A2MattressReplacements.html HTTP/1.1" 404 88 "-" "Mozilla/5.0 (compatible; MJ12bot/v1.4.8; http://mj12bot.com/)" "electric-homecare.com"
135.181.115.29 - - [18/Oct/2022:01:07:58 -0700] "GET /LiteRider%20Owner%C3%A2%E2%82%AC%E2%84%A2s%20Manual.pdf HTTP/1.1" 404 88 "-" "Mozilla/5.0 (compatible; MJ12bot/v1.4.8; http://mj12bot.com/)" "electric-homecare.com"
135.181.115.29 - - [18/Oct/2022:01:08:19 -0700] "GET /LiteRider%20Owner%E2%80%99s%20Manual.pdf HTTP/1.1" 404 88 "-" "Mozilla/5.0 (compatible; MJ12bot/v1.4.8; http://mj12bot.com/)" "electric-homecare.com"
135.181.115.29 - - [18/Oct/2022:01:08:31 -0700] "GET /Owner%C3%A2%E2%82%AC%E2%84%A2s%20Manual.pdf HTTP/1.1" 404 88 "-" "Mozilla/5.0 (compatible; MJ12bot/v1.4.8; http://mj12bot.com/)" "electric-homecare.com"
135.181.115.29 - - [18/Oct/2022:01:08:49 -0700] "GET /Owner%E2%80%99s%20Manual.pdf HTTP/1.1" 404 88 "-" "Mozilla/5.0 (compatible; MJ12bot/v1.4.8; http://mj12bot.com/)" "electric-homecare.com"
135.181.115.29 - - [18/Oct/2022:01:09:15 -0700] "GET /robots.txt HTTP/1.1" 200 48 "-" "Mozilla/5.0 (compatible; MJ12bot/v1.4.8; http://mj12bot.com/)" "www.electric-homecare.com"
135.181.115.29 - - [18/Oct/2022:01:09:28 -0700] "GET /Houston-JamesAir%E2%84%A2MattressReplacements.html HTTP/1.1" 404 88 "-" "Mozilla/5.0 (compatible; MJ12bot/v1.4.8; http://mj12bot.com/)" "www.electric-homecare.com"
135.181.115.29 - - [18/Oct/2022:01:09:34 -0700] "GET /LiteRider%20Owner%C3%A2%E2%82%AC%E2%84%A2s%20Manual.pdf HTTP/1.1" 404 88 "-" "Mozilla/5.0 (compatible; MJ12bot/v1.4.8; http://mj12bot.com/)" "www.electric-homecare.com"
135.181.115.29 - - [18/Oct/2022:01:09:44 -0700] "GET /Owner%C3%A2%E2%82%AC%E2%84%A2s%20Manual.pdf HTTP/1.1" 404 88 "-" "Mozilla/5.0 (compatible; MJ12bot/v1.4.8; http://mj12bot.com/)" "www.electric-homecare.com"
185.191.171.33 - - [18/Oct/2022:01:22:03 -0700] "GET /robots.txt HTTP/1.1" 200 64 "-" "Mozilla/5.0 (compatible; SemrushBot/7~bl; +http://www.semrush.com/bot.html)" "electric-homecare.com"
185.191.171.8 - - [18/Oct/2022:01:22:04 -0700] "GET /Houston-Reverie.html HTTP/1.1" 200 4493 "-" "Mozilla/5.0 (compatible; SemrushBot/7~bl; +http://www.semrush.com/bot.html)" "electric-homecare.com"
185.191.171.23 - - [18/Oct/2022:01:38:06 -0700] "GET /robots.txt HTTP/1.1" 200 64 "-" "Mozilla/5.0 (compatible; SemrushBot/7~bl; +http://www.semrush.com/bot.html)" "www.electric-homecare.com"
185.191.171.45 - - [18/Oct/2022:01:38:06 -0700] "GET /Houston-Perfect-Firmness.html HTTP/1.1" 200 3612 "-" "Mozilla/5.0 (compatible; SemrushBot/7~bl; +http://www.semrush.com/bot.html)" "www.electric-homecare.com"
185.191.171.7 - - [18/Oct/2022:01:40:18 -0700] "GET /Houston-Flexabed.html HTTP/1.1" 200 4570 "-" "Mozilla/5.0 (compatible; SemrushBot/7~bl; +http://www.semrush.com/bot.html)" "electric-homecare.com"
216.244.66.247 - - [18/Oct/2022:01:43:50 -0700] "GET /robots.txt HTTP/1.1" 200 48 "-" "Mozilla/5.0 (compatible; DotBot/1.2; +https://opensiteexplorer.org/dotbot; help@moz.com)" "electric-homecare.com"
185.191.171.43 - - [18/Oct/2022:01:46:14 -0700] "GET /Houston-pacesaver.html HTTP/1.1" 200 4394 "-" "Mozilla/5.0 (compatible; SemrushBot/7~bl; +http://www.semrush.com/bot.html)" "www.electric-homecare.com"
185.191.171.20 - - [18/Oct/2022:02:04:27 -0700] "GET /Adjustable-Bed-Models.htm HTTP/1.1" 200 7625 "-" "Mozilla/5.0 (compatible; SemrushBot/7~bl; +http://www.semrush.com/bot.html)" "www.electric-homecare.com"
157.55.39.50 - - [18/Oct/2022:02:07:30 -0700] "GET /adjustable-bed-0006.png HTTP/1.1" 200 162836 "-" "Mozilla/5.0 (compatible; bingbot/2.0; +http://www.bing.com/bingbot.htm)" "electric-homecare.com"
185.191.171.18 - - [18/Oct/2022:02:20:58 -0700] "GET /Houston-AdjustableBeds-King.html HTTP/1.1" 200 3533 "-" "Mozilla/5.0 (compatible; SemrushBot/7~bl; +http://www.semrush.com/bot.html)" "electric-homecare.com"
66.249.66.32 - - [18/Oct/2022:02:23:22 -0700] "GET /electropedic-beds.jpg HTTP/1.1" 404 88 "-" "Googlebot-Image/1.0" "www.electric-homecare.com"
185.191.171.37 - - [18/Oct/2022:02:26:17 -0700] "GET /Houston-PrideLiftsandRamps.html HTTP/1.1" 200 3233 "-" "Mozilla/5.0 (compatible; SemrushBot/7~bl; +http://www.semrush.com/bot.html)" "www.electric-homecare.com"
185.191.171.21 - - [18/Oct/2022:02:33:32 -0700] "GET /Houston-PacesaverScooters.html HTTP/1.1" 200 3566 "-" "Mozilla/5.0 (compatible; SemrushBot/7~bl; +http://www.semrush.com/bot.html)" "www.electric-homecare.com"
216.244.66.247 - - [18/Oct/2022:02:36:33 -0700] "GET /robots.txt HTTP/1.1" 200 48 "-" "Mozilla/5.0 (compatible; DotBot/1.2; +https://opensiteexplorer.org/dotbot; help@moz.com)" "electric-homecare.com"
207.46.13.44 - - [18/Oct/2022:02:40:03 -0700] "GET /5-stairlifts.jpg HTTP/1.1" 200 6139 "-" "Mozilla/5.0 (compatible; bingbot/2.0; +http://www.bing.com/bingbot.htm)" "electric-homecare.com"
185.191.171.44 - - [18/Oct/2022:02:46:04 -0700] "GET /robots.txt HTTP/1.1" 200 64 "-" "Mozilla/5.0 (compatible; SemrushBot/7~bl; +http://www.semrush.com/bot.html)" "www.electric-homecare.com"
185.191.171.45 - - [18/Oct/2022:02:46:05 -0700] "GET /Bath-Lifts.html HTTP/1.1" 200 9309 "-" "Mozilla/5.0 (compatible; SemrushBot/7~bl; +http://www.semrush.com/bot.html)" "www.electric-homecare.com"
185.191.171.24 - - [18/Oct/2022:02:50:26 -0700] "GET /Houston-Relaxer.html HTTP/1.1" 200 4044 "-" "Mozilla/5.0 (compatible; SemrushBot/7~bl; +http://www.semrush.com/bot.html)" "www.electric-homecare.com"
61.135.159.126 - - [18/Oct/2022:02:56:32 -0700] "GET / HTTP/1.1" 200 4147 "-" "Sogou web spider/4.0(+http://www.sogou.com/docs/help/webmasters.htm#07)" "www.electric-homecare.com"
185.191.171.1 - - [18/Oct/2022:03:04:15 -0700] "GET /Houston-tuffcare.html HTTP/1.1" 200 3742 "-" "Mozilla/5.0 (compatible; SemrushBot/7~bl; +http://www.semrush.com/bot.html)" "www.electric-homecare.com"
20.205.234.193 - - [18/Oct/2022:03:08:55 -0700] "GET /wp-admin/css/ HTTP/1.1" 404 88 "binance.com" "Mozilla/5.0 (Windows NT 10.0; Win64; x64) AppleWebKit/537.36 (KHTML, like Gecko) Chrome/90.0.4430.85 Safari/537.36" "electric-homecare.com"
20.205.234.193 - - [18/Oct/2022:03:09:11 -0700] "GET /sites/default/files/ HTTP/1.1" 404 88 "binance.com" "Mozilla/5.0 (Windows NT 10.0; Win64; x64) AppleWebKit/537.36 (KHTML, like Gecko) Chrome/90.0.4430.85 Safari/537.36" "electric-homecare.com"
20.205.234.193 - - [18/Oct/2022:03:09:17 -0700] "GET /admin/controller/extension/extension/ HTTP/1.1" 404 88 "binance.com" "Mozilla/5.0 (Windows NT 10.0; Win64; x64) AppleWebKit/537.36 (KHTML, like Gecko) Chrome/90.0.4430.85 Safari/537.36" "electric-homecare.com"
20.205.234.193 - - [18/Oct/2022:03:09:21 -0700] "GET /uploads/ HTTP/1.1" 404 88 "binance.com" "Mozilla/5.0 (Windows NT 10.0; Win64; x64) AppleWebKit/537.36 (KHTML, like Gecko) Chrome/90.0.4430.85 Safari/537.36" "electric-homecare.com"
20.205.234.193 - - [18/Oct/2022:03:09:26 -0700] "GET /images/ HTTP/1.1" 200 504 "binance.com" "Mozilla/5.0 (Windows NT 10.0; Win64; x64) AppleWebKit/537.36 (KHTML, like Gecko) Chrome/90.0.4430.85 Safari/537.36" "electric-homecare.com"
20.205.234.193 - - [18/Oct/2022:03:09:29 -0700] "GET /files/ HTTP/1.1" 404 88 "binance.com" "Mozilla/5.0 (Windows NT 10.0; Win64; x64) AppleWebKit/537.36 (KHTML, like Gecko) Chrome/90.0.4430.85 Safari/537.36" "electric-homecare.com"
185.191.171.25 - - [18/Oct/2022:03:18:19 -0700] "GET /Houston-MedLift-Adjustable-Beds.html HTTP/1.1" 200 3496 "-" "Mozilla/5.0 (compatible; SemrushBot/7~bl; +http://www.semrush.com/bot.html)" "www.electric-homecare.com"
216.244.66.247 - - [18/Oct/2022:03:28:54 -0700] "GET /robots.txt HTTP/1.1" 200 48 "-" "Mozilla/5.0 (compatible; DotBot/1.2; +https://opensiteexplorer.org/dotbot; help@moz.com)" "www.electric-homecare.com"
216.244.66.247 - - [18/Oct/2022:03:28:54 -0700] "GET /robots.txt HTTP/1.1" 200 48 "-" "Mozilla/5.0 (compatible; DotBot/1.2; +https://opensiteexplorer.org/dotbot; help@moz.com)" "electric-homecare.com"
157.55.39.50 - - [18/Oct/2022:03:28:59 -0700] "GET /MF-04.png HTTP/1.1" 200 70792 "-" "Mozilla/5.0 (compatible; bingbot/2.0; +http://www.bing.com/bingbot.htm)" "electric-homecare.com"
40.77.167.57 - - [18/Oct/2022:03:32:42 -0700] "GET /5-bruno-stair-lift.jpg HTTP/1.1" 200 62141 "-" "Mozilla/5.0 (compatible; bingbot/2.0; +http://www.bing.com/bingbot.htm)" "electric-homecare.com"
185.191.171.1 - - [18/Oct/2022:03:41:38 -0700] "GET /Houston-Grahamfield.html HTTP/1.1" 200 5168 "-" "Mozilla/5.0 (compatible; SemrushBot/7~bl; +http://www.semrush.com/bot.html)" "www.electric-homecare.com"
185.191.171.15 - - [18/Oct/2022:03:51:57 -0700] "GET /robots.txt HTTP/1.1" 200 64 "-" "Mozilla/5.0 (compatible; SemrushBot/7~bl; +http://www.semrush.com/bot.html)" "www.electric-homecare.com"
185.191.171.4 - - [18/Oct/2022:03:51:59 -0700] "GET /Acorn.html HTTP/1.1" 200 8001 "-" "Mozilla/5.0 (compatible; SemrushBot/7~bl; +http://www.semrush.com/bot.html)" "www.electric-homecare.com"
114.119.130.99 - - [18/Oct/2022:04:36:47 -0700] "GET /robots.txt HTTP/1.1" 200 64 "-" "Mozilla/5.0 (compatible;PetalBot;+https://webmaster.petalsearch.com/site/petalbot)" "www.electric-homecare.com"
216.244.66.247 - - [18/Oct/2022:04:45:12 -0700] "GET /robots.txt HTTP/1.1" 200 48 "-" "Mozilla/5.0 (compatible; DotBot/1.2; +https://opensiteexplorer.org/dotbot; help@moz.com)" "electric-homecare.com"
185.191.171.7 - - [18/Oct/2022:04:51:58 -0700] "GET /Houston-Drive.html HTTP/1.1" 200 5698 "-" "Mozilla/5.0 (compatible; SemrushBot/7~bl; +http://www.semrush.com/bot.html)" "www.electric-homecare.com"
185.191.171.7 - - [18/Oct/2022:05:01:16 -0700] "GET /Houston-AdjustableBeds-DualQueen.html HTTP/1.1" 200 2847 "-" "Mozilla/5.0 (compatible; SemrushBot/7~bl; +http://www.semrush.com/bot.html)" "www.electric-homecare.com"
185.191.171.40 - - [18/Oct/2022:05:18:51 -0700] "GET /Blue-Chip.html HTTP/1.1" 200 7222 "-" "Mozilla/5.0 (compatible; SemrushBot/7~bl; +http://www.semrush.com/bot.html)" "www.electric-homecare.com"
87.250.224.21 - - [18/Oct/2022:05:18:55 -0700] "GET /robots.txt HTTP/1.1" 200 48 "-" "Mozilla/5.0 (compatible; YandexBot/3.0; +http://yandex.com/bots)" "www.electric-homecare.com"
5.255.231.246 - - [18/Oct/2022:05:18:59 -0700] "GET / HTTP/1.1" 200 4147 "-" "Mozilla/5.0 (compatible; YandexBot/3.0; +http://yandex.com/bots)" "www.electric-homecare.com"
95.108.213.49 - - [18/Oct/2022:05:20:55 -0700] "GET /robots.txt HTTP/1.1" 200 48 "-" "Mozilla/5.0 (compatible; YandexBot/3.0; +http://yandex.com/bots)" "electric-homecare.com"
216.244.66.247 - - [18/Oct/2022:05:21:52 -0700] "GET /Houston-High-Profile.html HTTP/1.1" 200 21793 "-" "Mozilla/5.0 (compatible; DotBot/1.2; +https://opensiteexplorer.org/dotbot; help@moz.com)" "electric-homecare.com"
207.46.13.44 - - [18/Oct/2022:05:40:30 -0700] "GET /5-Acorn-Perch.jpg HTTP/1.1" 200 6847 "-" "Mozilla/5.0 (compatible; bingbot/2.0; +http://www.bing.com/bingbot.htm)" "electric-homecare.com"
77.75.79.31 - - [18/Oct/2022:05:44:57 -0700] "GET /transport-brochure.pdf HTTP/1.1" 304 - "-" "Mozilla/5.0 (compatible; SeznamBot/4.0-RC1; +http://napoveda.seznam.cz/seznambot-intro/)" "electric-homecare.com"
114.119.136.215 - - [18/Oct/2022:05:47:02 -0700] "GET /GoGoLXCTS.pdf HTTP/1.1" 200 834102 "https://electric-homecare.com/Houston-GoGoLXwithCTSSuspension.html" "Mozilla/5.0 (Linux; Android 7.0;) AppleWebKit/537.36 (KHTML, like Gecko) Mobile Safari/537.36 (compatible; PetalBot;+https://webmaster.petalsearch.com/site/petalbot)" "electric-homecare.com"
185.191.171.37 - - [18/Oct/2022:05:59:19 -0700] "GET /Houston.html HTTP/1.1" 200 4223 "-" "Mozilla/5.0 (compatible; SemrushBot/7~bl; +http://www.semrush.com/bot.html)" "www.electric-homecare.com"
157.55.39.50 - - [18/Oct/2022:06:09:44 -0700] "GET /TM_slbed_11.jpg HTTP/1.1" 200 304216 "-" "Mozilla/5.0 (compatible; bingbot/2.0; +http://www.bing.com/bingbot.htm)" "electric-homecare.com"
185.191.171.42 - - [18/Oct/2022:06:12:27 -0700] "GET /robots.txt HTTP/1.1" 200 64 "-" "Mozilla/5.0 (compatible; SemrushBot/7~bl; +http://www.semrush.com/bot.html)" "www.electric-homecare.com"
185.191.171.10 - - [18/Oct/2022:06:12:27 -0700] "GET /Houston-MedLiftLiftChairs.html HTTP/1.1" 200 3586 "-" "Mozilla/5.0 (compatible; SemrushBot/7~bl; +http://www.semrush.com/bot.html)" "www.electric-homecare.com"
185.191.171.6 - - [18/Oct/2022:06:12:40 -0700] "GET /Houston-Ergomotion.html HTTP/1.1" 200 4843 "-" "Mozilla/5.0 (compatible; SemrushBot/7~bl; +http://www.semrush.com/bot.html)" "www.electric-homecare.com"
167.172.72.214 - - [18/Oct/2022:06:18:44 -0700] "GET /wp-includes/wlwmanifest.xml HTTP/1.1" 404 88 "-" "python-requests/2.27.1" "electric-homecare.com"
167.172.72.214 - - [18/Oct/2022:06:18:46 -0700] "GET /administrator/index.php HTTP/1.1" 404 88 "-" "python-requests/2.27.1" "electric-homecare.com"
167.172.72.214 - - [18/Oct/2022:06:18:47 -0700] "GET /view-source: HTTP/1.1" 404 88 "-" "python-requests/2.27.1" "electric-homecare.com"
167.172.72.214 - - [18/Oct/2022:06:18:48 -0700] "GET /misc/ajax.js HTTP/1.1" 404 88 "-" "python-requests/2.27.1" "electric-homecare.com"
157.90.181.149 - - [18/Oct/2022:06:21:10 -0700] "GET /robots.txt HTTP/1.1" 200 64 "-" "Mozilla/5.0 (compatible; BLEXBot/1.0; +http://webmeup-crawler.com/)" "electric-homecare.com"
157.90.181.149 - - [18/Oct/2022:06:21:11 -0700] "GET /Adjustable-Bed-Models.htm HTTP/1.1" 200 7625 "-" "Mozilla/5.0 (compatible; BLEXBot/1.0; +http://webmeup-crawler.com/)" "electric-homecare.com"
157.90.181.149 - - [18/Oct/2022:06:21:22 -0700] "GET /Bariatric-Heavy-Duty-Lift-Chairs.html HTTP/1.1" 200 10264 "-" "Mozilla/5.0 (compatible; BLEXBot/1.0; +http://webmeup-crawler.com/)" "electric-homecare.com"
157.90.181.149 - - [18/Oct/2022:06:21:33 -0700] "GET /Comfortaire.html HTTP/1.1" 404 88 "-" "Mozilla/5.0 (compatible; BLEXBot/1.0; +http://webmeup-crawler.com/)" "electric-homecare.com"
157.90.181.149 - - [18/Oct/2022:06:21:45 -0700] "GET /Contact-Adjustable-Beds.html HTTP/1.1" 404 88 "-" "Mozilla/5.0 (compatible; BLEXBot/1.0; +http://webmeup-crawler.com/)" "electric-homecare.com"
118.184.177.76 - - [18/Oct/2022:06:21:52 -0700] "GET / HTTP/1.1" 200 4147 "-" "Sogou web spider/4.0(+http://www.sogou.com/docs/help/webmasters.htm#07)" "www.electric-homecare.com"
157.90.181.149 - - [18/Oct/2022:06:21:56 -0700] "GET /Contact-Bariatric-Equipment.html HTTP/1.1" 404 88 "-" "Mozilla/5.0 (compatible; BLEXBot/1.0; +http://webmeup-crawler.com/)" "electric-homecare.com"
157.90.181.149 - - [18/Oct/2022:06:22:08 -0700] "GET /Contact-Bath-Lifts.html HTTP/1.1" 404 88 "-" "Mozilla/5.0 (compatible; BLEXBot/1.0; +http://webmeup-crawler.com/)" "electric-homecare.com"
157.90.181.149 - - [18/Oct/2022:06:22:21 -0700] "GET /Contact-Hospital-Beds.html HTTP/1.1" 404 88 "-" "Mozilla/5.0 (compatible; BLEXBot/1.0; +http://webmeup-crawler.com/)" "electric-homecare.com"
157.90.181.149 - - [18/Oct/2022:06:22:55 -0700] "GET /Contact-Lift-Chairs.html HTTP/1.1" 404 88 "-" "Mozilla/5.0 (compatible; BLEXBot/1.0; +http://webmeup-crawler.com/)" "electric-homecare.com"
157.90.181.149 - - [18/Oct/2022:06:23:06 -0700] "GET /Contact-Massage-Chairs.html HTTP/1.1" 404 88 "-" "Mozilla/5.0 (compatible; BLEXBot/1.0; +http://webmeup-crawler.com/)" "electric-homecare.com"
157.90.181.149 - - [18/Oct/2022:06:23:21 -0700] "GET /Contact-Mattresses.html HTTP/1.1" 404 88 "-" "Mozilla/5.0 (compatible; BLEXBot/1.0; +http://webmeup-crawler.com/)" "electric-homecare.com"
157.90.181.149 - - [18/Oct/2022:06:23:36 -0700] "GET /Contact-Patient-Lifts.html HTTP/1.1" 404 88 "-" "Mozilla/5.0 (compatible; BLEXBot/1.0; +http://webmeup-crawler.com/)" "electric-homecare.com"
157.90.181.149 - - [18/Oct/2022:06:23:49 -0700] "GET /Contact-Pool-Lifts.html HTTP/1.1" 404 88 "-" "Mozilla/5.0 (compatible; BLEXBot/1.0; +http://webmeup-crawler.com/)" "electric-homecare.com"
157.90.181.149 - - [18/Oct/2022:06:24:01 -0700] "GET /Contact-Ramps.html HTTP/1.1" 404 88 "-" "Mozilla/5.0 (compatible; BLEXBot/1.0; +http://webmeup-crawler.com/)" "electric-homecare.com"
157.90.181.149 - - [18/Oct/2022:06:24:12 -0700] "GET /Contact-Scooters.html HTTP/1.1" 404 88 "-" "Mozilla/5.0 (compatible; BLEXBot/1.0; +http://webmeup-crawler.com/)" "electric-homecare.com"
157.90.181.149 - - [18/Oct/2022:06:24:25 -0700] "GET /Contact-Stair-Lifts.html HTTP/1.1" 404 88 "-" "Mozilla/5.0 (compatible; BLEXBot/1.0; +http://webmeup-crawler.com/)" "electric-homecare.com"
157.90.181.149 - - [18/Oct/2022:06:24:37 -0700] "GET /Contact-Used.html HTTP/1.1" 404 88 "-" "Mozilla/5.0 (compatible; BLEXBot/1.0; +http://webmeup-crawler.com/)" "electric-homecare.com"
157.90.181.149 - - [18/Oct/2022:06:25:11 -0700] "GET /Contact-Vehicle-Lifts.html HTTP/1.1" 404 88 "-" "Mozilla/5.0 (compatible; BLEXBot/1.0; +http://webmeup-crawler.com/)" "electric-homecare.com"
157.90.181.149 - - [18/Oct/2022:06:25:23 -0700] "GET /Contact-Wheelchair-Elevators.html HTTP/1.1" 404 88 "-" "Mozilla/5.0 (compatible; BLEXBot/1.0; +http://webmeup-crawler.com/)" "electric-homecare.com"
157.90.181.149 - - [18/Oct/2022:06:25:34 -0700] "GET /Contact-Wheelchairs.html HTTP/1.1" 404 88 "-" "Mozilla/5.0 (compatible; BLEXBot/1.0; +http://webmeup-crawler.com/)" "electric-homecare.com"
157.90.181.149 - - [18/Oct/2022:06:25:46 -0700] "GET /Contact.html HTTP/1.1" 404 88 "-" "Mozilla/5.0 (compatible; BLEXBot/1.0; +http://webmeup-crawler.com/)" "electric-homecare.com"
157.90.181.149 - - [18/Oct/2022:06:25:58 -0700] "GET /Directory.html HTTP/1.1" 404 88 "-" "Mozilla/5.0 (compatible; BLEXBot/1.0; +http://webmeup-crawler.com/)" "electric-homecare.com"
185.191.171.44 - - [18/Oct/2022:06:26:00 -0700] "GET /robots.txt HTTP/1.1" 200 64 "-" "Mozilla/5.0 (compatible; SemrushBot/7~bl; +http://www.semrush.com/bot.html)" "electric-homecare.com"
185.191.171.2 - - [18/Oct/2022:06:26:00 -0700] "GET /Houston-LC358.html HTTP/1.1" 200 3030 "-" "Mozilla/5.0 (compatible; SemrushBot/7~bl; +http://www.semrush.com/bot.html)" "electric-homecare.com"
157.90.181.149 - - [18/Oct/2022:06:26:09 -0700] "GET /Electric-Adjustable-Beds.html HTTP/1.1" 404 88 "-" "Mozilla/5.0 (compatible; BLEXBot/1.0; +http://webmeup-crawler.com/)" "electric-homecare.com"
157.90.181.149 - - [18/Oct/2022:06:26:21 -0700] "GET /Electric-Wheelchairs.html HTTP/1.1" 404 88 "-" "Mozilla/5.0 (compatible; BLEXBot/1.0; +http://webmeup-crawler.com/)" "electric-homecare.com"
157.90.181.149 - - [18/Oct/2022:06:26:33 -0700] "GET /Electropedic.html HTTP/1.1" 404 88 "-" "Mozilla/5.0 (compatible; BLEXBot/1.0; +http://webmeup-crawler.com/)" "electric-homecare.com"
157.90.181.149 - - [18/Oct/2022:06:26:44 -0700] "GET /Electropedic_beds/Latex-Foam.html HTTP/1.1" 404 88 "-" "Mozilla/5.0 (compatible; BLEXBot/1.0; +http://webmeup-crawler.com/)" "electric-homecare.com"
157.90.181.149 - - [18/Oct/2022:06:26:55 -0700] "GET /FlexABed.html HTTP/1.1" 404 88 "-" "Mozilla/5.0 (compatible; BLEXBot/1.0; +http://webmeup-crawler.com/)" "electric-homecare.com"
157.90.181.149 - - [18/Oct/2022:06:27:06 -0700] "GET /Gentle-Line.html HTTP/1.1" 404 88 "-" "Mozilla/5.0 (compatible; BLEXBot/1.0; +http://webmeup-crawler.com/)" "electric-homecare.com"
157.90.181.149 - - [18/Oct/2022:06:27:18 -0700] "GET /Golden-Lift-Chairs.html HTTP/1.1" 404 88 "-" "Mozilla/5.0 (compatible; BLEXBot/1.0; +http://webmeup-crawler.com/)" "electric-homecare.com"
157.90.181.149 - - [18/Oct/2022:06:27:30 -0700] "GET /Heavy-Duty-Mobility.html HTTP/1.1" 404 88 "-" "Mozilla/5.0 (compatible; BLEXBot/1.0; +http://webmeup-crawler.com/)" "electric-homecare.com"
157.90.181.149 - - [18/Oct/2022:06:27:41 -0700] "GET /Heavy-Duty.html HTTP/1.1" 404 88 "-" "Mozilla/5.0 (compatible; BLEXBot/1.0; +http://webmeup-crawler.com/)" "electric-homecare.com"
157.90.181.149 - - [18/Oct/2022:06:27:52 -0700] "GET /High-Profile.html HTTP/1.1" 404 88 "-" "Mozilla/5.0 (compatible; BLEXBot/1.0; +http://webmeup-crawler.com/)" "electric-homecare.com"
157.90.181.149 - - [18/Oct/2022:06:28:04 -0700] "GET /Hospital-Beds.html HTTP/1.1" 404 88 "-" "Mozilla/5.0 (compatible; BLEXBot/1.0; +http://webmeup-crawler.com/)" "electric-homecare.com"
157.90.181.149 - - [18/Oct/2022:06:28:17 -0700] "GET /Index-Spanish.html HTTP/1.1" 404 88 "-" "Mozilla/5.0 (compatible; BLEXBot/1.0; +http://webmeup-crawler.com/)" "electric-homecare.com"
157.90.181.149 - - [18/Oct/2022:06:28:29 -0700] "GET /Innerspring.html HTTP/1.1" 404 88 "-" "Mozilla/5.0 (compatible; BLEXBot/1.0; +http://webmeup-crawler.com/)" "electric-homecare.com"
157.90.181.149 - - [18/Oct/2022:06:28:41 -0700] "GET /Latex-Foam.html HTTP/1.1" 404 88 "-" "Mozilla/5.0 (compatible; BLEXBot/1.0; +http://webmeup-crawler.com/)" "electric-homecare.com"
157.90.181.149 - - [18/Oct/2022:06:28:53 -0700] "GET /Latexpedic.html HTTP/1.1" 404 88 "-" "Mozilla/5.0 (compatible; BLEXBot/1.0; +http://webmeup-crawler.com/)" "electric-homecare.com"
157.90.181.149 - - [18/Oct/2022:06:29:05 -0700] "GET /Leggett-Platt.html HTTP/1.1" 404 88 "-" "Mozilla/5.0 (compatible; BLEXBot/1.0; +http://webmeup-crawler.com/)" "electric-homecare.com"
157.90.181.149 - - [18/Oct/2022:06:29:17 -0700] "GET /Leisure-Lift.html HTTP/1.1" 404 88 "-" "Mozilla/5.0 (compatible; BLEXBot/1.0; +http://webmeup-crawler.com/)" "electric-homecare.com"
157.90.181.149 - - [18/Oct/2022:06:29:28 -0700] "GET /Lift-Chairs.html HTTP/1.1" 200 14960 "-" "Mozilla/5.0 (compatible; BLEXBot/1.0; +http://webmeup-crawler.com/)" "electric-homecare.com"
157.90.181.149 - - [18/Oct/2022:06:29:40 -0700] "GET /Los-Angeles-CA.html HTTP/1.1" 404 88 "-" "Mozilla/5.0 (compatible; BLEXBot/1.0; +http://webmeup-crawler.com/)" "electric-homecare.com"
157.90.181.149 - - [18/Oct/2022:06:29:51 -0700] "GET /Med-Lift.html HTTP/1.1" 404 88 "-" "Mozilla/5.0 (compatible; BLEXBot/1.0; +http://webmeup-crawler.com/)" "electric-homecare.com"
157.90.181.149 - - [18/Oct/2022:06:30:02 -0700] "GET /MedLift.html HTTP/1.1" 404 88 "-" "Mozilla/5.0 (compatible; BLEXBot/1.0; +http://webmeup-crawler.com/)" "electric-homecare.com"
157.90.181.149 - - [18/Oct/2022:06:30:14 -0700] "GET /Medicare-Forms.html HTTP/1.1" 404 88 "-" "Mozilla/5.0 (compatible; BLEXBot/1.0; +http://webmeup-crawler.com/)" "electric-homecare.com"
157.90.181.149 - - [18/Oct/2022:06:30:25 -0700] "GET /Medicare.html HTTP/1.1" 404 88 "-" "Mozilla/5.0 (compatible; BLEXBot/1.0; +http://webmeup-crawler.com/)" "electric-homecare.com"
216.244.66.247 - - [18/Oct/2022:06:30:27 -0700] "GET /robots.txt HTTP/1.1" 200 48 "-" "Mozilla/5.0 (compatible; DotBot/1.2; +https://opensiteexplorer.org/dotbot; help@moz.com)" "electric-homecare.com"
157.90.181.149 - - [18/Oct/2022:06:30:37 -0700] "GET /Memory-Foam.html HTTP/1.1" 404 88 "-" "Mozilla/5.0 (compatible; BLEXBot/1.0; +http://webmeup-crawler.com/)" "electric-homecare.com"
157.90.181.149 - - [18/Oct/2022:06:30:48 -0700] "GET /More-Comfort.html HTTP/1.1" 404 88 "-" "Mozilla/5.0 (compatible; BLEXBot/1.0; +http://webmeup-crawler.com/)" "electric-homecare.com"
157.90.181.149 - - [18/Oct/2022:06:31:00 -0700] "GET /robots.txt HTTP/1.1" 200 64 "-" "Mozilla/5.0 (compatible; BLEXBot/1.0; +http://webmeup-crawler.com/)" "electric-homecare.com"
157.90.181.149 - - [18/Oct/2022:06:31:01 -0700] "GET /Nationwide.html HTTP/1.1" 404 88 "-" "Mozilla/5.0 (compatible; BLEXBot/1.0; +http://webmeup-crawler.com/)" "electric-homecare.com"
157.90.181.149 - - [18/Oct/2022:06:31:14 -0700] "GET /Orange-County.html HTTP/1.1" 404 88 "-" "Mozilla/5.0 (compatible; BLEXBot/1.0; +http://webmeup-crawler.com/)" "electric-homecare.com"
157.90.181.149 - - [18/Oct/2022:06:31:25 -0700] "GET /Organic-Comfort.html HTTP/1.1" 404 88 "-" "Mozilla/5.0 (compatible; BLEXBot/1.0; +http://webmeup-crawler.com/)" "electric-homecare.com"
157.90.181.149 - - [18/Oct/2022:06:31:38 -0700] "GET /PaceSaver.html HTTP/1.1" 404 88 "-" "Mozilla/5.0 (compatible; BLEXBot/1.0; +http://webmeup-crawler.com/)" "electric-homecare.com"
157.90.181.149 - - [18/Oct/2022:06:31:50 -0700] "GET /Phoenix-AZ.html HTTP/1.1" 404 88 "-" "Mozilla/5.0 (compatible; BLEXBot/1.0; +http://webmeup-crawler.com/)" "electric-homecare.com"
157.90.181.149 - - [18/Oct/2022:06:32:02 -0700] "GET /Pride-Lift-Chairs.html HTTP/1.1" 404 88 "-" "Mozilla/5.0 (compatible; BLEXBot/1.0; +http://webmeup-crawler.com/)" "electric-homecare.com"
157.90.181.149 - - [18/Oct/2022:06:32:14 -0700] "GET /Primo.html HTTP/1.1" 404 88 "-" "Mozilla/5.0 (compatible; BLEXBot/1.0; +http://webmeup-crawler.com/)" "electric-homecare.com"
157.90.181.149 - - [18/Oct/2022:06:32:25 -0700] "GET /Prodigy.html HTTP/1.1" 404 88 "-" "Mozilla/5.0 (compatible; BLEXBot/1.0; +http://webmeup-crawler.com/)" "electric-homecare.com"
157.90.181.149 - - [18/Oct/2022:06:32:37 -0700] "GET /Quickie.html HTTP/1.1" 404 88 "-" "Mozilla/5.0 (compatible; BLEXBot/1.0; +http://webmeup-crawler.com/)" "electric-homecare.com"
157.90.181.149 - - [18/Oct/2022:06:32:49 -0700] "GET /Rent.html HTTP/1.1" 404 88 "-" "Mozilla/5.0 (compatible; BLEXBot/1.0; +http://webmeup-crawler.com/)" "electric-homecare.com"
157.90.181.149 - - [18/Oct/2022:06:33:27 -0700] "GET /Rentals.html HTTP/1.1" 404 88 "-" "Mozilla/5.0 (compatible; BLEXBot/1.0; +http://webmeup-crawler.com/)" "electric-homecare.com"
157.90.181.149 - - [18/Oct/2022:06:33:39 -0700] "GET /Reverie.html HTTP/1.1" 404 88 "-" "Mozilla/5.0 (compatible; BLEXBot/1.0; +http://webmeup-crawler.com/)" "electric-homecare.com"
157.90.181.149 - - [18/Oct/2022:06:33:50 -0700] "GET /S-cape.html HTTP/1.1" 404 88 "-" "Mozilla/5.0 (compatible; BLEXBot/1.0; +http://webmeup-crawler.com/)" "electric-homecare.com"
157.90.181.149 - - [18/Oct/2022:06:34:02 -0700] "GET /San-Fernando-Valley.html HTTP/1.1" 404 88 "-" "Mozilla/5.0 (compatible; BLEXBot/1.0; +http://webmeup-crawler.com/)" "electric-homecare.com"
157.90.181.149 - - [18/Oct/2022:06:34:13 -0700] "GET /Service-Repair-CA.html HTTP/1.1" 404 88 "-" "Mozilla/5.0 (compatible; BLEXBot/1.0; +http://webmeup-crawler.com/)" "electric-homecare.com"
157.90.181.149 - - [18/Oct/2022:06:34:24 -0700] "GET /Showrooms.html HTTP/1.1" 404 88 "-" "Mozilla/5.0 (compatible; BLEXBot/1.0; +http://webmeup-crawler.com/)" "electric-homecare.com"
157.90.181.149 - - [18/Oct/2022:06:34:36 -0700] "GET /Swiss-Rest.html HTTP/1.1" 404 88 "-" "Mozilla/5.0 (compatible; BLEXBot/1.0; +http://webmeup-crawler.com/)" "electric-homecare.com"
157.90.181.149 - - [18/Oct/2022:06:34:47 -0700] "GET /Transfer-Master.html HTTP/1.1" 404 88 "-" "Mozilla/5.0 (compatible; BLEXBot/1.0; +http://webmeup-crawler.com/)" "electric-homecare.com"
157.90.181.149 - - [18/Oct/2022:06:34:58 -0700] "GET /USA.html HTTP/1.1" 404 88 "-" "Mozilla/5.0 (compatible; BLEXBot/1.0; +http://webmeup-crawler.com/)" "electric-homecare.com"
157.90.181.149 - - [18/Oct/2022:06:35:09 -0700] "GET /Used-Adjustable-Beds.html HTTP/1.1" 404 88 "-" "Mozilla/5.0 (compatible; BLEXBot/1.0; +http://webmeup-crawler.com/)" "electric-homecare.com"
157.90.181.149 - - [18/Oct/2022:06:35:21 -0700] "GET /Used-Electric-Lift-Chairs.html HTTP/1.1" 404 88 "-" "Mozilla/5.0 (compatible; BLEXBot/1.0; +http://webmeup-crawler.com/)" "electric-homecare.com"
157.90.181.149 - - [18/Oct/2022:06:35:32 -0700] "GET /Used-Electric-Wheelchairs.html HTTP/1.1" 404 88 "-" "Mozilla/5.0 (compatible; BLEXBot/1.0; +http://webmeup-crawler.com/)" "electric-homecare.com"
157.90.181.149 - - [18/Oct/2022:06:35:43 -0700] "GET /Used.html HTTP/1.1" 404 88 "-" "Mozilla/5.0 (compatible; BLEXBot/1.0; +http://webmeup-crawler.com/)" "electric-homecare.com"
157.90.181.149 - - [18/Oct/2022:06:35:55 -0700] "GET /Wheelchair-Elevators.html HTTP/1.1" 404 88 "-" "Mozilla/5.0 (compatible; BLEXBot/1.0; +http://webmeup-crawler.com/)" "electric-homecare.com"
157.90.181.149 - - [18/Oct/2022:06:36:06 -0700] "GET /a.html HTTP/1.1" 200 1725 "-" "Mozilla/5.0 (compatible; BLEXBot/1.0; +http://webmeup-crawler.com/)" "electric-homecare.com"
157.90.181.149 - - [18/Oct/2022:06:36:18 -0700] "GET /b.html HTTP/1.1" 200 7694 "-" "Mozilla/5.0 (compatible; BLEXBot/1.0; +http://webmeup-crawler.com/)" "electric-homecare.com"
157.90.181.149 - - [18/Oct/2022:06:36:29 -0700] "GET /c.html HTTP/1.1" 404 88 "-" "Mozilla/5.0 (compatible; BLEXBot/1.0; +http://webmeup-crawler.com/)" "electric-homecare.com"
157.90.181.149 - - [18/Oct/2022:06:36:40 -0700] "GET /contact.html HTTP/1.1" 404 88 "-" "Mozilla/5.0 (compatible; BLEXBot/1.0; +http://webmeup-crawler.com/)" "electric-homecare.com"
157.90.181.149 - - [18/Oct/2022:06:36:51 -0700] "GET /d.html HTTP/1.1" 404 88 "-" "Mozilla/5.0 (compatible; BLEXBot/1.0; +http://webmeup-crawler.com/)" "electric-homecare.com"
157.90.181.149 - - [18/Oct/2022:06:37:04 -0700] "GET /e.html HTTP/1.1" 404 88 "-" "Mozilla/5.0 (compatible; BLEXBot/1.0; +http://webmeup-crawler.com/)" "electric-homecare.com"
157.90.181.149 - - [18/Oct/2022:06:37:15 -0700] "GET /f.html HTTP/1.1" 404 88 "-" "Mozilla/5.0 (compatible; BLEXBot/1.0; +http://webmeup-crawler.com/)" "electric-homecare.com"
157.90.181.149 - - [18/Oct/2022:06:37:26 -0700] "GET /flexabed_adjustable_beds.html HTTP/1.1" 404 88 "-" "Mozilla/5.0 (compatible; BLEXBot/1.0; +http://webmeup-crawler.com/)" "electric-homecare.com"
157.90.181.149 - - [18/Oct/2022:06:37:41 -0700] "GET /g.html HTTP/1.1" 404 88 "-" "Mozilla/5.0 (compatible; BLEXBot/1.0; +http://webmeup-crawler.com/)" "electric-homecare.com"
157.90.181.149 - - [18/Oct/2022:06:37:53 -0700] "GET /h.html HTTP/1.1" 404 88 "-" "Mozilla/5.0 (compatible; BLEXBot/1.0; +http://webmeup-crawler.com/)" "electric-homecare.com"
157.90.181.149 - - [18/Oct/2022:06:38:04 -0700] "GET /i.html HTTP/1.1" 404 88 "-" "Mozilla/5.0 (compatible; BLEXBot/1.0; +http://webmeup-crawler.com/)" "electric-homecare.com"
157.90.181.149 - - [18/Oct/2022:06:38:15 -0700] "GET /j.html HTTP/1.1" 404 88 "-" "Mozilla/5.0 (compatible; BLEXBot/1.0; +http://webmeup-crawler.com/)" "electric-homecare.com"
157.90.181.149 - - [18/Oct/2022:06:38:27 -0700] "GET /k.html HTTP/1.1" 404 88 "-" "Mozilla/5.0 (compatible; BLEXBot/1.0; +http://webmeup-crawler.com/)" "electric-homecare.com"
157.90.181.149 - - [18/Oct/2022:06:38:38 -0700] "GET /l.html HTTP/1.1" 404 88 "-" "Mozilla/5.0 (compatible; BLEXBot/1.0; +http://webmeup-crawler.com/)" "electric-homecare.com"
157.90.181.149 - - [18/Oct/2022:06:38:50 -0700] "GET /m.html HTTP/1.1" 404 88 "-" "Mozilla/5.0 (compatible; BLEXBot/1.0; +http://webmeup-crawler.com/)" "electric-homecare.com"
157.90.181.149 - - [18/Oct/2022:06:39:01 -0700] "GET /n.html HTTP/1.1" 404 88 "-" "Mozilla/5.0 (compatible; BLEXBot/1.0; +http://webmeup-crawler.com/)" "electric-homecare.com"
157.90.181.149 - - [18/Oct/2022:06:39:13 -0700] "GET /o.html HTTP/1.1" 404 88 "-" "Mozilla/5.0 (compatible; BLEXBot/1.0; +http://webmeup-crawler.com/)" "electric-homecare.com"
157.90.181.149 - - [18/Oct/2022:06:39:24 -0700] "GET /p.html HTTP/1.1" 404 88 "-" "Mozilla/5.0 (compatible; BLEXBot/1.0; +http://webmeup-crawler.com/)" "electric-homecare.com"
157.90.181.149 - - [18/Oct/2022:06:39:35 -0700] "GET /photo.html HTTP/1.1" 404 88 "-" "Mozilla/5.0 (compatible; BLEXBot/1.0; +http://webmeup-crawler.com/)" "electric-homecare.com"
157.90.181.149 - - [18/Oct/2022:06:39:47 -0700] "GET /primo_international_adjustable_b.html HTTP/1.1" 404 88 "-" "Mozilla/5.0 (compatible; BLEXBot/1.0; +http://webmeup-crawler.com/)" "electric-homecare.com"
157.90.181.149 - - [18/Oct/2022:06:39:58 -0700] "GET /prodigy_leggett.html HTTP/1.1" 404 88 "-" "Mozilla/5.0 (compatible; BLEXBot/1.0; +http://webmeup-crawler.com/)" "electric-homecare.com"
157.90.181.149 - - [18/Oct/2022:06:40:09 -0700] "GET /q.html HTTP/1.1" 404 88 "-" "Mozilla/5.0 (compatible; BLEXBot/1.0; +http://webmeup-crawler.com/)" "electric-homecare.com"
157.90.181.149 - - [18/Oct/2022:06:40:21 -0700] "GET /qualify1.asp HTTP/1.1" 404 88 "-" "Mozilla/5.0 (compatible; BLEXBot/1.0; +http://webmeup-crawler.com/)" "electric-homecare.com"
157.90.181.149 - - [18/Oct/2022:06:40:32 -0700] "GET /r.html HTTP/1.1" 404 88 "-" "Mozilla/5.0 (compatible; BLEXBot/1.0; +http://webmeup-crawler.com/)" "electric-homecare.com"
157.90.181.149 - - [18/Oct/2022:06:40:44 -0700] "GET /s.html HTTP/1.1" 404 88 "-" "Mozilla/5.0 (compatible; BLEXBot/1.0; +http://webmeup-crawler.com/)" "electric-homecare.com"
157.90.181.149 - - [18/Oct/2022:06:40:56 -0700] "GET /scape_leggett.html HTTP/1.1" 404 88 "-" "Mozilla/5.0 (compatible; BLEXBot/1.0; +http://webmeup-crawler.com/)" "electric-homecare.com"
157.90.181.149 - - [18/Oct/2022:06:41:07 -0700] "GET /service.html HTTP/1.1" 404 88 "-" "Mozilla/5.0 (compatible; BLEXBot/1.0; +http://webmeup-crawler.com/)" "electric-homecare.com"
