64.124.8.47 - - [22/Oct/2022:17:01:04 -0700] "GET /robots.txt HTTP/1.1" 200 64 "-" "Mozilla/5.0 (X11; Linux x86_64) AppleWebKit/537.36 (KHTML, like Gecko) Chrome/61.0.3163.79 Safari/537.36" "www.electric-homecare.com"
64.124.8.47 - - [22/Oct/2022:17:01:04 -0700] "GET /robots.txt HTTP/1.1" 200 64 "-" "Mozilla/5.0 (X11; Linux x86_64) AppleWebKit/537.36 (KHTML, like Gecko) Chrome/61.0.3163.79 Safari/537.36" "www.electric-homecare.com"
64.124.8.47 - - [22/Oct/2022:17:01:04 -0700] "GET /Temecula-Electric-Wheelchair-Power-Chairs.html HTTP/1.1" 404 88 "-" "Mozilla/5.0 (X11; Linux x86_64) AppleWebKit/537.36 (KHTML, like Gecko) Chrome/61.0.3163.79 Safari/537.36" "www.electric-homecare.com"
64.124.8.47 - - [22/Oct/2022:17:07:15 -0700] "GET /Tempe-Electric-Wheelchair-Power-Chairs.html HTTP/1.1" 404 88 "-" "Mozilla/5.0 (X11; Linux x86_64) AppleWebKit/537.36 (KHTML, like Gecko) Chrome/61.0.3163.79 Safari/537.36" "www.electric-homecare.com"
64.124.8.57 - - [22/Oct/2022:17:16:54 -0700] "GET /Elite-Outdoor-Straight.html HTTP/1.1" 404 88 "-" "Mozilla/5.0 (X11; Linux x86_64) AppleWebKit/537.36 (KHTML, like Gecko) Chrome/61.0.3163.79 Safari/537.36" "electric-homecare.com"
64.124.8.57 - - [22/Oct/2022:17:18:39 -0700] "GET /robots.txt HTTP/1.1" 200 64 "-" "Mozilla/5.0 (X11; Linux x86_64) AppleWebKit/537.36 (KHTML, like Gecko) Chrome/61.0.3163.79 Safari/537.36" "electric-homecare.com"
64.124.8.57 - - [22/Oct/2022:17:18:40 -0700] "GET /Houston-High-Profile.html HTTP/1.1" 200 3482 "-" "Mozilla/5.0 (X11; Linux x86_64) AppleWebKit/537.36 (KHTML, like Gecko) Chrome/61.0.3163.79 Safari/537.36" "electric-homecare.com"
64.124.8.57 - - [22/Oct/2022:17:20:40 -0700] "GET /high%20profile%20latex%20mattress%20Houston%20tx%20affordable%20cost%20sale%20price%20electric%20hospital%20bariatric%20bed%20are%20motorized%20base%20foundation%20frame HTTP/1.1" 404 88 "-" "Mozilla/5.0 (X11; Linux x86_64) AppleWebKit/537.36 (KHTML, like Gecko) Chrome/61.0.3163.79 Safari/537.36" "electric-homecare.com"
185.191.171.6 - - [22/Oct/2022:17:23:05 -0700] "GET /robots.txt HTTP/1.1" 200 64 "-" "Mozilla/5.0 (compatible; SemrushBot/7~bl; +http://www.semrush.com/bot.html)" "electric-homecare.com"
185.191.171.1 - - [22/Oct/2022:17:23:06 -0700] "GET /Houston-pacesaver.html HTTP/1.1" 200 4394 "-" "Mozilla/5.0 (compatible; SemrushBot/7~bl; +http://www.semrush.com/bot.html)" "electric-homecare.com"
64.124.8.57 - - [22/Oct/2022:17:24:10 -0700] "GET /Elite-Indoor-Curved.html HTTP/1.1" 404 88 "-" "Mozilla/5.0 (X11; Linux x86_64) AppleWebKit/537.36 (KHTML, like Gecko) Chrome/61.0.3163.79 Safari/537.36" "electric-homecare.com"
64.124.8.47 - - [22/Oct/2022:17:26:58 -0700] "GET /Vista-Electric-Wheelchair-Power-Chairs.html HTTP/1.1" 404 88 "-" "Mozilla/5.0 (X11; Linux x86_64) AppleWebKit/537.36 (KHTML, like Gecko) Chrome/61.0.3163.79 Safari/537.36" "www.electric-homecare.com"
64.124.8.47 - - [22/Oct/2022:17:28:38 -0700] "GET /Westminster-Electric-Wheelchair-Power-Chairs.html HTTP/1.1" 404 88 "-" "Mozilla/5.0 (X11; Linux x86_64) AppleWebKit/537.36 (KHTML, like Gecko) Chrome/61.0.3163.79 Safari/537.36" "www.electric-homecare.com"
114.119.136.203 - - [22/Oct/2022:17:32:21 -0700] "GET /US_GOGO_ES_2_ORDER_FORM.pdf HTTP/1.1" 200 288250 "https://electric-homecare.com/Houston-GoGoES2.html" "Mozilla/5.0 (Linux; Android 7.0;) AppleWebKit/537.36 (KHTML, like Gecko) Mobile Safari/537.36 (compatible; PetalBot;+https://webmaster.petalsearch.com/site/petalbot)" "electric-homecare.com"
77.75.76.161 - - [22/Oct/2022:17:32:53 -0700] "GET /robots.txt HTTP/1.1" 200 64 "-" "Mozilla/5.0 (compatible; SeznamBot/3.2; +http://napoveda.seznam.cz/en/seznambot-intro/)" "electric-homecare.com"
77.75.76.161 - - [22/Oct/2022:17:32:55 -0700] "GET /TM_Pressmat_2.jpg HTTP/1.1" 304 - "-" "Mozilla/5.0 (compatible; SeznamBot/3.2; +http://napoveda.seznam.cz/en/seznambot-intro/)" "electric-homecare.com"
42.194.204.180 - - [22/Oct/2022:17:37:40 -0700] "GET /0001.jpg HTTP/1.1" 200 153678 "-" "Mozilla/5.0 (X11; Ubuntu; Linux x86_64; rv:72.0) Gecko/20100101 Firefox/72.0" "electric-homecare.com"
64.124.8.57 - - [22/Oct/2022:17:42:31 -0700] "GET /Indoor-Stair-Lifts.html HTTP/1.1" 404 88 "-" "Mozilla/5.0 (X11; Linux x86_64) AppleWebKit/537.36 (KHTML, like Gecko) Chrome/61.0.3163.79 Safari/537.36" "electric-homecare.com"
157.55.39.106 - - [22/Oct/2022:17:44:14 -0700] "GET /5-acorn-80.jpg HTTP/1.1" 200 5927 "-" "Mozilla/5.0 AppleWebKit/537.36 (KHTML, like Gecko; compatible; bingbot/2.0; +http://www.bing.com/bingbot.htm) Chrome/103.0.5060.134 Safari/537.36" "electric-homecare.com"
44.228.64.221 - - [22/Oct/2022:17:44:29 -0700] "GET /Houston-Adjustable-Beds.html HTTP/1.1" 200 11912 "-" "Python/3.8 aiohttp/3.8.3" "electric-homecare.com"
216.244.66.247 - - [22/Oct/2022:17:44:53 -0700] "GET /robots.txt HTTP/1.1" 200 48 "-" "Mozilla/5.0 (compatible; DotBot/1.2; +https://opensiteexplorer.org/dotbot; help@moz.com)" "electric-homecare.com"
64.124.8.47 - - [22/Oct/2022:17:46:18 -0700] "GET /Murrieta-Electric-Wheelchair-Power-Chairs.html HTTP/1.1" 404 88 "-" "Mozilla/5.0 (X11; Linux x86_64) AppleWebKit/537.36 (KHTML, like Gecko) Chrome/61.0.3163.79 Safari/537.36" "www.electric-homecare.com"
185.191.171.45 - - [22/Oct/2022:17:58:55 -0700] "GET /robots.txt HTTP/1.1" 200 64 "-" "Mozilla/5.0 (compatible; SemrushBot/7~bl; +http://www.semrush.com/bot.html)" "www.electric-homecare.com"
185.191.171.15 - - [22/Oct/2022:17:58:55 -0700] "GET /index.html HTTP/1.1" 200 4147 "-" "Mozilla/5.0 (compatible; SemrushBot/7~bl; +http://www.semrush.com/bot.html)" "www.electric-homecare.com"
188.165.237.120 - - [22/Oct/2022:18:01:18 -0700] "GET /robots.txt HTTP/1.1" 200 48 "-" "Mozilla/5.0 (compatible; MJ12bot/v1.4.8; http://mj12bot.com/)" "electric-homecare.com"
188.165.237.120 - - [22/Oct/2022:18:01:24 -0700] "GET /Acorn-Curve.html HTTP/1.1" 404 88 "-" "Mozilla/5.0 (compatible; MJ12bot/v1.4.8; http://mj12bot.com/)" "electric-homecare.com"
188.165.237.120 - - [22/Oct/2022:18:01:29 -0700] "GET /Acorn-Indoor.html HTTP/1.1" 404 88 "-" "Mozilla/5.0 (compatible; MJ12bot/v1.4.8; http://mj12bot.com/)" "electric-homecare.com"
188.165.237.120 - - [22/Oct/2022:18:01:33 -0700] "GET /Acorn-Outdoor.html HTTP/1.1" 404 88 "-" "Mozilla/5.0 (compatible; MJ12bot/v1.4.8; http://mj12bot.com/)" "electric-homecare.com"
188.165.237.120 - - [22/Oct/2022:18:01:38 -0700] "GET /Elan.html HTTP/1.1" 404 88 "-" "Mozilla/5.0 (compatible; MJ12bot/v1.4.8; http://mj12bot.com/)" "electric-homecare.com"
188.165.237.120 - - [22/Oct/2022:18:01:42 -0700] "GET /Elite-Indoor-Curved.html HTTP/1.1" 404 88 "-" "Mozilla/5.0 (compatible; MJ12bot/v1.4.8; http://mj12bot.com/)" "electric-homecare.com"
188.165.237.120 - - [22/Oct/2022:18:01:47 -0700] "GET /Elite-Indoor.html HTTP/1.1" 404 88 "-" "Mozilla/5.0 (compatible; MJ12bot/v1.4.8; http://mj12bot.com/)" "electric-homecare.com"
188.165.237.120 - - [22/Oct/2022:18:01:52 -0700] "GET /Elite-Outdoor-Curved.html HTTP/1.1" 404 88 "-" "Mozilla/5.0 (compatible; MJ12bot/v1.4.8; http://mj12bot.com/)" "electric-homecare.com"
188.165.237.120 - - [22/Oct/2022:18:01:57 -0700] "GET /Elite-Outdoor-Straight.html HTTP/1.1" 404 88 "-" "Mozilla/5.0 (compatible; MJ12bot/v1.4.8; http://mj12bot.com/)" "electric-homecare.com"
188.165.237.120 - - [22/Oct/2022:18:02:03 -0700] "GET /Harmar-Stairlifts.html HTTP/1.1" 404 88 "-" "Mozilla/5.0 (compatible; MJ12bot/v1.4.8; http://mj12bot.com/)" "electric-homecare.com"
188.165.237.120 - - [22/Oct/2022:18:02:09 -0700] "GET /Savaria-Stair-Lifts.html HTTP/1.1" 404 88 "-" "Mozilla/5.0 (compatible; MJ12bot/v1.4.8; http://mj12bot.com/)" "electric-homecare.com"
188.165.237.120 - - [22/Oct/2022:18:02:18 -0700] "GET /robots.txt HTTP/1.1" 200 48 "-" "Mozilla/5.0 (compatible; MJ12bot/v1.4.8; http://mj12bot.com/)" "www.electric-homecare.com"
188.165.237.120 - - [22/Oct/2022:18:02:20 -0700] "GET /AquaCreek.html HTTP/1.1" 200 7067 "-" "Mozilla/5.0 (compatible; MJ12bot/v1.4.8; http://mj12bot.com/)" "www.electric-homecare.com"
188.165.237.120 - - [22/Oct/2022:18:02:23 -0700] "GET /Houston-MedLiftLiftChairs.html HTTP/1.1" 200 3586 "-" "Mozilla/5.0 (compatible; MJ12bot/v1.4.8; http://mj12bot.com/)" "www.electric-homecare.com"
188.165.237.120 - - [22/Oct/2022:18:02:25 -0700] "GET /Houston-Memory-Foam.html HTTP/1.1" 200 3410 "-" "Mozilla/5.0 (compatible; MJ12bot/v1.4.8; http://mj12bot.com/)" "www.electric-homecare.com"
188.165.237.120 - - [22/Oct/2022:18:02:28 -0700] "GET /Houston-PacesaverBariatricScooters.html HTTP/1.1" 200 3412 "-" "Mozilla/5.0 (compatible; MJ12bot/v1.4.8; http://mj12bot.com/)" "www.electric-homecare.com"
188.165.237.120 - - [22/Oct/2022:18:02:31 -0700] "GET /Houston-PacesaverScooters.html HTTP/1.1" 200 3566 "-" "Mozilla/5.0 (compatible; MJ12bot/v1.4.8; http://mj12bot.com/)" "www.electric-homecare.com"
188.165.237.120 - - [22/Oct/2022:18:02:39 -0700] "GET /Houston-Perfect-Firmness.html HTTP/1.1" 200 3612 "-" "Mozilla/5.0 (compatible; MJ12bot/v1.4.8; http://mj12bot.com/)" "www.electric-homecare.com"
188.165.237.120 - - [22/Oct/2022:18:02:44 -0700] "GET /Houston-Pocketed-Coil.html HTTP/1.1" 200 3573 "-" "Mozilla/5.0 (compatible; MJ12bot/v1.4.8; http://mj12bot.com/)" "www.electric-homecare.com"
188.165.237.120 - - [22/Oct/2022:18:02:49 -0700] "GET /Houston-PrideLiftsandRamps.html HTTP/1.1" 200 3233 "-" "Mozilla/5.0 (compatible; MJ12bot/v1.4.8; http://mj12bot.com/)" "www.electric-homecare.com"
188.165.237.120 - - [22/Oct/2022:18:03:01 -0700] "GET /Houston-Primo.html HTTP/1.1" 200 3618 "-" "Mozilla/5.0 (compatible; MJ12bot/v1.4.8; http://mj12bot.com/)" "www.electric-homecare.com"
188.165.237.120 - - [22/Oct/2022:18:03:07 -0700] "GET /Houston-Pursuit.html HTTP/1.1" 200 4114 "-" "Mozilla/5.0 (compatible; MJ12bot/v1.4.8; http://mj12bot.com/)" "www.electric-homecare.com"
188.165.237.120 - - [22/Oct/2022:18:03:12 -0700] "GET /Houston-PursuitSport36Volt.html HTTP/1.1" 200 4043 "-" "Mozilla/5.0 (compatible; MJ12bot/v1.4.8; http://mj12bot.com/)" "www.electric-homecare.com"
188.165.237.120 - - [22/Oct/2022:18:03:20 -0700] "GET /Houston-QuickieWheelchairs.html HTTP/1.1" 200 5214 "-" "Mozilla/5.0 (compatible; MJ12bot/v1.4.8; http://mj12bot.com/)" "www.electric-homecare.com"
188.165.237.120 - - [22/Oct/2022:18:03:25 -0700] "GET /Houston-Relaxer.html HTTP/1.1" 200 4044 "-" "Mozilla/5.0 (compatible; MJ12bot/v1.4.8; http://mj12bot.com/)" "www.electric-homecare.com"
188.165.237.120 - - [22/Oct/2022:18:03:30 -0700] "GET /Houston-ResidentialVerticalPlatformLift.html HTTP/1.1" 200 3957 "-" "Mozilla/5.0 (compatible; MJ12bot/v1.4.8; http://mj12bot.com/)" "www.electric-homecare.com"
188.165.237.120 - - [22/Oct/2022:18:03:37 -0700] "GET /Houston-Reverie.html HTTP/1.1" 200 4493 "-" "Mozilla/5.0 (compatible; MJ12bot/v1.4.8; http://mj12bot.com/)" "www.electric-homecare.com"
188.165.237.120 - - [22/Oct/2022:18:03:47 -0700] "GET /Houston-Savariastairlifts.html HTTP/1.1" 200 5807 "-" "Mozilla/5.0 (compatible; MJ12bot/v1.4.8; http://mj12bot.com/)" "www.electric-homecare.com"
188.165.237.120 - - [22/Oct/2022:18:03:54 -0700] "GET /Houston-Scooters.html HTTP/1.1" 200 13467 "-" "Mozilla/5.0 (compatible; MJ12bot/v1.4.8; http://mj12bot.com/)" "www.electric-homecare.com"
188.165.237.120 - - [22/Oct/2022:18:04:04 -0700] "GET /Houston-Shopriderpowerchairs.html HTTP/1.1" 200 4895 "-" "Mozilla/5.0 (compatible; MJ12bot/v1.4.8; http://mj12bot.com/)" "www.electric-homecare.com"
188.165.237.120 - - [22/Oct/2022:18:04:09 -0700] "GET /Houston-Span-America.html HTTP/1.1" 200 3492 "-" "Mozilla/5.0 (compatible; MJ12bot/v1.4.8; http://mj12bot.com/)" "www.electric-homecare.com"
188.165.237.120 - - [22/Oct/2022:18:04:14 -0700] "GET /Houston-THE-ULTIMATE.html HTTP/1.1" 200 3590 "-" "Mozilla/5.0 (compatible; MJ12bot/v1.4.8; http://mj12bot.com/)" "www.electric-homecare.com"
188.165.237.120 - - [22/Oct/2022:18:04:20 -0700] "GET /Houston-Transfermaster.html HTTP/1.1" 200 4857 "-" "Mozilla/5.0 (compatible; MJ12bot/v1.4.8; http://mj12bot.com/)" "www.electric-homecare.com"
188.165.237.120 - - [22/Oct/2022:18:04:24 -0700] "GET /Houston-Used.html HTTP/1.1" 200 3724 "-" "Mozilla/5.0 (compatible; MJ12bot/v1.4.8; http://mj12bot.com/)" "www.electric-homecare.com"
188.165.237.120 - - [22/Oct/2022:18:04:36 -0700] "GET /Houston-Victory10.html HTTP/1.1" 200 4093 "-" "Mozilla/5.0 (compatible; MJ12bot/v1.4.8; http://mj12bot.com/)" "www.electric-homecare.com"
188.165.237.120 - - [22/Oct/2022:18:04:40 -0700] "GET /Houston-Victory10LXwithCTSSuspension.html HTTP/1.1" 200 3984 "-" "Mozilla/5.0 (compatible; MJ12bot/v1.4.8; http://mj12bot.com/)" "www.electric-homecare.com"
188.165.237.120 - - [22/Oct/2022:18:04:47 -0700] "GET /Houston-Victory9.html HTTP/1.1" 200 4175 "-" "Mozilla/5.0 (compatible; MJ12bot/v1.4.8; http://mj12bot.com/)" "www.electric-homecare.com"
188.165.237.120 - - [22/Oct/2022:18:04:56 -0700] "GET /Houston-VictorySport.html HTTP/1.1" 200 4009 "-" "Mozilla/5.0 (compatible; MJ12bot/v1.4.8; http://mj12bot.com/)" "www.electric-homecare.com"
188.165.237.120 - - [22/Oct/2022:18:05:00 -0700] "GET /Houston-Volkner.html HTTP/1.1" 200 5140 "-" "Mozilla/5.0 (compatible; MJ12bot/v1.4.8; http://mj12bot.com/)" "www.electric-homecare.com"
188.165.237.120 - - [22/Oct/2022:18:05:06 -0700] "GET /Houston-Wheel-Chair-Lifts.html HTTP/1.1" 200 3849 "-" "Mozilla/5.0 (compatible; MJ12bot/v1.4.8; http://mj12bot.com/)" "www.electric-homecare.com"
188.165.237.120 - - [22/Oct/2022:18:05:12 -0700] "GET /Houston-Wheelchairs.html HTTP/1.1" 200 12937 "-" "Mozilla/5.0 (compatible; MJ12bot/v1.4.8; http://mj12bot.com/)" "www.electric-homecare.com"
188.165.237.120 - - [22/Oct/2022:18:05:23 -0700] "GET /Houston-evrider.html HTTP/1.1" 200 5564 "-" "Mozilla/5.0 (compatible; MJ12bot/v1.4.8; http://mj12bot.com/)" "www.electric-homecare.com"
188.165.237.120 - - [22/Oct/2022:18:05:31 -0700] "GET /Houston-goldentech.html HTTP/1.1" 200 4536 "-" "Mozilla/5.0 (compatible; MJ12bot/v1.4.8; http://mj12bot.com/)" "www.electric-homecare.com"
188.165.237.120 - - [22/Oct/2022:18:05:37 -0700] "GET /Houston-maxicomfort.html HTTP/1.1" 200 3891 "-" "Mozilla/5.0 (compatible; MJ12bot/v1.4.8; http://mj12bot.com/)" "www.electric-homecare.com"
188.165.237.120 - - [22/Oct/2022:18:05:39 -0700] "GET /Houston-myamigo.html HTTP/1.1" 200 4780 "-" "Mozilla/5.0 (compatible; MJ12bot/v1.4.8; http://mj12bot.com/)" "www.electric-homecare.com"
188.165.237.120 - - [22/Oct/2022:18:05:49 -0700] "GET /Houston-pacesaver.html HTTP/1.1" 200 4394 "-" "Mozilla/5.0 (compatible; MJ12bot/v1.4.8; http://mj12bot.com/)" "www.electric-homecare.com"
188.165.237.120 - - [22/Oct/2022:18:05:52 -0700] "GET /Houston-shoprider.html HTTP/1.1" 200 4958 "-" "Mozilla/5.0 (compatible; MJ12bot/v1.4.8; http://mj12bot.com/)" "www.electric-homecare.com"
188.165.237.120 - - [22/Oct/2022:18:05:57 -0700] "GET /Houston-tuffcare.html HTTP/1.1" 200 3742 "-" "Mozilla/5.0 (compatible; MJ12bot/v1.4.8; http://mj12bot.com/)" "www.electric-homecare.com"
188.165.237.120 - - [22/Oct/2022:18:06:02 -0700] "GET /HoustonBrunoScooterandPowerchairLifts.html HTTP/1.1" 200 5205 "-" "Mozilla/5.0 (compatible; MJ12bot/v1.4.8; http://mj12bot.com/)" "www.electric-homecare.com"
188.165.237.120 - - [22/Oct/2022:18:06:11 -0700] "GET /PursuitXL.html HTTP/1.1" 200 3814 "-" "Mozilla/5.0 (compatible; MJ12bot/v1.4.8; http://mj12bot.com/)" "www.electric-homecare.com"
188.165.237.120 - - [22/Oct/2022:18:06:19 -0700] "GET /Stair-Lifts.html HTTP/1.1" 200 13618 "-" "Mozilla/5.0 (compatible; MJ12bot/v1.4.8; http://mj12bot.com/)" "www.electric-homecare.com"
188.165.237.120 - - [22/Oct/2022:18:06:24 -0700] "GET /about.htm HTTP/1.1" 200 5398 "-" "Mozilla/5.0 (compatible; MJ12bot/v1.4.8; http://mj12bot.com/)" "www.electric-homecare.com"
188.165.237.120 - - [22/Oct/2022:18:06:29 -0700] "GET /about.html HTTP/1.1" 200 8212 "-" "Mozilla/5.0 (compatible; MJ12bot/v1.4.8; http://mj12bot.com/)" "www.electric-homecare.com"
188.165.237.120 - - [22/Oct/2022:18:06:40 -0700] "GET /b.html HTTP/1.1" 200 7694 "-" "Mozilla/5.0 (compatible; MJ12bot/v1.4.8; http://mj12bot.com/)" "www.electric-homecare.com"
157.55.39.3 - - [22/Oct/2022:18:06:45 -0700] "GET /SRE-2010.html HTTP/1.1" 404 88 "-" "Mozilla/5.0 AppleWebKit/537.36 (KHTML, like Gecko; compatible; bingbot/2.0; +http://www.bing.com/bingbot.htm) Chrome/103.0.5060.134 Safari/537.36" "electric-homecare.com"
188.165.237.120 - - [22/Oct/2022:18:06:48 -0700] "GET /index.htm HTTP/1.1" 200 4960 "-" "Mozilla/5.0 (compatible; MJ12bot/v1.4.8; http://mj12bot.com/)" "www.electric-homecare.com"
188.165.237.120 - - [22/Oct/2022:18:06:52 -0700] "GET /index.html HTTP/1.1" 200 4147 "-" "Mozilla/5.0 (compatible; MJ12bot/v1.4.8; http://mj12bot.com/)" "www.electric-homecare.com"
77.75.77.36 - - [22/Oct/2022:18:16:29 -0700] "GET /robots.txt HTTP/1.1" 200 64 "-" "Mozilla/5.0 (compatible; SeznamBot/3.2; +http://napoveda.seznam.cz/en/seznambot-intro/)" "electric-homecare.com"
77.75.77.36 - - [22/Oct/2022:18:16:31 -0700] "GET /adjustable-bed-0002.jpg HTTP/1.1" 304 - "-" "Mozilla/5.0 (compatible; SeznamBot/3.2; +http://napoveda.seznam.cz/en/seznambot-intro/)" "electric-homecare.com"
216.244.66.247 - - [22/Oct/2022:18:37:50 -0700] "GET /robots.txt HTTP/1.1" 200 48 "-" "Mozilla/5.0 (compatible; DotBot/1.2; +https://opensiteexplorer.org/dotbot; help@moz.com)" "electric-homecare.com"
5.102.173.71 - - [22/Oct/2022:18:49:07 -0700] "GET /robots.txt HTTP/1.1" 200 64 "-" "Mozilla/5.0 (compatible; MojeekBot/0.11; +https://www.mojeek.com/bot.html)" "electric-homecare.com"
5.102.173.71 - - [22/Oct/2022:18:49:07 -0700] "GET /501.html HTTP/1.1" 404 88 "-" "Mozilla/5.0 (compatible; MojeekBot/0.11; +https://www.mojeek.com/bot.html)" "electric-homecare.com"
138.128.109.253 - - [22/Oct/2022:19:02:17 -0700] "GET / HTTP/1.1" 200 4147 "https://electric-homecare.com" "Mozilla/5.0 (Windows NT 10.0; Win64; x64) AppleWebKit/537.36 (KHTML, like Gecko) Chrome/103.0.0.0 Safari/537.36 Vivaldi/5.3.2679.68" "electric-homecare.com"
185.191.171.23 - - [22/Oct/2022:19:18:01 -0700] "GET /robots.txt HTTP/1.1" 200 64 "-" "Mozilla/5.0 (compatible; SemrushBot/7~bl; +http://www.semrush.com/bot.html)" "electric-homecare.com"
185.191.171.34 - - [22/Oct/2022:19:18:02 -0700] "GET /Houston-Memory-Foam.html HTTP/1.1" 200 3410 "-" "Mozilla/5.0 (compatible; SemrushBot/7~bl; +http://www.semrush.com/bot.html)" "electric-homecare.com"
207.46.13.44 - - [22/Oct/2022:19:22:50 -0700] "GET /5-bruno-elite-outdoor.jpg HTTP/1.1" 200 28791 "-" "Mozilla/5.0 AppleWebKit/537.36 (KHTML, like Gecko; compatible; bingbot/2.0; +http://www.bing.com/bingbot.htm) Chrome/103.0.5060.134 Safari/537.36" "electric-homecare.com"
216.244.66.247 - - [22/Oct/2022:19:29:56 -0700] "GET /robots.txt HTTP/1.1" 200 48 "-" "Mozilla/5.0 (compatible; DotBot/1.2; +https://opensiteexplorer.org/dotbot; help@moz.com)" "electric-homecare.com"
64.124.8.46 - - [22/Oct/2022:20:21:08 -0700] "GET /robots.txt HTTP/1.1" 200 64 "-" "Mozilla/5.0 (X11; Linux x86_64) AppleWebKit/537.36 (KHTML, like Gecko) Chrome/61.0.3163.79 Safari/537.36" "electric-homecare.com"
64.124.8.46 - - [22/Oct/2022:20:21:08 -0700] "GET /501.html HTTP/1.1" 404 88 "-" "Mozilla/5.0 (X11; Linux x86_64) AppleWebKit/537.36 (KHTML, like Gecko) Chrome/61.0.3163.79 Safari/537.36" "electric-homecare.com"
216.244.66.247 - - [22/Oct/2022:20:22:45 -0700] "GET /robots.txt HTTP/1.1" 200 48 "-" "Mozilla/5.0 (compatible; DotBot/1.2; +https://opensiteexplorer.org/dotbot; help@moz.com)" "electric-homecare.com"
64.124.8.44 - - [22/Oct/2022:20:23:14 -0700] "GET /robots.txt HTTP/1.1" 200 64 "-" "Mozilla/5.0 (X11; Linux x86_64) AppleWebKit/537.36 (KHTML, like Gecko) Chrome/61.0.3163.79 Safari/537.36" "www.electric-homecare.com"
64.124.8.44 - - [22/Oct/2022:20:23:15 -0700] "GET /robots.txt HTTP/1.1" 200 64 "-" "Mozilla/5.0 (X11; Linux x86_64) AppleWebKit/537.36 (KHTML, like Gecko) Chrome/61.0.3163.79 Safari/537.36" "www.electric-homecare.com"
64.124.8.44 - - [22/Oct/2022:20:23:15 -0700] "GET /Phoenix.html HTTP/1.1" 404 88 "-" "Mozilla/5.0 (X11; Linux x86_64) AppleWebKit/537.36 (KHTML, like Gecko) Chrome/61.0.3163.79 Safari/537.36" "www.electric-homecare.com"
64.124.8.46 - - [22/Oct/2022:20:23:55 -0700] "GET /robots.txt HTTP/1.1" 200 64 "-" "Mozilla/5.0 (X11; Linux x86_64) AppleWebKit/537.36 (KHTML, like Gecko) Chrome/61.0.3163.79 Safari/537.36" "electric-homecare.com"
64.124.8.46 - - [22/Oct/2022:20:23:56 -0700] "GET /Houston-Scooters.html HTTP/1.1" 200 13467 "-" "Mozilla/5.0 (X11; Linux x86_64) AppleWebKit/537.36 (KHTML, like Gecko) Chrome/61.0.3163.79 Safari/537.36" "electric-homecare.com"
64.124.8.44 - - [22/Oct/2022:20:24:00 -0700] "GET /Corona-Electric-Wheelchair-Power-Chairs.html HTTP/1.1" 404 88 "-" "Mozilla/5.0 (X11; Linux x86_64) AppleWebKit/537.36 (KHTML, like Gecko) Chrome/61.0.3163.79 Safari/537.36" "www.electric-homecare.com"
64.124.8.46 - - [22/Oct/2022:20:24:01 -0700] "GET /Houston-Wheelchairs.html HTTP/1.1" 200 12937 "-" "Mozilla/5.0 (X11; Linux x86_64) AppleWebKit/537.36 (KHTML, like Gecko) Chrome/61.0.3163.79 Safari/537.36" "electric-homecare.com"
64.124.8.46 - - [22/Oct/2022:20:24:14 -0700] "GET /358.html HTTP/1.1" 404 88 "-" "Mozilla/5.0 (X11; Linux x86_64) AppleWebKit/537.36 (KHTML, like Gecko) Chrome/61.0.3163.79 Safari/537.36" "electric-homecare.com"
64.124.8.44 - - [22/Oct/2022:20:24:23 -0700] "GET /Indio-Electric-Wheelchair-Power-Chairs.html HTTP/1.1" 404 88 "-" "Mozilla/5.0 (X11; Linux x86_64) AppleWebKit/537.36 (KHTML, like Gecko) Chrome/61.0.3163.79 Safari/537.36" "www.electric-homecare.com"
64.124.8.44 - - [22/Oct/2022:20:24:41 -0700] "GET /Houston.html HTTP/1.1" 200 4223 "-" "Mozilla/5.0 (X11; Linux x86_64) AppleWebKit/537.36 (KHTML, like Gecko) Chrome/61.0.3163.79 Safari/537.36" "www.electric-homecare.com"
64.124.8.46 - - [22/Oct/2022:20:24:53 -0700] "GET /Drive.html HTTP/1.1" 404 88 "-" "Mozilla/5.0 (X11; Linux x86_64) AppleWebKit/537.36 (KHTML, like Gecko) Chrome/61.0.3163.79 Safari/537.36" "electric-homecare.com"
64.124.8.44 - - [22/Oct/2022:20:24:55 -0700] "GET /Lancaster-Electric-Wheelchair-Power-Chairs.html HTTP/1.1" 404 88 "-" "Mozilla/5.0 (X11; Linux x86_64) AppleWebKit/537.36 (KHTML, like Gecko) Chrome/61.0.3163.79 Safari/537.36" "www.electric-homecare.com"
64.124.8.46 - - [22/Oct/2022:20:24:57 -0700] "GET /Tuffcare.html HTTP/1.1" 404 88 "-" "Mozilla/5.0 (X11; Linux x86_64) AppleWebKit/537.36 (KHTML, like Gecko) Chrome/61.0.3163.79 Safari/537.36" "electric-homecare.com"
64.124.8.46 - - [22/Oct/2022:20:27:44 -0700] "GET /Wheelchair-Elevators.html HTTP/1.1" 404 88 "-" "Mozilla/5.0 (X11; Linux x86_64) AppleWebKit/537.36 (KHTML, like Gecko) Chrome/61.0.3163.79 Safari/537.36" "electric-homecare.com"
64.124.8.46 - - [22/Oct/2022:20:28:37 -0700] "GET /Houston-Bariatric-Beds.html HTTP/1.1" 200 9978 "-" "Mozilla/5.0 (X11; Linux x86_64) AppleWebKit/537.36 (KHTML, like Gecko) Chrome/61.0.3163.79 Safari/537.36" "electric-homecare.com"
64.124.8.44 - - [22/Oct/2022:20:29:13 -0700] "GET /El-Cajon-Electric-Wheelchair-Power-Chairs.html HTTP/1.1" 404 88 "-" "Mozilla/5.0 (X11; Linux x86_64) AppleWebKit/537.36 (KHTML, like Gecko) Chrome/61.0.3163.79 Safari/537.36" "www.electric-homecare.com"
64.124.8.46 - - [22/Oct/2022:20:29:13 -0700] "GET /Houston-Volkner.html HTTP/1.1" 200 5140 "-" "Mozilla/5.0 (X11; Linux x86_64) AppleWebKit/537.36 (KHTML, like Gecko) Chrome/61.0.3163.79 Safari/537.36" "electric-homecare.com"
95.108.213.7 - - [22/Oct/2022:20:29:59 -0700] "GET /robots.txt HTTP/1.1" 200 48 "-" "Mozilla/5.0 (compatible; YandexBot/3.0; +http://yandex.com/bots)" "electric-homecare.com"
5.45.207.94 - - [22/Oct/2022:20:30:03 -0700] "GET /Contact-Used.html HTTP/1.1" 404 88 "-" "Mozilla/5.0 (compatible; YandexBot/3.0; +http://yandex.com/bots)" "electric-homecare.com"
64.124.8.44 - - [22/Oct/2022:20:31:12 -0700] "GET /Mission-Viejo-Electric-Wheelchair-Power-Chairs.html HTTP/1.1" 404 88 "-" "Mozilla/5.0 (X11; Linux x86_64) AppleWebKit/537.36 (KHTML, like Gecko) Chrome/61.0.3163.79 Safari/537.36" "www.electric-homecare.com"
64.124.8.46 - - [22/Oct/2022:20:31:45 -0700] "GET /Houston.html HTTP/1.1" 200 4223 "-" "Mozilla/5.0 (X11; Linux x86_64) AppleWebKit/537.36 (KHTML, like Gecko) Chrome/61.0.3163.79 Safari/537.36" "electric-homecare.com"
64.124.8.44 - - [22/Oct/2022:20:32:00 -0700] "GET /Irvine-Electric-Wheelchair-Power-Chairs.html HTTP/1.1" 404 88 "-" "Mozilla/5.0 (X11; Linux x86_64) AppleWebKit/537.36 (KHTML, like Gecko) Chrome/61.0.3163.79 Safari/537.36" "www.electric-homecare.com"
64.124.8.44 - - [22/Oct/2022:20:34:29 -0700] "GET /Phoenix-Electric-Wheelchair-Power-Chairs.html HTTP/1.1" 404 88 "-" "Mozilla/5.0 (X11; Linux x86_64) AppleWebKit/537.36 (KHTML, like Gecko) Chrome/61.0.3163.79 Safari/537.36" "www.electric-homecare.com"
64.124.8.44 - - [22/Oct/2022:20:34:33 -0700] "GET /Hawthorne-Electric-Wheelchair-Power-Chairs.html HTTP/1.1" 404 88 "-" "Mozilla/5.0 (X11; Linux x86_64) AppleWebKit/537.36 (KHTML, like Gecko) Chrome/61.0.3163.79 Safari/537.36" "www.electric-homecare.com"
157.55.39.50 - - [22/Oct/2022:20:34:34 -0700] "GET /adjustable-bed-0006.png HTTP/1.1" 200 162836 "-" "Mozilla/5.0 AppleWebKit/537.36 (KHTML, like Gecko; compatible; bingbot/2.0; +http://www.bing.com/bingbot.htm) Chrome/103.0.5060.134 Safari/537.36" "electric-homecare.com"
64.124.8.44 - - [22/Oct/2022:20:34:52 -0700] "GET /Houston-Electric-Wheelchair-Power-Chairs.html HTTP/1.1" 404 88 "-" "Mozilla/5.0 (X11; Linux x86_64) AppleWebKit/537.36 (KHTML, like Gecko) Chrome/61.0.3163.79 Safari/537.36" "www.electric-homecare.com"
64.124.8.46 - - [22/Oct/2022:20:37:53 -0700] "GET /San-Francisco-Scooters.html HTTP/1.1" 404 88 "-" "Mozilla/5.0 (X11; Linux x86_64) AppleWebKit/537.36 (KHTML, like Gecko) Chrome/61.0.3163.79 Safari/537.36" "electric-homecare.com"
64.124.8.46 - - [22/Oct/2022:20:37:55 -0700] "GET /Nationwide.html HTTP/1.1" 404 88 "-" "Mozilla/5.0 (X11; Linux x86_64) AppleWebKit/537.36 (KHTML, like Gecko) Chrome/61.0.3163.79 Safari/537.36" "electric-homecare.com"
64.124.8.44 - - [22/Oct/2022:20:39:44 -0700] "GET /Lakewood-Electric-Wheelchair-Power-Chairs.html HTTP/1.1" 404 88 "-" "Mozilla/5.0 (X11; Linux x86_64) AppleWebKit/537.36 (KHTML, like Gecko) Chrome/61.0.3163.79 Safari/537.36" "www.electric-homecare.com"
64.124.8.44 - - [22/Oct/2022:20:40:57 -0700] "GET /Norwalk-Electric-Wheelchair-Power-Chairs.html HTTP/1.1" 404 88 "-" "Mozilla/5.0 (X11; Linux x86_64) AppleWebKit/537.36 (KHTML, like Gecko) Chrome/61.0.3163.79 Safari/537.36" "www.electric-homecare.com"
77.75.78.167 - - [22/Oct/2022:20:41:24 -0700] "GET /robots.txt HTTP/1.1" 200 64 "-" "Mozilla/5.0 (compatible; SeznamBot/3.2; +http://napoveda.seznam.cz/en/seznambot-intro/)" "electric-homecare.com"
64.124.8.46 - - [22/Oct/2022:20:41:25 -0700] "GET /Graham-Field.html HTTP/1.1" 404 88 "-" "Mozilla/5.0 (X11; Linux x86_64) AppleWebKit/537.36 (KHTML, like Gecko) Chrome/61.0.3163.79 Safari/537.36" "electric-homecare.com"
77.75.78.167 - - [22/Oct/2022:20:41:25 -0700] "GET /Pure_12.jpg HTTP/1.1" 304 - "-" "Mozilla/5.0 (compatible; SeznamBot/3.2; +http://napoveda.seznam.cz/en/seznambot-intro/)" "electric-homecare.com"
114.119.153.104 - - [22/Oct/2022:20:41:26 -0700] "GET /robots.txt HTTP/1.1" 200 64 "-" "Mozilla/5.0 (compatible;PetalBot;+https://webmaster.petalsearch.com/site/petalbot)" "electric-homecare.com"
64.124.8.44 - - [22/Oct/2022:20:42:45 -0700] "GET /Used.html HTTP/1.1" 404 88 "-" "Mozilla/5.0 (X11; Linux x86_64) AppleWebKit/537.36 (KHTML, like Gecko) Chrome/61.0.3163.79 Safari/537.36" "www.electric-homecare.com"
64.124.8.44 - - [22/Oct/2022:20:43:16 -0700] "GET /Carson-Electric-Wheelchair-Power-Chairs.html HTTP/1.1" 404 88 "-" "Mozilla/5.0 (X11; Linux x86_64) AppleWebKit/537.36 (KHTML, like Gecko) Chrome/61.0.3163.79 Safari/537.36" "www.electric-homecare.com"
64.124.8.44 - - [22/Oct/2022:20:43:58 -0700] "GET /Riverside.html HTTP/1.1" 404 88 "-" "Mozilla/5.0 (X11; Linux x86_64) AppleWebKit/537.36 (KHTML, like Gecko) Chrome/61.0.3163.79 Safari/537.36" "www.electric-homecare.com"
64.124.8.44 - - [22/Oct/2022:20:44:29 -0700] "GET /Long-Beach-Electric-Wheelchair-Power-Chairs.html HTTP/1.1" 404 88 "-" "Mozilla/5.0 (X11; Linux x86_64) AppleWebKit/537.36 (KHTML, like Gecko) Chrome/61.0.3163.79 Safari/537.36" "www.electric-homecare.com"
64.124.8.44 - - [22/Oct/2022:20:45:36 -0700] "GET /Alhambra-Electric-Wheelchair-Power-Chairs.html HTTP/1.1" 404 88 "-" "Mozilla/5.0 (X11; Linux x86_64) AppleWebKit/537.36 (KHTML, like Gecko) Chrome/61.0.3163.79 Safari/537.36" "www.electric-homecare.com"
64.124.8.44 - - [22/Oct/2022:20:46:21 -0700] "GET /Escondido-Electric-Wheelchair-Power-Chairs.html HTTP/1.1" 404 88 "-" "Mozilla/5.0 (X11; Linux x86_64) AppleWebKit/537.36 (KHTML, like Gecko) Chrome/61.0.3163.79 Safari/537.36" "www.electric-homecare.com"
64.124.8.44 - - [22/Oct/2022:20:47:27 -0700] "GET /Compton-Electric-Wheelchair-Power-Chairs.html HTTP/1.1" 404 88 "-" "Mozilla/5.0 (X11; Linux x86_64) AppleWebKit/537.36 (KHTML, like Gecko) Chrome/61.0.3163.79 Safari/537.36" "www.electric-homecare.com"
64.124.8.46 - - [22/Oct/2022:20:49:18 -0700] "GET /Houston-Used.html HTTP/1.1" 200 3724 "-" "Mozilla/5.0 (X11; Linux x86_64) AppleWebKit/537.36 (KHTML, like Gecko) Chrome/61.0.3163.79 Safari/537.36" "electric-homecare.com"
185.191.171.24 - - [22/Oct/2022:20:51:35 -0700] "GET /robots.txt HTTP/1.1" 200 64 "-" "Mozilla/5.0 (compatible; SemrushBot/7~bl; +http://www.semrush.com/bot.html)" "electric-homecare.com"
185.191.171.39 - - [22/Oct/2022:20:51:36 -0700] "GET /b.html HTTP/1.1" 200 7694 "-" "Mozilla/5.0 (compatible; SemrushBot/7~bl; +http://www.semrush.com/bot.html)" "electric-homecare.com"
64.124.8.44 - - [22/Oct/2022:20:51:57 -0700] "GET /Murrieta-Electric-Wheelchair-Power-Chairs.html HTTP/1.1" 404 88 "-" "Mozilla/5.0 (X11; Linux x86_64) AppleWebKit/537.36 (KHTML, like Gecko) Chrome/61.0.3163.79 Safari/537.36" "www.electric-homecare.com"
64.124.8.44 - - [22/Oct/2022:20:52:28 -0700] "GET /Los-Angeles.html HTTP/1.1" 404 88 "-" "Mozilla/5.0 (X11; Linux x86_64) AppleWebKit/537.36 (KHTML, like Gecko) Chrome/61.0.3163.79 Safari/537.36" "www.electric-homecare.com"
64.124.8.44 - - [22/Oct/2022:20:54:03 -0700] "GET /San-Diego.html HTTP/1.1" 404 88 "-" "Mozilla/5.0 (X11; Linux x86_64) AppleWebKit/537.36 (KHTML, like Gecko) Chrome/61.0.3163.79 Safari/537.36" "www.electric-homecare.com"
64.124.8.44 - - [22/Oct/2022:20:55:46 -0700] "GET /San-Francisco.html HTTP/1.1" 404 88 "-" "Mozilla/5.0 (X11; Linux x86_64) AppleWebKit/537.36 (KHTML, like Gecko) Chrome/61.0.3163.79 Safari/537.36" "www.electric-homecare.com"
64.124.8.46 - - [22/Oct/2022:20:55:48 -0700] "GET /Houston-Mattresses.html HTTP/1.1" 200 3535 "-" "Mozilla/5.0 (X11; Linux x86_64) AppleWebKit/537.36 (KHTML, like Gecko) Chrome/61.0.3163.79 Safari/537.36" "electric-homecare.com"
64.124.8.44 - - [22/Oct/2022:20:55:55 -0700] "GET /Hemet-Electric-Wheelchair-Power-Chairs.html HTTP/1.1" 404 88 "-" "Mozilla/5.0 (X11; Linux x86_64) AppleWebKit/537.36 (KHTML, like Gecko) Chrome/61.0.3163.79 Safari/537.36" "www.electric-homecare.com"
64.124.8.44 - - [22/Oct/2022:20:56:51 -0700] "GET /Carlsbad-Electric-Wheelchair-Power-Chairs.html HTTP/1.1" 404 88 "-" "Mozilla/5.0 (X11; Linux x86_64) AppleWebKit/537.36 (KHTML, like Gecko) Chrome/61.0.3163.79 Safari/537.36" "www.electric-homecare.com"
64.124.8.44 - - [22/Oct/2022:20:58:09 -0700] "GET /Huntington-Beach-Electric-Wheelchair-Power-Chairs.html HTTP/1.1" 404 88 "-" "Mozilla/5.0 (X11; Linux x86_64) AppleWebKit/537.36 (KHTML, like Gecko) Chrome/61.0.3163.79 Safari/537.36" "www.electric-homecare.com"
64.124.8.44 - - [22/Oct/2022:21:00:14 -0700] "GET /Los-Angeles-Electric-Wheelchair-Power-Chairs.html HTTP/1.1" 404 88 "-" "Mozilla/5.0 (X11; Linux x86_64) AppleWebKit/537.36 (KHTML, like Gecko) Chrome/61.0.3163.79 Safari/537.36" "www.electric-homecare.com"
64.124.8.44 - - [22/Oct/2022:21:02:00 -0700] "GET /Nationwide.html HTTP/1.1" 404 88 "-" "Mozilla/5.0 (X11; Linux x86_64) AppleWebKit/537.36 (KHTML, like Gecko) Chrome/61.0.3163.79 Safari/537.36" "www.electric-homecare.com"
64.124.8.46 - - [22/Oct/2022:21:02:15 -0700] "GET /Nationwide.html HTTP/1.1" 404 88 "-" "Mozilla/5.0 (X11; Linux x86_64) AppleWebKit/537.36 (KHTML, like Gecko) Chrome/61.0.3163.79 Safari/537.36" "electric-homecare.com"
64.124.8.46 - - [22/Oct/2022:21:02:39 -0700] "GET /Transfer-Master.html HTTP/1.1" 404 88 "-" "Mozilla/5.0 (X11; Linux x86_64) AppleWebKit/537.36 (KHTML, like Gecko) Chrome/61.0.3163.79 Safari/537.36" "electric-homecare.com"
64.124.8.44 - - [22/Oct/2022:21:03:36 -0700] "GET / HTTP/1.1" 200 4147 "-" "Mozilla/5.0 (X11; Linux x86_64) AppleWebKit/537.36 (KHTML, like Gecko) Chrome/61.0.3163.79 Safari/537.36" "www.electric-homecare.com"
64.124.8.44 - - [22/Oct/2022:21:06:00 -0700] "GET /Garden-Grove-Electric-Wheelchair-Power-Chairs.html HTTP/1.1" 404 88 "-" "Mozilla/5.0 (X11; Linux x86_64) AppleWebKit/537.36 (KHTML, like Gecko) Chrome/61.0.3163.79 Safari/537.36" "www.electric-homecare.com"
64.124.8.44 - - [22/Oct/2022:21:06:09 -0700] "GET /Hesperia-Electric-Wheelchair-Power-Chairs.html HTTP/1.1" 404 88 "-" "Mozilla/5.0 (X11; Linux x86_64) AppleWebKit/537.36 (KHTML, like Gecko) Chrome/61.0.3163.79 Safari/537.36" "www.electric-homecare.com"
64.124.8.46 - - [22/Oct/2022:21:06:10 -0700] "GET /Houston-Adjustable-Beds.html HTTP/1.1" 200 11912 "-" "Mozilla/5.0 (X11; Linux x86_64) AppleWebKit/537.36 (KHTML, like Gecko) Chrome/61.0.3163.79 Safari/537.36" "electric-homecare.com"
64.124.8.46 - - [22/Oct/2022:21:06:18 -0700] "GET /Houston-Hospital-Beds.html HTTP/1.1" 200 4991 "-" "Mozilla/5.0 (X11; Linux x86_64) AppleWebKit/537.36 (KHTML, like Gecko) Chrome/61.0.3163.79 Safari/537.36" "electric-homecare.com"
64.124.8.44 - - [22/Oct/2022:21:08:08 -0700] "GET /Fontana-Electric-Wheelchair-Power-Chairs.html HTTP/1.1" 404 88 "-" "Mozilla/5.0 (X11; Linux x86_64) AppleWebKit/537.36 (KHTML, like Gecko) Chrome/61.0.3163.79 Safari/537.36" "www.electric-homecare.com"
43.143.68.98 - - [22/Oct/2022:21:08:53 -0700] "GET / HTTP/1.1" 200 4147 "-" "Mozilla/5.0 (Linux; Android 6.0; Nexus 5 Build/MRA58N) AppleWebKit/537.36 (KHTML, like Gecko) Chrome/81.0.4044.138 Mobile Safari/537.36" "electric-homecare.com"
64.124.8.44 - - [22/Oct/2022:21:09:35 -0700] "GET /Rancho-Cucamonga-Electric-Wheelchair-Power-Chairs.html HTTP/1.1" 404 88 "-" "Mozilla/5.0 (X11; Linux x86_64) AppleWebKit/537.36 (KHTML, like Gecko) Chrome/61.0.3163.79 Safari/537.36" "www.electric-homecare.com"
64.124.8.44 - - [22/Oct/2022:21:09:44 -0700] "GET /Orange-County.html HTTP/1.1" 404 88 "-" "Mozilla/5.0 (X11; Linux x86_64) AppleWebKit/537.36 (KHTML, like Gecko) Chrome/61.0.3163.79 Safari/537.36" "www.electric-homecare.com"
64.124.8.44 - - [22/Oct/2022:21:12:30 -0700] "GET /Burbank-Electric-Wheelchair-Power-Chairs.html HTTP/1.1" 404 88 "-" "Mozilla/5.0 (X11; Linux x86_64) AppleWebKit/537.36 (KHTML, like Gecko) Chrome/61.0.3163.79 Safari/537.36" "www.electric-homecare.com"
64.124.8.46 - - [22/Oct/2022:21:12:51 -0700] "GET /Houston-TX.html HTTP/1.1" 200 4286 "-" "Mozilla/5.0 (X11; Linux x86_64) AppleWebKit/537.36 (KHTML, like Gecko) Chrome/61.0.3163.79 Safari/537.36" "electric-homecare.com"
64.124.8.44 - - [22/Oct/2022:21:13:45 -0700] "GET /Glendale-Electric-Wheelchair-Power-Chairs.html HTTP/1.1" 404 88 "-" "Mozilla/5.0 (X11; Linux x86_64) AppleWebKit/537.36 (KHTML, like Gecko) Chrome/61.0.3163.79 Safari/537.36" "www.electric-homecare.com"
64.124.8.44 - - [22/Oct/2022:21:13:49 -0700] "GET /Los-Angeles-Electric-Wheelchair-Power-Chairs.html HTTP/1.1" 404 88 "-" "Mozilla/5.0 (X11; Linux x86_64) AppleWebKit/537.36 (KHTML, like Gecko) Chrome/61.0.3163.79 Safari/537.36" "www.electric-homecare.com"
64.124.8.46 - - [22/Oct/2022:21:14:29 -0700] "GET /San-Francisco-Wheelchairs.html HTTP/1.1" 404 88 "-" "Mozilla/5.0 (X11; Linux x86_64) AppleWebKit/537.36 (KHTML, like Gecko) Chrome/61.0.3163.79 Safari/537.36" "electric-homecare.com"
64.124.8.46 - - [22/Oct/2022:21:14:54 -0700] "GET /505.html HTTP/1.1" 404 88 "-" "Mozilla/5.0 (X11; Linux x86_64) AppleWebKit/537.36 (KHTML, like Gecko) Chrome/61.0.3163.79 Safari/537.36" "electric-homecare.com"
216.244.66.247 - - [22/Oct/2022:21:15:34 -0700] "GET /robots.txt HTTP/1.1" 200 48 "-" "Mozilla/5.0 (compatible; DotBot/1.2; +https://opensiteexplorer.org/dotbot; help@moz.com)" "electric-homecare.com"
64.124.8.46 - - [22/Oct/2022:21:15:34 -0700] "GET /Houston-Lift-Chairs.html HTTP/1.1" 200 8833 "-" "Mozilla/5.0 (X11; Linux x86_64) AppleWebKit/537.36 (KHTML, like Gecko) Chrome/61.0.3163.79 Safari/537.36" "electric-homecare.com"
64.124.8.46 - - [22/Oct/2022:21:16:00 -0700] "GET /Elite-Outdoor-Curved.html HTTP/1.1" 404 88 "-" "Mozilla/5.0 (X11; Linux x86_64) AppleWebKit/537.36 (KHTML, like Gecko) Chrome/61.0.3163.79 Safari/537.36" "electric-homecare.com"
35.87.74.140 - - [22/Oct/2022:21:34:30 -0700] "GET / HTTP/1.1" 200 4147 "-" "Mozilla/5.0 (X11; Linux x86_64) AppleWebKit/537.36 (KHTML, like Gecko) Chrome/83.0.4103.97 Safari/537.36" "electric-homecare.com"
34.215.48.172 - - [22/Oct/2022:21:34:45 -0700] "GET / HTTP/1.1" 200 4147 "-" "Mozilla/5.0 (X11; Linux x86_64) AppleWebKit/537.36 (KHTML, like Gecko) Chrome/83.0.4103.97 Safari/537.36" "electric-homecare.com"
54.186.136.117 - - [22/Oct/2022:21:35:21 -0700] "GET /favicon.ico HTTP/1.1" 404 88 "http://electric-homecare.com/favicon.ico" "Mozilla/5.0 (X11; Linux x86_64) AppleWebKit/537.36 (KHTML, like Gecko) Chrome/83.0.4103.97 Safari/537.36" "electric-homecare.com"
54.186.136.117 - - [22/Oct/2022:21:35:24 -0700] "GET / HTTP/1.1" 200 4147 "http://electric-homecare.com" "Mozilla/5.0 (X11; Linux x86_64) AppleWebKit/537.36 (KHTML, like Gecko) Chrome/83.0.4103.97 Safari/537.36" "electric-homecare.com"
77.75.77.119 - - [22/Oct/2022:21:36:20 -0700] "GET /royale-4-cargo%20brochure.pdf HTTP/1.1" 304 - "-" "Mozilla/5.0 (compatible; SeznamBot/4.0-RC1; +http://napoveda.seznam.cz/seznambot-intro/)" "electric-homecare.com"
114.119.136.205 - - [22/Oct/2022:21:43:54 -0700] "GET /ComforterPR501SellSheet.012815.pdf HTTP/1.1" 200 436554 "https://www.electric-homecare.com/Houston-501comfort.html" "Mozilla/5.0 (Linux; Android 7.0;) AppleWebKit/537.36 (KHTML, like Gecko) Mobile Safari/537.36 (compatible; PetalBot;+https://webmaster.petalsearch.com/site/petalbot)" "www.electric-homecare.com"
114.119.157.57 - - [22/Oct/2022:21:57:25 -0700] "GET /Houston-JazzyJ6.html HTTP/1.1" 200 4394 "https://electric-homecare.com/Houston-Home.html" "Mozilla/5.0 (Linux; Android 7.0;) AppleWebKit/537.36 (KHTML, like Gecko) Mobile Safari/537.36 (compatible; PetalBot;+https://webmaster.petalsearch.com/site/petalbot)" "electric-homecare.com"
64.124.8.24 - - [22/Oct/2022:22:01:59 -0700] "GET /robots.txt HTTP/1.1" 200 64 "-" "Mozilla/5.0 (X11; Linux x86_64) AppleWebKit/537.36 (KHTML, like Gecko) Chrome/61.0.3163.79 Safari/537.36" "www.electric-homecare.com"
64.124.8.24 - - [22/Oct/2022:22:02:00 -0700] "GET /robots.txt HTTP/1.1" 200 64 "-" "Mozilla/5.0 (X11; Linux x86_64) AppleWebKit/537.36 (KHTML, like Gecko) Chrome/61.0.3163.79 Safari/537.36" "www.electric-homecare.com"
64.124.8.24 - - [22/Oct/2022:22:02:00 -0700] "GET /Orange-Electric-Wheelchair-Power-Chairs.html HTTP/1.1" 404 88 "-" "Mozilla/5.0 (X11; Linux x86_64) AppleWebKit/537.36 (KHTML, like Gecko) Chrome/61.0.3163.79 Safari/537.36" "www.electric-homecare.com"
216.244.66.247 - - [22/Oct/2022:22:07:42 -0700] "GET /robots.txt HTTP/1.1" 200 48 "-" "Mozilla/5.0 (compatible; DotBot/1.2; +https://opensiteexplorer.org/dotbot; help@moz.com)" "electric-homecare.com"
216.244.66.247 - - [22/Oct/2022:22:13:04 -0700] "GET /Acorn-Stair-Lifts.html HTTP/1.1" 200 13769 "-" "Mozilla/5.0 (compatible; DotBot/1.2; +https://opensiteexplorer.org/dotbot; help@moz.com)" "electric-homecare.com"
40.77.167.57 - - [22/Oct/2022:22:17:05 -0700] "GET /Primo.html HTTP/1.1" 404 88 "-" "Mozilla/5.0 (compatible; bingbot/2.0; +http://www.bing.com/bingbot.htm)" "electric-homecare.com"
64.124.8.24 - - [22/Oct/2022:22:24:01 -0700] "GET /Huntington-Beach-Electric-Wheelchair-Power-Chairs.html HTTP/1.1" 404 88 "-" "Mozilla/5.0 (X11; Linux x86_64) AppleWebKit/537.36 (KHTML, like Gecko) Chrome/61.0.3163.79 Safari/537.36" "www.electric-homecare.com"
64.124.8.24 - - [22/Oct/2022:22:33:16 -0700] "GET /Houston-Electric-Wheelchair-Power-Chairs.html HTTP/1.1" 404 88 "-" "Mozilla/5.0 (X11; Linux x86_64) AppleWebKit/537.36 (KHTML, like Gecko) Chrome/61.0.3163.79 Safari/537.36" "www.electric-homecare.com"
114.119.136.203 - - [22/Oct/2022:22:39:37 -0700] "GET /Houston-JazzySelectElite.html HTTP/1.1" 200 4339 "https://electric-homecare.com/Houston-Home.html" "Mozilla/5.0 (Linux; Android 7.0;) AppleWebKit/537.36 (KHTML, like Gecko) Mobile Safari/537.36 (compatible; PetalBot;+https://webmaster.petalsearch.com/site/petalbot)" "electric-homecare.com"
114.119.136.219 - - [22/Oct/2022:22:45:03 -0700] "GET /US_GoGo_Sport_Order_Form.pdf HTTP/1.1" 200 274768 "https://www.electric-homecare.com/Houston-GoGoSport.html" "Mozilla/5.0 (Linux; Android 7.0;) AppleWebKit/537.36 (KHTML, like Gecko) Mobile Safari/537.36 (compatible; PetalBot;+https://webmaster.petalsearch.com/site/petalbot)" "www.electric-homecare.com"
77.75.77.32 - - [22/Oct/2022:22:49:41 -0700] "GET /robots.txt HTTP/1.1" 200 64 "-" "Mozilla/5.0 (compatible; SeznamBot/3.2; +http://napoveda.seznam.cz/en/seznambot-intro/)" "electric-homecare.com"
77.75.77.32 - - [22/Oct/2022:22:49:43 -0700] "GET /TM_Floorhugger_3.jpg HTTP/1.1" 304 - "-" "Mozilla/5.0 (compatible; SeznamBot/3.2; +http://napoveda.seznam.cz/en/seznambot-intro/)" "electric-homecare.com"
114.119.136.215 - - [22/Oct/2022:22:52:06 -0700] "GET /royale-4-cargo%20brochure.pdf HTTP/1.1" 200 917043 "https://www.electric-homecare.com/Houston-evrider.html" "Mozilla/5.0 (Linux; Android 7.0;) AppleWebKit/537.36 (KHTML, like Gecko) Mobile Safari/537.36 (compatible; PetalBot;+https://webmaster.petalsearch.com/site/petalbot)" "www.electric-homecare.com"
216.244.66.247 - - [22/Oct/2022:23:00:43 -0700] "GET /robots.txt HTTP/1.1" 200 48 "-" "Mozilla/5.0 (compatible; DotBot/1.2; +https://opensiteexplorer.org/dotbot; help@moz.com)" "electric-homecare.com"
64.124.8.47 - - [22/Oct/2022:23:02:53 -0700] "GET /robots.txt HTTP/1.1" 200 64 "-" "Mozilla/5.0 (X11; Linux x86_64) AppleWebKit/537.36 (KHTML, like Gecko) Chrome/61.0.3163.79 Safari/537.36" "www.electric-homecare.com"
64.124.8.47 - - [22/Oct/2022:23:02:53 -0700] "GET /robots.txt HTTP/1.1" 200 64 "-" "Mozilla/5.0 (X11; Linux x86_64) AppleWebKit/537.36 (KHTML, like Gecko) Chrome/61.0.3163.79 Safari/537.36" "www.electric-homecare.com"
118.184.177.73 - - [22/Oct/2022:23:08:43 -0700] "GET / HTTP/1.1" 200 4147 "-" "Sogou web spider/4.0(+http://www.sogou.com/docs/help/webmasters.htm#07)" "www.electric-homecare.com"
64.124.8.47 - - [22/Oct/2022:23:17:29 -0700] "GET /Orange-Electric-Wheelchair-Power-Chairs.html HTTP/1.1" 404 88 "-" "Mozilla/5.0 (X11; Linux x86_64) AppleWebKit/537.36 (KHTML, like Gecko) Chrome/61.0.3163.79 Safari/537.36" "www.electric-homecare.com"
64.124.8.47 - - [22/Oct/2022:23:18:17 -0700] "GET /Hesperia-Electric-Wheelchair-Power-Chairs.html HTTP/1.1" 404 88 "-" "Mozilla/5.0 (X11; Linux x86_64) AppleWebKit/537.36 (KHTML, like Gecko) Chrome/61.0.3163.79 Safari/537.36" "www.electric-homecare.com"
64.124.8.24 - - [22/Oct/2022:23:21:08 -0700] "GET /robots.txt HTTP/1.1" 200 64 "-" "Mozilla/5.0 (X11; Linux x86_64) AppleWebKit/537.36 (KHTML, like Gecko) Chrome/61.0.3163.79 Safari/537.36" "electric-homecare.com"
64.124.8.24 - - [22/Oct/2022:23:21:09 -0700] "GET /robots.txt HTTP/1.1" 200 64 "-" "Mozilla/5.0 (X11; Linux x86_64) AppleWebKit/537.36 (KHTML, like Gecko) Chrome/61.0.3163.79 Safari/537.36" "electric-homecare.com"
64.124.8.24 - - [22/Oct/2022:23:21:09 -0700] "GET /Brooks.html HTTP/1.1" 404 88 "-" "Mozilla/5.0 (X11; Linux x86_64) AppleWebKit/537.36 (KHTML, like Gecko) Chrome/61.0.3163.79 Safari/537.36" "electric-homecare.com"
64.124.8.24 - - [22/Oct/2022:23:26:46 -0700] "GET /Electropedic-Outdoor-Stair-Lifts.html HTTP/1.1" 404 88 "-" "Mozilla/5.0 (X11; Linux x86_64) AppleWebKit/537.36 (KHTML, like Gecko) Chrome/61.0.3163.79 Safari/537.36" "electric-homecare.com"
216.244.66.247 - - [22/Oct/2022:23:33:52 -0700] "GET /Houston-PacesaverBariatricScooters.html HTTP/1.1" 200 20634 "-" "Mozilla/5.0 (compatible; DotBot/1.2; +https://opensiteexplorer.org/dotbot; help@moz.com)" "electric-homecare.com"
114.119.136.215 - - [22/Oct/2022:23:34:21 -0700] "GET /ILS-00853.pdf_Elite_Straight_Power_Options_Drawing.pdf HTTP/1.1" 200 465788 "https://electric-homecare.com/Houston-EliteIndoorStairlift.html" "Mozilla/5.0 (Linux; Android 7.0;) AppleWebKit/537.36 (KHTML, like Gecko) Mobile Safari/537.36 (compatible; PetalBot;+https://webmaster.petalsearch.com/site/petalbot)" "electric-homecare.com"
64.124.8.47 - - [22/Oct/2022:23:43:18 -0700] "GET /Gilbert-Electric-Wheelchair-Power-Chairs.html HTTP/1.1" 404 88 "-" "Mozilla/5.0 (X11; Linux x86_64) AppleWebKit/537.36 (KHTML, like Gecko) Chrome/61.0.3163.79 Safari/537.36" "www.electric-homecare.com"
216.244.66.247 - - [22/Oct/2022:23:53:06 -0700] "GET /robots.txt HTTP/1.1" 200 48 "-" "Mozilla/5.0 (compatible; DotBot/1.2; +https://opensiteexplorer.org/dotbot; help@moz.com)" "electric-homecare.com"
42.236.10.116 - - [22/Oct/2022:23:54:14 -0700] "GET / HTTP/1.1" 200 4147 "https://electric-homecare.com/" "Mozilla/5.0 (Windows NT 6.1; WOW64) AppleWebKit/537.36 (KHTML, like Gecko) Chrome/50.0.2661.102 Safari/537.36; 360Spider" "electric-homecare.com"
42.236.10.107 - - [22/Oct/2022:23:54:16 -0700] "GET / HTTP/1.1" 200 4147 "https://electric-homecare.com/" "Mozilla/5.0 (Windows NT 6.1; WOW64) AppleWebKit/537.36 (KHTML, like Gecko) Chrome/50.0.2661.102 Safari/537.36; 360Spider" "electric-homecare.com"
42.236.10.104 - - [22/Oct/2022:23:54:20 -0700] "GET / HTTP/1.1" 200 4147 "https://electric-homecare.com/" "Mozilla/5.0 (Windows NT 6.1; WOW64) AppleWebKit/537.36 (KHTML, like Gecko) Chrome/50.0.2661.102 Safari/537.36; 360Spider" "electric-homecare.com"
77.75.79.54 - - [23/Oct/2022:00:00:28 -0700] "GET /robots.txt HTTP/1.1" 200 64 "-" "Mozilla/5.0 (compatible; SeznamBot/3.2; +http://napoveda.seznam.cz/en/seznambot-intro/)" "electric-homecare.com"
77.75.79.54 - - [23/Oct/2022:00:00:29 -0700] "GET /flexabed-Mattress_6.jpg HTTP/1.1" 304 - "-" "Mozilla/5.0 (compatible; SeznamBot/3.2; +http://napoveda.seznam.cz/en/seznambot-intro/)" "electric-homecare.com"
185.234.69.215 - - [23/Oct/2022:00:02:11 -0700] "GET /robots.txt HTTP/1.1" 200 48 "-" "Mozilla/5.0 (compatible; MJ12bot/v1.4.8; http://mj12bot.com/)" "www.electric-homecare.com"
185.234.69.215 - - [23/Oct/2022:00:02:13 -0700] "GET /Brochure.pdf HTTP/1.1" 200 2918442 "-" "Mozilla/5.0 (compatible; MJ12bot/v1.4.8; http://mj12bot.com/)" "www.electric-homecare.com"
185.234.69.215 - - [23/Oct/2022:00:02:16 -0700] "GET /Brooks.html HTTP/1.1" 404 88 "-" "Mozilla/5.0 (compatible; MJ12bot/v1.4.8; http://mj12bot.com/)" "www.electric-homecare.com"
185.234.69.215 - - [23/Oct/2022:00:02:19 -0700] "GET /Buzzaround%20XL.OwnersManual.pdf HTTP/1.1" 200 903258 "-" "Mozilla/5.0 (compatible; MJ12bot/v1.4.8; http://mj12bot.com/)" "www.electric-homecare.com"
185.234.69.215 - - [23/Oct/2022:00:02:23 -0700] "GET /BuzzaroundLiteOwnersManual.pdf HTTP/1.1" 200 877718 "-" "Mozilla/5.0 (compatible; MJ12bot/v1.4.8; http://mj12bot.com/)" "www.electric-homecare.com"
185.234.69.215 - - [23/Oct/2022:00:02:26 -0700] "GET /ClassicFDBRochure.pdf HTTP/1.1" 200 1021918 "-" "Mozilla/5.0 (compatible; MJ12bot/v1.4.8; http://mj12bot.com/)" "www.electric-homecare.com"
185.234.69.215 - - [23/Oct/2022:00:02:31 -0700] "GET /CompanionOwnersManual.pdf HTTP/1.1" 200 5835854 "-" "Mozilla/5.0 (compatible; MJ12bot/v1.4.8; http://mj12bot.com/)" "www.electric-homecare.com"
185.234.69.215 - - [23/Oct/2022:00:02:35 -0700] "GET /CompanionTrifoldBrochure.pdf HTTP/1.1" 404 88 "-" "Mozilla/5.0 (compatible; MJ12bot/v1.4.8; http://mj12bot.com/)" "www.electric-homecare.com"
185.234.69.215 - - [23/Oct/2022:00:02:40 -0700] "GET /Echo%20Folding.pdf HTTP/1.1" 404 88 "-" "Mozilla/5.0 (compatible; MJ12bot/v1.4.8; http://mj12bot.com/)" "www.electric-homecare.com"
185.234.69.215 - - [23/Oct/2022:00:02:44 -0700] "GET /Electropedic-Curve-Stair-Lifts.html HTTP/1.1" 404 88 "-" "Mozilla/5.0 (compatible; MJ12bot/v1.4.8; http://mj12bot.com/)" "www.electric-homecare.com"
185.234.69.215 - - [23/Oct/2022:00:02:49 -0700] "GET /Electropedic-Outdoor-Stair-Lifts.html HTTP/1.1" 404 88 "-" "Mozilla/5.0 (compatible; MJ12bot/v1.4.8; http://mj12bot.com/)" "www.electric-homecare.com"
185.234.69.215 - - [23/Oct/2022:00:02:52 -0700] "GET /Escape%20Manual.pdf HTTP/1.1" 200 1472325 "-" "Mozilla/5.0 (compatible; MJ12bot/v1.4.8; http://mj12bot.com/)" "www.electric-homecare.com"
185.234.69.215 - - [23/Oct/2022:00:02:56 -0700] "GET /Escapecutsheet.pdf HTTP/1.1" 200 1152191 "-" "Mozilla/5.0 (compatible; MJ12bot/v1.4.8; http://mj12bot.com/)" "www.electric-homecare.com"
185.234.69.215 - - [23/Oct/2022:00:03:01 -0700] "GET /Golden-Scooters_brochures.pdf HTTP/1.1" 200 4175523 "-" "Mozilla/5.0 (compatible; MJ12bot/v1.4.8; http://mj12bot.com/)" "www.electric-homecare.com"
185.234.69.215 - - [23/Oct/2022:00:03:06 -0700] "GET /HDproductline.pdf HTTP/1.1" 200 1403529 "-" "Mozilla/5.0 (compatible; MJ12bot/v1.4.8; http://mj12bot.com/)" "www.electric-homecare.com"
185.234.69.215 - - [23/Oct/2022:00:03:08 -0700] "GET /Handicare.html HTTP/1.1" 404 88 "-" "Mozilla/5.0 (compatible; MJ12bot/v1.4.8; http://mj12bot.com/)" "www.electric-homecare.com"
185.234.69.215 - - [23/Oct/2022:00:03:11 -0700] "GET /Hd-brochure.pdf HTTP/1.1" 200 974138 "-" "Mozilla/5.0 (compatible; MJ12bot/v1.4.8; http://mj12bot.com/)" "www.electric-homecare.com"
185.234.69.215 - - [23/Oct/2022:00:03:16 -0700] "GET /ILS-00932_Unenclosed_straight_thru_platform_-_no_pit.pdf HTTP/1.1" 200 944278 "-" "Mozilla/5.0 (compatible; MJ12bot/v1.4.8; http://mj12bot.com/)" "www.electric-homecare.com"
185.234.69.215 - - [23/Oct/2022:00:03:20 -0700] "GET /ILS-00933_Unenclosed_straight_thru_platform_w_pit.pdf HTTP/1.1" 200 664298 "-" "Mozilla/5.0 (compatible; MJ12bot/v1.4.8; http://mj12bot.com/)" "www.electric-homecare.com"
185.234.69.215 - - [23/Oct/2022:00:03:24 -0700] "GET /ILS-00934_90_Unenclosed_adjacent_platform_no_pit.pdf HTTP/1.1" 200 1031623 "-" "Mozilla/5.0 (compatible; MJ12bot/v1.4.8; http://mj12bot.com/)" "www.electric-homecare.com"
