137.226.113.44 - - [30/Nov/2022:16:26:04 -0800] "GET / HTTP/1.1" 200 4147 "-" "Mozilla/5.0 zgrab/0.x (compatible; Researchscan/http; +http://researchscan.comsys.rwth-aachen.de)" "www.electric-homecare.com"
216.244.66.247 - - [30/Nov/2022:16:49:26 -0800] "GET /robots.txt HTTP/1.1" 200 48 "-" "Mozilla/5.0 (compatible; DotBot/1.2; +https://opensiteexplorer.org/dotbot; help@moz.com)" "electric-homecare.com"
51.222.253.7 - - [30/Nov/2022:17:13:39 -0800] "GET /Bariatric-Hospital-Beds.html HTTP/1.1" 200 5040 "-" "Mozilla/5.0 (compatible; AhrefsBot/7.0; +http://ahrefs.com/robot/)" "electric-homecare.com"
40.77.167.103 - - [30/Nov/2022:17:43:36 -0800] "GET /robots.txt HTTP/1.1" 200 64 "-" "Mozilla/5.0 AppleWebKit/537.36 (KHTML, like Gecko; compatible; bingbot/2.0; +http://www.bing.com/bingbot.htm) Chrome/103.0.5060.134 Safari/537.36" "electric-homecare.com"
207.46.13.212 - - [30/Nov/2022:17:43:42 -0800] "GET /PF-09.gif HTTP/1.1" 200 4928328 "-" "Mozilla/5.0 (compatible; bingbot/2.0; +http://www.bing.com/bingbot.htm)" "electric-homecare.com"
216.244.66.247 - - [30/Nov/2022:17:44:08 -0800] "GET /robots.txt HTTP/1.1" 200 48 "-" "Mozilla/5.0 (compatible; DotBot/1.2; +https://opensiteexplorer.org/dotbot; help@moz.com)" "electric-homecare.com"
220.181.108.84 - - [30/Nov/2022:17:51:15 -0800] "GET /gogolxcts.jpg HTTP/1.1" 200 11077 "-" "Mozilla/5.0 (compatible; Baiduspider/2.0; +http://www.baidu.com/search/spider.html)" "electric-homecare.com"
216.244.66.247 - - [30/Nov/2022:18:30:24 -0800] "GET /robots.txt HTTP/1.1" 200 48 "-" "Mozilla/5.0 (compatible; DotBot/1.2; +https://opensiteexplorer.org/dotbot; help@moz.com)" "electric-homecare.com"
216.244.66.247 - - [30/Nov/2022:18:30:24 -0800] "GET /robots.txt HTTP/1.1" 200 48 "-" "Mozilla/5.0 (compatible; DotBot/1.2; +https://opensiteexplorer.org/dotbot; help@moz.com)" "www.electric-homecare.com"
216.244.66.247 - - [30/Nov/2022:18:37:27 -0800] "GET /AdjustableBeds-DualQueen.html HTTP/1.1" 200 56750 "-" "Mozilla/5.0 (compatible; DotBot/1.2; +https://opensiteexplorer.org/dotbot; help@moz.com)" "www.electric-homecare.com"
207.46.13.17 - - [30/Nov/2022:18:46:05 -0800] "GET /electropedic-helping%20you%20since%201964-2.png HTTP/1.1" 200 14233 "-" "Mozilla/5.0 (compatible; bingbot/2.0; +http://www.bing.com/bingbot.htm)" "electric-homecare.com"
207.46.13.35 - - [30/Nov/2022:18:54:22 -0800] "GET /5-bruno-stairlift.jpg HTTP/1.1" 200 31003 "-" "Mozilla/5.0 (compatible; bingbot/2.0; +http://www.bing.com/bingbot.htm)" "electric-homecare.com"
216.244.66.247 - - [30/Nov/2022:19:17:54 -0800] "GET /robots.txt HTTP/1.1" 200 48 "-" "Mozilla/5.0 (compatible; DotBot/1.2; +https://opensiteexplorer.org/dotbot; help@moz.com)" "electric-homecare.com"
123.125.109.121 - - [30/Nov/2022:19:30:14 -0800] "GET / HTTP/1.1" 200 4147 "-" "Sogou web spider/4.0(+http://www.sogou.com/docs/help/webmasters.htm#07)" "www.electric-homecare.com"
54.36.148.179 - - [30/Nov/2022:19:54:29 -0800] "GET /robots.txt HTTP/1.1" 200 64 "-" "Mozilla/5.0 (compatible; AhrefsBot/7.0; +http://ahrefs.com/robot/)" "www.electric-homecare.com"
54.36.148.113 - - [30/Nov/2022:19:54:30 -0800] "GET / HTTP/1.1" 200 4147 "-" "Mozilla/5.0 (compatible; AhrefsBot/7.0; +http://ahrefs.com/robot/)" "www.electric-homecare.com"
216.244.66.247 - - [30/Nov/2022:20:06:05 -0800] "GET /robots.txt HTTP/1.1" 200 48 "-" "Mozilla/5.0 (compatible; DotBot/1.2; +https://opensiteexplorer.org/dotbot; help@moz.com)" "electric-homecare.com"
216.244.66.247 - - [30/Nov/2022:20:53:16 -0800] "GET /robots.txt HTTP/1.1" 200 48 "-" "Mozilla/5.0 (compatible; DotBot/1.2; +https://opensiteexplorer.org/dotbot; help@moz.com)" "electric-homecare.com"
216.244.66.247 - - [30/Nov/2022:21:41:24 -0800] "GET /robots.txt HTTP/1.1" 200 48 "-" "Mozilla/5.0 (compatible; DotBot/1.2; +https://opensiteexplorer.org/dotbot; help@moz.com)" "electric-homecare.com"
54.36.148.135 - - [30/Nov/2022:21:49:31 -0800] "GET /Houston-TX.html HTTP/1.1" 200 4286 "-" "Mozilla/5.0 (compatible; AhrefsBot/7.0; +http://ahrefs.com/robot/)" "www.electric-homecare.com"
216.244.66.247 - - [30/Nov/2022:22:32:46 -0800] "GET /robots.txt HTTP/1.1" 200 48 "-" "Mozilla/5.0 (compatible; DotBot/1.2; +https://opensiteexplorer.org/dotbot; help@moz.com)" "electric-homecare.com"
5.102.173.71 - - [30/Nov/2022:23:02:27 -0800] "GET /robots.txt HTTP/1.1" 200 64 "-" "Mozilla/5.0 (compatible; MojeekBot/0.11; +https://www.mojeek.com/bot.html)" "electric-homecare.com"
5.102.173.71 - - [30/Nov/2022:23:02:27 -0800] "GET /Graham-Field.html HTTP/1.1" 404 88 "-" "Mozilla/5.0 (compatible; MojeekBot/0.11; +https://www.mojeek.com/bot.html)" "electric-homecare.com"
77.88.5.9 - - [30/Nov/2022:23:21:20 -0800] "GET /robots.txt HTTP/1.1" 200 48 "-" "Mozilla/5.0 (compatible; YandexBot/3.0; +http://yandex.com/bots)" "electric-homecare.com"
77.88.5.174 - - [30/Nov/2022:23:21:24 -0800] "GET /Houston-Bariatric-Beds.html HTTP/1.1" 200 9978 "-" "Mozilla/5.0 (compatible; YandexBot/3.0; +http://yandex.com/bots)" "electric-homecare.com"
114.119.142.204 - - [30/Nov/2022:23:33:15 -0800] "GET /Houston-Primo.html HTTP/1.1" 200 3618 "https://electric-homecare.com/Houston-Used.html" "Mozilla/5.0 (Linux; Android 7.0;) AppleWebKit/537.36 (KHTML, like Gecko) Mobile Safari/537.36 (compatible; PetalBot;+https://webmaster.petalsearch.com/site/petalbot)" "electric-homecare.com"
114.119.144.143 - - [30/Nov/2022:23:38:55 -0800] "GET /Houston-Pocketed-Coil.html HTTP/1.1" 200 3573 "https://electric-homecare.com/Houston-Used.html" "Mozilla/5.0 (Linux; Android 7.0;) AppleWebKit/537.36 (KHTML, like Gecko) Mobile Safari/537.36 (compatible; PetalBot;+https://webmaster.petalsearch.com/site/petalbot)" "electric-homecare.com"
216.244.66.247 - - [30/Nov/2022:23:50:44 -0800] "GET /robots.txt HTTP/1.1" 200 48 "-" "Mozilla/5.0 (compatible; DotBot/1.2; +https://opensiteexplorer.org/dotbot; help@moz.com)" "electric-homecare.com"
54.36.148.18 - - [30/Nov/2022:23:55:08 -0800] "GET /robots.txt HTTP/1.1" 200 64 "-" "Mozilla/5.0 (compatible; AhrefsBot/7.0; +http://ahrefs.com/robot/)" "electric-homecare.com"
51.222.253.1 - - [30/Nov/2022:23:55:09 -0800] "GET / HTTP/1.1" 200 4147 "-" "Mozilla/5.0 (compatible; AhrefsBot/7.0; +http://ahrefs.com/robot/)" "electric-homecare.com"
95.216.225.240 - - [01/Dec/2022:00:24:52 -0800] "GET / HTTP/1.1" 200 4147 "http://electric-homecare.com/" "Mozilla/5.0 (Windows NT 10.0; Win64; x64; rv:107.0) Gecko/20100101 Firefox/107.0" "electric-homecare.com"
216.244.66.247 - - [01/Dec/2022:00:41:04 -0800] "GET /robots.txt HTTP/1.1" 200 48 "-" "Mozilla/5.0 (compatible; DotBot/1.2; +https://opensiteexplorer.org/dotbot; help@moz.com)" "electric-homecare.com"
64.124.8.33 - - [01/Dec/2022:00:46:48 -0800] "GET /robots.txt HTTP/1.1" 200 64 "-" "Mozilla/5.0 (X11; Linux x86_64) AppleWebKit/537.36 (KHTML, like Gecko) Chrome/61.0.3163.79 Safari/537.36" "www.electric-homecare.com"
64.124.8.33 - - [01/Dec/2022:00:46:49 -0800] "GET /robots.txt HTTP/1.1" 200 64 "-" "Mozilla/5.0 (X11; Linux x86_64) AppleWebKit/537.36 (KHTML, like Gecko) Chrome/61.0.3163.79 Safari/537.36" "www.electric-homecare.com"
64.124.8.33 - - [01/Dec/2022:00:46:49 -0800] "GET /Cloud.html HTTP/1.1" 404 88 "-" "Mozilla/5.0 (X11; Linux x86_64) AppleWebKit/537.36 (KHTML, like Gecko) Chrome/61.0.3163.79 Safari/537.36" "www.electric-homecare.com"
64.124.8.33 - - [01/Dec/2022:00:54:21 -0800] "GET /robots.txt HTTP/1.1" 200 64 "-" "Mozilla/5.0 (X11; Linux x86_64) AppleWebKit/537.36 (KHTML, like Gecko) Chrome/61.0.3163.79 Safari/537.36" "electric-homecare.com"
64.124.8.33 - - [01/Dec/2022:00:54:21 -0800] "GET /Index-Spanish.html HTTP/1.1" 404 88 "-" "Mozilla/5.0 (X11; Linux x86_64) AppleWebKit/537.36 (KHTML, like Gecko) Chrome/61.0.3163.79 Safari/537.36" "electric-homecare.com"
64.124.8.37 - - [01/Dec/2022:01:06:12 -0800] "GET /robots.txt HTTP/1.1" 200 64 "-" "Mozilla/5.0 (X11; Linux x86_64) AppleWebKit/537.36 (KHTML, like Gecko) Chrome/61.0.3163.79 Safari/537.36" "www.electric-homecare.com"
64.124.8.37 - - [01/Dec/2022:01:06:12 -0800] "GET /robots.txt HTTP/1.1" 200 64 "-" "Mozilla/5.0 (X11; Linux x86_64) AppleWebKit/537.36 (KHTML, like Gecko) Chrome/61.0.3163.79 Safari/537.36" "www.electric-homecare.com"
64.124.8.37 - - [01/Dec/2022:01:06:12 -0800] "GET /Houston.html HTTP/1.1" 200 4223 "-" "Mozilla/5.0 (X11; Linux x86_64) AppleWebKit/537.36 (KHTML, like Gecko) Chrome/61.0.3163.79 Safari/537.36" "www.electric-homecare.com"
157.55.39.78 - - [01/Dec/2022:01:11:57 -0800] "GET /IMG_0668.JPG HTTP/1.1" 200 6658 "-" "Mozilla/5.0 (compatible; bingbot/2.0; +http://www.bing.com/bingbot.htm)" "electric-homecare.com"
216.244.66.247 - - [01/Dec/2022:01:30:29 -0800] "GET /robots.txt HTTP/1.1" 200 48 "-" "Mozilla/5.0 (compatible; DotBot/1.2; +https://opensiteexplorer.org/dotbot; help@moz.com)" "electric-homecare.com"
94.23.207.193 - - [01/Dec/2022:01:42:42 -0800] "GET /robots.txt HTTP/1.1" 200 48 "-" "Mozilla/5.0 (compatible; MJ12bot/v1.4.8; http://mj12bot.com/)" "www.electric-homecare.com"
94.23.207.193 - - [01/Dec/2022:01:42:50 -0800] "GET /LiteRider%20Owner%E2%80%99s%20Manual.pdf HTTP/1.1" 404 88 "-" "Mozilla/5.0 (compatible; MJ12bot/v1.4.8; http://mj12bot.com/)" "www.electric-homecare.com"
94.23.207.193 - - [01/Dec/2022:01:42:55 -0800] "GET /Owner%E2%80%99s%20Manual.pdf HTTP/1.1" 404 88 "-" "Mozilla/5.0 (compatible; MJ12bot/v1.4.8; http://mj12bot.com/)" "www.electric-homecare.com"
138.68.24.242 - - [01/Dec/2022:01:46:05 -0800] "GET / HTTP/1.1" 200 56385 "-" "Lynx/2.9.0dev.5 libwww-FM/2.14 SSL-MM/1.4.1 GNUTLS/3.6.13" "electric-homecare.com"
52.55.11.0 - - [01/Dec/2022:01:56:45 -0800] "GET /0001.jpg HTTP/1.1" 200 153678 "-" "Mozilla/5.0 (X11; Ubuntu; Linux x86_64; rv:72.0) Gecko/20100101 Firefox/72.0" "electric-homecare.com"
216.244.66.247 - - [01/Dec/2022:02:20:04 -0800] "GET /robots.txt HTTP/1.1" 200 48 "-" "Mozilla/5.0 (compatible; DotBot/1.2; +https://opensiteexplorer.org/dotbot; help@moz.com)" "electric-homecare.com"
77.75.76.162 - - [01/Dec/2022:02:23:49 -0800] "GET /robots.txt HTTP/1.1" 200 64 "-" "Mozilla/5.0 (compatible; SeznamBot/3.2; +http://napoveda.seznam.cz/en/seznambot-intro/)" "www.electric-homecare.com"
77.75.76.162 - - [01/Dec/2022:02:23:50 -0800] "GET /elelctropedic040.jpg HTTP/1.1" 404 88 "-" "Mozilla/5.0 (compatible; SeznamBot/3.2; +http://napoveda.seznam.cz/en/seznambot-intro/)" "www.electric-homecare.com"
207.46.13.35 - - [01/Dec/2022:02:24:56 -0800] "GET /Houston-Hospital-Beds.html HTTP/1.1" 200 4991 "-" "Mozilla/5.0 AppleWebKit/537.36 (KHTML, like Gecko; compatible; bingbot/2.0; +http://www.bing.com/bingbot.htm) Chrome/103.0.5060.134 Safari/537.36" "electric-homecare.com"
207.46.13.17 - - [01/Dec/2022:02:33:20 -0800] "GET /Bariatric-Scooters.html HTTP/1.1" 200 5681 "-" "Mozilla/5.0 (compatible; bingbot/2.0; +http://www.bing.com/bingbot.htm)" "electric-homecare.com"
216.244.66.247 - - [01/Dec/2022:02:34:48 -0800] "GET /Bariatric-Stairlifts.html HTTP/1.1" 200 23107 "-" "Mozilla/5.0 (compatible; DotBot/1.2; +https://opensiteexplorer.org/dotbot; help@moz.com)" "electric-homecare.com"
157.90.182.27 - - [01/Dec/2022:02:52:13 -0800] "GET /robots.txt HTTP/1.1" 200 64 "-" "Mozilla/5.0 (compatible; BLEXBot/1.0; +http://webmeup-crawler.com/)" "electric-homecare.com"
157.90.182.27 - - [01/Dec/2022:02:52:13 -0800] "GET /robots.txt HTTP/1.1" 200 64 "-" "Mozilla/5.0 (compatible; BLEXBot/1.0; +http://webmeup-crawler.com/)" "electric-homecare.com"
157.90.182.27 - - [01/Dec/2022:02:52:13 -0800] "GET / HTTP/1.1" 200 4147 "-" "Mozilla/5.0 (compatible; BLEXBot/1.0; +http://webmeup-crawler.com/)" "electric-homecare.com"
77.75.76.170 - - [01/Dec/2022:02:56:16 -0800] "GET /robots.txt HTTP/1.1" 200 64 "-" "Mozilla/5.0 (compatible; SeznamBot/3.2; +http://napoveda.seznam.cz/en/seznambot-intro/)" "electric-homecare.com"
77.75.76.170 - - [01/Dec/2022:02:56:17 -0800] "GET /image030.png HTTP/1.1" 404 88 "-" "Mozilla/5.0 (compatible; SeznamBot/3.2; +http://napoveda.seznam.cz/en/seznambot-intro/)" "electric-homecare.com"
79.110.73.107 - - [01/Dec/2022:03:04:32 -0800] "GET /Houston-Shopriderpowerchairs.html HTTP/1.1" 200 4895 "-" "Mozilla/5.0 (Windows NT 10.0; Win64; x64) AppleWebKit/537.36 (KHTML, like Gecko) Chrome/98.0.4758.141 YaBrowser/22.3.4.731 Yowser/2.5 Safari/537.36" "electric-homecare.com"
157.55.39.78 - - [01/Dec/2022:03:05:17 -0800] "GET /Bariatric-liftchairs.jpg HTTP/1.1" 200 3819 "-" "Mozilla/5.0 (compatible; bingbot/2.0; +http://www.bing.com/bingbot.htm)" "www.electric-homecare.com"
31.148.130.66 - - [01/Dec/2022:03:05:56 -0800] "GET /smartie%20and%20jimme%20user%20manual.pdf HTTP/1.1" 200 990685 "-" "Mozilla/5.0 (Windows NT 6.1; Win64; x64) AppleWebKit/537.36 (KHTML, like Gecko) Chrome/99.0.4844.82 Safari/537.36" "electric-homecare.com"
31.148.131.40 - - [01/Dec/2022:03:05:59 -0800] "GET /6Runner%2010%20manual.pdf HTTP/1.1" 200 1287004 "-" "Mozilla/5.0 (X11; Linux x86_64) AppleWebKit/537.36 (KHTML, like Gecko) Chrome/107.0.0.0 Safari/537.36" "electric-homecare.com"
31.148.131.147 - - [01/Dec/2022:03:06:02 -0800] "GET /steamer%20owners%20manual.pdf HTTP/1.1" 200 586066 "-" "Mozilla/5.0 (Windows NT 10.0; Win64; x64; rv:102.0) Gecko/20100101 Firefox/102.0" "electric-homecare.com"
216.244.66.247 - - [01/Dec/2022:03:18:10 -0800] "GET /robots.txt HTTP/1.1" 200 48 "-" "Mozilla/5.0 (compatible; DotBot/1.2; +https://opensiteexplorer.org/dotbot; help@moz.com)" "electric-homecare.com"
114.119.153.215 - - [01/Dec/2022:03:29:59 -0800] "GET /Houston-GoGoUltraX.html HTTP/1.1" 200 4084 "https://www.electric-homecare.com/Houston-Home.html" "Mozilla/5.0 (Linux; Android 7.0;) AppleWebKit/537.36 (KHTML, like Gecko) Mobile Safari/537.36 (compatible; PetalBot;+https://webmaster.petalsearch.com/site/petalbot)" "www.electric-homecare.com"
52.55.11.0 - - [01/Dec/2022:03:40:11 -0800] "GET /pc-05.jpg HTTP/1.1" 200 167497 "-" "Mozilla/5.0 (X11; Ubuntu; Linux x86_64; rv:72.0) Gecko/20100101 Firefox/72.0" "electric-homecare.com"
77.75.76.170 - - [01/Dec/2022:03:44:42 -0800] "GET /residential-verticalplatform-lift-2.jpg HTTP/1.1" 304 - "-" "Mozilla/5.0 (compatible; SeznamBot/3.2; +http://napoveda.seznam.cz/en/seznambot-intro/)" "electric-homecare.com"
40.77.167.18 - - [01/Dec/2022:03:51:35 -0800] "GET /Houston-Adjustable-Beds.html HTTP/1.1" 200 11912 "-" "Mozilla/5.0 (compatible; bingbot/2.0; +http://www.bing.com/bingbot.htm)" "electric-homecare.com"
65.108.79.209 - - [01/Dec/2022:04:03:03 -0800] "GET /robots.txt HTTP/1.1" 200 64 "http://www.electric-homecare.com/robots.txt" "Mozilla/5.0 (compatible; SEOkicks; +https://www.seokicks.de/robot.html)" "www.electric-homecare.com"
65.108.79.209 - - [01/Dec/2022:04:03:03 -0800] "GET /robots.txt HTTP/1.1" 200 64 "http://electric-homecare.com/robots.txt" "Mozilla/5.0 (compatible; SEOkicks; +https://www.seokicks.de/robot.html)" "electric-homecare.com"
65.108.79.209 - - [01/Dec/2022:04:03:05 -0800] "GET / HTTP/1.1" 200 4147 "http://www.electric-homecare.com/" "Mozilla/5.0 (compatible; SEOkicks; +https://www.seokicks.de/robot.html)" "www.electric-homecare.com"
65.108.79.209 - - [01/Dec/2022:04:03:05 -0800] "GET / HTTP/1.1" 200 4147 "http://electric-homecare.com/" "Mozilla/5.0 (compatible; SEOkicks; +https://www.seokicks.de/robot.html)" "electric-homecare.com"
65.108.79.209 - - [01/Dec/2022:04:03:06 -0800] "GET /Houston.html HTTP/1.1" 200 4223 "https://www.electric-homecare.com/" "Mozilla/5.0 (compatible; SEOkicks; +https://www.seokicks.de/robot.html)" "www.electric-homecare.com"
65.108.79.209 - - [01/Dec/2022:04:03:06 -0800] "GET /Houston.html HTTP/1.1" 200 4223 "https://electric-homecare.com/" "Mozilla/5.0 (compatible; SEOkicks; +https://www.seokicks.de/robot.html)" "electric-homecare.com"
65.108.79.209 - - [01/Dec/2022:04:03:08 -0800] "GET /Houston-TX.html HTTP/1.1" 200 4286 "https://www.electric-homecare.com/" "Mozilla/5.0 (compatible; SEOkicks; +https://www.seokicks.de/robot.html)" "www.electric-homecare.com"
65.108.79.209 - - [01/Dec/2022:04:03:08 -0800] "GET /Houston-TX.html HTTP/1.1" 200 4286 "https://electric-homecare.com/" "Mozilla/5.0 (compatible; SEOkicks; +https://www.seokicks.de/robot.html)" "electric-homecare.com"
114.119.131.166 - - [01/Dec/2022:04:04:20 -0800] "GET /stairlift%20brochure.pdf HTTP/1.1" 200 2721786 "https://electric-homecare.com/Houston-Savariastairlifts.html" "Mozilla/5.0 (Linux; Android 7.0;) AppleWebKit/537.36 (KHTML, like Gecko) Mobile Safari/537.36 (compatible; PetalBot;+https://webmaster.petalsearch.com/site/petalbot)" "electric-homecare.com"
51.83.225.82 - - [01/Dec/2022:04:08:40 -0800] "GET /robots.txt HTTP/1.1" 200 48 "-" "Mozilla/5.0 (compatible; SeekportBot; +https://bot.seekport.com)" "www.electric-homecare.com"
51.83.225.82 - - [01/Dec/2022:04:08:41 -0800] "GET / HTTP/1.1" 200 56385 "http://www.electric-homecare.com/" "Mozilla/5.0 (compatible; SeekportBot; +https://bot.seekport.com)" "www.electric-homecare.com"
51.83.225.82 - - [01/Dec/2022:04:08:42 -0800] "GET /Houston.html HTTP/1.1" 200 29637 "https://www.electric-homecare.com/" "Mozilla/5.0 (compatible; SeekportBot; +https://bot.seekport.com)" "www.electric-homecare.com"
51.83.225.82 - - [01/Dec/2022:04:08:42 -0800] "GET /Houston-TX.html HTTP/1.1" 200 29302 "https://www.electric-homecare.com/" "Mozilla/5.0 (compatible; SeekportBot; +https://bot.seekport.com)" "www.electric-homecare.com"
207.46.13.212 - - [01/Dec/2022:04:13:43 -0800] "GET /Bariatric-Lift-Chairs.html HTTP/1.1" 200 11198 "-" "Mozilla/5.0 (compatible; bingbot/2.0; +http://www.bing.com/bingbot.htm)" "electric-homecare.com"
149.202.180.22 - - [01/Dec/2022:04:27:49 -0800] "GET / HTTP/1.1" 200 4147 "http://www.electric-homecare.com" "Mozilla/5.0 (Windows NT 10.0; Win64; x64; rv:106.0) Gecko/20100101 Firefox/106.0" "www.electric-homecare.com"
149.202.180.22 - - [01/Dec/2022:04:27:50 -0800] "GET /ads.txt HTTP/1.1" 404 88 "http://electric-homecare.com/ads.txt" "Mozilla/5.0 (Windows NT 10.0; Win64; x64; rv:106.0) Gecko/20100101 Firefox/106.0" "electric-homecare.com"
216.244.66.247 - - [01/Dec/2022:04:28:24 -0800] "GET /robots.txt HTTP/1.1" 200 48 "-" "Mozilla/5.0 (compatible; DotBot/1.2; +https://opensiteexplorer.org/dotbot; help@moz.com)" "electric-homecare.com"
207.46.13.17 - - [01/Dec/2022:04:38:31 -0800] "GET /stairlifts-available-in-the-us.png HTTP/1.1" 200 5541 "-" "Mozilla/5.0 AppleWebKit/537.36 (KHTML, like Gecko; compatible; bingbot/2.0; +http://www.bing.com/bingbot.htm) Chrome/103.0.5060.134 Safari/537.36" "electric-homecare.com"
64.124.8.36 - - [01/Dec/2022:04:51:13 -0800] "GET /robots.txt HTTP/1.1" 200 64 "-" "Mozilla/5.0 (X11; Linux x86_64) AppleWebKit/537.36 (KHTML, like Gecko) Chrome/61.0.3163.79 Safari/537.36" "www.electric-homecare.com"
157.90.181.149 - - [01/Dec/2022:04:51:45 -0800] "GET /robots.txt HTTP/1.1" 200 64 "-" "Mozilla/5.0 (compatible; BLEXBot/1.0; +http://webmeup-crawler.com/)" "www.electric-homecare.com"
157.90.181.149 - - [01/Dec/2022:04:51:46 -0800] "GET /robots.txt HTTP/1.1" 200 64 "-" "Mozilla/5.0 (compatible; BLEXBot/1.0; +http://webmeup-crawler.com/)" "www.electric-homecare.com"
157.90.181.149 - - [01/Dec/2022:04:51:47 -0800] "GET / HTTP/1.1" 200 4147 "-" "Mozilla/5.0 (compatible; BLEXBot/1.0; +http://webmeup-crawler.com/)" "www.electric-homecare.com"
157.90.181.149 - - [01/Dec/2022:04:51:52 -0800] "GET /robots.txt HTTP/1.1" 200 64 "-" "Mozilla/5.0 (compatible; BLEXBot/1.0; +http://webmeup-crawler.com/)" "electric-homecare.com"
157.90.181.149 - - [01/Dec/2022:04:51:53 -0800] "GET /robots.txt HTTP/1.1" 200 64 "-" "Mozilla/5.0 (compatible; BLEXBot/1.0; +http://webmeup-crawler.com/)" "electric-homecare.com"
157.90.181.149 - - [01/Dec/2022:04:51:53 -0800] "GET /Houston-Adjustable-Beds.html HTTP/1.1" 200 11912 "-" "Mozilla/5.0 (compatible; BLEXBot/1.0; +http://webmeup-crawler.com/)" "electric-homecare.com"
157.90.181.149 - - [01/Dec/2022:04:51:55 -0800] "GET /Houston-Bariatric-Beds.html HTTP/1.1" 200 9978 "-" "Mozilla/5.0 (compatible; BLEXBot/1.0; +http://webmeup-crawler.com/)" "electric-homecare.com"
157.90.181.149 - - [01/Dec/2022:04:51:58 -0800] "GET /Houston-Hospital-Beds.html HTTP/1.1" 200 4991 "-" "Mozilla/5.0 (compatible; BLEXBot/1.0; +http://webmeup-crawler.com/)" "electric-homecare.com"
157.90.181.149 - - [01/Dec/2022:04:52:00 -0800] "GET /Houston-Lift-Chairs.html HTTP/1.1" 200 8833 "-" "Mozilla/5.0 (compatible; BLEXBot/1.0; +http://webmeup-crawler.com/)" "electric-homecare.com"
157.90.181.149 - - [01/Dec/2022:04:52:02 -0800] "GET /Houston-Mattresses.html HTTP/1.1" 200 3535 "-" "Mozilla/5.0 (compatible; BLEXBot/1.0; +http://webmeup-crawler.com/)" "electric-homecare.com"
157.90.181.149 - - [01/Dec/2022:04:52:07 -0800] "GET /Houston-Scooters.html HTTP/1.1" 200 13467 "-" "Mozilla/5.0 (compatible; BLEXBot/1.0; +http://webmeup-crawler.com/)" "electric-homecare.com"
157.90.181.149 - - [01/Dec/2022:04:52:26 -0800] "GET /Nationwide.html HTTP/1.1" 404 88 "-" "Mozilla/5.0 (compatible; BLEXBot/1.0; +http://webmeup-crawler.com/)" "electric-homecare.com"
157.90.181.149 - - [01/Dec/2022:04:52:31 -0800] "GET /Stair-Lifts.html HTTP/1.1" 200 13618 "-" "Mozilla/5.0 (compatible; BLEXBot/1.0; +http://webmeup-crawler.com/)" "electric-homecare.com"
157.90.181.149 - - [01/Dec/2022:04:52:38 -0800] "GET /Wheelchair-Elevators.html HTTP/1.1" 404 88 "-" "Mozilla/5.0 (compatible; BLEXBot/1.0; +http://webmeup-crawler.com/)" "electric-homecare.com"
61.135.159.133 - - [01/Dec/2022:04:54:21 -0800] "GET / HTTP/1.1" 200 4147 "-" "Sogou web spider/4.0(+http://www.sogou.com/docs/help/webmasters.htm#07)" "www.electric-homecare.com"
40.77.167.18 - - [01/Dec/2022:04:55:02 -0800] "GET /Houston-Lift-Chairs.html HTTP/1.1" 200 8833 "-" "Mozilla/5.0 AppleWebKit/537.36 (KHTML, like Gecko; compatible; bingbot/2.0; +http://www.bing.com/bingbot.htm) Chrome/103.0.5060.134 Safari/537.36" "electric-homecare.com"
216.244.66.247 - - [01/Dec/2022:05:17:59 -0800] "GET /robots.txt HTTP/1.1" 200 48 "-" "Mozilla/5.0 (compatible; DotBot/1.2; +https://opensiteexplorer.org/dotbot; help@moz.com)" "www.electric-homecare.com"
216.244.66.247 - - [01/Dec/2022:05:17:59 -0800] "GET /robots.txt HTTP/1.1" 200 48 "-" "Mozilla/5.0 (compatible; DotBot/1.2; +https://opensiteexplorer.org/dotbot; help@moz.com)" "electric-homecare.com"
65.21.232.254 - - [01/Dec/2022:05:32:43 -0800] "GET /robots.txt HTTP/1.1" 200 48 "-" "Mozilla/5.0 (compatible; MJ12bot/v1.4.8; http://mj12bot.com/)" "electric-homecare.com"
65.21.232.254 - - [01/Dec/2022:05:32:47 -0800] "GET /Houston-JamesAir%E2%84%A2MattressReplacements.html HTTP/1.1" 404 88 "-" "Mozilla/5.0 (compatible; MJ12bot/v1.4.8; http://mj12bot.com/)" "electric-homecare.com"
65.21.232.254 - - [01/Dec/2022:05:32:49 -0800] "GET /robots.txt HTTP/1.1" 200 48 "-" "Mozilla/5.0 (compatible; MJ12bot/v1.4.8; http://mj12bot.com/)" "www.electric-homecare.com"
65.21.232.254 - - [01/Dec/2022:05:32:54 -0800] "GET /Houston-JamesAir%E2%84%A2MattressReplacements.html HTTP/1.1" 404 88 "-" "Mozilla/5.0 (compatible; MJ12bot/v1.4.8; http://mj12bot.com/)" "www.electric-homecare.com"
109.244.180.194 - - [01/Dec/2022:05:33:12 -0800] "GET /Drive-medical-2.jpg HTTP/1.1" 200 310007 "-" "Mozilla/5.0 (X11; Ubuntu; Linux x86_64; rv:72.0) Gecko/20100101 Firefox/72.0" "electric-homecare.com"
65.108.79.209 - - [01/Dec/2022:05:40:16 -0800] "GET /Nationwide.html HTTP/1.1" 404 88 "http://electric-homecare.com/Nationwide.html" "Mozilla/5.0 (compatible; SEOkicks; +https://www.seokicks.de/robot.html)" "electric-homecare.com"
65.108.79.209 - - [01/Dec/2022:05:40:17 -0800] "GET /Houston-Adjustable-Beds.html HTTP/1.1" 200 11912 "http://electric-homecare.com/Houston-Adjustable-Beds.html" "Mozilla/5.0 (compatible; SEOkicks; +https://www.seokicks.de/robot.html)" "electric-homecare.com"
65.108.79.209 - - [01/Dec/2022:05:40:20 -0800] "GET /Houston-Bariatric-Beds.html HTTP/1.1" 200 9978 "http://electric-homecare.com/Houston-Bariatric-Beds.html" "Mozilla/5.0 (compatible; SEOkicks; +https://www.seokicks.de/robot.html)" "electric-homecare.com"
65.108.79.209 - - [01/Dec/2022:05:40:21 -0800] "GET /Houston-Hospital-Beds.html HTTP/1.1" 200 4991 "http://electric-homecare.com/Houston-Hospital-Beds.html" "Mozilla/5.0 (compatible; SEOkicks; +https://www.seokicks.de/robot.html)" "electric-homecare.com"
65.108.79.209 - - [01/Dec/2022:05:40:23 -0800] "GET /Houston-Lift-Chairs.html HTTP/1.1" 200 8833 "http://electric-homecare.com/Houston-Lift-Chairs.html" "Mozilla/5.0 (compatible; SEOkicks; +https://www.seokicks.de/robot.html)" "electric-homecare.com"
65.108.79.209 - - [01/Dec/2022:05:40:24 -0800] "GET /Houston-Mattresses.html HTTP/1.1" 200 3535 "http://electric-homecare.com/Houston-Mattresses.html" "Mozilla/5.0 (compatible; SEOkicks; +https://www.seokicks.de/robot.html)" "electric-homecare.com"
65.108.79.209 - - [01/Dec/2022:05:40:26 -0800] "GET /Houston-Scooters.html HTTP/1.1" 200 13467 "http://electric-homecare.com/Houston-Scooters.html" "Mozilla/5.0 (compatible; SEOkicks; +https://www.seokicks.de/robot.html)" "electric-homecare.com"
65.108.79.209 - - [01/Dec/2022:05:40:27 -0800] "GET /Stair-Lifts.html HTTP/1.1" 200 13618 "http://electric-homecare.com/Stair-Lifts.html" "Mozilla/5.0 (compatible; SEOkicks; +https://www.seokicks.de/robot.html)" "electric-homecare.com"
65.108.79.209 - - [01/Dec/2022:05:40:29 -0800] "GET /Houston-Wheelchairs.html HTTP/1.1" 200 12937 "http://electric-homecare.com/Houston-Wheelchairs.html" "Mozilla/5.0 (compatible; SEOkicks; +https://www.seokicks.de/robot.html)" "electric-homecare.com"
65.108.79.209 - - [01/Dec/2022:05:40:30 -0800] "GET /Wheelchair-Elevators.html HTTP/1.1" 404 88 "http://electric-homecare.com/Wheelchair-Elevators.html" "Mozilla/5.0 (compatible; SEOkicks; +https://www.seokicks.de/robot.html)" "electric-homecare.com"
65.108.79.209 - - [01/Dec/2022:05:40:32 -0800] "GET /index.html HTTP/1.1" 200 4147 "https://electric-homecare.com/Houston-Adjustable-Beds.html" "Mozilla/5.0 (compatible; SEOkicks; +https://www.seokicks.de/robot.html)" "electric-homecare.com"
77.75.79.31 - - [01/Dec/2022:05:49:39 -0800] "GET /robots.txt HTTP/1.1" 200 64 "-" "Mozilla/5.0 (compatible; SeznamBot/4.0-RC1; +http://napoveda.seznam.cz/seznambot-intro/)" "www.electric-homecare.com"
77.75.78.169 - - [01/Dec/2022:05:50:15 -0800] "GET /robots.txt HTTP/1.1" 200 64 "-" "Mozilla/5.0 (compatible; SeznamBot/3.2; +http://napoveda.seznam.cz/en/seznambot-intro/)" "electric-homecare.com"
77.75.78.169 - - [01/Dec/2022:05:50:18 -0800] "GET /brunostairlift-elite-curved3.jpg HTTP/1.1" 304 - "-" "Mozilla/5.0 (compatible; SeznamBot/3.2; +http://napoveda.seznam.cz/en/seznambot-intro/)" "electric-homecare.com"
106.52.146.234 - - [01/Dec/2022:06:08:20 -0800] "GET /pc-05.jpg HTTP/1.1" 200 167497 "-" "Mozilla/5.0 (X11; Ubuntu; Linux x86_64; rv:72.0) Gecko/20100101 Firefox/72.0" "electric-homecare.com"
52.55.11.0 - - [01/Dec/2022:06:11:19 -0800] "GET /pc-04.jpg HTTP/1.1" 200 154772 "-" "Mozilla/5.0 (X11; Ubuntu; Linux x86_64; rv:72.0) Gecko/20100101 Firefox/72.0" "electric-homecare.com"
54.70.46.105 - - [01/Dec/2022:06:19:04 -0800] "GET / HTTP/1.1" 200 4147 "-" "Mozilla/5.0 (X11; Linux x86_64) AppleWebKit/537.36 (KHTML, like Gecko) Chrome/83.0.4103.97 Safari/537.36" "electric-homecare.com"
52.36.159.253 - - [01/Dec/2022:06:19:05 -0800] "GET / HTTP/1.1" 200 4147 "-" "Mozilla/5.0 (X11; Linux x86_64) AppleWebKit/537.36 (KHTML, like Gecko) Chrome/83.0.4103.97 Safari/537.36" "electric-homecare.com"
54.185.221.79 - - [01/Dec/2022:06:19:15 -0800] "GET /favicon.ico HTTP/1.1" 404 88 "-" "Mozilla/5.0 (X11; Linux x86_64) AppleWebKit/537.36 (KHTML, like Gecko) Chrome/83.0.4103.97 Safari/537.36" "electric-homecare.com"
54.185.221.79 - - [01/Dec/2022:06:19:16 -0800] "GET / HTTP/1.1" 200 4147 "-" "Mozilla/5.0 (X11; Linux x86_64) AppleWebKit/537.36 (KHTML, like Gecko) Chrome/83.0.4103.97 Safari/537.36" "electric-homecare.com"
34.216.85.177 - - [01/Dec/2022:06:19:31 -0800] "GET /favicon.ico HTTP/1.1" 404 88 "http://electric-homecare.com/favicon.ico" "Mozilla/5.0 (X11; Linux x86_64) AppleWebKit/537.36 (KHTML, like Gecko) Chrome/83.0.4103.97 Safari/537.36" "electric-homecare.com"
34.216.85.177 - - [01/Dec/2022:06:19:34 -0800] "GET / HTTP/1.1" 200 4147 "http://electric-homecare.com" "Mozilla/5.0 (X11; Linux x86_64) AppleWebKit/537.36 (KHTML, like Gecko) Chrome/83.0.4103.97 Safari/537.36" "electric-homecare.com"
65.108.79.209 - - [01/Dec/2022:06:22:02 -0800] "GET /San-Francisco-Adjustable-Beds.html HTTP/1.1" 404 88 "https://electric-homecare.com/Houston-Adjustable-Beds.html" "Mozilla/5.0 (compatible; SEOkicks; +https://www.seokicks.de/robot.html)" "electric-homecare.com"
65.108.79.209 - - [01/Dec/2022:06:22:03 -0800] "GET /Adjustable-Beds.html HTTP/1.1" 200 6512 "http://electric-homecare.com/Adjustable-Beds.html" "Mozilla/5.0 (compatible; SEOkicks; +https://www.seokicks.de/robot.html)" "electric-homecare.com"
65.108.79.209 - - [01/Dec/2022:06:22:05 -0800] "GET /Bariatric-Beds.html HTTP/1.1" 404 88 "http://electric-homecare.com/Bariatric-Beds.html" "Mozilla/5.0 (compatible; SEOkicks; +https://www.seokicks.de/robot.html)" "electric-homecare.com"
65.108.79.209 - - [01/Dec/2022:06:22:06 -0800] "GET /Hospital-Beds.html HTTP/1.1" 404 88 "http://electric-homecare.com/Hospital-Beds.html" "Mozilla/5.0 (compatible; SEOkicks; +https://www.seokicks.de/robot.html)" "electric-homecare.com"
65.108.79.209 - - [01/Dec/2022:06:22:07 -0800] "GET /Lift-Chairs.html HTTP/1.1" 200 14960 "http://electric-homecare.com/Lift-Chairs.html" "Mozilla/5.0 (compatible; SEOkicks; +https://www.seokicks.de/robot.html)" "electric-homecare.com"
65.108.79.209 - - [01/Dec/2022:06:22:09 -0800] "GET /Wheelchairs.html HTTP/1.1" 404 88 "http://electric-homecare.com/Wheelchairs.html" "Mozilla/5.0 (compatible; SEOkicks; +https://www.seokicks.de/robot.html)" "electric-homecare.com"
65.108.79.209 - - [01/Dec/2022:06:22:10 -0800] "GET /Wheel-Chair-Lifts.html HTTP/1.1" 404 88 "http://electric-homecare.com/Wheel-Chair-Lifts.html" "Mozilla/5.0 (compatible; SEOkicks; +https://www.seokicks.de/robot.html)" "electric-homecare.com"
65.108.79.209 - - [01/Dec/2022:06:22:12 -0800] "GET /Scooters.html HTTP/1.1" 404 88 "http://electric-homecare.com/Scooters.html" "Mozilla/5.0 (compatible; SEOkicks; +https://www.seokicks.de/robot.html)" "electric-homecare.com"
65.108.79.209 - - [01/Dec/2022:06:22:13 -0800] "GET /Mattresses.html HTTP/1.1" 404 88 "http://electric-homecare.com/Mattresses.html" "Mozilla/5.0 (compatible; SEOkicks; +https://www.seokicks.de/robot.html)" "electric-homecare.com"
65.108.79.209 - - [01/Dec/2022:06:22:15 -0800] "GET /Transfer-Master.html HTTP/1.1" 404 88 "http://electric-homecare.com/Transfer-Master.html" "Mozilla/5.0 (compatible; SEOkicks; +https://www.seokicks.de/robot.html)" "electric-homecare.com"
65.108.79.209 - - [01/Dec/2022:06:22:16 -0800] "GET /Graham-Field.html HTTP/1.1" 404 88 "http://electric-homecare.com/Graham-Field.html" "Mozilla/5.0 (compatible; SEOkicks; +https://www.seokicks.de/robot.html)" "electric-homecare.com"
114.119.148.106 - - [01/Dec/2022:06:37:15 -0800] "GET /sitemap.xml HTTP/1.1" 200 175 "-" "Mozilla/5.0 (compatible;PetalBot;+https://webmaster.petalsearch.com/site/petalbot)" "electric-homecare.com"
77.75.79.31 - - [01/Dec/2022:06:39:31 -0800] "GET /a.html HTTP/1.1" 304 - "-" "Mozilla/5.0 (compatible; SeznamBot/4.0-RC1; +http://napoveda.seznam.cz/seznambot-intro/)" "electric-homecare.com"
5.102.173.71 - - [01/Dec/2022:06:47:34 -0800] "GET /robots.txt HTTP/1.1" 200 64 "-" "Mozilla/5.0 (compatible; MojeekBot/0.11; +https://www.mojeek.com/bot.html)" "electric-homecare.com"
5.102.173.71 - - [01/Dec/2022:06:47:34 -0800] "GET /Houston-Volkner.html HTTP/1.1" 200 5140 "-" "Mozilla/5.0 (compatible; MojeekBot/0.11; +https://www.mojeek.com/bot.html)" "electric-homecare.com"
77.75.79.31 - - [01/Dec/2022:06:51:36 -0800] "GET /Houston-HarmarTruckLifts.html HTTP/1.1" 304 - "-" "Mozilla/5.0 (compatible; SeznamBot/4.0-RC1; +http://napoveda.seznam.cz/seznambot-intro/)" "electric-homecare.com"
216.244.66.247 - - [01/Dec/2022:06:52:56 -0800] "GET /robots.txt HTTP/1.1" 200 48 "-" "Mozilla/5.0 (compatible; DotBot/1.2; +https://opensiteexplorer.org/dotbot; help@moz.com)" "electric-homecare.com"
65.108.79.209 - - [01/Dec/2022:06:59:16 -0800] "GET /San-Francisco-Adjustable-Beds.html HTTP/1.1" 404 88 "http://www.electric-homecare.com/San-Francisco-Adjustable-Beds.html" "Mozilla/5.0 (compatible; SEOkicks; +https://www.seokicks.de/robot.html)" "www.electric-homecare.com"
65.108.79.209 - - [01/Dec/2022:06:59:18 -0800] "GET /index.html HTTP/1.1" 200 4147 "http://www.electric-homecare.com/index.html" "Mozilla/5.0 (compatible; SEOkicks; +https://www.seokicks.de/robot.html)" "www.electric-homecare.com"
65.108.79.209 - - [01/Dec/2022:06:59:19 -0800] "GET /Cloud.html HTTP/1.1" 404 88 "http://www.electric-homecare.com/Cloud.html" "Mozilla/5.0 (compatible; SEOkicks; +https://www.seokicks.de/robot.html)" "www.electric-homecare.com"
65.108.79.209 - - [01/Dec/2022:06:59:21 -0800] "GET /Used.html HTTP/1.1" 404 88 "http://www.electric-homecare.com/Used.html" "Mozilla/5.0 (compatible; SEOkicks; +https://www.seokicks.de/robot.html)" "www.electric-homecare.com"
65.108.79.209 - - [01/Dec/2022:06:59:22 -0800] "GET /Los-Angeles.html HTTP/1.1" 404 88 "http://www.electric-homecare.com/Los-Angeles.html" "Mozilla/5.0 (compatible; SEOkicks; +https://www.seokicks.de/robot.html)" "www.electric-homecare.com"
65.108.79.209 - - [01/Dec/2022:06:59:23 -0800] "GET /Orange-County.html HTTP/1.1" 404 88 "http://www.electric-homecare.com/Orange-County.html" "Mozilla/5.0 (compatible; SEOkicks; +https://www.seokicks.de/robot.html)" "www.electric-homecare.com"
65.108.79.209 - - [01/Dec/2022:06:59:25 -0800] "GET /Phoenix.html HTTP/1.1" 404 88 "http://www.electric-homecare.com/Phoenix.html" "Mozilla/5.0 (compatible; SEOkicks; +https://www.seokicks.de/robot.html)" "www.electric-homecare.com"
65.108.79.209 - - [01/Dec/2022:06:59:26 -0800] "GET /San-Francisco.html HTTP/1.1" 404 88 "http://www.electric-homecare.com/San-Francisco.html" "Mozilla/5.0 (compatible; SEOkicks; +https://www.seokicks.de/robot.html)" "www.electric-homecare.com"
65.108.79.209 - - [01/Dec/2022:06:59:28 -0800] "GET /Riverside.html HTTP/1.1" 404 88 "http://www.electric-homecare.com/Riverside.html" "Mozilla/5.0 (compatible; SEOkicks; +https://www.seokicks.de/robot.html)" "www.electric-homecare.com"
65.108.79.209 - - [01/Dec/2022:06:59:29 -0800] "GET /San-Diego.html HTTP/1.1" 404 88 "http://www.electric-homecare.com/San-Diego.html" "Mozilla/5.0 (compatible; SEOkicks; +https://www.seokicks.de/robot.html)" "www.electric-homecare.com"
65.108.79.209 - - [01/Dec/2022:06:59:30 -0800] "GET /Nationwide.html HTTP/1.1" 404 88 "http://www.electric-homecare.com/Nationwide.html" "Mozilla/5.0 (compatible; SEOkicks; +https://www.seokicks.de/robot.html)" "www.electric-homecare.com"
65.108.79.209 - - [01/Dec/2022:06:59:40 -0800] "GET /Drive.html HTTP/1.1" 404 88 "http://electric-homecare.com/Drive.html" "Mozilla/5.0 (compatible; SEOkicks; +https://www.seokicks.de/robot.html)" "electric-homecare.com"
65.108.79.209 - - [01/Dec/2022:06:59:41 -0800] "GET /Tuffcare.html HTTP/1.1" 404 88 "http://electric-homecare.com/Tuffcare.html" "Mozilla/5.0 (compatible; SEOkicks; +https://www.seokicks.de/robot.html)" "electric-homecare.com"
65.108.79.209 - - [01/Dec/2022:06:59:42 -0800] "GET /none HTTP/1.1" 404 88 "http://electric-homecare.com/none" "Mozilla/5.0 (compatible; SEOkicks; +https://www.seokicks.de/robot.html)" "electric-homecare.com"
65.108.79.209 - - [01/Dec/2022:06:59:44 -0800] "GET /Acorn-Indoor.html HTTP/1.1" 404 88 "http://electric-homecare.com/Acorn-Indoor.html" "Mozilla/5.0 (compatible; SEOkicks; +https://www.seokicks.de/robot.html)" "electric-homecare.com"
65.108.79.209 - - [01/Dec/2022:06:59:45 -0800] "GET /Acorn-Outdoor.html HTTP/1.1" 404 88 "http://electric-homecare.com/Acorn-Outdoor.html" "Mozilla/5.0 (compatible; SEOkicks; +https://www.seokicks.de/robot.html)" "electric-homecare.com"
65.108.79.209 - - [01/Dec/2022:06:59:47 -0800] "GET /Acorn-Curve.html HTTP/1.1" 404 88 "http://electric-homecare.com/Acorn-Curve.html" "Mozilla/5.0 (compatible; SEOkicks; +https://www.seokicks.de/robot.html)" "electric-homecare.com"
65.108.79.209 - - [01/Dec/2022:06:59:49 -0800] "GET /Elan.html HTTP/1.1" 404 88 "http://electric-homecare.com/Elan.html" "Mozilla/5.0 (compatible; SEOkicks; +https://www.seokicks.de/robot.html)" "electric-homecare.com"
65.108.79.209 - - [01/Dec/2022:06:59:50 -0800] "GET /Elite-Indoor.html HTTP/1.1" 404 88 "http://electric-homecare.com/Elite-Indoor.html" "Mozilla/5.0 (compatible; SEOkicks; +https://www.seokicks.de/robot.html)" "electric-homecare.com"
65.108.79.209 - - [01/Dec/2022:06:59:51 -0800] "GET /Elite-Indoor-Curved.html HTTP/1.1" 404 88 "http://electric-homecare.com/Elite-Indoor-Curved.html" "Mozilla/5.0 (compatible; SEOkicks; +https://www.seokicks.de/robot.html)" "electric-homecare.com"
65.108.79.209 - - [01/Dec/2022:06:59:53 -0800] "GET /Elite-Outdoor-Curved.html HTTP/1.1" 404 88 "http://electric-homecare.com/Elite-Outdoor-Curved.html" "Mozilla/5.0 (compatible; SEOkicks; +https://www.seokicks.de/robot.html)" "electric-homecare.com"
65.108.79.209 - - [01/Dec/2022:06:59:54 -0800] "GET /Elite-Outdoor-Straight.html HTTP/1.1" 404 88 "http://electric-homecare.com/Elite-Outdoor-Straight.html" "Mozilla/5.0 (compatible; SEOkicks; +https://www.seokicks.de/robot.html)" "electric-homecare.com"
65.108.79.209 - - [01/Dec/2022:07:34:25 -0800] "GET /Phoenix-Electric-Wheelchair-Power-Chairs.html HTTP/1.1" 404 88 "http://www.electric-homecare.com/Phoenix-Electric-Wheelchair-Power-Chairs.html" "Mozilla/5.0 (compatible; SEOkicks; +https://www.seokicks.de/robot.html)" "www.electric-homecare.com"
65.108.79.209 - - [01/Dec/2022:07:34:27 -0800] "GET /Los-Angeles-Electric-Wheelchair-Power-Chairs.html HTTP/1.1" 404 88 "http://www.electric-homecare.com/Los-Angeles-Electric-Wheelchair-Power-Chairs.html" "Mozilla/5.0 (compatible; SEOkicks; +https://www.seokicks.de/robot.html)" "www.electric-homecare.com"
65.108.79.209 - - [01/Dec/2022:07:34:28 -0800] "GET /Alhambra-Electric-Wheelchair-Power-Chairs.html HTTP/1.1" 404 88 "http://www.electric-homecare.com/Alhambra-Electric-Wheelchair-Power-Chairs.html" "Mozilla/5.0 (compatible; SEOkicks; +https://www.seokicks.de/robot.html)" "www.electric-homecare.com"
65.108.79.209 - - [01/Dec/2022:07:34:29 -0800] "GET /Houston-Electric-Wheelchair-Power-Chairs.html HTTP/1.1" 404 88 "http://www.electric-homecare.com/Houston-Electric-Wheelchair-Power-Chairs.html" "Mozilla/5.0 (compatible; SEOkicks; +https://www.seokicks.de/robot.html)" "www.electric-homecare.com"
65.108.79.209 - - [01/Dec/2022:07:34:31 -0800] "GET /Buena-Park-Electric-Wheelchair-Power-Chairs.html HTTP/1.1" 404 88 "http://www.electric-homecare.com/Buena-Park-Electric-Wheelchair-Power-Chairs.html" "Mozilla/5.0 (compatible; SEOkicks; +https://www.seokicks.de/robot.html)" "www.electric-homecare.com"
65.108.79.209 - - [01/Dec/2022:07:34:32 -0800] "GET /Burbank-Electric-Wheelchair-Power-Chairs.html HTTP/1.1" 404 88 "http://www.electric-homecare.com/Burbank-Electric-Wheelchair-Power-Chairs.html" "Mozilla/5.0 (compatible; SEOkicks; +https://www.seokicks.de/robot.html)" "www.electric-homecare.com"
65.108.79.209 - - [01/Dec/2022:07:34:34 -0800] "GET /Carlsbad-Electric-Wheelchair-Power-Chairs.html HTTP/1.1" 404 88 "http://www.electric-homecare.com/Carlsbad-Electric-Wheelchair-Power-Chairs.html" "Mozilla/5.0 (compatible; SEOkicks; +https://www.seokicks.de/robot.html)" "www.electric-homecare.com"
65.108.79.209 - - [01/Dec/2022:07:34:35 -0800] "GET /Corona-Electric-Wheelchair-Power-Chairs.html HTTP/1.1" 404 88 "http://www.electric-homecare.com/Corona-Electric-Wheelchair-Power-Chairs.html" "Mozilla/5.0 (compatible; SEOkicks; +https://www.seokicks.de/robot.html)" "www.electric-homecare.com"
65.108.79.209 - - [01/Dec/2022:07:34:36 -0800] "GET /Carson-Electric-Wheelchair-Power-Chairs.html HTTP/1.1" 404 88 "http://www.electric-homecare.com/Carson-Electric-Wheelchair-Power-Chairs.html" "Mozilla/5.0 (compatible; SEOkicks; +https://www.seokicks.de/robot.html)" "www.electric-homecare.com"
65.108.79.209 - - [01/Dec/2022:07:34:38 -0800] "GET /Chula-Vista-Electric-Wheelchair-Power-Chairs.html HTTP/1.1" 404 88 "http://www.electric-homecare.com/Chula-Vista-Electric-Wheelchair-Power-Chairs.html" "Mozilla/5.0 (compatible; SEOkicks; +https://www.seokicks.de/robot.html)" "www.electric-homecare.com"
65.108.79.209 - - [01/Dec/2022:07:34:45 -0800] "GET /Savaria-Stair-Lifts.html HTTP/1.1" 404 88 "http://electric-homecare.com/Savaria-Stair-Lifts.html" "Mozilla/5.0 (compatible; SEOkicks; +https://www.seokicks.de/robot.html)" "electric-homecare.com"
65.108.79.209 - - [01/Dec/2022:07:34:46 -0800] "GET /Harmar-Stairlifts.html HTTP/1.1" 404 88 "http://electric-homecare.com/Harmar-Stairlifts.html" "Mozilla/5.0 (compatible; SEOkicks; +https://www.seokicks.de/robot.html)" "electric-homecare.com"
65.108.79.209 - - [01/Dec/2022:07:34:48 -0800] "GET /San-Francisco-Bariatric-Beds.html HTTP/1.1" 404 88 "https://electric-homecare.com/Houston-Adjustable-Beds.html" "Mozilla/5.0 (compatible; SEOkicks; +https://www.seokicks.de/robot.html)" "electric-homecare.com"
65.108.79.209 - - [01/Dec/2022:07:34:49 -0800] "GET /Houston-AdjustableBeds-Twin.html HTTP/1.1" 200 3030 "https://electric-homecare.com/Houston-Adjustable-Beds.html" "Mozilla/5.0 (compatible; SEOkicks; +https://www.seokicks.de/robot.html)" "electric-homecare.com"
65.108.79.209 - - [01/Dec/2022:07:34:51 -0800] "GET /Twin%20Regular%20THE%20ULTIMATE%20Adjustable%20Bed%20Latex%20Mattress%20Twinsize HTTP/1.1" 404 88 "https://electric-homecare.com/Houston-AdjustableBeds-Twin.html" "Mozilla/5.0 (compatible; SEOkicks; +https://www.seokicks.de/robot.html)" "electric-homecare.com"
65.108.79.209 - - [01/Dec/2022:07:34:52 -0800] "GET /Twin%20size%20High%20Profile%20Adjustable%20Bed%20Latex%20Mattress%20Twinsize HTTP/1.1" 404 88 "https://electric-homecare.com/Houston-AdjustableBeds-Twin.html" "Mozilla/5.0 (compatible; SEOkicks; +https://www.seokicks.de/robot.html)" "electric-homecare.com"
65.108.79.209 - - [01/Dec/2022:07:34:53 -0800] "GET /Twin%20size%207%22%20latex%20mattress%20Adjustable%20Bed%20Latex%20Mattress%20Twinsize HTTP/1.1" 404 88 "https://electric-homecare.com/Houston-AdjustableBeds-Twin.html" "Mozilla/5.0 (compatible; SEOkicks; +https://www.seokicks.de/robot.html)" "electric-homecare.com"
65.108.79.209 - - [01/Dec/2022:07:34:55 -0800] "GET /WH1%20Twinsize%20Motorized%20Frame HTTP/1.1" 404 88 "https://electric-homecare.com/Houston-AdjustableBeds-Twin.html" "Mozilla/5.0 (compatible; SEOkicks; +https://www.seokicks.de/robot.html)" "electric-homecare.com"
65.108.79.209 - - [01/Dec/2022:07:34:56 -0800] "GET /WH2%20Twinsize%20Motorized%20Frame HTTP/1.1" 404 88 "https://electric-homecare.com/Houston-AdjustableBeds-Twin.html" "Mozilla/5.0 (compatible; SEOkicks; +https://www.seokicks.de/robot.html)" "electric-homecare.com"
65.108.79.209 - - [01/Dec/2022:07:34:58 -0800] "GET /WH3%20Twinsize%20Motorized%20Frame HTTP/1.1" 404 88 "https://electric-homecare.com/Houston-AdjustableBeds-Twin.html" "Mozilla/5.0 (compatible; SEOkicks; +https://www.seokicks.de/robot.html)" "electric-homecare.com"
65.108.79.209 - - [01/Dec/2022:07:35:00 -0800] "GET /Houston-AdjustableBeds-Full.html HTTP/1.1" 200 2647 "https://electric-homecare.com/Houston-Adjustable-Beds.html" "Mozilla/5.0 (compatible; SEOkicks; +https://www.seokicks.de/robot.html)" "electric-homecare.com"
216.244.66.247 - - [01/Dec/2022:07:40:18 -0800] "GET /robots.txt HTTP/1.1" 200 48 "-" "Mozilla/5.0 (compatible; DotBot/1.2; +https://opensiteexplorer.org/dotbot; help@moz.com)" "electric-homecare.com"
77.75.79.17 - - [01/Dec/2022:07:40:19 -0800] "GET /robots.txt HTTP/1.1" 200 64 "-" "Mozilla/5.0 (compatible; SeznamBot/3.2; +http://napoveda.seznam.cz/en/seznambot-intro/)" "electric-homecare.com"
77.75.79.17 - - [01/Dec/2022:07:40:20 -0800] "GET /brunostairlift-elite-curved2.jpg HTTP/1.1" 304 - "-" "Mozilla/5.0 (compatible; SeznamBot/3.2; +http://napoveda.seznam.cz/en/seznambot-intro/)" "electric-homecare.com"
51.222.253.16 - - [01/Dec/2022:08:01:50 -0800] "GET /Blue-Chip.html HTTP/1.1" 200 7222 "-" "Mozilla/5.0 (compatible; AhrefsBot/7.0; +http://ahrefs.com/robot/)" "electric-homecare.com"
65.108.79.209 - - [01/Dec/2022:08:06:31 -0800] "GET /Compton-Electric-Wheelchair-Power-Chairs.html HTTP/1.1" 404 88 "http://www.electric-homecare.com/Compton-Electric-Wheelchair-Power-Chairs.html" "Mozilla/5.0 (compatible; SEOkicks; +https://www.seokicks.de/robot.html)" "www.electric-homecare.com"
65.108.79.209 - - [01/Dec/2022:08:06:32 -0800] "GET /El-Cajon-Electric-Wheelchair-Power-Chairs.html HTTP/1.1" 404 88 "http://www.electric-homecare.com/El-Cajon-Electric-Wheelchair-Power-Chairs.html" "Mozilla/5.0 (compatible; SEOkicks; +https://www.seokicks.de/robot.html)" "www.electric-homecare.com"
65.108.79.209 - - [01/Dec/2022:08:06:33 -0800] "GET /El-Monte-Electric-Wheelchair-Power-Chairs.html HTTP/1.1" 404 88 "http://www.electric-homecare.com/El-Monte-Electric-Wheelchair-Power-Chairs.html" "Mozilla/5.0 (compatible; SEOkicks; +https://www.seokicks.de/robot.html)" "www.electric-homecare.com"
65.108.79.209 - - [01/Dec/2022:08:06:35 -0800] "GET /Escondido-Electric-Wheelchair-Power-Chairs.html HTTP/1.1" 404 88 "http://www.electric-homecare.com/Escondido-Electric-Wheelchair-Power-Chairs.html" "Mozilla/5.0 (compatible; SEOkicks; +https://www.seokicks.de/robot.html)" "www.electric-homecare.com"
65.108.79.209 - - [01/Dec/2022:08:06:36 -0800] "GET /Fontana-Electric-Wheelchair-Power-Chairs.html HTTP/1.1" 404 88 "http://www.electric-homecare.com/Fontana-Electric-Wheelchair-Power-Chairs.html" "Mozilla/5.0 (compatible; SEOkicks; +https://www.seokicks.de/robot.html)" "www.electric-homecare.com"
65.108.79.209 - - [01/Dec/2022:08:06:38 -0800] "GET /Fullerton-Electric-Wheelchair-Power-Chairs.html HTTP/1.1" 404 88 "http://www.electric-homecare.com/Fullerton-Electric-Wheelchair-Power-Chairs.html" "Mozilla/5.0 (compatible; SEOkicks; +https://www.seokicks.de/robot.html)" "www.electric-homecare.com"
65.108.79.209 - - [01/Dec/2022:08:06:39 -0800] "GET /Garden-Grove-Electric-Wheelchair-Power-Chairs.html HTTP/1.1" 404 88 "http://www.electric-homecare.com/Garden-Grove-Electric-Wheelchair-Power-Chairs.html" "Mozilla/5.0 (compatible; SEOkicks; +https://www.seokicks.de/robot.html)" "www.electric-homecare.com"
65.108.79.209 - - [01/Dec/2022:08:06:40 -0800] "GET /Glendale-Electric-Wheelchair-Power-Chairs.html HTTP/1.1" 404 88 "http://www.electric-homecare.com/Glendale-Electric-Wheelchair-Power-Chairs.html" "Mozilla/5.0 (compatible; SEOkicks; +https://www.seokicks.de/robot.html)" "www.electric-homecare.com"
65.108.79.209 - - [01/Dec/2022:08:06:42 -0800] "GET /Hawthorne-Electric-Wheelchair-Power-Chairs.html HTTP/1.1" 404 88 "http://www.electric-homecare.com/Hawthorne-Electric-Wheelchair-Power-Chairs.html" "Mozilla/5.0 (compatible; SEOkicks; +https://www.seokicks.de/robot.html)" "www.electric-homecare.com"
65.108.79.209 - - [01/Dec/2022:08:06:43 -0800] "GET /Hemet-Electric-Wheelchair-Power-Chairs.html HTTP/1.1" 404 88 "http://www.electric-homecare.com/Hemet-Electric-Wheelchair-Power-Chairs.html" "Mozilla/5.0 (compatible; SEOkicks; +https://www.seokicks.de/robot.html)" "www.electric-homecare.com"
65.108.79.209 - - [01/Dec/2022:08:06:45 -0800] "GET /Hesperia-Electric-Wheelchair-Power-Chairs.html HTTP/1.1" 404 88 "http://www.electric-homecare.com/Hesperia-Electric-Wheelchair-Power-Chairs.html" "Mozilla/5.0 (compatible; SEOkicks; +https://www.seokicks.de/robot.html)" "www.electric-homecare.com"
65.108.79.209 - - [01/Dec/2022:08:06:50 -0800] "GET /Adjustable-Bed-Mattresses HTTP/1.1" 200 2940 "https://electric-homecare.com/Houston-AdjustableBeds-Full.html" "Mozilla/5.0 (compatible; SEOkicks; +https://www.seokicks.de/robot.html)" "electric-homecare.com"
65.108.79.209 - - [01/Dec/2022:08:06:54 -0800] "GET /tempurpedic%20adjustable%20bed%20temperpedic%20electric%20medical%20temper%20tempur%20pedic%20mattresses HTTP/1.1" 404 88 "https://electric-homecare.com/Houston-AdjustableBeds-Full.html" "Mozilla/5.0 (compatible; SEOkicks; +https://www.seokicks.de/robot.html)" "electric-homecare.com"
65.108.79.209 - - [01/Dec/2022:08:06:56 -0800] "GET /double%20adjustable%20bed%20Houston%20tx%20affordable%20cost%20sale%20price%20electric%20hospital%20bariatric%20bed%20are%20motorized%20base%20foundation%20frame HTTP/1.1" 404 88 "https://electric-homecare.com/Houston-AdjustableBeds-Full.html" "Mozilla/5.0 (compatible; SEOkicks; +https://www.seokicks.de/robot.html)" "electric-homecare.com"
65.108.79.209 - - [01/Dec/2022:08:06:58 -0800] "GET /doubles%20electric%20bed%20Anaheim HTTP/1.1" 404 88 "https://electric-homecare.com/Houston-AdjustableBeds-Full.html" "Mozilla/5.0 (compatible; SEOkicks; +https://www.seokicks.de/robot.html)" "electric-homecare.com"
65.108.79.209 - - [01/Dec/2022:08:07:01 -0800] "GET /Anaheim HTTP/1.1" 404 88 "https://electric-homecare.com/Houston-AdjustableBeds-Full.html" "Mozilla/5.0 (compatible; SEOkicks; +https://www.seokicks.de/robot.html)" "electric-homecare.com"
65.108.79.209 - - [01/Dec/2022:08:07:02 -0800] "GET /regular%20size%20adjustable%20bed%20Houston%20tx%20affordable%20cost%20sale%20price%20electric%20hospital%20bariatric%20bed%20are%20motorized%20base%20foundation%20frame HTTP/1.1" 404 88 "https://electric-homecare.com/Houston-AdjustableBeds-Full.html" "Mozilla/5.0 (compatible; SEOkicks; +https://www.seokicks.de/robot.html)" "electric-homecare.com"
65.108.79.209 - - [01/Dec/2022:08:07:03 -0800] "GET /Houston%20tx%20affordable%20cost%20sale%20price%20electric%20hospital%20bariatric%20bed%20are%20motorized%20base%20foundation%20frame HTTP/1.1" 404 88 "https://electric-homecare.com/Houston-AdjustableBeds-Full.html" "Mozilla/5.0 (compatible; SEOkicks; +https://www.seokicks.de/robot.html)" "electric-homecare.com"
65.108.79.209 - - [01/Dec/2022:08:07:05 -0800] "GET /full%20extra%20long%20electric%20medical%20adjustable%20bed%20Anaheim HTTP/1.1" 404 88 "https://electric-homecare.com/Houston-AdjustableBeds-Full.html" "Mozilla/5.0 (compatible; SEOkicks; +https://www.seokicks.de/robot.html)" "electric-homecare.com"
