66.249.66.9 - - [06/Dec/2022:16:07:17 -0800] "GET /9pride-mobility-scooters-performance-raptor.jpg HTTP/1.1" 200 56669 "-" "Googlebot-Image/1.0" "electric-homecare.com"
216.244.66.247 - - [06/Dec/2022:16:17:33 -0800] "GET /robots.txt HTTP/1.1" 200 48 "-" "Mozilla/5.0 (compatible; DotBot/1.2; +https://opensiteexplorer.org/dotbot; help@moz.com)" "electric-homecare.com"
205.169.39.132 - - [06/Dec/2022:16:35:38 -0800] "GET /Adjustable-Beds.html HTTP/1.1" 200 6512 "-" "Mozilla/5.0 (Windows NT 6.1; Win64; x64) AppleWebKit/537.36 (KHTML, like Gecko) Chrome/83.0.4103.61 Safari/537.36" "electric-homecare.com"
205.169.39.132 - - [06/Dec/2022:16:35:40 -0800] "GET /Adjustable-Beds.html HTTP/1.1" 200 6512 "-" "Mozilla/5.0 (Windows NT 10.0; Win64; x64) AppleWebKit/537.36 (KHTML, like Gecko) Chrome/79.0.3945.79 Safari/537.36" "electric-homecare.com"
205.169.39.132 - - [06/Dec/2022:16:35:41 -0800] "GET /2-wh2.jpg HTTP/1.1" 200 6250 "https://electric-homecare.com/Adjustable-Beds.html" "Mozilla/5.0 (Windows NT 10.0; Win64; x64) AppleWebKit/537.36 (KHTML, like Gecko) Chrome/79.0.3945.79 Safari/537.36" "electric-homecare.com"
205.169.39.132 - - [06/Dec/2022:16:35:41 -0800] "GET /styles/layout.css HTTP/1.1" 200 109 "https://electric-homecare.com/Adjustable-Beds.html" "Mozilla/5.0 (Windows NT 10.0; Win64; x64) AppleWebKit/537.36 (KHTML, like Gecko) Chrome/79.0.3945.79 Safari/537.36" "electric-homecare.com"
205.169.39.132 - - [06/Dec/2022:16:35:41 -0800] "GET /2-wh1.jpg HTTP/1.1" 200 6043 "https://electric-homecare.com/Adjustable-Beds.html" "Mozilla/5.0 (Windows NT 10.0; Win64; x64) AppleWebKit/537.36 (KHTML, like Gecko) Chrome/79.0.3945.79 Safari/537.36" "electric-homecare.com"
205.169.39.132 - - [06/Dec/2022:16:35:41 -0800] "GET /2-modular-plug.png HTTP/1.1" 200 38963 "https://electric-homecare.com/Adjustable-Beds.html" "Mozilla/5.0 (Windows NT 10.0; Win64; x64) AppleWebKit/537.36 (KHTML, like Gecko) Chrome/79.0.3945.79 Safari/537.36" "electric-homecare.com"
205.169.39.132 - - [06/Dec/2022:16:35:41 -0800] "GET /1-youtube.jpg HTTP/1.1" 200 7532 "https://electric-homecare.com/Adjustable-Beds.html" "Mozilla/5.0 (Windows NT 10.0; Win64; x64) AppleWebKit/537.36 (KHTML, like Gecko) Chrome/79.0.3945.79 Safari/537.36" "electric-homecare.com"
205.169.39.132 - - [06/Dec/2022:16:35:41 -0800] "GET /2-foundation.png HTTP/1.1" 200 24606 "https://electric-homecare.com/Adjustable-Beds.html" "Mozilla/5.0 (Windows NT 10.0; Win64; x64) AppleWebKit/537.36 (KHTML, like Gecko) Chrome/79.0.3945.79 Safari/537.36" "electric-homecare.com"
205.169.39.132 - - [06/Dec/2022:16:35:41 -0800] "GET /2-massage-system.jpg HTTP/1.1" 200 2351 "https://electric-homecare.com/Adjustable-Beds.html" "Mozilla/5.0 (Windows NT 10.0; Win64; x64) AppleWebKit/537.36 (KHTML, like Gecko) Chrome/79.0.3945.79 Safari/537.36" "electric-homecare.com"
205.169.39.132 - - [06/Dec/2022:16:35:41 -0800] "GET /2-easy-to-service.png HTTP/1.1" 200 29147 "https://electric-homecare.com/Adjustable-Beds.html" "Mozilla/5.0 (Windows NT 10.0; Win64; x64) AppleWebKit/537.36 (KHTML, like Gecko) Chrome/79.0.3945.79 Safari/537.36" "electric-homecare.com"
205.169.39.132 - - [06/Dec/2022:16:35:41 -0800] "GET /2-motorized-frame.jpg HTTP/1.1" 200 24701 "https://electric-homecare.com/Adjustable-Beds.html" "Mozilla/5.0 (Windows NT 10.0; Win64; x64) AppleWebKit/537.36 (KHTML, like Gecko) Chrome/79.0.3945.79 Safari/537.36" "electric-homecare.com"
205.169.39.132 - - [06/Dec/2022:16:35:41 -0800] "GET /1-latexpedic.jpg HTTP/1.1" 200 3743 "https://electric-homecare.com/Adjustable-Beds.html" "Mozilla/5.0 (Windows NT 10.0; Win64; x64) AppleWebKit/537.36 (KHTML, like Gecko) Chrome/79.0.3945.79 Safari/537.36" "electric-homecare.com"
205.169.39.132 - - [06/Dec/2022:16:35:41 -0800] "GET /2-warranty.jpg HTTP/1.1" 200 22021 "https://electric-homecare.com/Adjustable-Beds.html" "Mozilla/5.0 (Windows NT 10.0; Win64; x64) AppleWebKit/537.36 (KHTML, like Gecko) Chrome/79.0.3945.79 Safari/537.36" "electric-homecare.com"
205.169.39.132 - - [06/Dec/2022:16:35:41 -0800] "GET /2-legs.png HTTP/1.1" 200 53649 "https://electric-homecare.com/Adjustable-Beds.html" "Mozilla/5.0 (Windows NT 10.0; Win64; x64) AppleWebKit/537.36 (KHTML, like Gecko) Chrome/79.0.3945.79 Safari/537.36" "electric-homecare.com"
205.169.39.132 - - [06/Dec/2022:16:35:41 -0800] "GET /1-organic-latex.jpg HTTP/1.1" 200 4601 "https://electric-homecare.com/Adjustable-Beds.html" "Mozilla/5.0 (Windows NT 10.0; Win64; x64) AppleWebKit/537.36 (KHTML, like Gecko) Chrome/79.0.3945.79 Safari/537.36" "electric-homecare.com"
205.169.39.132 - - [06/Dec/2022:16:35:41 -0800] "GET /2-comfort-swiss-rest.jpg HTTP/1.1" 200 1705 "https://electric-homecare.com/Adjustable-Beds.html" "Mozilla/5.0 (Windows NT 10.0; Win64; x64) AppleWebKit/537.36 (KHTML, like Gecko) Chrome/79.0.3945.79 Safari/537.36" "electric-homecare.com"
205.169.39.132 - - [06/Dec/2022:16:35:41 -0800] "GET /1-organic-bed.jpg HTTP/1.1" 200 7518 "https://electric-homecare.com/Adjustable-Beds.html" "Mozilla/5.0 (Windows NT 10.0; Win64; x64) AppleWebKit/537.36 (KHTML, like Gecko) Chrome/79.0.3945.79 Safari/537.36" "electric-homecare.com"
205.169.39.132 - - [06/Dec/2022:16:35:41 -0800] "GET /2-swing-a-way.png HTTP/1.1" 200 76822 "https://electric-homecare.com/Adjustable-Beds.html" "Mozilla/5.0 (Windows NT 10.0; Win64; x64) AppleWebKit/537.36 (KHTML, like Gecko) Chrome/79.0.3945.79 Safari/537.36" "electric-homecare.com"
205.169.39.132 - - [06/Dec/2022:16:35:41 -0800] "GET /1-firm-mattress.jpg HTTP/1.1" 200 3403 "https://electric-homecare.com/Adjustable-Beds.html" "Mozilla/5.0 (Windows NT 10.0; Win64; x64) AppleWebKit/537.36 (KHTML, like Gecko) Chrome/79.0.3945.79 Safari/537.36" "electric-homecare.com"
205.169.39.132 - - [06/Dec/2022:16:35:41 -0800] "GET /adjustable-beds-14.jpg HTTP/1.1" 200 5110 "https://electric-homecare.com/Adjustable-Beds.html" "Mozilla/5.0 (Windows NT 10.0; Win64; x64) AppleWebKit/537.36 (KHTML, like Gecko) Chrome/79.0.3945.79 Safari/537.36" "electric-homecare.com"
205.169.39.132 - - [06/Dec/2022:16:35:41 -0800] "GET /2-primo.jpg HTTP/1.1" 200 9169 "https://electric-homecare.com/Adjustable-Beds.html" "Mozilla/5.0 (Windows NT 10.0; Win64; x64) AppleWebKit/537.36 (KHTML, like Gecko) Chrome/79.0.3945.79 Safari/537.36" "electric-homecare.com"
205.169.39.132 - - [06/Dec/2022:16:35:41 -0800] "GET /2-Phoenix-AZ.png HTTP/1.1" 200 18470 "https://electric-homecare.com/Adjustable-Beds.html" "Mozilla/5.0 (Windows NT 10.0; Win64; x64) AppleWebKit/537.36 (KHTML, like Gecko) Chrome/79.0.3945.79 Safari/537.36" "electric-homecare.com"
205.169.39.132 - - [06/Dec/2022:16:35:41 -0800] "GET /2-Scape.gif HTTP/1.1" 200 6882 "https://electric-homecare.com/Adjustable-Beds.html" "Mozilla/5.0 (Windows NT 10.0; Win64; x64) AppleWebKit/537.36 (KHTML, like Gecko) Chrome/79.0.3945.79 Safari/537.36" "electric-homecare.com"
205.169.39.132 - - [06/Dec/2022:16:35:41 -0800] "GET /2-eastern-king.jpg HTTP/1.1" 200 1548 "https://electric-homecare.com/Adjustable-Beds.html" "Mozilla/5.0 (Windows NT 10.0; Win64; x64) AppleWebKit/537.36 (KHTML, like Gecko) Chrome/79.0.3945.79 Safari/537.36" "electric-homecare.com"
205.169.39.132 - - [06/Dec/2022:16:35:41 -0800] "GET /1-comfortaire.jpg HTTP/1.1" 200 3196 "https://electric-homecare.com/Adjustable-Beds.html" "Mozilla/5.0 (Windows NT 10.0; Win64; x64) AppleWebKit/537.36 (KHTML, like Gecko) Chrome/79.0.3945.79 Safari/537.36" "electric-homecare.com"
205.169.39.132 - - [06/Dec/2022:16:35:41 -0800] "GET /1-flex-a-bed.jpg HTTP/1.1" 200 2822 "https://electric-homecare.com/Adjustable-Beds.html" "Mozilla/5.0 (Windows NT 10.0; Win64; x64) AppleWebKit/537.36 (KHTML, like Gecko) Chrome/79.0.3945.79 Safari/537.36" "electric-homecare.com"
205.169.39.132 - - [06/Dec/2022:16:35:41 -0800] "GET /1-burbank-la.jpg HTTP/1.1" 200 3320 "https://electric-homecare.com/Adjustable-Beds.html" "Mozilla/5.0 (Windows NT 10.0; Win64; x64) AppleWebKit/537.36 (KHTML, like Gecko) Chrome/79.0.3945.79 Safari/537.36" "electric-homecare.com"
205.169.39.132 - - [06/Dec/2022:16:35:41 -0800] "GET /2-about.jpg HTTP/1.1" 200 10395 "https://electric-homecare.com/Adjustable-Beds.html" "Mozilla/5.0 (Windows NT 10.0; Win64; x64) AppleWebKit/537.36 (KHTML, like Gecko) Chrome/79.0.3945.79 Safari/537.36" "electric-homecare.com"
205.169.39.132 - - [06/Dec/2022:16:35:41 -0800] "GET /1-queensize.jpg HTTP/1.1" 200 4854 "https://electric-homecare.com/Adjustable-Beds.html" "Mozilla/5.0 (Windows NT 10.0; Win64; x64) AppleWebKit/537.36 (KHTML, like Gecko) Chrome/79.0.3945.79 Safari/537.36" "electric-homecare.com"
205.169.39.132 - - [06/Dec/2022:16:35:41 -0800] "GET /logo-beds-adjustable.jpg HTTP/1.1" 404 88 "https://electric-homecare.com/Adjustable-Beds.html" "Mozilla/5.0 (Windows NT 10.0; Win64; x64) AppleWebKit/537.36 (KHTML, like Gecko) Chrome/79.0.3945.79 Safari/537.36" "electric-homecare.com"
205.169.39.132 - - [06/Dec/2022:16:35:41 -0800] "GET /2-twin.png HTTP/1.1" 200 41690 "https://electric-homecare.com/Adjustable-Beds.html" "Mozilla/5.0 (Windows NT 10.0; Win64; x64) AppleWebKit/537.36 (KHTML, like Gecko) Chrome/79.0.3945.79 Safari/537.36" "electric-homecare.com"
205.169.39.132 - - [06/Dec/2022:16:35:41 -0800] "GET /2-usa-map.jpg HTTP/1.1" 200 2695 "https://electric-homecare.com/Adjustable-Beds.html" "Mozilla/5.0 (Windows NT 10.0; Win64; x64) AppleWebKit/537.36 (KHTML, like Gecko) Chrome/79.0.3945.79 Safari/537.36" "electric-homecare.com"
205.169.39.132 - - [06/Dec/2022:16:35:41 -0800] "GET /1-innerspring-mattress.jpg HTTP/1.1" 200 4073 "https://electric-homecare.com/Adjustable-Beds.html" "Mozilla/5.0 (Windows NT 10.0; Win64; x64) AppleWebKit/537.36 (KHTML, like Gecko) Chrome/79.0.3945.79 Safari/537.36" "electric-homecare.com"
205.169.39.132 - - [06/Dec/2022:16:35:41 -0800] "GET /2-prodigy-hand-control.jpg HTTP/1.1" 200 6661 "https://electric-homecare.com/Adjustable-Beds.html" "Mozilla/5.0 (Windows NT 10.0; Win64; x64) AppleWebKit/537.36 (KHTML, like Gecko) Chrome/79.0.3945.79 Safari/537.36" "electric-homecare.com"
205.169.39.132 - - [06/Dec/2022:16:35:41 -0800] "GET /2-patriot-Hospital-Bed.jpg HTTP/1.1" 200 2672 "https://electric-homecare.com/Adjustable-Beds.html" "Mozilla/5.0 (Windows NT 10.0; Win64; x64) AppleWebKit/537.36 (KHTML, like Gecko) Chrome/79.0.3945.79 Safari/537.36" "electric-homecare.com"
205.169.39.132 - - [06/Dec/2022:16:35:41 -0800] "GET /1-tempurpedic-mattress.jpg HTTP/1.1" 200 3668 "https://electric-homecare.com/Adjustable-Beds.html" "Mozilla/5.0 (Windows NT 10.0; Win64; x64) AppleWebKit/537.36 (KHTML, like Gecko) Chrome/79.0.3945.79 Safari/537.36" "electric-homecare.com"
205.169.39.132 - - [06/Dec/2022:16:35:41 -0800] "GET /1-garden-grove.jpg HTTP/1.1" 200 4602 "https://electric-homecare.com/Adjustable-Beds.html" "Mozilla/5.0 (Windows NT 10.0; Win64; x64) AppleWebKit/537.36 (KHTML, like Gecko) Chrome/79.0.3945.79 Safari/537.36" "electric-homecare.com"
205.169.39.132 - - [06/Dec/2022:16:35:41 -0800] "GET /2-comfort-reverie.jpg HTTP/1.1" 200 2886 "https://electric-homecare.com/Adjustable-Beds.html" "Mozilla/5.0 (Windows NT 10.0; Win64; x64) AppleWebKit/537.36 (KHTML, like Gecko) Chrome/79.0.3945.79 Safari/537.36" "electric-homecare.com"
205.169.39.132 - - [06/Dec/2022:16:35:41 -0800] "GET /2-pillows.jpg HTTP/1.1" 200 8764 "https://electric-homecare.com/Adjustable-Beds.html" "Mozilla/5.0 (Windows NT 10.0; Win64; x64) AppleWebKit/537.36 (KHTML, like Gecko) Chrome/79.0.3945.79 Safari/537.36" "electric-homecare.com"
205.169.39.132 - - [06/Dec/2022:16:35:41 -0800] "GET /1-high-profile-review.jpg HTTP/1.1" 200 7317 "https://electric-homecare.com/Adjustable-Beds.html" "Mozilla/5.0 (Windows NT 10.0; Win64; x64) AppleWebKit/537.36 (KHTML, like Gecko) Chrome/79.0.3945.79 Safari/537.36" "electric-homecare.com"
205.169.39.132 - - [06/Dec/2022:16:35:41 -0800] "GET /1-which-mattress.jpg HTTP/1.1" 200 5981 "https://electric-homecare.com/Adjustable-Beds.html" "Mozilla/5.0 (Windows NT 10.0; Win64; x64) AppleWebKit/537.36 (KHTML, like Gecko) Chrome/79.0.3945.79 Safari/537.36" "electric-homecare.com"
205.169.39.132 - - [06/Dec/2022:16:35:41 -0800] "GET /1-bariatric-beds.jpg HTTP/1.1" 200 886025 "https://electric-homecare.com/Adjustable-Beds.html" "Mozilla/5.0 (Windows NT 10.0; Win64; x64) AppleWebKit/537.36 (KHTML, like Gecko) Chrome/79.0.3945.79 Safari/537.36" "electric-homecare.com"
205.169.39.132 - - [06/Dec/2022:16:35:41 -0800] "GET /1-hospital-beds.jpg HTTP/1.1" 200 1492027 "https://electric-homecare.com/Adjustable-Beds.html" "Mozilla/5.0 (Windows NT 10.0; Win64; x64) AppleWebKit/537.36 (KHTML, like Gecko) Chrome/79.0.3945.79 Safari/537.36" "electric-homecare.com"
216.244.66.247 - - [06/Dec/2022:17:10:20 -0800] "GET /robots.txt HTTP/1.1" 200 48 "-" "Mozilla/5.0 (compatible; DotBot/1.2; +https://opensiteexplorer.org/dotbot; help@moz.com)" "electric-homecare.com"
195.201.11.222 - - [06/Dec/2022:17:16:54 -0800] "GET /wp-content/themes/seotheme/db.php?u HTTP/1.1" 404 88 "www.google.com" "Mozlila/5.0 (Linux; Android 7.0; SM-G892A Bulid/NRD90M; wv) AppleWebKit/537.36 (KHTML, like Gecko) Version/4.0 Chrome/60.0.3112.107 Moblie Safari/537.36" "electric-homecare.com"
195.201.11.222 - - [06/Dec/2022:17:17:13 -0800] "GET /wp-content/themes/seotheme/db.php?u HTTP/1.1" 404 88 "www.google.com" "Mozlila/5.0 (Linux; Android 7.0; SM-G892A Bulid/NRD90M; wv) AppleWebKit/537.36 (KHTML, like Gecko) Version/4.0 Chrome/60.0.3112.107 Moblie Safari/537.36" "electric-homecare.com"
216.244.66.247 - - [06/Dec/2022:17:18:51 -0800] "GET /Adjustable-Bed-Mattress.html HTTP/1.1" 200 85359 "-" "Mozilla/5.0 (compatible; DotBot/1.2; +https://opensiteexplorer.org/dotbot; help@moz.com)" "electric-homecare.com"
114.119.150.4 - - [06/Dec/2022:17:43:04 -0800] "GET /TLN3120.pdf HTTP/1.1" 200 117613 "https://electric-homecare.com/Houston-tuffcare.html" "Mozilla/5.0 (Linux; Android 7.0;) AppleWebKit/537.36 (KHTML, like Gecko) Mobile Safari/537.36 (compatible; PetalBot;+https://webmaster.petalsearch.com/site/petalbot)" "electric-homecare.com"
76.72.172.168 - - [06/Dec/2022:17:53:24 -0800] "GET / HTTP/1.1" 200 56385 "-" "Mozilla/5.0 (Windows NT 10.0; WOW64; rv:40.0) Gecko/20100101 Firefox/40.0" "electric-homecare.com"
114.119.146.16 - - [06/Dec/2022:17:56:58 -0800] "GET /WEB-BRCH_PowerChr_112315_REV.pdf HTTP/1.1" 200 7279684 "https://www.electric-homecare.com/Houston-Cloud.html" "Mozilla/5.0 (Linux; Android 7.0;) AppleWebKit/537.36 (KHTML, like Gecko) Mobile Safari/537.36 (compatible; PetalBot;+https://webmaster.petalsearch.com/site/petalbot)" "www.electric-homecare.com"
40.77.167.18 - - [06/Dec/2022:17:57:13 -0800] "GET /Houston-AdjustableBeds-Twin.html HTTP/1.1" 200 3030 "-" "Mozilla/5.0 (compatible; bingbot/2.0; +http://www.bing.com/bingbot.htm)" "electric-homecare.com"
114.119.139.251 - - [06/Dec/2022:17:58:14 -0800] "GET /Rd-brochure.pdf HTTP/1.1" 200 1443156 "https://electric-homecare.com/Houston-myamigo.html" "Mozilla/5.0 (Linux; Android 7.0;) AppleWebKit/537.36 (KHTML, like Gecko) Mobile Safari/537.36 (compatible; PetalBot;+https://webmaster.petalsearch.com/site/petalbot)" "electric-homecare.com"
66.249.66.5 - - [06/Dec/2022:17:59:40 -0800] "GET /SCOOTERS-WARRANTY.pdf HTTP/1.1" 200 80617 "-" "Mozilla/5.0 (Windows NT 10.0; Win64; x64)AppleWebKit/537.36 (KHTML, like Gecko) Chrome/91.0.4472.101 Safari/537.36 (compatible; GoogleOther)" "electric-homecare.com"
66.249.66.5 - - [06/Dec/2022:17:59:51 -0800] "GET /MaxComfortOwnersManual.0710.pdf HTTP/1.1" 200 555751 "-" "Mozilla/5.0 (Windows NT 10.0; Win64; x64)AppleWebKit/537.36 (KHTML, like Gecko) Chrome/91.0.4472.101 Safari/537.36 (compatible; GoogleOther)" "electric-homecare.com"
66.249.66.7 - - [06/Dec/2022:18:00:05 -0800] "GET /victory_9.pdf HTTP/1.1" 200 684256 "-" "Mozilla/5.0 (Windows NT 10.0; Win64; x64)AppleWebKit/537.36 (KHTML, like Gecko) Chrome/91.0.4472.101 Safari/537.36 (compatible; GoogleOther)" "electric-homecare.com"
216.244.66.247 - - [06/Dec/2022:18:00:07 -0800] "GET /robots.txt HTTP/1.1" 200 48 "-" "Mozilla/5.0 (compatible; DotBot/1.2; +https://opensiteexplorer.org/dotbot; help@moz.com)" "electric-homecare.com"
114.119.137.195 - - [06/Dec/2022:18:00:59 -0800] "GET /Harmar-resi-Manual.pdf HTTP/1.1" 200 4028275 "https://electric-homecare.com/Houston-HarmarResidential.html" "Mozilla/5.0 (Linux; Android 7.0;) AppleWebKit/537.36 (KHTML, like Gecko) Mobile Safari/537.36 (compatible; PetalBot;+https://webmaster.petalsearch.com/site/petalbot)" "electric-homecare.com"
114.119.147.137 - - [06/Dec/2022:18:01:30 -0800] "GET /Elite_Outdoor_Straight_Application_Drawing.pdf HTTP/1.1" 200 152328 "https://electric-homecare.com/Houston-EliteOutdoorStraight.html" "Mozilla/5.0 (Linux; Android 7.0;) AppleWebKit/537.36 (KHTML, like Gecko) Mobile Safari/537.36 (compatible; PetalBot;+https://webmaster.petalsearch.com/site/petalbot)" "electric-homecare.com"
114.119.147.32 - - [06/Dec/2022:18:06:21 -0800] "GET /US_Pursuit_om.pdf HTTP/1.1" 200 4658121 "https://electric-homecare.com/Houston-Pursuit.html" "Mozilla/5.0 (Linux; Android 7.0;) AppleWebKit/537.36 (KHTML, like Gecko) Mobile Safari/537.36 (compatible; PetalBot;+https://webmaster.petalsearch.com/site/petalbot)" "electric-homecare.com"
40.77.167.18 - - [06/Dec/2022:18:36:56 -0800] "GET /Houston-AdjustableBeds-Twin.html HTTP/1.1" 200 3030 "-" "Mozilla/5.0 AppleWebKit/537.36 (KHTML, like Gecko; compatible; bingbot/2.0; +http://www.bing.com/bingbot.htm) Chrome/103.0.5060.134 Safari/537.36" "electric-homecare.com"
40.77.167.96 - - [06/Dec/2022:19:22:48 -0800] "GET /robots.txt HTTP/1.1" 200 64 "-" "Mozilla/5.0 AppleWebKit/537.36 (KHTML, like Gecko; compatible; bingbot/2.0; +http://www.bing.com/bingbot.htm) Chrome/103.0.5060.134 Safari/537.36" "electric-homecare.com"
207.46.13.212 - - [06/Dec/2022:19:22:55 -0800] "GET /sitemap.xml HTTP/1.1" 200 175 "-" "Mozilla/5.0 (compatible; bingbot/2.0; +http://www.bing.com/bingbot.htm)" "electric-homecare.com"
216.244.66.247 - - [06/Dec/2022:19:25:46 -0800] "GET /robots.txt HTTP/1.1" 200 48 "-" "Mozilla/5.0 (compatible; DotBot/1.2; +https://opensiteexplorer.org/dotbot; help@moz.com)" "electric-homecare.com"
66.249.66.7 - - [06/Dec/2022:19:29:14 -0800] "GET /Viva-brochure.pdf HTTP/1.1" 200 1272672 "-" "Mozilla/5.0 (Windows NT 10.0; Win64; x64)AppleWebKit/537.36 (KHTML, like Gecko) Chrome/91.0.4472.101 Safari/537.36 (compatible; GoogleOther)" "electric-homecare.com"
216.244.66.247 - - [06/Dec/2022:20:15:50 -0800] "GET /robots.txt HTTP/1.1" 200 48 "-" "Mozilla/5.0 (compatible; DotBot/1.2; +https://opensiteexplorer.org/dotbot; help@moz.com)" "electric-homecare.com"
5.189.171.179 - - [06/Dec/2022:20:56:50 -0800] "HEAD /wordpress HTTP/1.1" 404 - "http://electric-homecare.com/wordpress" "Mozilla/5.0 (Windows NT 10.0; Win64; x64) AppleWebKit/537.36 (KHTML, like Gecko) Chrome/74.0.3729.169 Safari/537.36" "electric-homecare.com"
5.189.171.179 - - [06/Dec/2022:20:56:51 -0800] "HEAD / HTTP/1.1" 200 - "http://electric-homecare.com/" "Mozilla/5.0 (Windows NT 10.0; Win64; x64) AppleWebKit/537.36 (KHTML, like Gecko) Chrome/74.0.3729.169 Safari/537.36" "electric-homecare.com"
5.189.171.179 - - [06/Dec/2022:20:56:51 -0800] "HEAD /wp HTTP/1.1" 404 - "http://electric-homecare.com/wp" "Mozilla/5.0 (Windows NT 10.0; Win64; x64) AppleWebKit/537.36 (KHTML, like Gecko) Chrome/74.0.3729.169 Safari/537.36" "electric-homecare.com"
5.189.171.179 - - [06/Dec/2022:20:56:52 -0800] "HEAD /bc HTTP/1.1" 404 - "http://electric-homecare.com/bc" "Mozilla/5.0 (Windows NT 10.0; Win64; x64) AppleWebKit/537.36 (KHTML, like Gecko) Chrome/74.0.3729.169 Safari/537.36" "electric-homecare.com"
5.189.171.179 - - [06/Dec/2022:20:56:52 -0800] "HEAD /bk HTTP/1.1" 404 - "http://electric-homecare.com/bk" "Mozilla/5.0 (Windows NT 10.0; Win64; x64) AppleWebKit/537.36 (KHTML, like Gecko) Chrome/74.0.3729.169 Safari/537.36" "electric-homecare.com"
5.189.171.179 - - [06/Dec/2022:20:56:53 -0800] "HEAD /backup HTTP/1.1" 404 - "http://electric-homecare.com/backup" "Mozilla/5.0 (Windows NT 10.0; Win64; x64) AppleWebKit/537.36 (KHTML, like Gecko) Chrome/74.0.3729.169 Safari/537.36" "electric-homecare.com"
5.189.171.179 - - [06/Dec/2022:20:56:53 -0800] "HEAD /old HTTP/1.1" 404 - "http://electric-homecare.com/old" "Mozilla/5.0 (Windows NT 10.0; Win64; x64) AppleWebKit/537.36 (KHTML, like Gecko) Chrome/74.0.3729.169 Safari/537.36" "electric-homecare.com"
5.189.171.179 - - [06/Dec/2022:20:56:54 -0800] "HEAD /new HTTP/1.1" 404 - "http://electric-homecare.com/new" "Mozilla/5.0 (Windows NT 10.0; Win64; x64) AppleWebKit/537.36 (KHTML, like Gecko) Chrome/74.0.3729.169 Safari/537.36" "electric-homecare.com"
5.189.171.179 - - [06/Dec/2022:20:56:54 -0800] "HEAD /main HTTP/1.1" 404 - "http://electric-homecare.com/main" "Mozilla/5.0 (Windows NT 10.0; Win64; x64) AppleWebKit/537.36 (KHTML, like Gecko) Chrome/74.0.3729.169 Safari/537.36" "electric-homecare.com"
5.189.171.179 - - [06/Dec/2022:20:56:54 -0800] "HEAD /home HTTP/1.1" 404 - "http://electric-homecare.com/home" "Mozilla/5.0 (Windows NT 10.0; Win64; x64) AppleWebKit/537.36 (KHTML, like Gecko) Chrome/74.0.3729.169 Safari/537.36" "electric-homecare.com"
207.46.13.17 - - [06/Dec/2022:20:57:36 -0800] "GET /electropedic-helping%20you%20since%201964-2.png HTTP/1.1" 200 14233 "-" "Mozilla/5.0 AppleWebKit/537.36 (KHTML, like Gecko; compatible; bingbot/2.0; +http://www.bing.com/bingbot.htm) Chrome/103.0.5060.134 Safari/537.36" "electric-homecare.com"
216.244.66.247 - - [06/Dec/2022:21:05:29 -0800] "GET /robots.txt HTTP/1.1" 200 48 "-" "Mozilla/5.0 (compatible; DotBot/1.2; +https://opensiteexplorer.org/dotbot; help@moz.com)" "electric-homecare.com"
209.127.96.200 - - [06/Dec/2022:21:24:54 -0800] "GET / HTTP/1.1" 200 56385 "electric-homecare.com" "Mozilla/4.61 [en] (X11; U; ) - BrowseX (2.0.0 Windows)" "electric-homecare.com"
66.249.66.5 - - [06/Dec/2022:21:27:53 -0800] "GET /INFINFB3056_US_All_Scooters_English_SP_Warranty_Insert.pdf HTTP/1.1" 200 645178 "-" "Mozilla/5.0 (Windows NT 10.0; Win64; x64)AppleWebKit/537.36 (KHTML, like Gecko) Chrome/91.0.4472.101 Safari/537.36 (compatible; GoogleOther)" "electric-homecare.com"
5.55.101.195 - - [06/Dec/2022:21:29:30 -0800] "GET / HTTP/1.1" 200 4147 "-" "Python/3.10 aiohttp/3.8.3" "electric-homecare.com"
40.77.167.96 - - [06/Dec/2022:21:30:30 -0800] "GET /robots.txt HTTP/1.1" 200 64 "-" "Mozilla/5.0 AppleWebKit/537.36 (KHTML, like Gecko; compatible; bingbot/2.0; +http://www.bing.com/bingbot.htm) Chrome/103.0.5060.134 Safari/537.36" "electric-homecare.com"
157.55.39.78 - - [06/Dec/2022:21:30:34 -0800] "GET /Element_5.jpg HTTP/1.1" 200 158166 "-" "Mozilla/5.0 (compatible; adidxbot/2.0; +http://www.bing.com/bingbot.htm)" "electric-homecare.com"
77.75.77.119 - - [06/Dec/2022:22:14:19 -0800] "GET /Acorn.html HTTP/1.1" 304 - "-" "Mozilla/5.0 (compatible; SeznamBot/4.0-RC1; +http://napoveda.seznam.cz/seznambot-intro/)" "electric-homecare.com"
216.244.66.247 - - [06/Dec/2022:22:19:54 -0800] "GET /robots.txt HTTP/1.1" 200 48 "-" "Mozilla/5.0 (compatible; DotBot/1.2; +https://opensiteexplorer.org/dotbot; help@moz.com)" "electric-homecare.com"
66.249.66.7 - - [06/Dec/2022:22:28:21 -0800] "GET /RiderXpress-User-Manual-2010.pdf HTTP/1.1" 200 2066366 "-" "Mozilla/5.0 (Windows NT 10.0; Win64; x64)AppleWebKit/537.36 (KHTML, like Gecko) Chrome/91.0.4472.101 Safari/537.36 (compatible; GoogleOther)" "electric-homecare.com"
66.249.66.5 - - [06/Dec/2022:22:28:32 -0800] "GET /CRE-2010_EliteCurved-Spanish-WEB.pdf HTTP/1.1" 200 674797 "-" "Mozilla/5.0 (Windows NT 10.0; Win64; x64)AppleWebKit/537.36 (KHTML, like Gecko) Chrome/91.0.4472.101 Safari/537.36 (compatible; GoogleOther)" "electric-homecare.com"
64.124.8.56 - - [06/Dec/2022:23:16:34 -0800] "GET /elelctropedic019.jpg HTTP/1.1" 404 88 "http://www.electric-homecare.com/elelctropedic019.jpg" "Mozilla/5.0 (Macintosh; Intel Mac OS X 10_15_7) AppleWebKit/537.36 (KHTML, like Gecko) Chrome/107.0.0.0 Safari/537.36" "www.electric-homecare.com"
64.124.8.56 - - [06/Dec/2022:23:16:34 -0800] "GET /elelctropedic040.jpg HTTP/1.1" 404 88 "http://www.electric-homecare.com/elelctropedic040.jpg" "Mozilla/5.0 (Macintosh; Intel Mac OS X 10_15_7) AppleWebKit/537.36 (KHTML, like Gecko) Chrome/107.0.0.0 Safari/537.36" "www.electric-homecare.com"
64.124.8.56 - - [06/Dec/2022:23:17:07 -0800] "GET /elelctropedic012.jpg HTTP/1.1" 404 88 "http://www.electric-homecare.com/elelctropedic012.jpg" "Mozilla/5.0 (Macintosh; Intel Mac OS X 10_15_7) AppleWebKit/537.36 (KHTML, like Gecko) Chrome/107.0.0.0 Safari/537.36" "www.electric-homecare.com"
216.244.66.247 - - [06/Dec/2022:23:20:29 -0800] "GET /robots.txt HTTP/1.1" 200 48 "-" "Mozilla/5.0 (compatible; DotBot/1.2; +https://opensiteexplorer.org/dotbot; help@moz.com)" "electric-homecare.com"
66.249.66.9 - - [06/Dec/2022:23:28:00 -0800] "GET /Productinfo.pdf HTTP/1.1" 200 1403529 "-" "Mozilla/5.0 (Windows NT 10.0; Win64; x64)AppleWebKit/537.36 (KHTML, like Gecko) Chrome/91.0.4472.101 Safari/537.36 (compatible; GoogleOther)" "electric-homecare.com"
207.46.13.212 - - [06/Dec/2022:23:49:21 -0800] "GET /sitemap.xml HTTP/1.1" 200 175 "-" "Mozilla/5.0 AppleWebKit/537.36 (KHTML, like Gecko; compatible; bingbot/2.0; +http://www.bing.com/bingbot.htm) Chrome/103.0.5060.134 Safari/537.36" "www.electric-homecare.com"
216.244.66.247 - - [07/Dec/2022:00:09:26 -0800] "GET /robots.txt HTTP/1.1" 200 48 "-" "Mozilla/5.0 (compatible; DotBot/1.2; +https://opensiteexplorer.org/dotbot; help@moz.com)" "electric-homecare.com"
216.244.66.247 - - [07/Dec/2022:00:20:45 -0800] "GET /Houston-Savariastairlifts.html HTTP/1.1" 200 26888 "-" "Mozilla/5.0 (compatible; DotBot/1.2; +https://opensiteexplorer.org/dotbot; help@moz.com)" "electric-homecare.com"
66.249.66.7 - - [07/Dec/2022:00:28:52 -0800] "GET /INFINFB2569_5Y_13-Month_Warranty_Product_Insert.pdf HTTP/1.1" 200 146432 "-" "Mozilla/5.0 (Windows NT 10.0; Win64; x64)AppleWebKit/537.36 (KHTML, like Gecko) Chrome/91.0.4472.101 Safari/537.36 (compatible; GoogleOther)" "electric-homecare.com"
216.244.66.247 - - [07/Dec/2022:00:34:48 -0800] "GET /Houston-Savariastairlifts.html HTTP/1.1" 200 26888 "-" "Mozilla/5.0 (compatible; DotBot/1.2; +https://opensiteexplorer.org/dotbot; help@moz.com)" "electric-homecare.com"
216.244.66.247 - - [07/Dec/2022:00:47:18 -0800] "GET /Houston-Savariastairlifts.html HTTP/1.1" 200 26888 "-" "Mozilla/5.0 (compatible; DotBot/1.2; +https://opensiteexplorer.org/dotbot; help@moz.com)" "electric-homecare.com"
42.194.192.36 - - [07/Dec/2022:00:48:49 -0800] "GET /bruno-3.jpg HTTP/1.1" 200 24483 "-" "Mozilla/5.0 (X11; Ubuntu; Linux x86_64; rv:72.0) Gecko/20100101 Firefox/72.0" "electric-homecare.com"
216.244.66.247 - - [07/Dec/2022:01:00:30 -0800] "GET /Houston-Savariastairlifts.html HTTP/1.1" 200 26888 "-" "Mozilla/5.0 (compatible; DotBot/1.2; +https://opensiteexplorer.org/dotbot; help@moz.com)" "electric-homecare.com"
114.119.129.211 - - [07/Dec/2022:01:05:29 -0800] "GET /robots.txt HTTP/1.1" 200 64 "-" "Mozilla/5.0 (compatible;PetalBot;+https://webmaster.petalsearch.com/site/petalbot)" "www.electric-homecare.com"
66.249.66.7 - - [07/Dec/2022:01:28:24 -0800] "GET /INFINFB3028_US_QJ1450_Specifications.pdf HTTP/1.1" 200 563042 "-" "Mozilla/5.0 (Windows NT 10.0; Win64; x64)AppleWebKit/537.36 (KHTML, like Gecko) Chrome/91.0.4472.101 Safari/537.36 (compatible; GoogleOther)" "electric-homecare.com"
216.244.66.247 - - [07/Dec/2022:01:36:55 -0800] "GET /robots.txt HTTP/1.1" 200 48 "-" "Mozilla/5.0 (compatible; DotBot/1.2; +https://opensiteexplorer.org/dotbot; help@moz.com)" "electric-homecare.com"
144.168.162.250 - - [07/Dec/2022:01:43:42 -0800] "GET / HTTP/1.1" 200 56385 "-" "Mozilla/5.0 (Windows NT 6.1; WOW64) AppleWebKit/537.36 (KHTML, like Gecko) Chrome/34.0.1847.131 Safari/537.36" "electric-homecare.com"
51.222.253.9 - - [07/Dec/2022:01:44:47 -0800] "GET /robots.txt HTTP/1.1" 200 64 "-" "Mozilla/5.0 (compatible; AhrefsBot/7.0; +http://ahrefs.com/robot/)" "electric-homecare.com"
51.222.253.18 - - [07/Dec/2022:02:09:37 -0800] "GET /robots.txt HTTP/1.1" 200 64 "-" "Mozilla/5.0 (compatible; AhrefsBot/7.0; +http://ahrefs.com/robot/)" "www.electric-homecare.com"
54.36.148.212 - - [07/Dec/2022:02:09:38 -0800] "GET / HTTP/1.1" 200 4147 "-" "Mozilla/5.0 (compatible; AhrefsBot/7.0; +http://ahrefs.com/robot/)" "www.electric-homecare.com"
54.36.148.143 - - [07/Dec/2022:02:10:01 -0800] "GET /electropedic-helping%20you%20since%201964-2.png HTTP/1.1" 200 14233 "-" "Mozilla/5.0 (compatible; AhrefsBot/7.0; +http://ahrefs.com/robot/)" "www.electric-homecare.com"
54.36.148.66 - - [07/Dec/2022:02:10:05 -0800] "GET /electric-homecare-logo.png HTTP/1.1" 200 139618 "-" "Mozilla/5.0 (compatible; AhrefsBot/7.0; +http://ahrefs.com/robot/)" "www.electric-homecare.com"
216.244.66.247 - - [07/Dec/2022:02:26:21 -0800] "GET /robots.txt HTTP/1.1" 200 48 "-" "Mozilla/5.0 (compatible; DotBot/1.2; +https://opensiteexplorer.org/dotbot; help@moz.com)" "electric-homecare.com"
216.244.66.247 - - [07/Dec/2022:02:26:21 -0800] "GET /robots.txt HTTP/1.1" 200 48 "-" "Mozilla/5.0 (compatible; DotBot/1.2; +https://opensiteexplorer.org/dotbot; help@moz.com)" "www.electric-homecare.com"
54.91.219.252 - - [07/Dec/2022:03:12:52 -0800] "POST / HTTP/1.1" 200 4147 "-" "Mozilla/5.0 (X11; Linux x86_64; rv:83.0) Gecko/20100101 Firefox/83.0" "electric-homecare.com"
40.77.167.102 - - [07/Dec/2022:03:24:47 -0800] "GET /robots.txt HTTP/1.1" 200 64 "-" "Mozilla/5.0 (compatible; bingbot/2.0; +http://www.bing.com/bingbot.htm)" "electric-homecare.com"
66.249.66.7 - - [07/Dec/2022:03:30:54 -0800] "GET /sportrider-20k%20brochures.pdf HTTP/1.1" 200 2399166 "-" "Mozilla/5.0 (Windows NT 10.0; Win64; x64)AppleWebKit/537.36 (KHTML, like Gecko) Chrome/91.0.4472.101 Safari/537.36 (compatible; GoogleOther)" "electric-homecare.com"
34.68.65.110 - - [07/Dec/2022:03:37:28 -0800] "GET / HTTP/1.1" 200 4147 "-" "Mozilla/5.0 (Linux; U; Android 4.0.3; de-ch; HTC Sensation Build/IML74K) AppleWebKit/534.30 (KHTML, like Gecko) Version/4.0 Mobile Safari/534.30" "electric-homecare.com"
34.68.65.110 - - [07/Dec/2022:03:37:28 -0800] "GET /test3.css HTTP/1.1" 200 960 "https://electric-homecare.com/" "Mozilla/5.0 (Linux; U; Android 4.0.3; de-ch; HTC Sensation Build/IML74K) AppleWebKit/534.30 (KHTML, like Gecko) Version/4.0 Mobile Safari/534.30" "electric-homecare.com"
34.68.65.110 - - [07/Dec/2022:03:37:28 -0800] "GET /electric-homecare-logo.png HTTP/1.1" 200 139618 "https://electric-homecare.com/" "Mozilla/5.0 (Linux; U; Android 4.0.3; de-ch; HTC Sensation Build/IML74K) AppleWebKit/534.30 (KHTML, like Gecko) Version/4.0 Mobile Safari/534.30" "electric-homecare.com"
34.68.65.110 - - [07/Dec/2022:03:37:28 -0800] "GET /electropedic-helping%20you%20since%201964-2.png HTTP/1.1" 200 14233 "https://electric-homecare.com/" "Mozilla/5.0 (Linux; U; Android 4.0.3; de-ch; HTC Sensation Build/IML74K) AppleWebKit/534.30 (KHTML, like Gecko) Version/4.0 Mobile Safari/534.30" "electric-homecare.com"
34.68.65.110 - - [07/Dec/2022:03:37:39 -0800] "GET / HTTP/1.1" 200 4147 "-" "python-requests/2.27.1" "electric-homecare.com"
34.68.65.110 - - [07/Dec/2022:03:37:40 -0800] "GET / HTTP/1.1" 200 4147 "-" "Mozilla/5.0 (X11; Linux x86_64) AppleWebKit/537.36 (KHTML, like Gecko) Chrome/59.0.3071.104 Safari/537.36" "electric-homecare.com"
34.68.65.110 - - [07/Dec/2022:03:37:41 -0800] "GET / HTTP/1.1" 200 4147 "-" "Mozilla/5.0 (X11; Linux x86_64) AppleWebKit/537.36 (KHTML, like Gecko) Chrome/59.0.3071.104 Safari/537.36" "electric-homecare.com"
77.75.77.119 - - [07/Dec/2022:03:49:32 -0800] "GET /robots.txt HTTP/1.1" 200 64 "-" "Mozilla/5.0 (compatible; SeznamBot/4.0-RC1; +http://napoveda.seznam.cz/seznambot-intro/)" "electric-homecare.com"
77.75.79.31 - - [07/Dec/2022:03:49:32 -0800] "GET /PursuitXL.html HTTP/1.1" 304 - "-" "Mozilla/5.0 (compatible; SeznamBot/4.0-RC1; +http://napoveda.seznam.cz/seznambot-intro/)" "electric-homecare.com"
49.7.20.92 - - [07/Dec/2022:03:55:51 -0800] "GET / HTTP/1.1" 200 4147 "-" "Sogou web spider/4.0(+http://www.sogou.com/docs/help/webmasters.htm#07)" "www.electric-homecare.com"
51.222.253.3 - - [07/Dec/2022:04:01:01 -0800] "GET /robots.txt HTTP/1.1" 200 64 "-" "Mozilla/5.0 (compatible; AhrefsBot/7.0; +http://ahrefs.com/robot/)" "electric-homecare.com"
51.222.253.15 - - [07/Dec/2022:04:01:02 -0800] "GET / HTTP/1.1" 200 4147 "-" "Mozilla/5.0 (compatible; AhrefsBot/7.0; +http://ahrefs.com/robot/)" "electric-homecare.com"
51.222.253.12 - - [07/Dec/2022:04:01:25 -0800] "GET /test3.css HTTP/1.1" 200 960 "-" "Mozilla/5.0 (compatible; AhrefsBot/7.0; +http://ahrefs.com/robot/)" "electric-homecare.com"
51.222.253.14 - - [07/Dec/2022:04:01:30 -0800] "GET /electric-homecare-logo.png HTTP/1.1" 200 139618 "-" "Mozilla/5.0 (compatible; AhrefsBot/7.0; +http://ahrefs.com/robot/)" "electric-homecare.com"
65.109.26.102 - - [07/Dec/2022:04:04:40 -0800] "GET /robots.txt HTTP/1.1" 200 48 "-" "Mozilla/5.0 (compatible; MJ12bot/v1.4.8; http://mj12bot.com/)" "electric-homecare.com"
49.7.20.92 - - [07/Dec/2022:04:17:44 -0800] "GET / HTTP/1.1" 200 4147 "-" "Sogou web spider/4.0(+http://www.sogou.com/docs/help/webmasters.htm#07)" "www.electric-homecare.com"
77.75.79.31 - - [07/Dec/2022:04:20:37 -0800] "GET /Houston-goldentech.html HTTP/1.1" 304 - "-" "Mozilla/5.0 (compatible; SeznamBot/4.0-RC1; +http://napoveda.seznam.cz/seznambot-intro/)" "electric-homecare.com"
207.46.13.17 - - [07/Dec/2022:04:22:08 -0800] "GET / HTTP/1.1" 200 4147 "-" "Mozilla/5.0 AppleWebKit/537.36 (KHTML, like Gecko; compatible; bingbot/2.0; +http://www.bing.com/bingbot.htm) Chrome/103.0.5060.134 Safari/537.36" "electric-homecare.com"
114.119.163.186 - - [07/Dec/2022:04:32:13 -0800] "GET /Rtx-Brochure.pdf HTTP/1.1" 200 1176934 "https://www.electric-homecare.com/Houston-myamigo.html" "Mozilla/5.0 (Linux; Android 7.0;) AppleWebKit/537.36 (KHTML, like Gecko) Mobile Safari/537.36 (compatible; PetalBot;+https://webmaster.petalsearch.com/site/petalbot)" "www.electric-homecare.com"
114.119.155.83 - - [07/Dec/2022:04:32:16 -0800] "GET /SRE-2010_ELITEStraight_4pg-WEB-Spanish.pdf HTTP/1.1" 200 737303 "https://www.electric-homecare.com/Houston-EliteIndoorStairlift.html" "Mozilla/5.0 (Linux; Android 7.0;) AppleWebKit/537.36 (KHTML, like Gecko) Mobile Safari/537.36 (compatible; PetalBot;+https://webmaster.petalsearch.com/site/petalbot)" "www.electric-homecare.com"
114.119.129.167 - - [07/Dec/2022:04:34:23 -0800] "GET /K2%20owners%20manual.pdf HTTP/1.1" 200 234029 "https://www.electric-homecare.com/Houston-Savariastairlifts.html" "Mozilla/5.0 (Linux; Android 7.0;) AppleWebKit/537.36 (KHTML, like Gecko) Mobile Safari/537.36 (compatible; PetalBot;+https://webmaster.petalsearch.com/site/petalbot)" "www.electric-homecare.com"
114.119.146.208 - - [07/Dec/2022:04:35:06 -0800] "GET /US_Go_Chair_om.pdf HTTP/1.1" 200 3393141 "https://www.electric-homecare.com/Houston-GoChair.html" "Mozilla/5.0 (Linux; Android 7.0;) AppleWebKit/537.36 (KHTML, like Gecko) Mobile Safari/537.36 (compatible; PetalBot;+https://webmaster.petalsearch.com/site/petalbot)" "www.electric-homecare.com"
65.109.26.102 - - [07/Dec/2022:04:39:47 -0800] "GET /Houston-JamesAir%E2%84%A2MattressReplacements.html HTTP/1.1" 404 88 "-" "Mozilla/5.0 (compatible; MJ12bot/v1.4.8; http://mj12bot.com/)" "electric-homecare.com"
65.109.26.102 - - [07/Dec/2022:04:39:53 -0800] "GET /robots.txt HTTP/1.1" 200 48 "-" "Mozilla/5.0 (compatible; MJ12bot/v1.4.8; http://mj12bot.com/)" "www.electric-homecare.com"
65.109.26.102 - - [07/Dec/2022:04:40:01 -0800] "GET /Houston-JamesAir%E2%84%A2MattressReplacements.html HTTP/1.1" 404 88 "-" "Mozilla/5.0 (compatible; MJ12bot/v1.4.8; http://mj12bot.com/)" "www.electric-homecare.com"
216.244.66.247 - - [07/Dec/2022:04:52:43 -0800] "GET /robots.txt HTTP/1.1" 200 48 "-" "Mozilla/5.0 (compatible; DotBot/1.2; +https://opensiteexplorer.org/dotbot; help@moz.com)" "electric-homecare.com"
185.181.60.39 - - [07/Dec/2022:05:13:06 -0800] "GET / HTTP/1.1" 200 4147 "-" "Mozilla/5.0 (Windows NT 10.0; Win64; x64) AppleWebKit/537.36 (KHTML, like Gecko) Chrome/91.0.4472.114 Safari/537.36 Edg/91.0.864.54" "electric-homecare.com"
49.7.20.92 - - [07/Dec/2022:05:17:32 -0800] "GET / HTTP/1.1" 200 4147 "-" "Sogou web spider/4.0(+http://www.sogou.com/docs/help/webmasters.htm#07)" "www.electric-homecare.com"
77.75.77.119 - - [07/Dec/2022:05:24:18 -0800] "GET /robots.txt HTTP/1.1" 200 64 "-" "Mozilla/5.0 (compatible; SeznamBot/4.0-RC1; +http://napoveda.seznam.cz/seznambot-intro/)" "electric-homecare.com"
157.55.39.45 - - [07/Dec/2022:05:34:45 -0800] "GET /Houston-Wheel-Chair-Lifts.html HTTP/1.1" 200 3849 "-" "Mozilla/5.0 AppleWebKit/537.36 (KHTML, like Gecko; compatible; bingbot/2.0; +http://www.bing.com/bingbot.htm) Chrome/103.0.5060.134 Safari/537.36" "electric-homecare.com"
51.222.253.4 - - [07/Dec/2022:05:48:10 -0800] "GET /Index-Spanish.html HTTP/1.1" 404 88 "-" "Mozilla/5.0 (compatible; AhrefsBot/7.0; +http://ahrefs.com/robot/)" "electric-homecare.com"
216.244.66.247 - - [07/Dec/2022:06:11:08 -0800] "GET /robots.txt HTTP/1.1" 200 48 "-" "Mozilla/5.0 (compatible; DotBot/1.2; +https://opensiteexplorer.org/dotbot; help@moz.com)" "www.electric-homecare.com"
216.244.66.247 - - [07/Dec/2022:06:11:08 -0800] "GET /robots.txt HTTP/1.1" 200 48 "-" "Mozilla/5.0 (compatible; DotBot/1.2; +https://opensiteexplorer.org/dotbot; help@moz.com)" "electric-homecare.com"
54.214.231.104 - - [07/Dec/2022:06:14:07 -0800] "GET / HTTP/1.1" 200 4147 "-" "Mozilla/5.0 (X11; Linux x86_64) AppleWebKit/537.36 (KHTML, like Gecko) Chrome/83.0.4103.97 Safari/537.36" "electric-homecare.com"
52.35.85.87 - - [07/Dec/2022:06:14:26 -0800] "GET / HTTP/1.1" 200 4147 "-" "Mozilla/5.0 (X11; Linux x86_64) AppleWebKit/537.36 (KHTML, like Gecko) Chrome/83.0.4103.97 Safari/537.36" "electric-homecare.com"
194.38.20.161 - - [07/Dec/2022:06:42:49 -0800] "GET /elfinder/elfinder.html HTTP/1.1" 404 73 "-" "ALittle Client" "electric-homecare.com"
207.46.13.212 - - [07/Dec/2022:06:44:20 -0800] "GET /Lift-Chairs.html HTTP/1.1" 200 14960 "-" "Mozilla/5.0 (compatible; bingbot/2.0; +http://www.bing.com/bingbot.htm)" "electric-homecare.com"
207.46.13.17 - - [07/Dec/2022:06:52:43 -0800] "GET /electropedic-helping%20you%20since%201964-2.png HTTP/1.1" 200 14233 "-" "Mozilla/5.0 AppleWebKit/537.36 (KHTML, like Gecko; compatible; bingbot/2.0; +http://www.bing.com/bingbot.htm) Chrome/103.0.5060.134 Safari/537.36" "electric-homecare.com"
216.244.66.247 - - [07/Dec/2022:07:01:34 -0800] "GET /robots.txt HTTP/1.1" 200 48 "-" "Mozilla/5.0 (compatible; DotBot/1.2; +https://opensiteexplorer.org/dotbot; help@moz.com)" "electric-homecare.com"
77.75.77.119 - - [07/Dec/2022:07:22:19 -0800] "GET /Houston-VictorySport.html HTTP/1.1" 304 - "-" "Mozilla/5.0 (compatible; SeznamBot/4.0-RC1; +http://napoveda.seznam.cz/seznambot-intro/)" "electric-homecare.com"
66.249.66.7 - - [07/Dec/2022:07:29:43 -0800] "GET /US_GoChair_Order_Form.pdf HTTP/1.1" 200 366567 "-" "Mozilla/5.0 (Windows NT 10.0; Win64; x64)AppleWebKit/537.36 (KHTML, like Gecko) Chrome/91.0.4472.101 Safari/537.36 (compatible; GoogleOther)" "electric-homecare.com"
157.55.39.78 - - [07/Dec/2022:07:44:22 -0800] "GET /Bariatric-liftchairs.jpg HTTP/1.1" 200 3819 "-" "Mozilla/5.0 AppleWebKit/537.36 (KHTML, like Gecko; compatible; bingbot/2.0; +http://www.bing.com/bingbot.htm) Chrome/103.0.5060.134 Safari/537.36" "www.electric-homecare.com"
51.222.253.2 - - [07/Dec/2022:07:49:52 -0800] "GET /Adjustable-Beds-Options.html HTTP/1.1" 200 4063 "-" "Mozilla/5.0 (compatible; AhrefsBot/7.0; +http://ahrefs.com/robot/)" "electric-homecare.com"
216.244.66.247 - - [07/Dec/2022:07:51:18 -0800] "GET /robots.txt HTTP/1.1" 200 48 "-" "Mozilla/5.0 (compatible; DotBot/1.2; +https://opensiteexplorer.org/dotbot; help@moz.com)" "electric-homecare.com"
77.75.77.119 - - [07/Dec/2022:07:53:39 -0800] "GET /Houston-Pocketed-Coil.html HTTP/1.1" 304 - "-" "Mozilla/5.0 (compatible; SeznamBot/4.0-RC1; +http://napoveda.seznam.cz/seznambot-intro/)" "electric-homecare.com"
17.121.112.72 - - [07/Dec/2022:08:23:26 -0800] "GET /robots.txt HTTP/1.1" 200 64 "-" "Mozilla/5.0 (Macintosh; Intel Mac OS X 10_15_5) AppleWebKit/605.1.15 (KHTML, like Gecko) Version/13.1.1 Safari/605.1.15 (Applebot/0.1; +http://www.apple.com/go/applebot)" "electric-homecare.com"
17.121.112.72 - - [07/Dec/2022:08:23:26 -0800] "GET /TLN1200.pdf HTTP/1.1" 200 355525 "-" "Mozilla/5.0 (Macintosh; Intel Mac OS X 10_15_5) AppleWebKit/605.1.15 (KHTML, like Gecko) Version/13.1.1 Safari/605.1.15 (Applebot/0.1; +http://www.apple.com/go/applebot)" "electric-homecare.com"
77.75.79.119 - - [07/Dec/2022:08:23:33 -0800] "GET /Houston-Latex-Mattress.html HTTP/1.1" 304 - "-" "Mozilla/5.0 (compatible; SeznamBot/4.0-RC1; +http://napoveda.seznam.cz/seznambot-intro/)" "electric-homecare.com"
157.55.39.45 - - [07/Dec/2022:08:25:02 -0800] "GET /about.html HTTP/1.1" 200 8212 "-" "Mozilla/5.0 AppleWebKit/537.36 (KHTML, like Gecko; compatible; bingbot/2.0; +http://www.bing.com/bingbot.htm) Chrome/103.0.5060.134 Safari/537.36" "electric-homecare.com"
216.244.66.247 - - [07/Dec/2022:08:39:24 -0800] "GET /robots.txt HTTP/1.1" 200 48 "-" "Mozilla/5.0 (compatible; DotBot/1.2; +https://opensiteexplorer.org/dotbot; help@moz.com)" "electric-homecare.com"
40.77.167.18 - - [07/Dec/2022:09:33:11 -0800] "GET /bariatricwheelchair.jpg HTTP/1.1" 200 7232 "-" "Mozilla/5.0 (compatible; bingbot/2.0; +http://www.bing.com/bingbot.htm)" "electric-homecare.com"
216.244.66.247 - - [07/Dec/2022:09:38:49 -0800] "GET /robots.txt HTTP/1.1" 200 48 "-" "Mozilla/5.0 (compatible; DotBot/1.2; +https://opensiteexplorer.org/dotbot; help@moz.com)" "electric-homecare.com"
51.222.253.15 - - [07/Dec/2022:09:44:30 -0800] "GET /Bath-Lifts.html HTTP/1.1" 200 9309 "-" "Mozilla/5.0 (compatible; AhrefsBot/7.0; +http://ahrefs.com/robot/)" "electric-homecare.com"
51.222.253.13 - - [07/Dec/2022:09:44:51 -0800] "GET /bbb-A.gif HTTP/1.1" 200 1171 "-" "Mozilla/5.0 (compatible; AhrefsBot/7.0; +http://ahrefs.com/robot/)" "electric-homecare.com"
51.222.253.11 - - [07/Dec/2022:09:44:56 -0800] "GET /button9B1.gif HTTP/1.1" 404 88 "-" "Mozilla/5.0 (compatible; AhrefsBot/7.0; +http://ahrefs.com/robot/)" "electric-homecare.com"
51.222.253.13 - - [07/Dec/2022:09:44:56 -0800] "GET /button9D1.gif HTTP/1.1" 404 88 "-" "Mozilla/5.0 (compatible; AhrefsBot/7.0; +http://ahrefs.com/robot/)" "electric-homecare.com"
51.222.253.18 - - [07/Dec/2022:09:44:56 -0800] "GET /button9C1.gif HTTP/1.1" 404 88 "-" "Mozilla/5.0 (compatible; AhrefsBot/7.0; +http://ahrefs.com/robot/)" "electric-homecare.com"
51.222.253.1 - - [07/Dec/2022:09:44:57 -0800] "GET /BBB_tag_blue.jpg HTTP/1.1" 200 34130 "-" "Mozilla/5.0 (compatible; AhrefsBot/7.0; +http://ahrefs.com/robot/)" "electric-homecare.com"
51.222.253.14 - - [07/Dec/2022:09:45:02 -0800] "GET /button9E.gif HTTP/1.1" 404 88 "-" "Mozilla/5.0 (compatible; AhrefsBot/7.0; +http://ahrefs.com/robot/)" "electric-homecare.com"
51.222.253.14 - - [07/Dec/2022:09:45:02 -0800] "GET /styles/layout.css HTTP/1.1" 200 109 "-" "Mozilla/5.0 (compatible; AhrefsBot/7.0; +http://ahrefs.com/robot/)" "electric-homecare.com"
47.243.183.166 - - [07/Dec/2022:09:56:30 -0800] "GET / HTTP/1.1" 200 4147 "https://www.google.com" "Mozilla/5.0 (Windows NT 5.1) AppleWebKit/537.36 (KHTML, like Gecko) Chrome/45.0.2454.101 Safari/537.36" "electric-homecare.com"
47.243.183.166 - - [07/Dec/2022:09:56:32 -0800] "GET /Houston-Adjustable-Beds.html HTTP/1.1" 200 11912 "https://www.google.com" "Mozilla/5.0 (Windows NT 5.1) AppleWebKit/537.36 (KHTML, like Gecko) Chrome/45.0.2454.101 Safari/537.36" "electric-homecare.com"
47.243.183.166 - - [07/Dec/2022:09:56:33 -0800] "GET /Houston-Hospital-Beds.html HTTP/1.1" 200 4991 "https://www.google.com" "Mozilla/5.0 (Windows NT 5.1) AppleWebKit/537.36 (KHTML, like Gecko) Chrome/45.0.2454.101 Safari/537.36" "electric-homecare.com"
47.243.183.166 - - [07/Dec/2022:09:56:34 -0800] "GET /Houston-Bariatric-Beds.html HTTP/1.1" 200 9978 "https://www.google.com" "Mozilla/5.0 (Windows NT 5.1) AppleWebKit/537.36 (KHTML, like Gecko) Chrome/45.0.2454.101 Safari/537.36" "electric-homecare.com"
47.243.183.166 - - [07/Dec/2022:09:56:36 -0800] "GET /Houston-Lift-Chairs.html HTTP/1.1" 200 8833 "https://www.google.com" "Mozilla/5.0 (Windows NT 5.1) AppleWebKit/537.36 (KHTML, like Gecko) Chrome/45.0.2454.101 Safari/537.36" "electric-homecare.com"
47.243.183.166 - - [07/Dec/2022:09:56:37 -0800] "GET /Houston-Scooters.html HTTP/1.1" 200 13467 "https://www.google.com" "Mozilla/5.0 (Windows NT 5.1) AppleWebKit/537.36 (KHTML, like Gecko) Chrome/45.0.2454.101 Safari/537.36" "electric-homecare.com"
47.243.183.166 - - [07/Dec/2022:09:56:38 -0800] "GET /Houston-Bariatric-Beds.html HTTP/1.1" 200 9978 "https://www.google.com" "Mozilla/5.0 (Windows NT 5.1) AppleWebKit/537.36 (KHTML, like Gecko) Chrome/45.0.2454.101 Safari/537.36" "electric-homecare.com"
47.243.183.166 - - [07/Dec/2022:09:56:39 -0800] "GET /Houston-Mattresses.html HTTP/1.1" 200 3535 "https://www.google.com" "Mozilla/5.0 (Windows NT 5.1) AppleWebKit/537.36 (KHTML, like Gecko) Chrome/45.0.2454.101 Safari/537.36" "electric-homecare.com"
47.243.183.166 - - [07/Dec/2022:09:56:40 -0800] "GET /Houston-Wheelchairs.html HTTP/1.1" 200 12937 "https://www.google.com" "Mozilla/5.0 (Windows NT 5.1) AppleWebKit/537.36 (KHTML, like Gecko) Chrome/45.0.2454.101 Safari/537.36" "electric-homecare.com"
47.243.183.166 - - [07/Dec/2022:09:56:42 -0800] "GET /Wheelchair-Elevators.html HTTP/1.1" 404 88 "https://www.google.com" "Mozilla/5.0 (Windows NT 5.1) AppleWebKit/537.36 (KHTML, like Gecko) Chrome/45.0.2454.101 Safari/537.36" "electric-homecare.com"
47.243.183.166 - - [07/Dec/2022:09:56:42 -0800] "GET /Stair-Lifts.html HTTP/1.1" 200 13618 "https://www.google.com" "Mozilla/5.0 (Windows NT 5.1) AppleWebKit/537.36 (KHTML, like Gecko) Chrome/45.0.2454.101 Safari/537.36" "electric-homecare.com"
47.243.183.166 - - [07/Dec/2022:09:56:44 -0800] "GET /Houston-Adjustable-Beds.html HTTP/1.1" 200 11912 "https://www.google.com" "Mozilla/5.0 (Windows NT 5.1) AppleWebKit/537.36 (KHTML, like Gecko) Chrome/45.0.2454.101 Safari/537.36" "electric-homecare.com"
93.28.232.102 - - [07/Dec/2022:10:37:33 -0800] "GET / HTTP/1.1" 200 4147 "-" "Mozilla/5.0 (Windows NT 6.2; WOW64) AppleWebKit/537.36 (KHTML, like Gecko) Chrome/100.0.4896.127 Safari/537.36" "electric-homecare.com"
93.28.232.102 - - [07/Dec/2022:10:37:33 -0800] "GET / HTTP/1.1" 200 4147 "-" "Mozilla/5.0 (Windows NT 6.2; WOW64) AppleWebKit/537.36 (KHTML, like Gecko) Chrome/100.0.4896.127 Safari/537.36" "electric-homecare.com"
93.28.232.102 - - [07/Dec/2022:10:37:33 -0800] "GET / HTTP/1.1" 200 4147 "-" "Mozilla/5.0 (Windows NT 6.2; WOW64) AppleWebKit/537.36 (KHTML, like Gecko) Chrome/100.0.4896.127 Safari/537.36" "electric-homecare.com"
93.28.232.102 - - [07/Dec/2022:10:37:33 -0800] "GET /test3.css HTTP/1.1" 200 960 "https://electric-homecare.com/" "Mozilla/5.0 (Windows NT 6.2; WOW64) AppleWebKit/537.36 (KHTML, like Gecko) Chrome/100.0.4896.127 Safari/537.36" "electric-homecare.com"
93.28.232.102 - - [07/Dec/2022:10:37:33 -0800] "GET /test3.css HTTP/1.1" 200 960 "https://electric-homecare.com/" "Mozilla/5.0 (Windows NT 6.2; WOW64) AppleWebKit/537.36 (KHTML, like Gecko) Chrome/100.0.4896.127 Safari/537.36" "electric-homecare.com"
93.28.232.102 - - [07/Dec/2022:10:37:34 -0800] "GET /test3.css HTTP/1.1" 200 960 "https://electric-homecare.com/" "Mozilla/5.0 (Windows NT 6.2; WOW64) AppleWebKit/537.36 (KHTML, like Gecko) Chrome/100.0.4896.127 Safari/537.36" "electric-homecare.com"
93.28.232.102 - - [07/Dec/2022:10:37:35 -0800] "GET /test3.css HTTP/1.1" 200 960 "http://electric-homecare.com/" "Mozilla/5.0 (Windows NT 6.2; WOW64) AppleWebKit/537.36 (KHTML, like Gecko) Chrome/100.0.4896.127 Safari/537.36" "electric-homecare.com"
93.28.232.102 - - [07/Dec/2022:10:37:36 -0800] "GET /test3.css HTTP/1.1" 200 960 "http://electric-homecare.com/" "Mozilla/5.0 (Windows NT 6.2; WOW64) AppleWebKit/537.36 (KHTML, like Gecko) Chrome/100.0.4896.127 Safari/537.36" "electric-homecare.com"
93.28.232.102 - - [07/Dec/2022:10:37:36 -0800] "GET / HTTP/1.1" 200 4147 "-" "Mozilla/5.0 (Windows NT 6.2; WOW64) AppleWebKit/537.36 (KHTML, like Gecko) Chrome/100.0.4896.127 Safari/537.36" "electric-homecare.com"
93.28.232.102 - - [07/Dec/2022:10:37:36 -0800] "GET /test3.css HTTP/1.1" 200 960 "http://electric-homecare.com/" "Mozilla/5.0 (Windows NT 6.2; WOW64) AppleWebKit/537.36 (KHTML, like Gecko) Chrome/100.0.4896.127 Safari/537.36" "electric-homecare.com"
93.28.232.102 - - [07/Dec/2022:10:37:39 -0800] "GET / HTTP/1.1" 200 4147 "-" "Mozilla/5.0 (Windows NT 6.2; WOW64) AppleWebKit/537.36 (KHTML, like Gecko) Chrome/100.0.4896.127 Safari/537.36" "electric-homecare.com"
93.28.232.102 - - [07/Dec/2022:10:37:40 -0800] "GET / HTTP/1.1" 200 4147 "-" "Mozilla/5.0 (Windows NT 6.2; WOW64) AppleWebKit/537.36 (KHTML, like Gecko) Chrome/100.0.4896.127 Safari/537.36" "electric-homecare.com"
93.28.232.102 - - [07/Dec/2022:10:37:50 -0800] "GET /test3.css HTTP/1.1" 200 960 "https://electric-homecare.com/" "Mozilla/5.0 (Windows NT 6.2; WOW64) AppleWebKit/537.36 (KHTML, like Gecko) Chrome/100.0.4896.127 Safari/537.36" "electric-homecare.com"
93.28.232.102 - - [07/Dec/2022:10:37:52 -0800] "GET /test3.css HTTP/1.1" 200 960 "http://electric-homecare.com/" "Mozilla/5.0 (Windows NT 6.2; WOW64) AppleWebKit/537.36 (KHTML, like Gecko) Chrome/100.0.4896.127 Safari/537.36" "electric-homecare.com"
93.28.232.102 - - [07/Dec/2022:10:37:59 -0800] "GET /test3.css HTTP/1.1" 200 960 "https://electric-homecare.com/" "Mozilla/5.0 (Windows NT 6.2; WOW64) AppleWebKit/537.36 (KHTML, like Gecko) Chrome/100.0.4896.127 Safari/537.36" "electric-homecare.com"
93.28.232.102 - - [07/Dec/2022:10:38:02 -0800] "GET /test3.css HTTP/1.1" 200 960 "http://electric-homecare.com/" "Mozilla/5.0 (Windows NT 6.2; WOW64) AppleWebKit/537.36 (KHTML, like Gecko) Chrome/100.0.4896.127 Safari/537.36" "electric-homecare.com"
93.28.232.102 - - [07/Dec/2022:10:39:44 -0800] "GET / HTTP/1.1" 200 4147 "-" "Mozilla/5.0 (Windows NT 6.2; WOW64) AppleWebKit/537.36 (KHTML, like Gecko) Chrome/100.0.4896.127 Safari/537.36" "electric-homecare.com"
