51.222.253.18 - - [17/Dec/2022:16:55:47 -0800] "GET /elelctropedic013_small.jpg HTTP/1.1" 200 3837 "-" "Mozilla/5.0 (compatible; AhrefsBot/7.0; +http://ahrefs.com/robot/)" "electric-homecare.com"
51.222.253.7 - - [17/Dec/2022:16:55:47 -0800] "GET /Element_1.jpg HTTP/1.1" 200 18571 "-" "Mozilla/5.0 (compatible; AhrefsBot/7.0; +http://ahrefs.com/robot/)" "electric-homecare.com"
51.222.253.11 - - [17/Dec/2022:16:55:47 -0800] "GET /flexabed-Mattress_2.jpg HTTP/1.1" 200 69892 "-" "Mozilla/5.0 (compatible; AhrefsBot/7.0; +http://ahrefs.com/robot/)" "electric-homecare.com"
51.222.253.1 - - [17/Dec/2022:16:55:48 -0800] "GET /mattress_7.jpg HTTP/1.1" 200 328523 "-" "Mozilla/5.0 (compatible; AhrefsBot/7.0; +http://ahrefs.com/robot/)" "electric-homecare.com"
51.222.253.11 - - [17/Dec/2022:16:55:48 -0800] "GET /elelctropedic009_small.jpg HTTP/1.1" 200 2530 "-" "Mozilla/5.0 (compatible; AhrefsBot/7.0; +http://ahrefs.com/robot/)" "electric-homecare.com"
51.222.253.4 - - [17/Dec/2022:16:55:49 -0800] "GET /premier-foundation-style_small.jpg HTTP/1.1" 200 1907 "-" "Mozilla/5.0 (compatible; AhrefsBot/7.0; +http://ahrefs.com/robot/)" "electric-homecare.com"
51.222.253.18 - - [17/Dec/2022:16:55:49 -0800] "GET /prodigy-main_3.JPG HTTP/1.1" 200 25975 "-" "Mozilla/5.0 (compatible; AhrefsBot/7.0; +http://ahrefs.com/robot/)" "electric-homecare.com"
51.222.253.3 - - [17/Dec/2022:16:55:50 -0800] "GET /sunrise-main_2.JPG HTTP/1.1" 200 22714 "-" "Mozilla/5.0 (compatible; AhrefsBot/7.0; +http://ahrefs.com/robot/)" "electric-homecare.com"
51.222.253.11 - - [17/Dec/2022:16:55:50 -0800] "GET /performance-s-cape-2-furniture_1.JPG HTTP/1.1" 200 20247 "-" "Mozilla/5.0 (compatible; AhrefsBot/7.0; +http://ahrefs.com/robot/)" "electric-homecare.com"
51.222.253.18 - - [17/Dec/2022:16:55:50 -0800] "GET /flexabed_accessories_1.jpg HTTP/1.1" 200 57186 "-" "Mozilla/5.0 (compatible; AhrefsBot/7.0; +http://ahrefs.com/robot/)" "electric-homecare.com"
51.222.253.2 - - [17/Dec/2022:16:55:51 -0800] "GET /Reverie-Dream-SupremeII-Hybrid-1_small.png HTTP/1.1" 200 8260 "-" "Mozilla/5.0 (compatible; AhrefsBot/7.0; +http://ahrefs.com/robot/)" "electric-homecare.com"
51.222.253.17 - - [17/Dec/2022:16:55:51 -0800] "GET /1-Adjustable-Beds.jpg HTTP/1.1" 200 1026932 "-" "Mozilla/5.0 (compatible; AhrefsBot/7.0; +http://ahrefs.com/robot/)" "electric-homecare.com"
51.222.253.15 - - [17/Dec/2022:16:55:53 -0800] "GET /flexabed-Mattress_1.jpg HTTP/1.1" 200 19883 "-" "Mozilla/5.0 (compatible; AhrefsBot/7.0; +http://ahrefs.com/robot/)" "electric-homecare.com"
51.222.253.7 - - [17/Dec/2022:16:55:53 -0800] "GET /Reverie4M3_small.jpg HTTP/1.1" 200 1319 "-" "Mozilla/5.0 (compatible; AhrefsBot/7.0; +http://ahrefs.com/robot/)" "electric-homecare.com"
51.222.253.8 - - [17/Dec/2022:16:55:53 -0800] "GET /adjustable-bed-0001.jpg HTTP/1.1" 200 86652 "-" "Mozilla/5.0 (compatible; AhrefsBot/7.0; +http://ahrefs.com/robot/)" "electric-homecare.com"
51.222.253.13 - - [17/Dec/2022:16:55:54 -0800] "GET /TM_hilow_13.jpg HTTP/1.1" 200 166230 "-" "Mozilla/5.0 (compatible; AhrefsBot/7.0; +http://ahrefs.com/robot/)" "electric-homecare.com"
51.222.253.4 - - [17/Dec/2022:16:55:55 -0800] "GET /Electropedic099_small.gif HTTP/1.1" 200 3851 "-" "Mozilla/5.0 (compatible; AhrefsBot/7.0; +http://ahrefs.com/robot/)" "electric-homecare.com"
51.222.253.20 - - [17/Dec/2022:16:55:55 -0800] "GET /Theclassic_3.jpg HTTP/1.1" 200 145210 "-" "Mozilla/5.0 (compatible; AhrefsBot/7.0; +http://ahrefs.com/robot/)" "electric-homecare.com"
51.222.253.13 - - [17/Dec/2022:16:55:56 -0800] "GET /Pure_9.jpg HTTP/1.1" 200 4210 "-" "Mozilla/5.0 (compatible; AhrefsBot/7.0; +http://ahrefs.com/robot/)" "electric-homecare.com"
51.222.253.17 - - [17/Dec/2022:16:55:56 -0800] "GET /Theclassic_4.jpg HTTP/1.1" 200 86835 "-" "Mozilla/5.0 (compatible; AhrefsBot/7.0; +http://ahrefs.com/robot/)" "electric-homecare.com"
51.222.253.15 - - [17/Dec/2022:16:55:56 -0800] "GET /performance-s-cape-2-furniture_small.jpg HTTP/1.1" 200 1939 "-" "Mozilla/5.0 (compatible; AhrefsBot/7.0; +http://ahrefs.com/robot/)" "electric-homecare.com"
51.222.253.17 - - [17/Dec/2022:16:55:57 -0800] "GET /Tm_HosBed_6.jpg HTTP/1.1" 200 55961 "-" "Mozilla/5.0 (compatible; AhrefsBot/7.0; +http://ahrefs.com/robot/)" "electric-homecare.com"
51.222.253.2 - - [17/Dec/2022:16:55:57 -0800] "GET /Pure_7.jpg HTTP/1.1" 200 6253 "-" "Mozilla/5.0 (compatible; AhrefsBot/7.0; +http://ahrefs.com/robot/)" "electric-homecare.com"
51.222.253.3 - - [17/Dec/2022:16:55:57 -0800] "GET /pocketed-coil.png HTTP/1.1" 200 68750 "-" "Mozilla/5.0 (compatible; AhrefsBot/7.0; +http://ahrefs.com/robot/)" "electric-homecare.com"
51.222.253.3 - - [17/Dec/2022:16:55:58 -0800] "GET /Hilow_1.jpg HTTP/1.1" 200 103147 "-" "Mozilla/5.0 (compatible; AhrefsBot/7.0; +http://ahrefs.com/robot/)" "electric-homecare.com"
51.222.253.7 - - [17/Dec/2022:16:55:58 -0800] "GET /valueflex_2.jpg HTTP/1.1" 200 381755 "-" "Mozilla/5.0 (compatible; AhrefsBot/7.0; +http://ahrefs.com/robot/)" "electric-homecare.com"
51.222.253.5 - - [17/Dec/2022:16:55:59 -0800] "GET /Electropedic105_small.png HTTP/1.1" 200 14378 "-" "Mozilla/5.0 (compatible; AhrefsBot/7.0; +http://ahrefs.com/robot/)" "electric-homecare.com"
51.222.253.18 - - [17/Dec/2022:16:56:00 -0800] "GET /flexabed_accessories_5.jpg HTTP/1.1" 200 83499 "-" "Mozilla/5.0 (compatible; AhrefsBot/7.0; +http://ahrefs.com/robot/)" "electric-homecare.com"
51.222.253.12 - - [17/Dec/2022:16:56:00 -0800] "GET /Pure_15.jpg HTTP/1.1" 200 174036 "-" "Mozilla/5.0 (compatible; AhrefsBot/7.0; +http://ahrefs.com/robot/)" "electric-homecare.com"
51.222.253.2 - - [17/Dec/2022:16:56:01 -0800] "GET /Tx-7-Latex-Mattress.jpg HTTP/1.1" 200 8182 "-" "Mozilla/5.0 (compatible; AhrefsBot/7.0; +http://ahrefs.com/robot/)" "electric-homecare.com"
51.222.253.19 - - [17/Dec/2022:16:56:01 -0800] "GET /Reverie-Dream-SupremeII-Natural-3_small.jpg HTTP/1.1" 200 2754 "-" "Mozilla/5.0 (compatible; AhrefsBot/7.0; +http://ahrefs.com/robot/)" "electric-homecare.com"
51.222.253.6 - - [17/Dec/2022:16:56:02 -0800] "GET /TM_Newvaliant_5.jpg HTTP/1.1" 200 294210 "-" "Mozilla/5.0 (compatible; AhrefsBot/7.0; +http://ahrefs.com/robot/)" "electric-homecare.com"
51.222.253.3 - - [17/Dec/2022:16:56:02 -0800] "GET /Theclassic_8.jpg HTTP/1.1" 200 148717 "-" "Mozilla/5.0 (compatible; AhrefsBot/7.0; +http://ahrefs.com/robot/)" "electric-homecare.com"
51.222.253.19 - - [17/Dec/2022:16:56:03 -0800] "GET /premier-foundation-style_1.JPG HTTP/1.1" 200 25425 "-" "Mozilla/5.0 (compatible; AhrefsBot/7.0; +http://ahrefs.com/robot/)" "electric-homecare.com"
51.222.253.18 - - [17/Dec/2022:16:56:03 -0800] "GET /elelctropedic024_small.jpg HTTP/1.1" 200 3496 "-" "Mozilla/5.0 (compatible; AhrefsBot/7.0; +http://ahrefs.com/robot/)" "electric-homecare.com"
51.222.253.14 - - [17/Dec/2022:16:56:04 -0800] "GET /Reverie5D_small.jpg HTTP/1.1" 200 1366 "-" "Mozilla/5.0 (compatible; AhrefsBot/7.0; +http://ahrefs.com/robot/)" "electric-homecare.com"
51.222.253.13 - - [17/Dec/2022:16:56:04 -0800] "GET /adjustable-bed-0004.gif HTTP/1.1" 200 95168 "-" "Mozilla/5.0 (compatible; AhrefsBot/7.0; +http://ahrefs.com/robot/)" "electric-homecare.com"
51.222.253.9 - - [17/Dec/2022:16:56:04 -0800] "GET /TM_hilow_3.jpg HTTP/1.1" 200 5919 "-" "Mozilla/5.0 (compatible; AhrefsBot/7.0; +http://ahrefs.com/robot/)" "electric-homecare.com"
51.222.253.3 - - [17/Dec/2022:16:56:05 -0800] "GET /flexabed-Mattress_7.jpg HTTP/1.1" 200 74206 "-" "Mozilla/5.0 (compatible; AhrefsBot/7.0; +http://ahrefs.com/robot/)" "electric-homecare.com"
51.222.253.18 - - [17/Dec/2022:16:56:05 -0800] "GET /Tm_HBedAccess_6.jpg HTTP/1.1" 200 5087 "-" "Mozilla/5.0 (compatible; AhrefsBot/7.0; +http://ahrefs.com/robot/)" "electric-homecare.com"
51.222.253.18 - - [17/Dec/2022:16:56:05 -0800] "GET /Electropedic107_small.gif HTTP/1.1" 200 3410 "-" "Mozilla/5.0 (compatible; AhrefsBot/7.0; +http://ahrefs.com/robot/)" "electric-homecare.com"
51.222.253.13 - - [17/Dec/2022:16:56:06 -0800] "GET /TM_hilow_11.jpg HTTP/1.1" 200 353656 "-" "Mozilla/5.0 (compatible; AhrefsBot/7.0; +http://ahrefs.com/robot/)" "electric-homecare.com"
51.222.253.13 - - [17/Dec/2022:16:56:06 -0800] "GET /Premier_1.jpg HTTP/1.1" 200 294722 "-" "Mozilla/5.0 (compatible; AhrefsBot/7.0; +http://ahrefs.com/robot/)" "electric-homecare.com"
51.222.253.17 - - [17/Dec/2022:16:56:07 -0800] "GET /elelctropedic003_small.jpg HTTP/1.1" 200 2153 "-" "Mozilla/5.0 (compatible; AhrefsBot/7.0; +http://ahrefs.com/robot/)" "electric-homecare.com"
51.222.253.14 - - [17/Dec/2022:16:56:07 -0800] "GET /prodigy-main_small.jpg HTTP/1.1" 200 2020 "-" "Mozilla/5.0 (compatible; AhrefsBot/7.0; +http://ahrefs.com/robot/)" "electric-homecare.com"
51.222.253.9 - - [17/Dec/2022:16:56:08 -0800] "GET /Hilow_3.jpg HTTP/1.1" 200 285350 "-" "Mozilla/5.0 (compatible; AhrefsBot/7.0; +http://ahrefs.com/robot/)" "electric-homecare.com"
51.222.253.10 - - [17/Dec/2022:16:56:08 -0800] "GET /TM_hilow_6.jpg HTTP/1.1" 200 95248 "-" "Mozilla/5.0 (compatible; AhrefsBot/7.0; +http://ahrefs.com/robot/)" "electric-homecare.com"
51.222.253.18 - - [17/Dec/2022:16:56:09 -0800] "GET /TM_ValiantHDSHD_6.jpg HTTP/1.1" 200 172412 "-" "Mozilla/5.0 (compatible; AhrefsBot/7.0; +http://ahrefs.com/robot/)" "electric-homecare.com"
51.222.253.4 - - [17/Dec/2022:16:56:10 -0800] "GET /Reverie-4M1_small.jpg HTTP/1.1" 200 1352 "-" "Mozilla/5.0 (compatible; AhrefsBot/7.0; +http://ahrefs.com/robot/)" "electric-homecare.com"
51.222.253.19 - - [17/Dec/2022:16:56:10 -0800] "GET /Element_5.jpg HTTP/1.1" 200 158166 "-" "Mozilla/5.0 (compatible; AhrefsBot/7.0; +http://ahrefs.com/robot/)" "electric-homecare.com"
51.222.253.8 - - [17/Dec/2022:16:56:10 -0800] "GET /Element_6.jpg HTTP/1.1" 200 100749 "-" "Mozilla/5.0 (compatible; AhrefsBot/7.0; +http://ahrefs.com/robot/)" "electric-homecare.com"
51.222.253.2 - - [17/Dec/2022:16:56:11 -0800] "GET /elelctropedic042_small.jpg HTTP/1.1" 200 3793 "-" "Mozilla/5.0 (compatible; AhrefsBot/7.0; +http://ahrefs.com/robot/)" "electric-homecare.com"
51.222.253.5 - - [17/Dec/2022:16:56:11 -0800] "GET /Hilow_4.jpg HTTP/1.1" 200 368304 "-" "Mozilla/5.0 (compatible; AhrefsBot/7.0; +http://ahrefs.com/robot/)" "electric-homecare.com"
51.222.253.7 - - [17/Dec/2022:16:56:12 -0800] "GET /Reverie3E4_small.jpg HTTP/1.1" 200 3777 "-" "Mozilla/5.0 (compatible; AhrefsBot/7.0; +http://ahrefs.com/robot/)" "electric-homecare.com"
51.222.253.7 - - [17/Dec/2022:16:56:12 -0800] "GET /Primo_5.jpg HTTP/1.1" 200 50145 "-" "Mozilla/5.0 (compatible; AhrefsBot/7.0; +http://ahrefs.com/robot/)" "electric-homecare.com"
51.222.253.18 - - [17/Dec/2022:16:56:13 -0800] "GET /elelctropedic004_small.jpg HTTP/1.1" 200 3520 "-" "Mozilla/5.0 (compatible; AhrefsBot/7.0; +http://ahrefs.com/robot/)" "electric-homecare.com"
51.222.253.7 - - [17/Dec/2022:16:56:13 -0800] "GET /performance-s-cape-2-furniture_3.JPG HTTP/1.1" 200 16970 "-" "Mozilla/5.0 (compatible; AhrefsBot/7.0; +http://ahrefs.com/robot/)" "electric-homecare.com"
51.222.253.14 - - [17/Dec/2022:16:56:14 -0800] "GET /Electropedic103.jpg HTTP/1.1" 200 90076 "-" "Mozilla/5.0 (compatible; AhrefsBot/7.0; +http://ahrefs.com/robot/)" "electric-homecare.com"
51.222.253.3 - - [17/Dec/2022:16:56:14 -0800] "GET /Tm_HosBed_2.jpg HTTP/1.1" 200 95248 "-" "Mozilla/5.0 (compatible; AhrefsBot/7.0; +http://ahrefs.com/robot/)" "electric-homecare.com"
51.222.253.7 - - [17/Dec/2022:16:56:15 -0800] "GET /Electropedic108_small.jpg HTTP/1.1" 200 1993 "-" "Mozilla/5.0 (compatible; AhrefsBot/7.0; +http://ahrefs.com/robot/)" "electric-homecare.com"
51.222.253.19 - - [17/Dec/2022:16:56:15 -0800] "GET /TM_hilow_7.jpg HTTP/1.1" 200 202875 "-" "Mozilla/5.0 (compatible; AhrefsBot/7.0; +http://ahrefs.com/robot/)" "electric-homecare.com"
51.222.253.9 - - [17/Dec/2022:16:56:22 -0800] "GET /Essence_1.jpg HTTP/1.1" 200 107479 "-" "Mozilla/5.0 (compatible; AhrefsBot/7.0; +http://ahrefs.com/robot/)" "electric-homecare.com"
51.222.253.11 - - [17/Dec/2022:16:56:23 -0800] "GET /Electropedic093_small.jpg HTTP/1.1" 200 2300 "-" "Mozilla/5.0 (compatible; AhrefsBot/7.0; +http://ahrefs.com/robot/)" "electric-homecare.com"
51.222.253.5 - - [17/Dec/2022:16:56:23 -0800] "GET /Hilow_5.jpg HTTP/1.1" 200 285100 "-" "Mozilla/5.0 (compatible; AhrefsBot/7.0; +http://ahrefs.com/robot/)" "electric-homecare.com"
51.222.253.14 - - [17/Dec/2022:16:56:24 -0800] "GET /Reverie-Dream-SupremeII-Natural-1_small.png HTTP/1.1" 200 7878 "-" "Mozilla/5.0 (compatible; AhrefsBot/7.0; +http://ahrefs.com/robot/)" "electric-homecare.com"
51.222.253.20 - - [17/Dec/2022:16:56:24 -0800] "GET /elelctropedic026_small.jpg HTTP/1.1" 200 2267 "-" "Mozilla/5.0 (compatible; AhrefsBot/7.0; +http://ahrefs.com/robot/)" "electric-homecare.com"
51.222.253.2 - - [17/Dec/2022:16:56:25 -0800] "GET /tx-leggett-2.jpg HTTP/1.1" 200 4388 "-" "Mozilla/5.0 (compatible; AhrefsBot/7.0; +http://ahrefs.com/robot/)" "electric-homecare.com"
51.222.253.15 - - [17/Dec/2022:16:56:26 -0800] "GET /elelctropedic020_small.jpg HTTP/1.1" 200 4007 "-" "Mozilla/5.0 (compatible; AhrefsBot/7.0; +http://ahrefs.com/robot/)" "electric-homecare.com"
51.222.253.8 - - [17/Dec/2022:16:56:26 -0800] "GET /Elite_3.jpg HTTP/1.1" 200 98497 "-" "Mozilla/5.0 (compatible; AhrefsBot/7.0; +http://ahrefs.com/robot/)" "electric-homecare.com"
51.222.253.10 - - [17/Dec/2022:16:56:26 -0800] "GET /flexabed-Mattress_4.jpg HTTP/1.1" 200 29102 "-" "Mozilla/5.0 (compatible; AhrefsBot/7.0; +http://ahrefs.com/robot/)" "electric-homecare.com"
51.222.253.10 - - [17/Dec/2022:16:56:27 -0800] "GET /elelctropedic034_small.jpg HTTP/1.1" 200 3472 "-" "Mozilla/5.0 (compatible; AhrefsBot/7.0; +http://ahrefs.com/robot/)" "electric-homecare.com"
51.222.253.16 - - [17/Dec/2022:16:56:27 -0800] "GET /elelctropedic025_small.jpg HTTP/1.1" 200 1029 "-" "Mozilla/5.0 (compatible; AhrefsBot/7.0; +http://ahrefs.com/robot/)" "electric-homecare.com"
51.222.253.8 - - [17/Dec/2022:16:56:27 -0800] "GET /Pure_6.jpg HTTP/1.1" 200 7435 "-" "Mozilla/5.0 (compatible; AhrefsBot/7.0; +http://ahrefs.com/robot/)" "electric-homecare.com"
66.249.70.103 - - [17/Dec/2022:16:56:27 -0800] "GET /flexabed-Mattress_6.jpg HTTP/1.1" 200 74206 "-" "Googlebot-Image/1.0" "electric-homecare.com"
51.222.253.17 - - [17/Dec/2022:16:56:28 -0800] "GET /Reverie3E1_small.jpg HTTP/1.1" 200 1302 "-" "Mozilla/5.0 (compatible; AhrefsBot/7.0; +http://ahrefs.com/robot/)" "electric-homecare.com"
51.222.253.6 - - [17/Dec/2022:16:56:28 -0800] "GET /elelctropedic043_small.jpg HTTP/1.1" 200 3849 "-" "Mozilla/5.0 (compatible; AhrefsBot/7.0; +http://ahrefs.com/robot/)" "electric-homecare.com"
51.222.253.13 - - [17/Dec/2022:16:56:28 -0800] "GET /pro-motion-2-main_3.JPG HTTP/1.1" 200 21397 "-" "Mozilla/5.0 (compatible; AhrefsBot/7.0; +http://ahrefs.com/robot/)" "electric-homecare.com"
51.222.253.19 - - [17/Dec/2022:16:56:28 -0800] "GET /raven-main_3.JPG HTTP/1.1" 200 37991 "-" "Mozilla/5.0 (compatible; AhrefsBot/7.0; +http://ahrefs.com/robot/)" "electric-homecare.com"
51.222.253.15 - - [17/Dec/2022:16:56:29 -0800] "GET /tx-memory-foam.jpg HTTP/1.1" 200 2460 "-" "Mozilla/5.0 (compatible; AhrefsBot/7.0; +http://ahrefs.com/robot/)" "electric-homecare.com"
51.222.253.6 - - [17/Dec/2022:16:56:29 -0800] "GET /elelctropedic054_small.jpg HTTP/1.1" 200 2184 "-" "Mozilla/5.0 (compatible; AhrefsBot/7.0; +http://ahrefs.com/robot/)" "electric-homecare.com"
51.222.253.12 - - [17/Dec/2022:16:56:29 -0800] "GET /falcon-2-plus_2.JPG HTTP/1.1" 200 20086 "-" "Mozilla/5.0 (compatible; AhrefsBot/7.0; +http://ahrefs.com/robot/)" "electric-homecare.com"
51.222.253.2 - - [17/Dec/2022:16:56:30 -0800] "GET /flexabed_accessories_3.jpg HTTP/1.1" 200 55101 "-" "Mozilla/5.0 (compatible; AhrefsBot/7.0; +http://ahrefs.com/robot/)" "electric-homecare.com"
51.222.253.7 - - [17/Dec/2022:16:56:30 -0800] "GET /falcon-2-plus_1.JPG HTTP/1.1" 200 39386 "-" "Mozilla/5.0 (compatible; AhrefsBot/7.0; +http://ahrefs.com/robot/)" "electric-homecare.com"
51.222.253.19 - - [17/Dec/2022:16:56:30 -0800] "GET /Pure_12.jpg HTTP/1.1" 200 133038 "-" "Mozilla/5.0 (compatible; AhrefsBot/7.0; +http://ahrefs.com/robot/)" "electric-homecare.com"
51.222.253.7 - - [17/Dec/2022:16:56:31 -0800] "GET /bas-x-2-main_2.JPG HTTP/1.1" 200 36248 "-" "Mozilla/5.0 (compatible; AhrefsBot/7.0; +http://ahrefs.com/robot/)" "electric-homecare.com"
51.222.253.6 - - [17/Dec/2022:16:56:31 -0800] "GET /Reverie8T-004_small.png HTTP/1.1" 200 6201 "-" "Mozilla/5.0 (compatible; AhrefsBot/7.0; +http://ahrefs.com/robot/)" "electric-homecare.com"
51.222.253.16 - - [17/Dec/2022:16:56:32 -0800] "GET /bas-x-2-main_small.jpg HTTP/1.1" 200 1704 "-" "Mozilla/5.0 (compatible; AhrefsBot/7.0; +http://ahrefs.com/robot/)" "electric-homecare.com"
51.222.253.8 - - [17/Dec/2022:16:56:32 -0800] "GET /tx-electropedicbeds-2.png HTTP/1.1" 200 6006 "-" "Mozilla/5.0 (compatible; AhrefsBot/7.0; +http://ahrefs.com/robot/)" "electric-homecare.com"
51.222.253.6 - - [17/Dec/2022:16:56:32 -0800] "GET /premier-furniture-main-1500.jpg HTTP/1.1" 200 265936 "-" "Mozilla/5.0 (compatible; AhrefsBot/7.0; +http://ahrefs.com/robot/)" "electric-homecare.com"
51.222.253.4 - - [17/Dec/2022:16:56:33 -0800] "GET /Essence_2.jpg HTTP/1.1" 200 110903 "-" "Mozilla/5.0 (compatible; AhrefsBot/7.0; +http://ahrefs.com/robot/)" "electric-homecare.com"
51.222.253.19 - - [17/Dec/2022:16:56:33 -0800] "GET /TM_hilow_12.png HTTP/1.1" 200 313052 "-" "Mozilla/5.0 (compatible; AhrefsBot/7.0; +http://ahrefs.com/robot/)" "electric-homecare.com"
51.222.253.3 - - [17/Dec/2022:16:56:34 -0800] "GET /Premier_5.jpg HTTP/1.1" 200 140978 "-" "Mozilla/5.0 (compatible; AhrefsBot/7.0; +http://ahrefs.com/robot/)" "electric-homecare.com"
51.222.253.16 - - [17/Dec/2022:16:56:35 -0800] "GET /elelctropedic011_small.jpg HTTP/1.1" 200 3658 "-" "Mozilla/5.0 (compatible; AhrefsBot/7.0; +http://ahrefs.com/robot/)" "electric-homecare.com"
51.222.253.12 - - [17/Dec/2022:16:56:35 -0800] "GET /simplicity-3.0_1.JPG HTTP/1.1" 200 19305 "-" "Mozilla/5.0 (compatible; AhrefsBot/7.0; +http://ahrefs.com/robot/)" "electric-homecare.com"
51.222.253.19 - - [17/Dec/2022:16:56:35 -0800] "GET /elelctropedic040_small.jpg HTTP/1.1" 200 4766 "-" "Mozilla/5.0 (compatible; AhrefsBot/7.0; +http://ahrefs.com/robot/)" "electric-homecare.com"
51.222.253.7 - - [17/Dec/2022:16:56:35 -0800] "GET /basesonly_1.jpg HTTP/1.1" 200 375182 "-" "Mozilla/5.0 (compatible; AhrefsBot/7.0; +http://ahrefs.com/robot/)" "electric-homecare.com"
51.222.253.11 - - [17/Dec/2022:16:56:36 -0800] "GET /Elite_5.jpg HTTP/1.1" 200 156962 "-" "Mozilla/5.0 (compatible; AhrefsBot/7.0; +http://ahrefs.com/robot/)" "electric-homecare.com"
51.222.253.9 - - [17/Dec/2022:16:56:37 -0800] "GET /Hilow_2.jpg HTTP/1.1" 200 360319 "-" "Mozilla/5.0 (compatible; AhrefsBot/7.0; +http://ahrefs.com/robot/)" "electric-homecare.com"
51.222.253.10 - - [17/Dec/2022:16:56:38 -0800] "GET /adjustable-bed-0002.jpg HTTP/1.1" 200 92149 "-" "Mozilla/5.0 (compatible; AhrefsBot/7.0; +http://ahrefs.com/robot/)" "electric-homecare.com"
51.222.253.9 - - [17/Dec/2022:16:56:39 -0800] "GET /Reverie-Dream-SupremeII-Hybrid-4_small.png HTTP/1.1" 200 7797 "-" "Mozilla/5.0 (compatible; AhrefsBot/7.0; +http://ahrefs.com/robot/)" "electric-homecare.com"
51.222.253.14 - - [17/Dec/2022:16:56:39 -0800] "GET /adjustable-bed-0006.png HTTP/1.1" 200 162836 "-" "Mozilla/5.0 (compatible; AhrefsBot/7.0; +http://ahrefs.com/robot/)" "electric-homecare.com"
51.222.253.19 - - [17/Dec/2022:16:56:40 -0800] "GET /Electropedic072_small.jpg HTTP/1.1" 200 1565 "-" "Mozilla/5.0 (compatible; AhrefsBot/7.0; +http://ahrefs.com/robot/)" "electric-homecare.com"
51.222.253.7 - - [17/Dec/2022:16:56:41 -0800] "GET /elelctropedic005_small.jpg HTTP/1.1" 200 2036 "-" "Mozilla/5.0 (compatible; AhrefsBot/7.0; +http://ahrefs.com/robot/)" "electric-homecare.com"
51.222.253.17 - - [17/Dec/2022:16:56:41 -0800] "GET /Tm_HosBed_9.jpg HTTP/1.1" 200 29452 "-" "Mozilla/5.0 (compatible; AhrefsBot/7.0; +http://ahrefs.com/robot/)" "electric-homecare.com"
51.222.253.1 - - [17/Dec/2022:16:56:42 -0800] "GET /Reverie-010_small.jpg HTTP/1.1" 200 1828 "-" "Mozilla/5.0 (compatible; AhrefsBot/7.0; +http://ahrefs.com/robot/)" "electric-homecare.com"
51.222.253.14 - - [17/Dec/2022:16:56:42 -0800] "GET /Primologo.jpg HTTP/1.1" 200 4902 "-" "Mozilla/5.0 (compatible; AhrefsBot/7.0; +http://ahrefs.com/robot/)" "electric-homecare.com"
51.222.253.4 - - [17/Dec/2022:16:56:42 -0800] "GET /elelctropedic051_small.jpg HTTP/1.1" 200 2533 "-" "Mozilla/5.0 (compatible; AhrefsBot/7.0; +http://ahrefs.com/robot/)" "electric-homecare.com"
51.222.253.19 - - [17/Dec/2022:16:56:42 -0800] "GET /Electropedic085_small.jpg HTTP/1.1" 200 2129 "-" "Mozilla/5.0 (compatible; AhrefsBot/7.0; +http://ahrefs.com/robot/)" "electric-homecare.com"
51.222.253.16 - - [17/Dec/2022:16:56:43 -0800] "GET /Tm_HosBed_1.jpg HTTP/1.1" 200 30132 "-" "Mozilla/5.0 (compatible; AhrefsBot/7.0; +http://ahrefs.com/robot/)" "electric-homecare.com"
66.249.70.103 - - [17/Dec/2022:16:56:56 -0800] "GET /Hilow_4.jpg HTTP/1.1" 200 368304 "-" "Googlebot-Image/1.0" "electric-homecare.com"
216.244.66.247 - - [17/Dec/2022:17:12:42 -0800] "GET /robots.txt HTTP/1.1" 200 48 "-" "Mozilla/5.0 (compatible; DotBot/1.2; +https://opensiteexplorer.org/dotbot; help@moz.com)" "electric-homecare.com"
172.245.84.232 - - [17/Dec/2022:17:19:23 -0800] "GET / HTTP/1.1" 200 4147 "http://electric-homecare.com" "Mozilla/5.0 (Windows NT 10.0; Win64; x64) AppleWebKit/537.36 (KHTML, like Gecko) Chrome/103.0.0.0 Safari/537.36 Edg/103.0.1264.71" "electric-homecare.com"
138.219.74.158 - - [17/Dec/2022:17:19:23 -0800] "GET /Houston.html HTTP/1.1" 200 4223 "https://electric-homecare.com/" "Mozilla/5.0 (Windows NT 10.0; Win64; x64) AppleWebKit/537.36 (KHTML, like Gecko) Chrome/103.0.0.0 Safari/537.36 Edg/103.0.1264.71" "electric-homecare.com"
172.245.84.232 - - [17/Dec/2022:17:19:24 -0800] "GET /Wheelchair-Elevators.html HTTP/1.1" 404 88 "http://electric-homecare.com/Wheelchair-Elevators.html" "Mozilla/5.0 (Windows NT 10.0; Win64; x64) AppleWebKit/537.36 (KHTML, like Gecko) Chrome/103.0.0.0 Safari/537.36 Edg/103.0.1264.71" "electric-homecare.com"
172.245.84.232 - - [17/Dec/2022:17:19:25 -0800] "GET /Nationwide.html HTTP/1.1" 404 88 "http://electric-homecare.com/Nationwide.html" "Mozilla/5.0 (Windows NT 10.0; Win64; x64) AppleWebKit/537.36 (KHTML, like Gecko) Chrome/103.0.0.0 Safari/537.36 Edg/103.0.1264.71" "electric-homecare.com"
172.245.84.232 - - [17/Dec/2022:17:19:25 -0800] "GET /Houston-Wheelchairs.html HTTP/1.1" 200 12937 "http://electric-homecare.com/Houston-Wheelchairs.html" "Mozilla/5.0 (Windows NT 10.0; Win64; x64) AppleWebKit/537.36 (KHTML, like Gecko) Chrome/103.0.0.0 Safari/537.36 Edg/103.0.1264.71" "electric-homecare.com"
138.219.74.158 - - [17/Dec/2022:17:19:26 -0800] "GET /Contact-Us.html HTTP/1.1" 404 88 "http://electric-homecare.com" "Mozilla/5.0 (Windows NT 10.0; Win64; x64) AppleWebKit/537.36 (KHTML, like Gecko) Chrome/103.0.0.0 Safari/537.36 Edg/103.0.1264.71" "electric-homecare.com"
95.163.255.233 - - [17/Dec/2022:17:27:13 -0800] "GET /robots.txt HTTP/1.1" 200 48 "-" "Mozilla/5.0 (compatible; Linux x86_64; Mail.RU_Bot/2.0; +https://help.mail.ru/webmaster/indexing/robots)" "electric-homecare.com"
95.163.255.209 - - [17/Dec/2022:17:27:15 -0800] "GET / HTTP/1.1" 200 4147 "-" "Mozilla/5.0 (compatible; Linux x86_64; Mail.RU_Bot/2.0; +https://help.mail.ru/webmaster/indexing/robots)" "electric-homecare.com"
51.222.253.17 - - [17/Dec/2022:17:39:01 -0800] "GET /Houston-Mattresses.html HTTP/1.1" 200 3535 "-" "Mozilla/5.0 (compatible; AhrefsBot/7.0; +http://ahrefs.com/robot/)" "electric-homecare.com"
51.222.253.11 - - [17/Dec/2022:17:39:03 -0800] "GET /span-america-mattress.jpg HTTP/1.1" 200 5057 "-" "Mozilla/5.0 (compatible; AhrefsBot/7.0; +http://ahrefs.com/robot/)" "electric-homecare.com"
51.222.253.18 - - [17/Dec/2022:17:39:04 -0800] "GET /drive-mattress.jpg HTTP/1.1" 200 900253 "-" "Mozilla/5.0 (compatible; AhrefsBot/7.0; +http://ahrefs.com/robot/)" "electric-homecare.com"
51.222.253.1 - - [17/Dec/2022:17:39:05 -0800] "GET /blue-chip-mattress.jpg HTTP/1.1" 200 28881 "-" "Mozilla/5.0 (compatible; AhrefsBot/7.0; +http://ahrefs.com/robot/)" "electric-homecare.com"
18.119.166.231 - - [17/Dec/2022:17:50:37 -0800] "GET / HTTP/1.1" 200 4147 "-" "Mozilla/5.0 (Macintosh; Intel Mac OS X 10_15_7) AppleWebKit/537.36 (KHTML, like Gecko) Chrome/91.0.4472.114 Safari/537.36" "electric-homecare.com"
18.119.166.231 - - [17/Dec/2022:17:50:37 -0800] "GET / HTTP/1.1" 200 4147 "-" "Mozilla/5.0 (Macintosh; Intel Mac OS X 10_15_7) AppleWebKit/537.36 (KHTML, like Gecko) Chrome/91.0.4472.114 Safari/537.36" "www.electric-homecare.com"
18.119.166.231 - - [17/Dec/2022:17:50:37 -0800] "GET / HTTP/1.1" 200 4147 "-" "Mozilla/5.0 (Macintosh; Intel Mac OS X 10_15_7) AppleWebKit/537.36 (KHTML, like Gecko) Chrome/91.0.4472.114 Safari/537.36" "electric-homecare.com"
18.119.166.231 - - [17/Dec/2022:17:50:37 -0800] "GET / HTTP/1.1" 200 4147 "-" "Mozilla/5.0 (Macintosh; Intel Mac OS X 10_15_7) AppleWebKit/537.36 (KHTML, like Gecko) Chrome/91.0.4472.114 Safari/537.36" "www.electric-homecare.com"
18.119.166.231 - - [17/Dec/2022:17:50:37 -0800] "GET / HTTP/1.1" 200 4147 "-" "Mozilla/5.0 (Macintosh; Intel Mac OS X 10_15_7) AppleWebKit/537.36 (KHTML, like Gecko) Chrome/91.0.4472.114 Safari/537.36" "electric-homecare.com"
18.119.166.231 - - [17/Dec/2022:17:50:37 -0800] "GET /test3.css HTTP/1.1" 200 960 "https://electric-homecare.com/" "Mozilla/5.0 (Macintosh; Intel Mac OS X 10_15_7) AppleWebKit/537.36 (KHTML, like Gecko) Chrome/91.0.4472.114 Safari/537.36" "electric-homecare.com"
42.236.10.123 - - [17/Dec/2022:17:53:55 -0800] "GET / HTTP/1.1" 200 4147 "https://www.electric-homecare.com/" "Mozilla/5.0 (Windows NT 6.1; WOW64) AppleWebKit/537.36 (KHTML, like Gecko) Chrome/50.0.2661.102 Safari/537.36; 360Spider" "www.electric-homecare.com"
42.236.10.116 - - [17/Dec/2022:17:55:33 -0800] "GET / HTTP/1.1" 200 4147 "https://www.electric-homecare.com/" "Mozilla/5.0 (Windows NT 6.1; WOW64) AppleWebKit/537.36 (KHTML, like Gecko) Chrome/50.0.2661.102 Safari/537.36; 360Spider" "www.electric-homecare.com"
35.210.99.239 - - [17/Dec/2022:18:09:32 -0800] "GET /robots.txt HTTP/1.1" 200 64 "http://electric-homecare.com/robots.txt" "Go-http-client/1.1" "electric-homecare.com"
35.210.99.239 - - [17/Dec/2022:18:09:36 -0800] "GET / HTTP/1.1" 200 4147 "http://electric-homecare.com" "Mozilla/5.0 (compatible; VelenPublicWebCrawler/1.0; +https://velen.io)" "electric-homecare.com"
35.210.99.239 - - [17/Dec/2022:18:10:13 -0800] "GET /nationwide.html HTTP/1.1" 404 88 "-" "Mozilla/5.0 (compatible; VelenPublicWebCrawler/1.0; +https://velen.io)" "electric-homecare.com"
35.210.99.239 - - [17/Dec/2022:18:10:18 -0800] "GET /wheelchair-elevators.html HTTP/1.1" 404 88 "-" "Mozilla/5.0 (compatible; VelenPublicWebCrawler/1.0; +https://velen.io)" "electric-homecare.com"
35.210.99.239 - - [17/Dec/2022:18:10:22 -0800] "GET /houston-adjustable-beds.html HTTP/1.1" 404 88 "-" "Mozilla/5.0 (compatible; VelenPublicWebCrawler/1.0; +https://velen.io)" "electric-homecare.com"
35.210.99.239 - - [17/Dec/2022:18:10:24 -0800] "GET /houston-bariatric-beds.html HTTP/1.1" 404 88 "-" "Mozilla/5.0 (compatible; VelenPublicWebCrawler/1.0; +https://velen.io)" "electric-homecare.com"
35.210.99.239 - - [17/Dec/2022:18:10:27 -0800] "GET /houston-hospital-beds.html HTTP/1.1" 404 88 "-" "Mozilla/5.0 (compatible; VelenPublicWebCrawler/1.0; +https://velen.io)" "electric-homecare.com"
35.210.99.239 - - [17/Dec/2022:18:10:29 -0800] "GET /houston-scooters.html HTTP/1.1" 404 88 "-" "Mozilla/5.0 (compatible; VelenPublicWebCrawler/1.0; +https://velen.io)" "electric-homecare.com"
35.210.99.239 - - [17/Dec/2022:18:10:31 -0800] "GET /houston-lift-chairs.html HTTP/1.1" 404 88 "-" "Mozilla/5.0 (compatible; VelenPublicWebCrawler/1.0; +https://velen.io)" "electric-homecare.com"
35.210.99.239 - - [17/Dec/2022:18:10:34 -0800] "GET /houston-wheelchairs.html HTTP/1.1" 404 88 "-" "Mozilla/5.0 (compatible; VelenPublicWebCrawler/1.0; +https://velen.io)" "electric-homecare.com"
35.210.99.239 - - [17/Dec/2022:18:10:36 -0800] "GET /houston-mattresses.html HTTP/1.1" 404 88 "-" "Mozilla/5.0 (compatible; VelenPublicWebCrawler/1.0; +https://velen.io)" "electric-homecare.com"
35.210.99.239 - - [17/Dec/2022:18:10:38 -0800] "GET /stair-lifts.html HTTP/1.1" 404 88 "-" "Mozilla/5.0 (compatible; VelenPublicWebCrawler/1.0; +https://velen.io)" "electric-homecare.com"
185.191.171.17 - - [17/Dec/2022:18:14:41 -0800] "GET /robots.txt HTTP/1.1" 200 64 "-" "Mozilla/5.0 (compatible; SemrushBot/7~bl; +http://www.semrush.com/bot.html)" "www.electric-homecare.com"
185.191.171.38 - - [17/Dec/2022:18:14:42 -0800] "GET /Houston-Volkner.html HTTP/1.1" 200 5140 "-" "Mozilla/5.0 (compatible; SemrushBot/7~bl; +http://www.semrush.com/bot.html)" "www.electric-homecare.com"
40.77.167.0 - - [17/Dec/2022:18:17:52 -0800] "GET /Houston-AdjustableBeds-Twin.html HTTP/1.1" 200 3030 "-" "Mozilla/5.0 AppleWebKit/537.36 (KHTML, like Gecko; compatible; bingbot/2.0; +http://www.bing.com/bingbot.htm) Chrome/103.0.5060.134 Safari/537.36" "electric-homecare.com"
114.119.134.230 - - [17/Dec/2022:18:19:02 -0800] "GET /US_Pursuit_XL_om.pdf HTTP/1.1" 200 3266548 "https://electric-homecare.com/PursuitXL.html" "Mozilla/5.0 (Linux; Android 7.0;) AppleWebKit/537.36 (KHTML, like Gecko) Mobile Safari/537.36 (compatible; PetalBot;+https://webmaster.petalsearch.com/site/petalbot)" "electric-homecare.com"
77.75.79.31 - - [17/Dec/2022:18:46:21 -0800] "GET /Houston-tuffcare.html HTTP/1.1" 304 - "-" "Mozilla/5.0 (compatible; SeznamBot/4.0-RC1; +http://napoveda.seznam.cz/seznambot-intro/)" "electric-homecare.com"
216.244.66.247 - - [17/Dec/2022:18:47:58 -0800] "GET /robots.txt HTTP/1.1" 200 48 "-" "Mozilla/5.0 (compatible; DotBot/1.2; +https://opensiteexplorer.org/dotbot; help@moz.com)" "electric-homecare.com"
51.222.253.19 - - [17/Dec/2022:19:21:52 -0800] "GET /AdjustableBeds-Queen.html HTTP/1.1" 200 6471 "-" "Mozilla/5.0 (compatible; AhrefsBot/7.0; +http://ahrefs.com/robot/)" "electric-homecare.com"
51.222.253.20 - - [17/Dec/2022:19:21:55 -0800] "GET /full.JPG HTTP/1.1" 404 88 "-" "Mozilla/5.0 (compatible; AhrefsBot/7.0; +http://ahrefs.com/robot/)" "electric-homecare.com"
51.222.253.18 - - [17/Dec/2022:19:21:56 -0800] "GET /bp2.gif HTTP/1.1" 200 37586 "-" "Mozilla/5.0 (compatible; AhrefsBot/7.0; +http://ahrefs.com/robot/)" "electric-homecare.com"
51.222.253.14 - - [17/Dec/2022:19:21:57 -0800] "GET /styles/layout.css HTTP/1.1" 200 109 "-" "Mozilla/5.0 (compatible; AhrefsBot/7.0; +http://ahrefs.com/robot/)" "electric-homecare.com"
51.222.253.16 - - [17/Dec/2022:19:21:57 -0800] "GET /image047.png HTTP/1.1" 404 88 "-" "Mozilla/5.0 (compatible; AhrefsBot/7.0; +http://ahrefs.com/robot/)" "electric-homecare.com"
40.121.162.54 - - [17/Dec/2022:19:28:48 -0800] "GET /electric-homecare-logo.png HTTP/1.1" 200 139618 "-" "Mozilla/5.0 (X11; Ubuntu; Linux x86_64; rv:72.0) Gecko/20100101 Firefox/72.0" "electric-homecare.com"
216.244.66.247 - - [17/Dec/2022:19:36:50 -0800] "GET /robots.txt HTTP/1.1" 200 48 "-" "Mozilla/5.0 (compatible; DotBot/1.2; +https://opensiteexplorer.org/dotbot; help@moz.com)" "electric-homecare.com"
216.244.66.247 - - [17/Dec/2022:19:36:50 -0800] "GET /robots.txt HTTP/1.1" 200 48 "-" "Mozilla/5.0 (compatible; DotBot/1.2; +https://opensiteexplorer.org/dotbot; help@moz.com)" "www.electric-homecare.com"
207.46.13.17 - - [17/Dec/2022:19:48:42 -0800] "GET /TM_Bariatricbed_1.jpg HTTP/1.1" 200 231818 "-" "Mozilla/5.0 AppleWebKit/537.36 (KHTML, like Gecko; compatible; bingbot/2.0; +http://www.bing.com/bingbot.htm) Chrome/103.0.5060.134 Safari/537.36" "electric-homecare.com"
216.244.66.247 - - [17/Dec/2022:20:10:59 -0800] "GET /Bath-Lifts.html HTTP/1.1" 200 88860 "-" "Mozilla/5.0 (compatible; DotBot/1.2; +https://opensiteexplorer.org/dotbot; help@moz.com)" "www.electric-homecare.com"
185.191.171.36 - - [17/Dec/2022:20:14:34 -0800] "GET /robots.txt HTTP/1.1" 200 64 "-" "Mozilla/5.0 (compatible; SemrushBot/7~bl; +http://www.semrush.com/bot.html)" "www.electric-homecare.com"
185.191.171.26 - - [17/Dec/2022:20:14:35 -0800] "GET /Houston-AcornStairliftsforoutdoorspaces.html HTTP/1.1" 200 4428 "-" "Mozilla/5.0 (compatible; SemrushBot/7~bl; +http://www.semrush.com/bot.html)" "www.electric-homecare.com"
185.191.171.43 - - [17/Dec/2022:20:22:50 -0800] "GET /Adjustable-Bed-Mattresses.htm HTTP/1.1" 200 2940 "-" "Mozilla/5.0 (compatible; SemrushBot/7~bl; +http://www.semrush.com/bot.html)" "www.electric-homecare.com"
114.119.137.184 - - [17/Dec/2022:20:26:05 -0800] "GET /robots.txt HTTP/1.1" 200 64 "-" "Mozilla/5.0 (compatible;PetalBot;+https://webmaster.petalsearch.com/site/petalbot)" "www.electric-homecare.com"
216.244.66.247 - - [17/Dec/2022:20:29:56 -0800] "GET /robots.txt HTTP/1.1" 200 48 "-" "Mozilla/5.0 (compatible; DotBot/1.2; +https://opensiteexplorer.org/dotbot; help@moz.com)" "electric-homecare.com"
185.191.171.1 - - [17/Dec/2022:20:32:01 -0800] "GET /Houston-AdjustableBeds-King.html HTTP/1.1" 200 3533 "-" "Mozilla/5.0 (compatible; SemrushBot/7~bl; +http://www.semrush.com/bot.html)" "www.electric-homecare.com"
66.249.70.105 - - [17/Dec/2022:20:55:16 -0800] "GET /TM_Supernal5_1.jpg HTTP/1.1" 200 4264175 "-" "Googlebot-Image/1.0" "electric-homecare.com"
66.249.70.103 - - [17/Dec/2022:20:55:28 -0800] "GET /valueflex_1.jpg HTTP/1.1" 200 133180 "-" "Googlebot-Image/1.0" "electric-homecare.com"
54.161.41.102 - - [17/Dec/2022:21:05:50 -0800] "GET /robots.txt HTTP/1.1" 200 64 "-" "Mozilla/5.0 (compatible; Neevabot/1.0; +https://neeva.com/neevabot)" "www.electric-homecare.com"
54.161.41.102 - - [17/Dec/2022:21:06:01 -0800] "GET /Electric-Wheelchairs.html HTTP/1.1" 404 88 "-" "Mozilla/5.0 (compatible; Neevabot/1.0; +https://neeva.com/neevabot)" "www.electric-homecare.com"
123.125.109.137 - - [17/Dec/2022:21:08:25 -0800] "GET / HTTP/1.1" 200 4147 "-" "Sogou web spider/4.0(+http://www.sogou.com/docs/help/webmasters.htm#07)" "www.electric-homecare.com"
54.161.41.102 - - [17/Dec/2022:21:10:41 -0800] "GET /Contact-Stair-Lifts.html HTTP/1.1" 404 88 "-" "Mozilla/5.0 (compatible; Neevabot/1.0; +https://neeva.com/neevabot)" "www.electric-homecare.com"
66.249.70.103 - - [17/Dec/2022:21:12:50 -0800] "GET /Pure_9.jpg HTTP/1.1" 200 4210 "-" "Googlebot-Image/1.0" "electric-homecare.com"
66.249.70.105 - - [17/Dec/2022:21:13:40 -0800] "GET /Tm_HBedAccess_9.jpg HTTP/1.1" 200 5921 "-" "Googlebot-Image/1.0" "electric-homecare.com"
54.161.41.102 - - [17/Dec/2022:21:15:40 -0800] "GET /Used.html HTTP/1.1" 404 88 "-" "Mozilla/5.0 (compatible; Neevabot/1.0; +https://neeva.com/neevabot)" "www.electric-homecare.com"
66.249.70.103 - - [17/Dec/2022:21:16:22 -0800] "GET /Elite_4.jpg HTTP/1.1" 200 161612 "-" "Googlebot-Image/1.0" "electric-homecare.com"
66.249.70.99 - - [17/Dec/2022:21:16:37 -0800] "GET /performance-s-cape-2-furniture_2.JPG HTTP/1.1" 200 19874 "-" "Googlebot-Image/1.0" "electric-homecare.com"
66.249.70.149 - - [17/Dec/2022:21:17:29 -0800] "GET /elelctropedic016.jpg HTTP/1.1" 404 88 "-" "Googlebot-Image/1.0" "www.electric-homecare.com"
66.249.70.147 - - [17/Dec/2022:21:17:41 -0800] "GET /elelctropedic036.jpg HTTP/1.1" 404 88 "-" "Googlebot-Image/1.0" "www.electric-homecare.com"
66.249.70.105 - - [17/Dec/2022:21:18:23 -0800] "GET /raven-main_3.JPG HTTP/1.1" 200 37991 "-" "Googlebot-Image/1.0" "electric-homecare.com"
66.249.70.103 - - [17/Dec/2022:21:18:42 -0800] "GET /Elite_1.jpg HTTP/1.1" 200 163732 "-" "Googlebot-Image/1.0" "electric-homecare.com"
66.249.70.103 - - [17/Dec/2022:21:20:25 -0800] "GET /Tm_HBedAccess_7.jpg HTTP/1.1" 200 5869 "-" "Googlebot-Image/1.0" "electric-homecare.com"
54.161.41.102 - - [17/Dec/2022:21:20:38 -0800] "GET /Bariatric-Scooters.html HTTP/1.1" 200 5681 "-" "Mozilla/5.0 (compatible; Neevabot/1.0; +https://neeva.com/neevabot)" "www.electric-homecare.com"
66.249.70.145 - - [17/Dec/2022:21:20:56 -0800] "GET /elelctropedic013.jpg HTTP/1.1" 404 88 "-" "Googlebot-Image/1.0" "www.electric-homecare.com"
66.249.70.103 - - [17/Dec/2022:21:26:06 -0800] "GET /flexabed-Mattress_1.jpg HTTP/1.1" 200 19883 "-" "Googlebot-Image/1.0" "electric-homecare.com"
40.88.21.235 - - [17/Dec/2022:21:41:26 -0800] "GET / HTTP/1.1" 200 4147 "https://electric-homecare.com/" "Mozilla/5.0 (compatible; DuckDuckGo-Favicons-Bot/1.0; +http://duckduckgo.com)" "electric-homecare.com"
54.161.41.102 - - [17/Dec/2022:21:45:46 -0800] "GET /Aquatic-Access.html HTTP/1.1" 200 10485 "-" "Mozilla/5.0 (compatible; Neevabot/1.0; +https://neeva.com/neevabot)" "www.electric-homecare.com"
216.244.66.247 - - [17/Dec/2022:21:49:48 -0800] "GET /robots.txt HTTP/1.1" 200 48 "-" "Mozilla/5.0 (compatible; DotBot/1.2; +https://opensiteexplorer.org/dotbot; help@moz.com)" "electric-homecare.com"
51.222.253.17 - - [17/Dec/2022:22:12:19 -0800] "GET /Houston-Wheelchairs.html HTTP/1.1" 200 12937 "-" "Mozilla/5.0 (compatible; AhrefsBot/7.0; +http://ahrefs.com/robot/)" "electric-homecare.com"
51.222.253.5 - - [17/Dec/2022:22:12:23 -0800] "GET /0002.jpg HTTP/1.1" 200 127326 "-" "Mozilla/5.0 (compatible; AhrefsBot/7.0; +http://ahrefs.com/robot/)" "electric-homecare.com"
51.222.253.7 - - [17/Dec/2022:22:12:23 -0800] "GET /JAZZY-a2.jpg HTTP/1.1" 200 5231 "-" "Mozilla/5.0 (compatible; AhrefsBot/7.0; +http://ahrefs.com/robot/)" "electric-homecare.com"
51.222.253.6 - - [17/Dec/2022:22:12:24 -0800] "GET /wheelchairs-13.jpg HTTP/1.1" 200 8298 "-" "Mozilla/5.0 (compatible; AhrefsBot/7.0; +http://ahrefs.com/robot/)" "electric-homecare.com"
51.222.253.10 - - [17/Dec/2022:22:12:24 -0800] "GET /2-jazzy-600-es.jpg HTTP/1.1" 200 36036 "-" "Mozilla/5.0 (compatible; AhrefsBot/7.0; +http://ahrefs.com/robot/)" "electric-homecare.com"
51.222.253.18 - - [17/Dec/2022:22:12:24 -0800] "GET /3jazzy-select-6-flowers.jpg HTTP/1.1" 200 118747 "-" "Mozilla/5.0 (compatible; AhrefsBot/7.0; +http://ahrefs.com/robot/)" "electric-homecare.com"
51.222.253.13 - - [17/Dec/2022:22:12:25 -0800] "GET /uno-42.png HTTP/1.1" 200 42061 "-" "Mozilla/5.0 (compatible; AhrefsBot/7.0; +http://ahrefs.com/robot/)" "electric-homecare.com"
51.222.253.19 - - [17/Dec/2022:22:12:25 -0800] "GET /JAZZY-a1.jpg HTTP/1.1" 200 27533 "-" "Mozilla/5.0 (compatible; AhrefsBot/7.0; +http://ahrefs.com/robot/)" "electric-homecare.com"
51.222.253.8 - - [17/Dec/2022:22:12:26 -0800] "GET /Jazzy-012.png HTTP/1.1" 200 24214 "-" "Mozilla/5.0 (compatible; AhrefsBot/7.0; +http://ahrefs.com/robot/)" "electric-homecare.com"
51.222.253.19 - - [17/Dec/2022:22:12:26 -0800] "GET /JAZZY-a3.jpg HTTP/1.1" 200 6050 "-" "Mozilla/5.0 (compatible; AhrefsBot/7.0; +http://ahrefs.com/robot/)" "electric-homecare.com"
51.222.253.10 - - [17/Dec/2022:22:12:26 -0800] "GET /JAZZY-a7.jpg HTTP/1.1" 200 6582 "-" "Mozilla/5.0 (compatible; AhrefsBot/7.0; +http://ahrefs.com/robot/)" "electric-homecare.com"
51.222.253.15 - - [17/Dec/2022:22:12:27 -0800] "GET /Showrooms-Burbank.png HTTP/1.1" 200 9584 "-" "Mozilla/5.0 (compatible; AhrefsBot/7.0; +http://ahrefs.com/robot/)" "electric-homecare.com"
51.222.253.18 - - [17/Dec/2022:22:12:27 -0800] "GET /sale-price-003.jpg HTTP/1.1" 200 9098 "-" "Mozilla/5.0 (compatible; AhrefsBot/7.0; +http://ahrefs.com/robot/)" "electric-homecare.com"
51.222.253.6 - - [17/Dec/2022:22:12:27 -0800] "GET /Showroom-GardenGrove.png HTTP/1.1" 200 10990 "-" "Mozilla/5.0 (compatible; AhrefsBot/7.0; +http://ahrefs.com/robot/)" "electric-homecare.com"
51.222.253.15 - - [17/Dec/2022:22:12:27 -0800] "GET /A+ratomgBBB.jpg HTTP/1.1" 200 7294 "-" "Mozilla/5.0 (compatible; AhrefsBot/7.0; +http://ahrefs.com/robot/)" "electric-homecare.com"
51.222.253.12 - - [17/Dec/2022:22:12:28 -0800] "GET /4jazzy-passport-train.jpg HTTP/1.1" 200 90698 "-" "Mozilla/5.0 (compatible; AhrefsBot/7.0; +http://ahrefs.com/robot/)" "electric-homecare.com"
51.222.253.20 - - [17/Dec/2022:22:12:29 -0800] "GET /JAZZY-a8.jpg HTTP/1.1" 200 6399 "-" "Mozilla/5.0 (compatible; AhrefsBot/7.0; +http://ahrefs.com/robot/)" "electric-homecare.com"
51.222.253.10 - - [17/Dec/2022:22:12:29 -0800] "GET /JAZZY-a5.jpg HTTP/1.1" 200 33197 "-" "Mozilla/5.0 (compatible; AhrefsBot/7.0; +http://ahrefs.com/robot/)" "electric-homecare.com"
51.222.253.2 - - [17/Dec/2022:22:12:30 -0800] "GET /3jazzy-select-6-shopping.jpg HTTP/1.1" 200 73015 "-" "Mozilla/5.0 (compatible; AhrefsBot/7.0; +http://ahrefs.com/robot/)" "electric-homecare.com"
51.222.253.17 - - [17/Dec/2022:22:12:30 -0800] "GET /JAZZY-a10.jpg HTTP/1.1" 200 6376 "-" "Mozilla/5.0 (compatible; AhrefsBot/7.0; +http://ahrefs.com/robot/)" "electric-homecare.com"
51.222.253.6 - - [17/Dec/2022:22:12:31 -0800] "GET /50off.jpg HTTP/1.1" 200 12405 "-" "Mozilla/5.0 (compatible; AhrefsBot/7.0; +http://ahrefs.com/robot/)" "electric-homecare.com"
51.222.253.2 - - [17/Dec/2022:22:12:31 -0800] "GET /JAZZY-a11.jpg HTTP/1.1" 200 33090 "-" "Mozilla/5.0 (compatible; AhrefsBot/7.0; +http://ahrefs.com/robot/)" "electric-homecare.com"
51.222.253.10 - - [17/Dec/2022:22:12:32 -0800] "GET /electropedic-beds-Houston%20.jpg HTTP/1.1" 404 88 "-" "Mozilla/5.0 (compatible; AhrefsBot/7.0; +http://ahrefs.com/robot/)" "electric-homecare.com"
51.222.253.9 - - [17/Dec/2022:22:12:32 -0800] "GET /1-jazzy-air-city-hall.jpg HTTP/1.1" 200 83580 "-" "Mozilla/5.0 (compatible; AhrefsBot/7.0; +http://ahrefs.com/robot/)" "electric-homecare.com"
51.222.253.20 - - [17/Dec/2022:22:12:32 -0800] "GET /-00-used.png HTTP/1.1" 200 4752 "-" "Mozilla/5.0 (compatible; AhrefsBot/7.0; +http://ahrefs.com/robot/)" "electric-homecare.com"
51.222.253.11 - - [17/Dec/2022:22:12:33 -0800] "GET /3jazzy-power-chairs-reliable-jazzy-select-6.jpg HTTP/1.1" 200 46239 "-" "Mozilla/5.0 (compatible; AhrefsBot/7.0; +http://ahrefs.com/robot/)" "electric-homecare.com"
51.222.253.15 - - [17/Dec/2022:22:12:33 -0800] "GET /4jazzy-power-chairs-portable-jazzy-passport.jpg HTTP/1.1" 200 46477 "-" "Mozilla/5.0 (compatible; AhrefsBot/7.0; +http://ahrefs.com/robot/)" "electric-homecare.com"
51.222.253.18 - - [17/Dec/2022:22:12:34 -0800] "GET /JAZZY8.jpg HTTP/1.1" 200 8033 "-" "Mozilla/5.0 (compatible; AhrefsBot/7.0; +http://ahrefs.com/robot/)" "electric-homecare.com"
51.222.253.4 - - [17/Dec/2022:22:12:34 -0800] "GET /1-jazzy-power-chairs-sophisticated-jazzy-air.jpg HTTP/1.1" 200 47207 "-" "Mozilla/5.0 (compatible; AhrefsBot/7.0; +http://ahrefs.com/robot/)" "electric-homecare.com"
51.222.253.9 - - [17/Dec/2022:22:12:35 -0800] "GET /1-jazzy-air-coffee.jpg HTTP/1.1" 200 75871 "-" "Mozilla/5.0 (compatible; AhrefsBot/7.0; +http://ahrefs.com/robot/)" "electric-homecare.com"
51.222.253.13 - - [17/Dec/2022:22:12:35 -0800] "GET /electropedicsince1964-2.jpg HTTP/1.1" 200 140430 "-" "Mozilla/5.0 (compatible; AhrefsBot/7.0; +http://ahrefs.com/robot/)" "electric-homecare.com"
51.222.253.5 - - [17/Dec/2022:22:12:36 -0800] "GET /JAZZY-a6.jpg HTTP/1.1" 200 34118 "-" "Mozilla/5.0 (compatible; AhrefsBot/7.0; +http://ahrefs.com/robot/)" "electric-homecare.com"
51.222.253.10 - - [17/Dec/2022:22:12:36 -0800] "GET /Showroom-Phoenix.png HTTP/1.1" 200 10403 "-" "Mozilla/5.0 (compatible; AhrefsBot/7.0; +http://ahrefs.com/robot/)" "electric-homecare.com"
51.222.253.10 - - [17/Dec/2022:22:12:36 -0800] "GET /2-jazzy-600-es-active-trac.jpg HTTP/1.1" 200 57077 "-" "Mozilla/5.0 (compatible; AhrefsBot/7.0; +http://ahrefs.com/robot/)" "electric-homecare.com"
51.222.253.7 - - [17/Dec/2022:22:12:37 -0800] "GET /4go-chair-woods.jpg HTTP/1.1" 200 111024 "-" "Mozilla/5.0 (compatible; AhrefsBot/7.0; +http://ahrefs.com/robot/)" "electric-homecare.com"
51.222.253.16 - - [17/Dec/2022:22:12:37 -0800] "GET /store-front-1.png HTTP/1.1" 200 23935 "-" "Mozilla/5.0 (compatible; AhrefsBot/7.0; +http://ahrefs.com/robot/)" "electric-homecare.com"
51.222.253.18 - - [17/Dec/2022:22:12:38 -0800] "GET /JAZZY-a9.jpg HTTP/1.1" 200 6561 "-" "Mozilla/5.0 (compatible; AhrefsBot/7.0; +http://ahrefs.com/robot/)" "electric-homecare.com"
51.222.253.9 - - [17/Dec/2022:22:12:38 -0800] "GET /JAZZY-a4.jpg HTTP/1.1" 200 34949 "-" "Mozilla/5.0 (compatible; AhrefsBot/7.0; +http://ahrefs.com/robot/)" "electric-homecare.com"
5.188.62.21 - - [17/Dec/2022:22:15:17 -0800] "GET / HTTP/1.1" 200 4147 "-" "Mozilla/5.0 (Windows NT 10.0; Win64; x64) AppleWebKit/537.36 (KHTML, like Gecko) Chrome/100.0.4758.11 Safari/537.36" "electric-homecare.com"
165.227.227.220 - - [17/Dec/2022:22:34:32 -0800] "GET / HTTP/1.1" 200 4147 "-" "Mozilla/5.0 (Windows NT 10.0; Win64; x64) AppleWebKit/537.36 (KHTML, like Gecko) Chrome/70.0.3538.77 Safari/537.36" "electric-homecare.com"
216.244.66.247 - - [17/Dec/2022:22:40:57 -0800] "GET /robots.txt HTTP/1.1" 200 48 "-" "Mozilla/5.0 (compatible; DotBot/1.2; +https://opensiteexplorer.org/dotbot; help@moz.com)" "electric-homecare.com"
207.46.13.17 - - [17/Dec/2022:22:50:49 -0800] "GET /electropedic-helping%20you%20since%201964-2.png HTTP/1.1" 200 14233 "-" "Mozilla/5.0 AppleWebKit/537.36 (KHTML, like Gecko; compatible; bingbot/2.0; +http://www.bing.com/bingbot.htm) Chrome/103.0.5060.134 Safari/537.36" "electric-homecare.com"
54.36.148.123 - - [17/Dec/2022:23:22:37 -0800] "GET /robots.txt HTTP/1.1" 200 64 "-" "Mozilla/5.0 (compatible; AhrefsBot/7.0; +http://ahrefs.com/robot/)" "electric-homecare.com"
216.244.66.247 - - [17/Dec/2022:23:31:14 -0800] "GET /robots.txt HTTP/1.1" 200 48 "-" "Mozilla/5.0 (compatible; DotBot/1.2; +https://opensiteexplorer.org/dotbot; help@moz.com)" "electric-homecare.com"
66.249.70.149 - - [17/Dec/2022:23:48:40 -0800] "GET /Electropedic105.png HTTP/1.1" 404 88 "-" "Googlebot-Image/1.0" "www.electric-homecare.com"
66.249.70.103 - - [17/Dec/2022:23:50:31 -0800] "GET /Tm_HBedAccess_6.jpg HTTP/1.1" 200 5087 "-" "Googlebot-Image/1.0" "electric-homecare.com"
66.249.70.105 - - [17/Dec/2022:23:52:12 -0800] "GET /Tm_HosBed_6.jpg HTTP/1.1" 200 55961 "-" "Googlebot-Image/1.0" "electric-homecare.com"
66.249.70.105 - - [17/Dec/2022:23:55:22 -0800] "GET /Hilow_3.jpg HTTP/1.1" 200 285350 "-" "Googlebot-Image/1.0" "electric-homecare.com"
114.119.158.167 - - [17/Dec/2022:23:56:49 -0800] "GET /NEW-SNR-OWNERS-MANUAL-2013.pdf HTTP/1.1" 200 1035557 "https://electric-homecare.com/Houston-evrider.html" "Mozilla/5.0 (Linux; Android 7.0;) AppleWebKit/537.36 (KHTML, like Gecko) Mobile Safari/537.36 (compatible; PetalBot;+https://webmaster.petalsearch.com/site/petalbot)" "electric-homecare.com"
66.249.70.103 - - [18/Dec/2022:00:17:25 -0800] "GET /Element_Main.jpg HTTP/1.1" 200 41005 "-" "Googlebot-Image/1.0" "electric-homecare.com"
114.119.130.61 - - [18/Dec/2022:00:18:23 -0800] "GET /Bariatric-Lift-Chairs.html HTTP/1.1" 200 11198 "https://electric-homecare.com/Bariatric-Mattresses.html" "Mozilla/5.0 (Linux; Android 7.0;) AppleWebKit/537.36 (KHTML, like Gecko) Mobile Safari/537.36 (compatible; PetalBot;+https://webmaster.petalsearch.com/site/petalbot)" "electric-homecare.com"
66.249.70.99 - - [18/Dec/2022:00:18:37 -0800] "GET /Pure_5.jpg HTTP/1.1" 200 13211 "-" "Googlebot-Image/1.0" "electric-homecare.com"
114.119.153.11 - - [18/Dec/2022:00:19:42 -0800] "GET /2014-11-14-ResVPL-web-Bro.pdf HTTP/1.1" 200 945683 "https://electric-homecare.com/Houston-ResidentialVerticalPlatformLift.html" "Mozilla/5.0 (Linux; Android 7.0;) AppleWebKit/537.36 (KHTML, like Gecko) Mobile Safari/537.36 (compatible; PetalBot;+https://webmaster.petalsearch.com/site/petalbot)" "electric-homecare.com"
216.244.66.247 - - [18/Dec/2022:00:21:03 -0800] "GET /robots.txt HTTP/1.1" 200 48 "-" "Mozilla/5.0 (compatible; DotBot/1.2; +https://opensiteexplorer.org/dotbot; help@moz.com)" "electric-homecare.com"
66.249.70.145 - - [18/Dec/2022:00:21:54 -0800] "GET /elelctropedic058.jpg HTTP/1.1" 404 88 "-" "Googlebot-Image/1.0" "www.electric-homecare.com"
66.249.70.99 - - [18/Dec/2022:00:25:07 -0800] "GET /Premier_1.jpg HTTP/1.1" 200 294722 "-" "Googlebot-Image/1.0" "electric-homecare.com"
66.249.70.103 - - [18/Dec/2022:00:32:51 -0800] "GET /TM_nighrider_4.jpg HTTP/1.1" 200 302334 "-" "Googlebot-Image/1.0" "electric-homecare.com"
51.222.253.18 - - [18/Dec/2022:00:50:48 -0800] "GET /Houston-Cloud.html HTTP/1.1" 200 5030 "-" "Mozilla/5.0 (compatible; AhrefsBot/7.0; +http://ahrefs.com/robot/)" "electric-homecare.com"
51.222.253.8 - - [18/Dec/2022:00:50:50 -0800] "GET /ui_pdf_small.gif HTTP/1.1" 200 218 "-" "Mozilla/5.0 (compatible; AhrefsBot/7.0; +http://ahrefs.com/robot/)" "electric-homecare.com"
51.222.253.16 - - [18/Dec/2022:00:50:51 -0800] "GET /Sterling1-150x150.jpg HTTP/1.1" 200 14228 "-" "Mozilla/5.0 (compatible; AhrefsBot/7.0; +http://ahrefs.com/robot/)" "electric-homecare.com"
51.222.253.2 - - [18/Dec/2022:00:50:52 -0800] "GET /Shiraz-150x150.jpg HTTP/1.1" 200 13323 "-" "Mozilla/5.0 (compatible; AhrefsBot/7.0; +http://ahrefs.com/robot/)" "electric-homecare.com"
51.222.253.6 - - [18/Dec/2022:00:50:52 -0800] "GET /Palomino1-150x150.jpg HTTP/1.1" 200 11180 "-" "Mozilla/5.0 (compatible; AhrefsBot/7.0; +http://ahrefs.com/robot/)" "electric-homecare.com"
51.222.253.15 - - [18/Dec/2022:00:50:52 -0800] "GET /Calypso-150x150.jpg HTTP/1.1" 200 12925 "-" "Mozilla/5.0 (compatible; AhrefsBot/7.0; +http://ahrefs.com/robot/)" "electric-homecare.com"
51.222.253.15 - - [18/Dec/2022:00:50:53 -0800] "GET /Admiral1-150x150.jpg HTTP/1.1" 200 9434 "-" "Mozilla/5.0 (compatible; AhrefsBot/7.0; +http://ahrefs.com/robot/)" "electric-homecare.com"
51.222.253.13 - - [18/Dec/2022:00:50:53 -0800] "GET /Cloud-2.jpg HTTP/1.1" 200 8492 "-" "Mozilla/5.0 (compatible; AhrefsBot/7.0; +http://ahrefs.com/robot/)" "electric-homecare.com"
51.222.253.15 - - [18/Dec/2022:00:50:53 -0800] "GET /Pearl-150x150.jpg HTTP/1.1" 200 11824 "-" "Mozilla/5.0 (compatible; AhrefsBot/7.0; +http://ahrefs.com/robot/)" "electric-homecare.com"
51.222.253.7 - - [18/Dec/2022:00:50:54 -0800] "GET /buckskin-150x150.jpg HTTP/1.1" 200 5383 "-" "Mozilla/5.0 (compatible; AhrefsBot/7.0; +http://ahrefs.com/robot/)" "electric-homecare.com"
51.222.253.20 - - [18/Dec/2022:00:50:54 -0800] "GET /Cloud-7.jpg HTTP/1.1" 200 5071 "-" "Mozilla/5.0 (compatible; AhrefsBot/7.0; +http://ahrefs.com/robot/)" "electric-homecare.com"
51.222.253.8 - - [18/Dec/2022:00:50:54 -0800] "GET /Cloud-8.jpg HTTP/1.1" 200 8661 "-" "Mozilla/5.0 (compatible; AhrefsBot/7.0; +http://ahrefs.com/robot/)" "electric-homecare.com"
