77.75.79.62 - - [20/Dec/2022:00:02:45 -0800] "GET /pacesaver1.jpg HTTP/1.1" 304 - "-" "Mozilla/5.0 (compatible; SeznamBot/3.2; +http://napoveda.seznam.cz/en/seznambot-intro/)" "electric-homecare.com"
216.244.66.247 - - [20/Dec/2022:00:02:50 -0800] "GET /robots.txt HTTP/1.1" 200 48 "-" "Mozilla/5.0 (compatible; DotBot/1.2; +https://opensiteexplorer.org/dotbot; help@moz.com)" "electric-homecare.com"
185.191.171.17 - - [20/Dec/2022:00:07:03 -0800] "GET /MedLift.html HTTP/1.1" 404 88 "-" "Mozilla/5.0 (compatible; SemrushBot/7~bl; +http://www.semrush.com/bot.html)" "www.electric-homecare.com"
185.191.171.24 - - [20/Dec/2022:00:08:20 -0800] "GET /l.html HTTP/1.1" 404 88 "-" "Mozilla/5.0 (compatible; SemrushBot/7~bl; +http://www.semrush.com/bot.html)" "electric-homecare.com"
40.77.167.3 - - [20/Dec/2022:00:12:51 -0800] "GET /PaceSaver.html HTTP/1.1" 404 88 "-" "Mozilla/5.0 AppleWebKit/537.36 (KHTML, like Gecko; compatible; bingbot/2.0; +http://www.bing.com/bingbot.htm) Chrome/103.0.5060.134 Safari/537.36" "www.electric-homecare.com"
185.191.171.23 - - [20/Dec/2022:00:13:29 -0800] "GET /Houston-AdjustableBeds-DualQueen.html HTTP/1.1" 200 2847 "-" "Mozilla/5.0 (compatible; SemrushBot/7~bl; +http://www.semrush.com/bot.html)" "www.electric-homecare.com"
185.191.171.36 - - [20/Dec/2022:00:13:35 -0800] "GET /Houston-tuffcare.html HTTP/1.1" 200 3742 "-" "Mozilla/5.0 (compatible; SemrushBot/7~bl; +http://www.semrush.com/bot.html)" "www.electric-homecare.com"
185.191.171.43 - - [20/Dec/2022:00:18:22 -0800] "GET /services.htm HTTP/1.1" 404 88 "-" "Mozilla/5.0 (compatible; SemrushBot/7~bl; +http://www.semrush.com/bot.html)" "electric-homecare.com"
185.191.171.43 - - [20/Dec/2022:00:18:56 -0800] "GET /Showrooms.html HTTP/1.1" 404 88 "-" "Mozilla/5.0 (compatible; SemrushBot/7~bl; +http://www.semrush.com/bot.html)" "electric-homecare.com"
185.191.171.44 - - [20/Dec/2022:00:25:37 -0800] "GET /ramps.html HTTP/1.1" 404 88 "-" "Mozilla/5.0 (compatible; SemrushBot/7~bl; +http://www.semrush.com/bot.html)" "electric-homecare.com"
185.191.171.1 - - [20/Dec/2022:00:26:48 -0800] "GET /Newport-Beach-Electric-Wheelchair-Power-Chairs.html HTTP/1.1" 404 88 "-" "Mozilla/5.0 (compatible; SemrushBot/7~bl; +http://www.semrush.com/bot.html)" "www.electric-homecare.com"
185.191.171.26 - - [20/Dec/2022:00:28:11 -0800] "GET /Porch-Wheelchair-Elevators.htm HTTP/1.1" 404 88 "-" "Mozilla/5.0 (compatible; SemrushBot/7~bl; +http://www.semrush.com/bot.html)" "www.electric-homecare.com"
51.222.253.12 - - [20/Dec/2022:00:30:41 -0800] "GET /robots.txt HTTP/1.1" 200 64 "-" "Mozilla/5.0 (compatible; AhrefsBot/7.0; +http://ahrefs.com/robot/)" "electric-homecare.com"
51.222.253.3 - - [20/Dec/2022:00:30:44 -0800] "GET / HTTP/1.1" 200 4147 "-" "Mozilla/5.0 (compatible; AhrefsBot/7.0; +http://ahrefs.com/robot/)" "electric-homecare.com"
51.222.253.3 - - [20/Dec/2022:00:30:49 -0800] "GET /electric-homecare-logo.png HTTP/1.1" 200 139618 "-" "Mozilla/5.0 (compatible; AhrefsBot/7.0; +http://ahrefs.com/robot/)" "electric-homecare.com"
185.191.171.44 - - [20/Dec/2022:00:33:42 -0800] "GET /Carlsbad-Electric-Wheelchair-Power-Chairs.html HTTP/1.1" 404 88 "-" "Mozilla/5.0 (compatible; SemrushBot/7~bl; +http://www.semrush.com/bot.html)" "www.electric-homecare.com"
185.191.171.14 - - [20/Dec/2022:00:33:59 -0800] "GET /robots.txt HTTP/1.1" 200 64 "-" "Mozilla/5.0 (compatible; SemrushBot/7~bl; +http://www.semrush.com/bot.html)" "electric-homecare.com"
185.191.171.33 - - [20/Dec/2022:00:33:59 -0800] "GET /Golden-Lift-Chairs.html HTTP/1.1" 404 88 "-" "Mozilla/5.0 (compatible; SemrushBot/7~bl; +http://www.semrush.com/bot.html)" "electric-homecare.com"
185.191.171.44 - - [20/Dec/2022:00:35:39 -0800] "GET /Electric-Adjustable-Beds.html HTTP/1.1" 404 88 "-" "Mozilla/5.0 (compatible; SemrushBot/7~bl; +http://www.semrush.com/bot.html)" "www.electric-homecare.com"
185.191.171.42 - - [20/Dec/2022:00:38:03 -0800] "GET /Hospital-Beds.html HTTP/1.1" 404 88 "-" "Mozilla/5.0 (compatible; SemrushBot/7~bl; +http://www.semrush.com/bot.html)" "electric-homecare.com"
185.191.171.39 - - [20/Dec/2022:00:40:23 -0800] "GET /Harmar.html HTTP/1.1" 404 88 "-" "Mozilla/5.0 (compatible; SemrushBot/7~bl; +http://www.semrush.com/bot.html)" "www.electric-homecare.com"
185.191.171.17 - - [20/Dec/2022:00:47:43 -0800] "GET /showrooms.html HTTP/1.1" 404 88 "-" "Mozilla/5.0 (compatible; SemrushBot/7~bl; +http://www.semrush.com/bot.html)" "www.electric-homecare.com"
185.191.171.4 - - [20/Dec/2022:00:55:43 -0800] "GET /robots.txt HTTP/1.1" 200 64 "-" "Mozilla/5.0 (compatible; SemrushBot/7~bl; +http://www.semrush.com/bot.html)" "www.electric-homecare.com"
185.191.171.23 - - [20/Dec/2022:00:55:43 -0800] "GET /Houston-Grahamfield.html HTTP/1.1" 200 5168 "-" "Mozilla/5.0 (compatible; SemrushBot/7~bl; +http://www.semrush.com/bot.html)" "www.electric-homecare.com"
216.244.66.247 - - [20/Dec/2022:00:56:06 -0800] "GET /robots.txt HTTP/1.1" 200 48 "-" "Mozilla/5.0 (compatible; DotBot/1.2; +https://opensiteexplorer.org/dotbot; help@moz.com)" "electric-homecare.com"
185.191.171.45 - - [20/Dec/2022:00:56:48 -0800] "GET /Torrance.html HTTP/1.1" 404 88 "-" "Mozilla/5.0 (compatible; SemrushBot/7~bl; +http://www.semrush.com/bot.html)" "electric-homecare.com"
77.75.79.95 - - [20/Dec/2022:00:57:29 -0800] "GET /robots.txt HTTP/1.1" 200 64 "-" "Mozilla/5.0 (compatible; SeznamBot/3.2; +http://napoveda.seznam.cz/en/seznambot-intro/)" "electric-homecare.com"
77.75.79.95 - - [20/Dec/2022:00:57:31 -0800] "GET /transfermaster-3.jpg HTTP/1.1" 304 - "-" "Mozilla/5.0 (compatible; SeznamBot/3.2; +http://napoveda.seznam.cz/en/seznambot-intro/)" "electric-homecare.com"
147.78.47.249 - - [20/Dec/2022:00:58:09 -0800] "GET /public/_ignition/health-check/ HTTP/1.1" 404 88 "http://electric-homecare.com/public/_ignition/health-check/" "Mozilla/5.0 (Windows NT 10.0; Win64; x64) AppleWebKit/537.36 (KHTML, like Gecko) Chrome/105.0.0.0 Safari/537.36" "electric-homecare.com"
147.78.47.249 - - [20/Dec/2022:00:58:12 -0800] "GET /_ignition/health-check/ HTTP/1.1" 404 88 "http://electric-homecare.com/_ignition/health-check/" "Mozilla/5.0 (Windows NT 10.0; Win64; x64) AppleWebKit/537.36 (KHTML, like Gecko) Chrome/105.0.0.0 Safari/537.36" "electric-homecare.com"
147.78.47.249 - - [20/Dec/2022:00:58:14 -0800] "GET /wp-includes/wlwmanifest.xml HTTP/1.1" 404 88 "http://electric-homecare.com/wp-includes/wlwmanifest.xml" "Mozilla/5.0 (Windows NT 10.0; Win64; x64) AppleWebKit/537.36 (KHTML, like Gecko) Chrome/105.0.0.0 Safari/537.36" "electric-homecare.com"
185.191.171.20 - - [20/Dec/2022:00:58:24 -0800] "GET /Contact-Patient-Lifts.html HTTP/1.1" 404 88 "-" "Mozilla/5.0 (compatible; SemrushBot/7~bl; +http://www.semrush.com/bot.html)" "electric-homecare.com"
185.191.171.33 - - [20/Dec/2022:00:59:35 -0800] "GET /Directory.html HTTP/1.1" 404 88 "-" "Mozilla/5.0 (compatible; SemrushBot/7~bl; +http://www.semrush.com/bot.html)" "electric-homecare.com"
185.191.171.36 - - [20/Dec/2022:01:01:56 -0800] "GET /Volkner.html HTTP/1.1" 404 88 "-" "Mozilla/5.0 (compatible; SemrushBot/7~bl; +http://www.semrush.com/bot.html)" "electric-homecare.com"
185.191.171.19 - - [20/Dec/2022:01:07:15 -0800] "GET /Houston-Latex-Mattress.html HTTP/1.1" 200 3474 "-" "Mozilla/5.0 (compatible; SemrushBot/7~bl; +http://www.semrush.com/bot.html)" "electric-homecare.com"
185.191.171.45 - - [20/Dec/2022:01:14:37 -0800] "GET /stair-lifts.html HTTP/1.1" 404 88 "-" "Mozilla/5.0 (compatible; SemrushBot/7~bl; +http://www.semrush.com/bot.html)" "www.electric-homecare.com"
185.191.171.17 - - [20/Dec/2022:01:15:55 -0800] "GET /Houston-PacesaverScooters.html HTTP/1.1" 200 3566 "-" "Mozilla/5.0 (compatible; SemrushBot/7~bl; +http://www.semrush.com/bot.html)" "electric-homecare.com"
185.191.171.43 - - [20/Dec/2022:01:16:54 -0800] "GET /San-Francisco-Scooters.html HTTP/1.1" 404 88 "-" "Mozilla/5.0 (compatible; SemrushBot/7~bl; +http://www.semrush.com/bot.html)" "www.electric-homecare.com"
77.75.77.119 - - [20/Dec/2022:01:19:51 -0800] "GET /Acorn-Stair-Lifts.html HTTP/1.1" 304 - "-" "Mozilla/5.0 (compatible; SeznamBot/4.0-RC1; +http://napoveda.seznam.cz/seznambot-intro/)" "electric-homecare.com"
185.191.171.36 - - [20/Dec/2022:01:25:38 -0800] "GET /q.html HTTP/1.1" 404 88 "-" "Mozilla/5.0 (compatible; SemrushBot/7~bl; +http://www.semrush.com/bot.html)" "electric-homecare.com"
185.191.171.23 - - [20/Dec/2022:01:26:15 -0800] "GET /Acorn-Curve.html HTTP/1.1" 404 88 "-" "Mozilla/5.0 (compatible; SemrushBot/7~bl; +http://www.semrush.com/bot.html)" "electric-homecare.com"
185.191.171.6 - - [20/Dec/2022:01:26:48 -0800] "GET /Ontario-Electric-Wheelchair-Power-Chairs.html HTTP/1.1" 404 88 "-" "Mozilla/5.0 (compatible; SemrushBot/7~bl; +http://www.semrush.com/bot.html)" "www.electric-homecare.com"
185.191.171.39 - - [20/Dec/2022:01:34:36 -0800] "GET /robots.txt HTTP/1.1" 200 64 "-" "Mozilla/5.0 (compatible; SemrushBot/7~bl; +http://www.semrush.com/bot.html)" "electric-homecare.com"
185.191.171.7 - - [20/Dec/2022:01:34:36 -0800] "GET /r.html HTTP/1.1" 404 88 "-" "Mozilla/5.0 (compatible; SemrushBot/7~bl; +http://www.semrush.com/bot.html)" "electric-homecare.com"
185.191.171.6 - - [20/Dec/2022:01:36:37 -0800] "GET /Long-Beach.html HTTP/1.1" 404 88 "-" "Mozilla/5.0 (compatible; SemrushBot/7~bl; +http://www.semrush.com/bot.html)" "www.electric-homecare.com"
185.191.171.1 - - [20/Dec/2022:01:37:47 -0800] "GET /Compton-Electric-Wheelchair-Power-Chairs.html HTTP/1.1" 404 88 "-" "Mozilla/5.0 (compatible; SemrushBot/7~bl; +http://www.semrush.com/bot.html)" "www.electric-homecare.com"
185.191.171.8 - - [20/Dec/2022:01:40:20 -0800] "GET /Contact-Adjustable-Beds.html HTTP/1.1" 404 88 "-" "Mozilla/5.0 (compatible; SemrushBot/7~bl; +http://www.semrush.com/bot.html)" "electric-homecare.com"
185.191.171.4 - - [20/Dec/2022:01:41:39 -0800] "GET /Rentals.html HTTP/1.1" 404 88 "-" "Mozilla/5.0 (compatible; SemrushBot/7~bl; +http://www.semrush.com/bot.html)" "electric-homecare.com"
185.191.171.13 - - [20/Dec/2022:01:42:09 -0800] "GET /r.html HTTP/1.1" 404 88 "-" "Mozilla/5.0 (compatible; SemrushBot/7~bl; +http://www.semrush.com/bot.html)" "www.electric-homecare.com"
185.191.171.36 - - [20/Dec/2022:01:45:20 -0800] "GET /scape_leggett.html HTTP/1.1" 404 88 "-" "Mozilla/5.0 (compatible; SemrushBot/7~bl; +http://www.semrush.com/bot.html)" "www.electric-homecare.com"
185.191.171.25 - - [20/Dec/2022:01:49:16 -0800] "GET /Flex-A-Bed-Adjustable-Beds.html HTTP/1.1" 404 88 "-" "Mozilla/5.0 (compatible; SemrushBot/7~bl; +http://www.semrush.com/bot.html)" "www.electric-homecare.com"
216.244.66.247 - - [20/Dec/2022:01:49:27 -0800] "GET /robots.txt HTTP/1.1" 200 48 "-" "Mozilla/5.0 (compatible; DotBot/1.2; +https://opensiteexplorer.org/dotbot; help@moz.com)" "electric-homecare.com"
185.191.171.15 - - [20/Dec/2022:01:50:24 -0800] "GET /Gentle-Line.html HTTP/1.1" 404 88 "-" "Mozilla/5.0 (compatible; SemrushBot/7~bl; +http://www.semrush.com/bot.html)" "www.electric-homecare.com"
185.191.171.36 - - [20/Dec/2022:01:50:56 -0800] "GET /Contact-Vehicle-Lifts.html HTTP/1.1" 404 88 "-" "Mozilla/5.0 (compatible; SemrushBot/7~bl; +http://www.semrush.com/bot.html)" "www.electric-homecare.com"
185.191.171.19 - - [20/Dec/2022:01:51:53 -0800] "GET /Blue-Chip.html HTTP/1.1" 200 7222 "-" "Mozilla/5.0 (compatible; SemrushBot/7~bl; +http://www.semrush.com/bot.html)" "www.electric-homecare.com"
185.191.171.24 - - [20/Dec/2022:01:52:18 -0800] "GET /Los-Angeles-CA.html HTTP/1.1" 404 88 "-" "Mozilla/5.0 (compatible; SemrushBot/7~bl; +http://www.semrush.com/bot.html)" "electric-homecare.com"
185.191.171.20 - - [20/Dec/2022:01:52:45 -0800] "GET /Used-Electric-Stair-Lifts.html HTTP/1.1" 404 88 "-" "Mozilla/5.0 (compatible; SemrushBot/7~bl; +http://www.semrush.com/bot.html)" "electric-homecare.com"
185.191.171.3 - - [20/Dec/2022:01:53:41 -0800] "GET /massage-chairs.html HTTP/1.1" 404 88 "-" "Mozilla/5.0 (compatible; SemrushBot/7~bl; +http://www.semrush.com/bot.html)" "www.electric-homecare.com"
185.191.171.24 - - [20/Dec/2022:01:54:08 -0800] "GET /S-cape.html HTTP/1.1" 404 88 "-" "Mozilla/5.0 (compatible; SemrushBot/7~bl; +http://www.semrush.com/bot.html)" "electric-homecare.com"
185.191.171.41 - - [20/Dec/2022:01:58:08 -0800] "GET /robots.txt HTTP/1.1" 200 64 "-" "Mozilla/5.0 (compatible; SemrushBot/7~bl; +http://www.semrush.com/bot.html)" "www.electric-homecare.com"
185.191.171.20 - - [20/Dec/2022:01:58:08 -0800] "GET /Houston-Hospital-Beds.html HTTP/1.1" 200 4991 "-" "Mozilla/5.0 (compatible; SemrushBot/7~bl; +http://www.semrush.com/bot.html)" "www.electric-homecare.com"
185.191.171.7 - - [20/Dec/2022:02:05:11 -0800] "GET /Contact-Bath-Lifts.html HTTP/1.1" 404 88 "-" "Mozilla/5.0 (compatible; SemrushBot/7~bl; +http://www.semrush.com/bot.html)" "electric-homecare.com"
185.191.171.8 - - [20/Dec/2022:02:07:23 -0800] "GET /Houston-Ergomotion.html HTTP/1.1" 200 4843 "-" "Mozilla/5.0 (compatible; SemrushBot/7~bl; +http://www.semrush.com/bot.html)" "www.electric-homecare.com"
185.191.171.1 - - [20/Dec/2022:02:07:45 -0800] "GET /Acorn-Indoor.html HTTP/1.1" 404 88 "-" "Mozilla/5.0 (compatible; SemrushBot/7~bl; +http://www.semrush.com/bot.html)" "electric-homecare.com"
185.191.171.7 - - [20/Dec/2022:02:14:13 -0800] "GET /Jazzy-1650.html HTTP/1.1" 404 88 "-" "Mozilla/5.0 (compatible; SemrushBot/7~bl; +http://www.semrush.com/bot.html)" "www.electric-homecare.com"
185.191.171.34 - - [20/Dec/2022:02:15:02 -0800] "GET /Mattresses1.html HTTP/1.1" 404 88 "-" "Mozilla/5.0 (compatible; SemrushBot/7~bl; +http://www.semrush.com/bot.html)" "www.electric-homecare.com"
185.191.171.22 - - [20/Dec/2022:02:15:56 -0800] "GET /Contact-Used.html HTTP/1.1" 404 88 "-" "Mozilla/5.0 (compatible; SemrushBot/7~bl; +http://www.semrush.com/bot.html)" "www.electric-homecare.com"
185.191.171.18 - - [20/Dec/2022:02:17:53 -0800] "GET /w.html HTTP/1.1" 404 88 "-" "Mozilla/5.0 (compatible; SemrushBot/7~bl; +http://www.semrush.com/bot.html)" "electric-homecare.com"
185.191.171.21 - - [20/Dec/2022:02:17:58 -0800] "GET /Houston-pacesaver.html HTTP/1.1" 200 4394 "-" "Mozilla/5.0 (compatible; SemrushBot/7~bl; +http://www.semrush.com/bot.html)" "www.electric-homecare.com"
185.191.171.39 - - [20/Dec/2022:02:20:06 -0800] "GET /photo.html HTTP/1.1" 404 88 "-" "Mozilla/5.0 (compatible; SemrushBot/7~bl; +http://www.semrush.com/bot.html)" "electric-homecare.com"
185.191.171.2 - - [20/Dec/2022:02:21:24 -0800] "GET /Handicap-Ramps.html HTTP/1.1" 404 88 "-" "Mozilla/5.0 (compatible; SemrushBot/7~bl; +http://www.semrush.com/bot.html)" "electric-homecare.com"
185.191.171.15 - - [20/Dec/2022:02:23:03 -0800] "GET /Comfortaire.html HTTP/1.1" 404 88 "-" "Mozilla/5.0 (compatible; SemrushBot/7~bl; +http://www.semrush.com/bot.html)" "www.electric-homecare.com"
185.191.171.33 - - [20/Dec/2022:02:23:10 -0800] "GET /SRE-2750-Stairlift.html HTTP/1.1" 404 88 "-" "Mozilla/5.0 (compatible; SemrushBot/7~bl; +http://www.semrush.com/bot.html)" "www.electric-homecare.com"
185.191.171.12 - - [20/Dec/2022:02:24:15 -0800] "GET /Scooter-Ramps.html HTTP/1.1" 404 88 "-" "Mozilla/5.0 (compatible; SemrushBot/7~bl; +http://www.semrush.com/bot.html)" "electric-homecare.com"
185.191.171.6 - - [20/Dec/2022:02:30:06 -0800] "GET /Glendale-Electric-Wheelchair-Power-Chairs.html HTTP/1.1" 404 88 "-" "Mozilla/5.0 (compatible; SemrushBot/7~bl; +http://www.semrush.com/bot.html)" "www.electric-homecare.com"
185.191.171.25 - - [20/Dec/2022:02:31:06 -0800] "GET /Contact-Wheelchair-Elevators.html HTTP/1.1" 404 88 "-" "Mozilla/5.0 (compatible; SemrushBot/7~bl; +http://www.semrush.com/bot.html)" "electric-homecare.com"
185.191.171.43 - - [20/Dec/2022:02:32:56 -0800] "GET /Houston-Relaxer.html HTTP/1.1" 200 4044 "-" "Mozilla/5.0 (compatible; SemrushBot/7~bl; +http://www.semrush.com/bot.html)" "www.electric-homecare.com"
185.191.171.8 - - [20/Dec/2022:02:32:59 -0800] "GET /Ontario-Electric-Wheelchair-Power-Chairs.html HTTP/1.1" 404 88 "-" "Mozilla/5.0 (compatible; SemrushBot/7~bl; +http://www.semrush.com/bot.html)" "www.electric-homecare.com"
185.191.171.40 - - [20/Dec/2022:02:38:35 -0800] "GET /Contact-Us.html HTTP/1.1" 404 88 "-" "Mozilla/5.0 (compatible; SemrushBot/7~bl; +http://www.semrush.com/bot.html)" "www.electric-homecare.com"
185.191.171.33 - - [20/Dec/2022:02:39:25 -0800] "GET /robots.txt HTTP/1.1" 200 64 "-" "Mozilla/5.0 (compatible; SemrushBot/7~bl; +http://www.semrush.com/bot.html)" "electric-homecare.com"
185.191.171.26 - - [20/Dec/2022:02:39:25 -0800] "GET /Organic-Comfort.html HTTP/1.1" 404 88 "-" "Mozilla/5.0 (compatible; SemrushBot/7~bl; +http://www.semrush.com/bot.html)" "electric-homecare.com"
216.244.66.247 - - [20/Dec/2022:02:43:20 -0800] "GET /robots.txt HTTP/1.1" 200 48 "-" "Mozilla/5.0 (compatible; DotBot/1.2; +https://opensiteexplorer.org/dotbot; help@moz.com)" "electric-homecare.com"
185.191.171.37 - - [20/Dec/2022:02:44:00 -0800] "GET /Houston-MedLiftLiftChairs.html HTTP/1.1" 200 3586 "-" "Mozilla/5.0 (compatible; SemrushBot/7~bl; +http://www.semrush.com/bot.html)" "www.electric-homecare.com"
185.191.171.41 - - [20/Dec/2022:02:49:07 -0800] "GET /Electropedic.html HTTP/1.1" 404 88 "-" "Mozilla/5.0 (compatible; SemrushBot/7~bl; +http://www.semrush.com/bot.html)" "electric-homecare.com"
185.191.171.23 - - [20/Dec/2022:02:50:51 -0800] "GET /o.html HTTP/1.1" 404 88 "-" "Mozilla/5.0 (compatible; SemrushBot/7~bl; +http://www.semrush.com/bot.html)" "electric-homecare.com"
77.75.77.119 - - [20/Dec/2022:02:51:22 -0800] "GET /Maclift-OwnersManual.pdf HTTP/1.1" 304 - "-" "Mozilla/5.0 (compatible; SeznamBot/4.0-RC1; +http://napoveda.seznam.cz/seznambot-intro/)" "electric-homecare.com"
185.191.171.37 - - [20/Dec/2022:02:51:31 -0800] "GET /Harmer-Wheelchair-Ramps.html HTTP/1.1" 404 88 "-" "Mozilla/5.0 (compatible; SemrushBot/7~bl; +http://www.semrush.com/bot.html)" "electric-homecare.com"
185.191.171.6 - - [20/Dec/2022:02:56:26 -0800] "GET /About-Us-Stair-Lifts.htm HTTP/1.1" 200 8470 "-" "Mozilla/5.0 (compatible; SemrushBot/7~bl; +http://www.semrush.com/bot.html)" "www.electric-homecare.com"
185.191.171.26 - - [20/Dec/2022:03:03:57 -0800] "GET /robots.txt HTTP/1.1" 200 64 "-" "Mozilla/5.0 (compatible; SemrushBot/7~bl; +http://www.semrush.com/bot.html)" "www.electric-homecare.com"
185.191.171.26 - - [20/Dec/2022:03:03:57 -0800] "GET /Houston-MedLift-Adjustable-Beds.html HTTP/1.1" 200 3496 "-" "Mozilla/5.0 (compatible; SemrushBot/7~bl; +http://www.semrush.com/bot.html)" "www.electric-homecare.com"
185.191.171.40 - - [20/Dec/2022:03:04:30 -0800] "GET /B.html HTTP/1.1" 404 88 "-" "Mozilla/5.0 (compatible; SemrushBot/7~bl; +http://www.semrush.com/bot.html)" "electric-homecare.com"
185.191.171.12 - - [20/Dec/2022:03:06:23 -0800] "GET /Houston-Wheel-Chair-Lifts.html HTTP/1.1" 200 3849 "-" "Mozilla/5.0 (compatible; SemrushBot/7~bl; +http://www.semrush.com/bot.html)" "www.electric-homecare.com"
114.119.159.39 - - [20/Dec/2022:03:16:17 -0800] "GET /Aquatic-Access.html HTTP/1.1" 200 10485 "https://www.electric-homecare.com/AquaCreek.html" "Mozilla/5.0 (Linux; Android 7.0;) AppleWebKit/537.36 (KHTML, like Gecko) Mobile Safari/537.36 (compatible; PetalBot;+https://webmaster.petalsearch.com/site/petalbot)" "www.electric-homecare.com"
185.191.171.3 - - [20/Dec/2022:03:17:04 -0800] "GET /contact.htm HTTP/1.1" 404 88 "-" "Mozilla/5.0 (compatible; SemrushBot/7~bl; +http://www.semrush.com/bot.html)" "www.electric-homecare.com"
185.191.171.38 - - [20/Dec/2022:03:18:40 -0800] "GET /Burke-Bariatric-.html HTTP/1.1" 404 88 "-" "Mozilla/5.0 (compatible; SemrushBot/7~bl; +http://www.semrush.com/bot.html)" "www.electric-homecare.com"
61.135.159.187 - - [20/Dec/2022:03:19:38 -0800] "GET /robots.txt HTTP/1.1" 200 64 "-" "Sogou web spider/4.0(+http://www.sogou.com/docs/help/webmasters.htm#07)" "electric-homecare.com"
185.191.171.3 - - [20/Dec/2022:03:25:56 -0800] "GET /mysite%20aamcare/Comfort.html HTTP/1.1" 404 88 "-" "Mozilla/5.0 (compatible; SemrushBot/7~bl; +http://www.semrush.com/bot.html)" "electric-homecare.com"
207.46.13.48 - - [20/Dec/2022:03:28:32 -0800] "GET /test3.css HTTP/1.1" 200 960 "-" "Mozilla/5.0 AppleWebKit/537.36 (KHTML, like Gecko; compatible; bingbot/2.0; +http://www.bing.com/bingbot.htm) Chrome/103.0.5060.134 Safari/537.36" "electric-homecare.com"
185.191.171.25 - - [20/Dec/2022:03:31:40 -0800] "GET /Wheelchair-Ramps.html HTTP/1.1" 404 88 "-" "Mozilla/5.0 (compatible; SemrushBot/7~bl; +http://www.semrush.com/bot.html)" "electric-homecare.com"
185.191.171.44 - - [20/Dec/2022:03:33:26 -0800] "GET /Houston-LC525.html HTTP/1.1" 200 3407 "-" "Mozilla/5.0 (compatible; SemrushBot/7~bl; +http://www.semrush.com/bot.html)" "electric-homecare.com"
185.191.171.9 - - [20/Dec/2022:03:33:29 -0800] "GET /Transfer-Master-Bariatric-Beds.html HTTP/1.1" 404 88 "-" "Mozilla/5.0 (compatible; SemrushBot/7~bl; +http://www.semrush.com/bot.html)" "www.electric-homecare.com"
185.191.171.21 - - [20/Dec/2022:03:33:42 -0800] "GET /Contact-Bariatric-Equipment.html HTTP/1.1" 404 88 "-" "Mozilla/5.0 (compatible; SemrushBot/7~bl; +http://www.semrush.com/bot.html)" "www.electric-homecare.com"
185.191.171.11 - - [20/Dec/2022:03:36:13 -0800] "GET /Contact-Wheelchair-Elevators.html HTTP/1.1" 404 88 "-" "Mozilla/5.0 (compatible; SemrushBot/7~bl; +http://www.semrush.com/bot.html)" "electric-homecare.com"
216.244.66.247 - - [20/Dec/2022:03:38:56 -0800] "GET /robots.txt HTTP/1.1" 200 48 "-" "Mozilla/5.0 (compatible; DotBot/1.2; +https://opensiteexplorer.org/dotbot; help@moz.com)" "electric-homecare.com"
185.191.171.11 - - [20/Dec/2022:03:42:00 -0800] "GET /robots.txt HTTP/1.1" 200 64 "-" "Mozilla/5.0 (compatible; SemrushBot/7~bl; +http://www.semrush.com/bot.html)" "electric-homecare.com"
185.191.171.34 - - [20/Dec/2022:03:42:00 -0800] "GET /Contact-Vehicle-Lifts.html HTTP/1.1" 404 88 "-" "Mozilla/5.0 (compatible; SemrushBot/7~bl; +http://www.semrush.com/bot.html)" "electric-homecare.com"
185.191.171.14 - - [20/Dec/2022:03:43:08 -0800] "GET /Los-Angeles.html HTTP/1.1" 404 88 "-" "Mozilla/5.0 (compatible; SemrushBot/7~bl; +http://www.semrush.com/bot.html)" "electric-homecare.com"
185.191.171.40 - - [20/Dec/2022:03:46:04 -0800] "GET /San-Francisco.html HTTP/1.1" 404 88 "-" "Mozilla/5.0 (compatible; SemrushBot/7~bl; +http://www.semrush.com/bot.html)" "www.electric-homecare.com"
185.191.171.23 - - [20/Dec/2022:03:51:06 -0800] "GET /Bruno_CRE-2110.html HTTP/1.1" 404 88 "-" "Mozilla/5.0 (compatible; SemrushBot/7~bl; +http://www.semrush.com/bot.html)" "electric-homecare.com"
185.191.171.42 - - [20/Dec/2022:04:00:07 -0800] "GET /Houston-High-Profile.html HTTP/1.1" 200 3482 "-" "Mozilla/5.0 (compatible; SemrushBot/7~bl; +http://www.semrush.com/bot.html)" "www.electric-homecare.com"
185.191.171.39 - - [20/Dec/2022:04:06:05 -0800] "GET /robots.txt HTTP/1.1" 200 64 "-" "Mozilla/5.0 (compatible; SemrushBot/7~bl; +http://www.semrush.com/bot.html)" "www.electric-homecare.com"
185.191.171.24 - - [20/Dec/2022:04:06:05 -0800] "GET /s.html HTTP/1.1" 404 88 "-" "Mozilla/5.0 (compatible; SemrushBot/7~bl; +http://www.semrush.com/bot.html)" "www.electric-homecare.com"
185.191.171.35 - - [20/Dec/2022:04:06:54 -0800] "GET /501.html HTTP/1.1" 404 88 "-" "Mozilla/5.0 (compatible; SemrushBot/7~bl; +http://www.semrush.com/bot.html)" "www.electric-homecare.com"
61.135.159.171 - - [20/Dec/2022:04:09:54 -0800] "GET /robots.txt HTTP/1.1" 200 64 "-" "Sogou web spider/4.0(+http://www.sogou.com/docs/help/webmasters.htm#07)" "www.electric-homecare.com"
114.119.132.101 - - [20/Dec/2022:04:11:25 -0800] "GET /6Runner%2010%20manual.pdf HTTP/1.1" 200 1287004 "https://www.electric-homecare.com/Houston-Shopriderpowerchairs.html" "Mozilla/5.0 (Linux; Android 7.0;) AppleWebKit/537.36 (KHTML, like Gecko) Mobile Safari/537.36 (compatible; PetalBot;+https://webmaster.petalsearch.com/site/petalbot)" "www.electric-homecare.com"
185.191.171.38 - - [20/Dec/2022:04:12:32 -0800] "GET /Bruno-Stair-Lifts.html HTTP/1.1" 404 88 "-" "Mozilla/5.0 (compatible; SemrushBot/7~bl; +http://www.semrush.com/bot.html)" "electric-homecare.com"
185.191.171.13 - - [20/Dec/2022:04:15:40 -0800] "GET /Contact-Massage-Chairs.html HTTP/1.1" 404 88 "-" "Mozilla/5.0 (compatible; SemrushBot/7~bl; +http://www.semrush.com/bot.html)" "electric-homecare.com"
185.191.171.4 - - [20/Dec/2022:04:21:32 -0800] "GET /Acorn-Curve.html HTTP/1.1" 404 88 "-" "Mozilla/5.0 (compatible; SemrushBot/7~bl; +http://www.semrush.com/bot.html)" "electric-homecare.com"
185.191.171.35 - - [20/Dec/2022:04:30:07 -0800] "GET /patient-lifts.html HTTP/1.1" 404 88 "-" "Mozilla/5.0 (compatible; SemrushBot/7~bl; +http://www.semrush.com/bot.html)" "www.electric-homecare.com"
216.244.66.247 - - [20/Dec/2022:04:32:55 -0800] "GET /robots.txt HTTP/1.1" 200 48 "-" "Mozilla/5.0 (compatible; DotBot/1.2; +https://opensiteexplorer.org/dotbot; help@moz.com)" "electric-homecare.com"
185.191.171.5 - - [20/Dec/2022:04:47:46 -0800] "GET /robots.txt HTTP/1.1" 200 64 "-" "Mozilla/5.0 (compatible; SemrushBot/7~bl; +http://www.semrush.com/bot.html)" "electric-homecare.com"
185.191.171.22 - - [20/Dec/2022:04:47:48 -0800] "GET /Contact-Bariatric-Equipment.html HTTP/1.1" 404 88 "-" "Mozilla/5.0 (compatible; SemrushBot/7~bl; +http://www.semrush.com/bot.html)" "electric-homecare.com"
185.191.171.24 - - [20/Dec/2022:04:48:07 -0800] "GET /USA.html HTTP/1.1" 404 88 "-" "Mozilla/5.0 (compatible; SemrushBot/7~bl; +http://www.semrush.com/bot.html)" "electric-homecare.com"
95.108.213.5 - - [20/Dec/2022:04:54:49 -0800] "GET /robots.txt HTTP/1.1" 200 48 "-" "Mozilla/5.0 (compatible; YandexBot/3.0; +http://yandex.com/bots)" "www.electric-homecare.com"
87.250.224.120 - - [20/Dec/2022:04:54:53 -0800] "GET /robots.txt HTTP/1.1" 200 48 "-" "Mozilla/5.0 (compatible; YandexBot/3.0; +http://yandex.com/bots)" "www.electric-homecare.com"
95.108.213.30 - - [20/Dec/2022:04:54:57 -0800] "GET /elelctropedic041.jpg HTTP/1.1" 404 88 "-" "Mozilla/5.0 (compatible; YandexImages/3.0; +http://yandex.com/bots)" "www.electric-homecare.com"
185.191.171.1 - - [20/Dec/2022:04:56:25 -0800] "GET /Index.html HTTP/1.1" 404 88 "-" "Mozilla/5.0 (compatible; SemrushBot/7~bl; +http://www.semrush.com/bot.html)" "electric-homecare.com"
185.191.171.21 - - [20/Dec/2022:04:56:59 -0800] "GET /Rentals.html HTTP/1.1" 404 88 "-" "Mozilla/5.0 (compatible; SemrushBot/7~bl; +http://www.semrush.com/bot.html)" "www.electric-homecare.com"
61.135.159.175 - - [20/Dec/2022:04:59:12 -0800] "GET / HTTP/1.1" 200 4147 "-" "Sogou web spider/4.0(+http://www.sogou.com/docs/help/webmasters.htm#07)" "www.electric-homecare.com"
185.191.171.4 - - [20/Dec/2022:05:02:38 -0800] "GET /Contact-Mattresses.html HTTP/1.1" 404 88 "-" "Mozilla/5.0 (compatible; SemrushBot/7~bl; +http://www.semrush.com/bot.html)" "electric-homecare.com"
51.222.253.14 - - [20/Dec/2022:05:06:42 -0800] "GET /Gentle-Line.html HTTP/1.1" 404 88 "-" "Mozilla/5.0 (compatible; AhrefsBot/7.0; +http://ahrefs.com/robot/)" "electric-homecare.com"
185.191.171.40 - - [20/Dec/2022:05:07:37 -0800] "GET /robots.txt HTTP/1.1" 200 64 "-" "Mozilla/5.0 (compatible; SemrushBot/7~bl; +http://www.semrush.com/bot.html)" "www.electric-homecare.com"
185.191.171.5 - - [20/Dec/2022:05:07:37 -0800] "GET /Norwalk-Electric-Wheelchair-Power-Chairs.html HTTP/1.1" 404 88 "-" "Mozilla/5.0 (compatible; SemrushBot/7~bl; +http://www.semrush.com/bot.html)" "www.electric-homecare.com"
185.191.171.4 - - [20/Dec/2022:05:08:52 -0800] "GET /h.html HTTP/1.1" 404 88 "-" "Mozilla/5.0 (compatible; SemrushBot/7~bl; +http://www.semrush.com/bot.html)" "electric-homecare.com"
185.191.171.21 - - [20/Dec/2022:05:14:48 -0800] "GET /505.html HTTP/1.1" 404 88 "-" "Mozilla/5.0 (compatible; SemrushBot/7~bl; +http://www.semrush.com/bot.html)" "electric-homecare.com"
185.191.171.26 - - [20/Dec/2022:05:19:55 -0800] "GET /Electropedic-Curve-Stair-Lifts.html HTTP/1.1" 404 88 "-" "Mozilla/5.0 (compatible; SemrushBot/7~bl; +http://www.semrush.com/bot.html)" "www.electric-homecare.com"
185.191.171.37 - - [20/Dec/2022:05:20:20 -0800] "GET /Oceanside-Electric-Wheelchair-Power-Chairs.html HTTP/1.1" 404 88 "-" "Mozilla/5.0 (compatible; SemrushBot/7~bl; +http://www.semrush.com/bot.html)" "www.electric-homecare.com"
114.119.128.126 - - [20/Dec/2022:05:21:38 -0800] "GET /Escapecutsheet.pdf HTTP/1.1" 200 1152191 "https://www.electric-homecare.com/Houston-shoprider.html" "Mozilla/5.0 (Linux; Android 7.0;) AppleWebKit/537.36 (KHTML, like Gecko) Mobile Safari/537.36 (compatible; PetalBot;+https://webmaster.petalsearch.com/site/petalbot)" "www.electric-homecare.com"
185.191.171.3 - - [20/Dec/2022:05:23:48 -0800] "GET /i.html HTTP/1.1" 404 88 "-" "Mozilla/5.0 (compatible; SemrushBot/7~bl; +http://www.semrush.com/bot.html)" "www.electric-homecare.com"
216.244.66.247 - - [20/Dec/2022:05:28:08 -0800] "GET /robots.txt HTTP/1.1" 200 48 "-" "Mozilla/5.0 (compatible; DotBot/1.2; +https://opensiteexplorer.org/dotbot; help@moz.com)" "electric-homecare.com"
185.191.171.18 - - [20/Dec/2022:05:30:14 -0800] "GET /Tuffcare.html HTTP/1.1" 404 88 "-" "Mozilla/5.0 (compatible; SemrushBot/7~bl; +http://www.semrush.com/bot.html)" "electric-homecare.com"
185.191.171.39 - - [20/Dec/2022:05:35:14 -0800] "GET /Mission-Viejo-Electric-Wheelchair-Power-Chairs.html HTTP/1.1" 404 88 "-" "Mozilla/5.0 (compatible; SemrushBot/7~bl; +http://www.semrush.com/bot.html)" "www.electric-homecare.com"
185.191.171.34 - - [20/Dec/2022:05:35:25 -0800] "GET /photo.html HTTP/1.1" 404 88 "-" "Mozilla/5.0 (compatible; SemrushBot/7~bl; +http://www.semrush.com/bot.html)" "electric-homecare.com"
185.191.171.17 - - [20/Dec/2022:05:40:25 -0800] "GET /AdjustableBeds-DualKing.html HTTP/1.1" 200 9427 "-" "Mozilla/5.0 (compatible; SemrushBot/7~bl; +http://www.semrush.com/bot.html)" "www.electric-homecare.com"
185.191.171.5 - - [20/Dec/2022:05:41:00 -0800] "GET /qualify1.asp HTTP/1.1" 404 88 "-" "Mozilla/5.0 (compatible; SemrushBot/7~bl; +http://www.semrush.com/bot.html)" "electric-homecare.com"
185.191.171.20 - - [20/Dec/2022:05:42:02 -0800] "GET /Orange-Electric-Wheelchair-Power-Chairs.html HTTP/1.1" 404 88 "-" "Mozilla/5.0 (compatible; SemrushBot/7~bl; +http://www.semrush.com/bot.html)" "www.electric-homecare.com"
185.191.171.13 - - [20/Dec/2022:05:44:25 -0800] "GET /Jazzy-1650.html HTTP/1.1" 404 88 "-" "Mozilla/5.0 (compatible; SemrushBot/7~bl; +http://www.semrush.com/bot.html)" "electric-homecare.com"
185.191.171.4 - - [20/Dec/2022:05:45:29 -0800] "GET /Transfer-Master-Bariatric-Beds.html HTTP/1.1" 404 88 "-" "Mozilla/5.0 (compatible; SemrushBot/7~bl; +http://www.semrush.com/bot.html)" "electric-homecare.com"
40.77.167.3 - - [20/Dec/2022:05:46:12 -0800] "GET /sitemap.xml HTTP/1.1" 200 175 "-" "Mozilla/5.0 (compatible; bingbot/2.0; +http://www.bing.com/bingbot.htm)" "electric-homecare.com"
185.191.171.39 - - [20/Dec/2022:05:50:42 -0800] "GET /robots.txt HTTP/1.1" 200 64 "-" "Mozilla/5.0 (compatible; SemrushBot/7~bl; +http://www.semrush.com/bot.html)" "electric-homecare.com"
185.191.171.24 - - [20/Dec/2022:05:50:42 -0800] "GET /Latex-Foam.html HTTP/1.1" 404 88 "-" "Mozilla/5.0 (compatible; SemrushBot/7~bl; +http://www.semrush.com/bot.html)" "electric-homecare.com"
185.191.171.9 - - [20/Dec/2022:05:50:48 -0800] "GET /Handicare.html HTTP/1.1" 404 88 "-" "Mozilla/5.0 (compatible; SemrushBot/7~bl; +http://www.semrush.com/bot.html)" "www.electric-homecare.com"
185.191.171.36 - - [20/Dec/2022:05:51:34 -0800] "GET /Leggett-Platt.html HTTP/1.1" 404 88 "-" "Mozilla/5.0 (compatible; SemrushBot/7~bl; +http://www.semrush.com/bot.html)" "www.electric-homecare.com"
185.191.171.24 - - [20/Dec/2022:05:51:44 -0800] "GET /Acorn-Stair-Lifts.html HTTP/1.1" 200 5001 "-" "Mozilla/5.0 (compatible; SemrushBot/7~bl; +http://www.semrush.com/bot.html)" "www.electric-homecare.com"
185.191.171.5 - - [20/Dec/2022:05:54:36 -0800] "GET /Electropedic_beds/Latex-Foam.html HTTP/1.1" 404 88 "-" "Mozilla/5.0 (compatible; SemrushBot/7~bl; +http://www.semrush.com/bot.html)" "www.electric-homecare.com"
185.191.171.5 - - [20/Dec/2022:05:57:14 -0800] "GET /Tempurpedic.html HTTP/1.1" 404 88 "-" "Mozilla/5.0 (compatible; SemrushBot/7~bl; +http://www.semrush.com/bot.html)" "electric-homecare.com"
185.191.171.19 - - [20/Dec/2022:06:04:21 -0800] "GET /Used-Electric-Lift-Chairs.html HTTP/1.1" 404 88 "-" "Mozilla/5.0 (compatible; SemrushBot/7~bl; +http://www.semrush.com/bot.html)" "www.electric-homecare.com"
34.218.242.124 - - [20/Dec/2022:06:07:42 -0800] "GET / HTTP/1.1" 200 4147 "-" "Mozilla/5.0 (Windows NT 10.0; Win64; x64)AppleWebKit/537.36 (KHTML, like Gecko) Chrome/66.0.3359.181 Safari/537.36" "electric-homecare.com"
185.191.171.25 - - [20/Dec/2022:06:10:33 -0800] "GET /robots.txt HTTP/1.1" 200 64 "-" "Mozilla/5.0 (compatible; SemrushBot/7~bl; +http://www.semrush.com/bot.html)" "www.electric-homecare.com"
185.191.171.25 - - [20/Dec/2022:06:10:34 -0800] "GET /Palmdale-Electric-Wheelchair-Power-Chairs.html HTTP/1.1" 404 88 "-" "Mozilla/5.0 (compatible; SemrushBot/7~bl; +http://www.semrush.com/bot.html)" "www.electric-homecare.com"
52.37.155.99 - - [20/Dec/2022:06:11:01 -0800] "GET / HTTP/1.1" 200 4147 "-" "Mozilla/5.0 (X11; Linux x86_64) AppleWebKit/537.36 (KHTML, like Gecko) Chrome/83.0.4103.97 Safari/537.36" "electric-homecare.com"
54.202.103.167 - - [20/Dec/2022:06:12:28 -0800] "GET / HTTP/1.1" 200 4147 "-" "Mozilla/5.0 (X11; Linux x86_64) AppleWebKit/537.36 (KHTML, like Gecko) Chrome/83.0.4103.97 Safari/537.36" "electric-homecare.com"
35.92.194.184 - - [20/Dec/2022:06:14:13 -0800] "GET / HTTP/1.1" 200 4147 "-" "Mozilla/5.0 (X11; Linux x86_64) AppleWebKit/537.36 (KHTML, like Gecko) Chrome/83.0.4103.97 Safari/537.36" "electric-homecare.com"
185.191.171.42 - - [20/Dec/2022:06:14:49 -0800] "GET /Carson-Electric-Wheelchair-Power-Chairs.html HTTP/1.1" 404 88 "-" "Mozilla/5.0 (compatible; SemrushBot/7~bl; +http://www.semrush.com/bot.html)" "www.electric-homecare.com"
34.218.47.90 - - [20/Dec/2022:06:17:25 -0800] "GET / HTTP/1.1" 200 4147 "-" "Mozilla/5.0 (X11; Linux x86_64) AppleWebKit/537.36 (KHTML, like Gecko) Chrome/83.0.4103.97 Safari/537.36" "electric-homecare.com"
185.191.171.40 - - [20/Dec/2022:06:18:31 -0800] "GET /Houston-LC358.html HTTP/1.1" 200 3030 "-" "Mozilla/5.0 (compatible; SemrushBot/7~bl; +http://www.semrush.com/bot.html)" "electric-homecare.com"
216.244.66.247 - - [20/Dec/2022:06:22:11 -0800] "GET /robots.txt HTTP/1.1" 200 48 "-" "Mozilla/5.0 (compatible; DotBot/1.2; +https://opensiteexplorer.org/dotbot; help@moz.com)" "electric-homecare.com"
185.191.171.7 - - [20/Dec/2022:06:22:49 -0800] "GET /Carson-Electric-Wheelchair-Power-Chairs.html HTTP/1.1" 404 88 "-" "Mozilla/5.0 (compatible; SemrushBot/7~bl; +http://www.semrush.com/bot.html)" "www.electric-homecare.com"
185.191.171.40 - - [20/Dec/2022:06:24:36 -0800] "GET /Santa-Ana-Electric-Wheelchair-Power-Chairs.html HTTP/1.1" 404 88 "-" "Mozilla/5.0 (compatible; SemrushBot/7~bl; +http://www.semrush.com/bot.html)" "www.electric-homecare.com"
185.191.171.14 - - [20/Dec/2022:06:37:47 -0800] "GET /Service-Repair-CA.html HTTP/1.1" 404 88 "-" "Mozilla/5.0 (compatible; SemrushBot/7~bl; +http://www.semrush.com/bot.html)" "www.electric-homecare.com"
185.191.171.25 - - [20/Dec/2022:06:38:49 -0800] "GET /SRE-2010.html HTTP/1.1" 404 88 "-" "Mozilla/5.0 (compatible; SemrushBot/7~bl; +http://www.semrush.com/bot.html)" "electric-homecare.com"
185.191.171.17 - - [20/Dec/2022:06:42:29 -0800] "GET /Houston-AdjustableBeds-Queen.html HTTP/1.1" 200 2570 "-" "Mozilla/5.0 (compatible; SemrushBot/7~bl; +http://www.semrush.com/bot.html)" "www.electric-homecare.com"
185.191.171.34 - - [20/Dec/2022:06:48:02 -0800] "GET /contact.htm HTTP/1.1" 404 88 "-" "Mozilla/5.0 (compatible; SemrushBot/7~bl; +http://www.semrush.com/bot.html)" "electric-homecare.com"
185.191.171.38 - - [20/Dec/2022:06:49:21 -0800] "GET /Fontana-Electric-Wheelchair-Power-Chairs.html HTTP/1.1" 404 88 "-" "Mozilla/5.0 (compatible; SemrushBot/7~bl; +http://www.semrush.com/bot.html)" "www.electric-homecare.com"
185.191.171.4 - - [20/Dec/2022:06:51:29 -0800] "GET /robots.txt HTTP/1.1" 200 64 "-" "Mozilla/5.0 (compatible; SemrushBot/7~bl; +http://www.semrush.com/bot.html)" "electric-homecare.com"
185.191.171.39 - - [20/Dec/2022:06:51:29 -0800] "GET /d.html HTTP/1.1" 404 88 "-" "Mozilla/5.0 (compatible; SemrushBot/7~bl; +http://www.semrush.com/bot.html)" "electric-homecare.com"
185.191.171.11 - - [20/Dec/2022:07:02:55 -0800] "GET /Bruno-Elite.html HTTP/1.1" 404 88 "-" "Mozilla/5.0 (compatible; SemrushBot/7~bl; +http://www.semrush.com/bot.html)" "electric-homecare.com"
185.191.171.3 - - [20/Dec/2022:07:03:39 -0800] "GET /g.html HTTP/1.1" 404 88 "-" "Mozilla/5.0 (compatible; SemrushBot/7~bl; +http://www.semrush.com/bot.html)" "www.electric-homecare.com"
185.191.171.5 - - [20/Dec/2022:07:07:21 -0800] "GET /Mission-Viejo-Electric-Wheelchair-Power-Chairs.html HTTP/1.1" 404 88 "-" "Mozilla/5.0 (compatible; SemrushBot/7~bl; +http://www.semrush.com/bot.html)" "www.electric-homecare.com"
185.191.171.41 - - [20/Dec/2022:07:08:21 -0800] "GET /Wheelchair-Elevators.html HTTP/1.1" 404 88 "-" "Mozilla/5.0 (compatible; SemrushBot/7~bl; +http://www.semrush.com/bot.html)" "electric-homecare.com"
216.244.66.247 - - [20/Dec/2022:07:15:17 -0800] "GET /robots.txt HTTP/1.1" 200 48 "-" "Mozilla/5.0 (compatible; DotBot/1.2; +https://opensiteexplorer.org/dotbot; help@moz.com)" "electric-homecare.com"
185.191.171.22 - - [20/Dec/2022:07:17:39 -0800] "GET /serving-all-areas.html HTTP/1.1" 404 88 "-" "Mozilla/5.0 (compatible; SemrushBot/7~bl; +http://www.semrush.com/bot.html)" "electric-homecare.com"
185.191.171.9 - - [20/Dec/2022:07:20:06 -0800] "GET /Contact-Patient-Lifts.html HTTP/1.1" 404 88 "-" "Mozilla/5.0 (compatible; SemrushBot/7~bl; +http://www.semrush.com/bot.html)" "electric-homecare.com"
185.191.171.35 - - [20/Dec/2022:07:20:51 -0800] "GET /robots.txt HTTP/1.1" 200 64 "-" "Mozilla/5.0 (compatible; SemrushBot/7~bl; +http://www.semrush.com/bot.html)" "www.electric-homecare.com"
185.191.171.13 - - [20/Dec/2022:07:20:52 -0800] "GET /San-Bernardino-Electric-Wheelchair-Power-Chairs.html HTTP/1.1" 404 88 "-" "Mozilla/5.0 (compatible; SemrushBot/7~bl; +http://www.semrush.com/bot.html)" "www.electric-homecare.com"
185.191.171.26 - - [20/Dec/2022:07:24:41 -0800] "GET /Stair-Lift.htm HTTP/1.1" 404 88 "-" "Mozilla/5.0 (compatible; SemrushBot/7~bl; +http://www.semrush.com/bot.html)" "electric-homecare.com"
185.191.171.7 - - [20/Dec/2022:07:26:28 -0800] "GET /Hawle.html HTTP/1.1" 404 88 "-" "Mozilla/5.0 (compatible; SemrushBot/7~bl; +http://www.semrush.com/bot.html)" "electric-homecare.com"
185.191.171.6 - - [20/Dec/2022:07:28:15 -0800] "GET /info.html HTTP/1.1" 404 88 "-" "Mozilla/5.0 (compatible; SemrushBot/7~bl; +http://www.semrush.com/bot.html)" "www.electric-homecare.com"
185.191.171.33 - - [20/Dec/2022:07:37:29 -0800] "GET /Houston-Drive.html HTTP/1.1" 200 5698 "-" "Mozilla/5.0 (compatible; SemrushBot/7~bl; +http://www.semrush.com/bot.html)" "www.electric-homecare.com"
185.191.171.8 - - [20/Dec/2022:07:40:42 -0800] "GET /Contact-Used.html HTTP/1.1" 404 88 "-" "Mozilla/5.0 (compatible; SemrushBot/7~bl; +http://www.semrush.com/bot.html)" "electric-homecare.com"
185.191.171.43 - - [20/Dec/2022:07:42:41 -0800] "GET /YourComfortIsEverything.html HTTP/1.1" 404 88 "-" "Mozilla/5.0 (compatible; SemrushBot/7~bl; +http://www.semrush.com/bot.html)" "www.electric-homecare.com"
185.191.171.36 - - [20/Dec/2022:07:44:24 -0800] "GET /Riverside-Electric-Wheelchair-Power-Chairs.html HTTP/1.1" 404 88 "-" "Mozilla/5.0 (compatible; SemrushBot/7~bl; +http://www.semrush.com/bot.html)" "www.electric-homecare.com"
185.191.171.16 - - [20/Dec/2022:07:50:42 -0800] "GET /Home1.html HTTP/1.1" 404 88 "-" "Mozilla/5.0 (compatible; SemrushBot/7~bl; +http://www.semrush.com/bot.html)" "www.electric-homecare.com"
114.119.128.59 - - [20/Dec/2022:07:52:33 -0800] "GET /robots.txt HTTP/1.1" 200 64 "-" "Mozilla/5.0 (compatible;PetalBot;+https://webmaster.petalsearch.com/site/petalbot)" "electric-homecare.com"
185.191.171.26 - - [20/Dec/2022:07:54:26 -0800] "GET /robots.txt HTTP/1.1" 200 64 "-" "Mozilla/5.0 (compatible; SemrushBot/7~bl; +http://www.semrush.com/bot.html)" "electric-homecare.com"
185.191.171.34 - - [20/Dec/2022:07:54:27 -0800] "GET /Contact-Pool-Lifts.html HTTP/1.1" 404 88 "-" "Mozilla/5.0 (compatible; SemrushBot/7~bl; +http://www.semrush.com/bot.html)" "electric-homecare.com"
185.191.171.26 - - [20/Dec/2022:07:57:13 -0800] "GET /j.html HTTP/1.1" 404 88 "-" "Mozilla/5.0 (compatible; SemrushBot/7~bl; +http://www.semrush.com/bot.html)" "www.electric-homecare.com"
185.191.171.44 - - [20/Dec/2022:07:57:24 -0800] "GET /Gendron-Bariatric.html HTTP/1.1" 404 88 "-" "Mozilla/5.0 (compatible; SemrushBot/7~bl; +http://www.semrush.com/bot.html)" "electric-homecare.com"
185.191.171.18 - - [20/Dec/2022:07:58:01 -0800] "GET /Stair-Lift.html HTTP/1.1" 404 88 "-" "Mozilla/5.0 (compatible; SemrushBot/7~bl; +http://www.semrush.com/bot.html)" "electric-homecare.com"
207.46.13.215 - - [20/Dec/2022:08:00:38 -0800] "GET /hp-02.gif HTTP/1.1" 200 2724610 "-" "Mozilla/5.0 (compatible; bingbot/2.0; +http://www.bing.com/bingbot.htm)" "electric-homecare.com"
185.191.171.36 - - [20/Dec/2022:08:02:13 -0800] "GET /compasstro.html HTTP/1.1" 404 88 "-" "Mozilla/5.0 (compatible; SemrushBot/7~bl; +http://www.semrush.com/bot.html)" "www.electric-homecare.com"
185.191.171.36 - - [20/Dec/2022:08:03:52 -0800] "GET /Transfer-Master.html HTTP/1.1" 404 88 "-" "Mozilla/5.0 (compatible; SemrushBot/7~bl; +http://www.semrush.com/bot.html)" "www.electric-homecare.com"
114.119.157.210 - - [20/Dec/2022:08:06:51 -0800] "GET /Victory_Sport.pdf HTTP/1.1" 200 708962 "https://www.electric-homecare.com/Houston-VictorySport.html" "Mozilla/5.0 (Linux; Android 7.0;) AppleWebKit/537.36 (KHTML, like Gecko) Mobile Safari/537.36 (compatible; PetalBot;+https://webmaster.petalsearch.com/site/petalbot)" "www.electric-homecare.com"
185.191.171.34 - - [20/Dec/2022:08:09:58 -0800] "GET /t.html HTTP/1.1" 404 88 "-" "Mozilla/5.0 (compatible; SemrushBot/7~bl; +http://www.semrush.com/bot.html)" "electric-homecare.com"
216.244.66.247 - - [20/Dec/2022:08:12:21 -0800] "GET /robots.txt HTTP/1.1" 200 48 "-" "Mozilla/5.0 (compatible; DotBot/1.2; +https://opensiteexplorer.org/dotbot; help@moz.com)" "electric-homecare.com"
77.75.79.31 - - [20/Dec/2022:08:14:11 -0800] "GET /Houston-Jazzy1450.html HTTP/1.1" 304 - "-" "Mozilla/5.0 (compatible; SeznamBot/4.0-RC1; +http://napoveda.seznam.cz/seznambot-intro/)" "electric-homecare.com"
185.191.171.35 - - [20/Dec/2022:08:18:17 -0800] "GET /Electric-Wheelchairs.html HTTP/1.1" 404 88 "-" "Mozilla/5.0 (compatible; SemrushBot/7~bl; +http://www.semrush.com/bot.html)" "www.electric-homecare.com"
185.191.171.1 - - [20/Dec/2022:08:18:27 -0800] "GET /Houston-GoGoLXwithCTSSuspension.html HTTP/1.1" 200 4029 "-" "Mozilla/5.0 (compatible; SemrushBot/7~bl; +http://www.semrush.com/bot.html)" "www.electric-homecare.com"
185.191.171.43 - - [20/Dec/2022:08:18:57 -0800] "GET /q.html HTTP/1.1" 404 88 "-" "Mozilla/5.0 (compatible; SemrushBot/7~bl; +http://www.semrush.com/bot.html)" "www.electric-homecare.com"
85.208.98.23 - - [20/Dec/2022:08:22:13 -0800] "GET /robots.txt HTTP/1.1" 200 64 "http://electric-homecare.com/robots.txt" "Mozilla/5.0 (compatible; SemrushBot-BA; +http://www.semrush.com/bot.html)" "electric-homecare.com"
85.208.98.23 - - [20/Dec/2022:08:22:28 -0800] "GET /robots.txt HTTP/1.1" 200 64 "http://www.electric-homecare.com/robots.txt" "Mozilla/5.0 (compatible; SemrushBot-BA; +http://www.semrush.com/bot.html)" "www.electric-homecare.com"
185.191.171.38 - - [20/Dec/2022:08:22:58 -0800] "GET /Long-Beach.html HTTP/1.1" 404 88 "-" "Mozilla/5.0 (compatible; SemrushBot/7~bl; +http://www.semrush.com/bot.html)" "electric-homecare.com"
85.208.98.19 - - [20/Dec/2022:08:23:01 -0800] "GET /Houston-TX.html HTTP/1.1" 200 4286 "-" "Mozilla/5.0 (compatible; SemrushBot-BA; +http://www.semrush.com/bot.html)" "www.electric-homecare.com"
114.119.152.11 - - [20/Dec/2022:08:23:37 -0800] "GET /GoGoLXCTS.pdf HTTP/1.1" 200 834102 "https://www.electric-homecare.com/Houston-GoGoLXwithCTSSuspension.html" "Mozilla/5.0 (Linux; Android 7.0;) AppleWebKit/537.36 (KHTML, like Gecko) Mobile Safari/537.36 (compatible; PetalBot;+https://webmaster.petalsearch.com/site/petalbot)" "www.electric-homecare.com"
185.191.171.18 - - [20/Dec/2022:08:24:31 -0800] "GET /robots.txt HTTP/1.1" 200 64 "-" "Mozilla/5.0 (compatible; SemrushBot/7~bl; +http://www.semrush.com/bot.html)" "www.electric-homecare.com"
185.191.171.37 - - [20/Dec/2022:08:24:31 -0800] "GET /USA.html HTTP/1.1" 404 88 "-" "Mozilla/5.0 (compatible; SemrushBot/7~bl; +http://www.semrush.com/bot.html)" "www.electric-homecare.com"
114.119.130.26 - - [20/Dec/2022:08:24:57 -0800] "GET /RiderXpress-User-Manual-2010.pdf HTTP/1.1" 200 2066366 "https://electric-homecare.com/Houston-evrider.html" "Mozilla/5.0 (Linux; Android 7.0;) AppleWebKit/537.36 (KHTML, like Gecko) Mobile Safari/537.36 (compatible; PetalBot;+https://webmaster.petalsearch.com/site/petalbot)" "electric-homecare.com"
185.191.171.18 - - [20/Dec/2022:08:25:21 -0800] "GET /Harmar-Stairlifts.html HTTP/1.1" 404 88 "-" "Mozilla/5.0 (compatible; SemrushBot/7~bl; +http://www.semrush.com/bot.html)" "electric-homecare.com"
114.119.155.22 - - [20/Dec/2022:08:26:22 -0800] "GET /Pure_9.jpg HTTP/1.1" 200 4210 "-" "Mozilla/5.0 (Linux; Android 7.0;) AppleWebKit/537.36 (KHTML, like Gecko) Mobile Safari/537.36 (compatible; PetalBot;+https://webmaster.petalsearch.com/site/petalbot)" "electric-homecare.com"
85.208.98.24 - - [20/Dec/2022:08:26:58 -0800] "GET /Houston-TX.html HTTP/1.1" 200 4286 "-" "Mozilla/5.0 (compatible; SemrushBot-BA; +http://www.semrush.com/bot.html)" "electric-homecare.com"
185.191.171.15 - - [20/Dec/2022:08:31:55 -0800] "GET /Latexpedic.html HTTP/1.1" 404 88 "-" "Mozilla/5.0 (compatible; SemrushBot/7~bl; +http://www.semrush.com/bot.html)" "electric-homecare.com"
185.191.171.45 - - [20/Dec/2022:08:32:32 -0800] "GET /f.html HTTP/1.1" 404 88 "-" "Mozilla/5.0 (compatible; SemrushBot/7~bl; +http://www.semrush.com/bot.html)" "electric-homecare.com"
185.191.171.36 - - [20/Dec/2022:08:33:16 -0800] "GET /Elite-Outdoor-Straight.html HTTP/1.1" 404 88 "-" "Mozilla/5.0 (compatible; SemrushBot/7~bl; +http://www.semrush.com/bot.html)" "electric-homecare.com"
185.191.171.12 - - [20/Dec/2022:08:34:33 -0800] "GET /services.htm HTTP/1.1" 404 88 "-" "Mozilla/5.0 (compatible; SemrushBot/7~bl; +http://www.semrush.com/bot.html)" "www.electric-homecare.com"
185.191.171.33 - - [20/Dec/2022:08:35:11 -0800] "GET /i.html HTTP/1.1" 404 88 "-" "Mozilla/5.0 (compatible; SemrushBot/7~bl; +http://www.semrush.com/bot.html)" "electric-homecare.com"
185.191.171.4 - - [20/Dec/2022:08:38:30 -0800] "GET /Contact-Scooters.html HTTP/1.1" 404 88 "-" "Mozilla/5.0 (compatible; SemrushBot/7~bl; +http://www.semrush.com/bot.html)" "electric-homecare.com"
185.191.171.22 - - [20/Dec/2022:08:38:55 -0800] "GET /Lancaster-Electric-Wheelchair-Power-Chairs.html HTTP/1.1" 404 88 "-" "Mozilla/5.0 (compatible; SemrushBot/7~bl; +http://www.semrush.com/bot.html)" "www.electric-homecare.com"
185.191.171.13 - - [20/Dec/2022:08:46:22 -0800] "GET /San-Diego-Electric-Wheelchair-Power-Chairs.html HTTP/1.1" 404 88 "-" "Mozilla/5.0 (compatible; SemrushBot/7~bl; +http://www.semrush.com/bot.html)" "www.electric-homecare.com"
185.191.171.1 - - [20/Dec/2022:08:52:14 -0800] "GET /Houston-Flexabed.html HTTP/1.1" 200 4570 "-" "Mozilla/5.0 (compatible; SemrushBot/7~bl; +http://www.semrush.com/bot.html)" "electric-homecare.com"
185.191.171.8 - - [20/Dec/2022:08:56:13 -0800] "GET /Lakewood-Electric-Wheelchair-Power-Chairs.html HTTP/1.1" 404 88 "-" "Mozilla/5.0 (compatible; SemrushBot/7~bl; +http://www.semrush.com/bot.html)" "www.electric-homecare.com"
185.191.171.7 - - [20/Dec/2022:08:56:50 -0800] "GET /robots.txt HTTP/1.1" 200 64 "-" "Mozilla/5.0 (compatible; SemrushBot/7~bl; +http://www.semrush.com/bot.html)" "electric-homecare.com"
185.191.171.37 - - [20/Dec/2022:08:56:50 -0800] "GET /Orange-County.html HTTP/1.1" 404 88 "-" "Mozilla/5.0 (compatible; SemrushBot/7~bl; +http://www.semrush.com/bot.html)" "electric-homecare.com"
185.191.171.5 - - [20/Dec/2022:09:07:19 -0800] "GET /Tuffcare.html HTTP/1.1" 404 88 "-" "Mozilla/5.0 (compatible; SemrushBot/7~bl; +http://www.semrush.com/bot.html)" "electric-homecare.com"
185.191.171.33 - - [20/Dec/2022:09:07:47 -0800] "GET /photo.html HTTP/1.1" 404 88 "-" "Mozilla/5.0 (compatible; SemrushBot/7~bl; +http://www.semrush.com/bot.html)" "www.electric-homecare.com"
216.244.66.247 - - [20/Dec/2022:09:08:44 -0800] "GET /robots.txt HTTP/1.1" 200 48 "-" "Mozilla/5.0 (compatible; DotBot/1.2; +https://opensiteexplorer.org/dotbot; help@moz.com)" "electric-homecare.com"
185.191.171.22 - - [20/Dec/2022:09:09:14 -0800] "GET /Houston-JamesAir%E2%84%A2MattressReplacements.html HTTP/1.1" 404 88 "-" "Mozilla/5.0 (compatible; SemrushBot/7~bl; +http://www.semrush.com/bot.html)" "www.electric-homecare.com"
46.53.241.197 - - [20/Dec/2022:09:10:11 -0800] "GET /Acorn.html HTTP/1.1" 200 8001 "http://electric-homecare.com/Acorn.html" "Mozilla/5.0 (X11; Fedora; Linux x86_64; rv:102.0) Gecko/20100101 Firefox/102.0" "electric-homecare.com"
46.53.241.197 - - [20/Dec/2022:09:10:12 -0800] "GET /Used-Electric-Stair-Lifts.html HTTP/1.1" 404 88 "https://electric-homecare.com/Acorn.html" "Mozilla/5.0 (X11; Fedora; Linux x86_64; rv:102.0) Gecko/20100101 Firefox/102.0" "electric-homecare.com"
46.53.241.197 - - [20/Dec/2022:09:10:13 -0800] "GET / HTTP/1.1" 200 4147 "https://electric-homecare.com/Acorn.html" "Mozilla/5.0 (X11; Fedora; Linux x86_64; rv:102.0) Gecko/20100101 Firefox/102.0" "electric-homecare.com"
185.191.171.2 - - [20/Dec/2022:09:10:24 -0800] "GET /Phoenix.html HTTP/1.1" 404 88 "-" "Mozilla/5.0 (compatible; SemrushBot/7~bl; +http://www.semrush.com/bot.html)" "www.electric-homecare.com"
17.241.227.7 - - [20/Dec/2022:09:10:53 -0800] "GET / HTTP/1.1" 200 4147 "-" "Mozilla/5.0 (Macintosh; Intel Mac OS X 10_15_5) AppleWebKit/605.1.15 (KHTML, like Gecko) Version/13.1.1 Safari/605.1.15 (Applebot/0.1; +http://www.apple.com/go/applebot)" "electric-homecare.com"
