216.244.66.247 - - [20/Dec/2022:16:01:22 -0800] "GET /robots.txt HTTP/1.1" 200 48 "-" "Mozilla/5.0 (compatible; DotBot/1.2; +https://opensiteexplorer.org/dotbot; help@moz.com)" "electric-homecare.com"
185.191.171.16 - - [20/Dec/2022:16:11:20 -0800] "GET /Contact-Ramps.html HTTP/1.1" 404 88 "-" "Mozilla/5.0 (compatible; SemrushBot/7~bl; +http://www.semrush.com/bot.html)" "electric-homecare.com"
185.191.171.24 - - [20/Dec/2022:16:21:11 -0800] "GET /about.htm HTTP/1.1" 200 5398 "-" "Mozilla/5.0 (compatible; SemrushBot/7~bl; +http://www.semrush.com/bot.html)" "www.electric-homecare.com"
185.191.171.39 - - [20/Dec/2022:16:22:15 -0800] "GET /Houston-pacesaver.html HTTP/1.1" 200 4394 "-" "Mozilla/5.0 (compatible; SemrushBot/7~bl; +http://www.semrush.com/bot.html)" "electric-homecare.com"
185.191.171.11 - - [20/Dec/2022:16:25:55 -0800] "GET /Camtec.html HTTP/1.1" 404 88 "-" "Mozilla/5.0 (compatible; SemrushBot/7~bl; +http://www.semrush.com/bot.html)" "electric-homecare.com"
114.119.141.9 - - [20/Dec/2022:16:30:14 -0800] "GET /GoGoUltraX.pdf HTTP/1.1" 200 732989 "https://electric-homecare.com/Houston-GoGoUltraX.html" "Mozilla/5.0 (Linux; Android 7.0;) AppleWebKit/537.36 (KHTML, like Gecko) Mobile Safari/537.36 (compatible; PetalBot;+https://webmaster.petalsearch.com/site/petalbot)" "electric-homecare.com"
185.191.171.45 - - [20/Dec/2022:16:33:31 -0800] "GET /Houston-Memory-Foam.html HTTP/1.1" 200 3410 "-" "Mozilla/5.0 (compatible; SemrushBot/7~bl; +http://www.semrush.com/bot.html)" "electric-homecare.com"
185.191.171.12 - - [20/Dec/2022:16:35:01 -0800] "GET /alantejr.html HTTP/1.1" 404 88 "-" "Mozilla/5.0 (compatible; SemrushBot/7~bl; +http://www.semrush.com/bot.html)" "www.electric-homecare.com"
185.191.171.41 - - [20/Dec/2022:16:39:26 -0800] "GET /robots.txt HTTP/1.1" 200 64 "-" "Mozilla/5.0 (compatible; SemrushBot/7~bl; +http://www.semrush.com/bot.html)" "electric-homecare.com"
185.191.171.18 - - [20/Dec/2022:16:39:29 -0800] "GET /Contact-Massage-Chairs.html HTTP/1.1" 404 88 "-" "Mozilla/5.0 (compatible; SemrushBot/7~bl; +http://www.semrush.com/bot.html)" "electric-homecare.com"
185.191.171.22 - - [20/Dec/2022:16:39:36 -0800] "GET /Contact-Mattresses.html HTTP/1.1" 404 88 "-" "Mozilla/5.0 (compatible; SemrushBot/7~bl; +http://www.semrush.com/bot.html)" "electric-homecare.com"
185.191.171.33 - - [20/Dec/2022:16:41:34 -0800] "GET /Service-Repair-CA.html HTTP/1.1" 404 88 "-" "Mozilla/5.0 (compatible; SemrushBot/7~bl; +http://www.semrush.com/bot.html)" "electric-homecare.com"
114.119.128.34 - - [20/Dec/2022:16:43:12 -0800] "GET /Escapecutsheet.pdf HTTP/1.1" 200 1152191 "https://electric-homecare.com/Houston-shoprider.html" "Mozilla/5.0 (Linux; Android 7.0;) AppleWebKit/537.36 (KHTML, like Gecko) Mobile Safari/537.36 (compatible; PetalBot;+https://webmaster.petalsearch.com/site/petalbot)" "electric-homecare.com"
136.243.228.178 - - [20/Dec/2022:16:45:38 -0800] "GET /Houston-Hospital-Beds.html HTTP/1.1" 304 - "-" "Mozilla/5.0 (compatible; DataForSeoBot/1.0; +https://dataforseo.com/dataforseo-bot)" "electric-homecare.com"
136.243.228.178 - - [20/Dec/2022:16:46:47 -0800] "GET /Houston-Mattresses.html HTTP/1.1" 304 - "-" "Mozilla/5.0 (compatible; DataForSeoBot/1.0; +https://dataforseo.com/dataforseo-bot)" "electric-homecare.com"
136.243.228.178 - - [20/Dec/2022:16:47:28 -0800] "GET /Houston-Scooters.html HTTP/1.1" 304 - "-" "Mozilla/5.0 (compatible; DataForSeoBot/1.0; +https://dataforseo.com/dataforseo-bot)" "electric-homecare.com"
185.191.171.11 - - [20/Dec/2022:16:48:14 -0800] "GET /contact.php HTTP/1.1" 404 88 "-" "Mozilla/5.0 (compatible; SemrushBot/7~bl; +http://www.semrush.com/bot.html)" "www.electric-homecare.com"
136.243.228.178 - - [20/Dec/2022:16:49:54 -0800] "GET /Wheelchair-Elevators.html HTTP/1.1" 404 88 "-" "Mozilla/5.0 (compatible; DataForSeoBot/1.0; +https://dataforseo.com/dataforseo-bot)" "electric-homecare.com"
136.243.228.178 - - [20/Dec/2022:16:49:57 -0800] "GET /Houston-Lift-Chairs.html HTTP/1.1" 304 - "-" "Mozilla/5.0 (compatible; DataForSeoBot/1.0; +https://dataforseo.com/dataforseo-bot)" "electric-homecare.com"
136.243.228.193 - - [20/Dec/2022:16:50:15 -0800] "GET /Houston.html HTTP/1.1" 304 - "-" "Mozilla/5.0 (compatible; DataForSeoBot/1.0; +https://dataforseo.com/dataforseo-bot)" "www.electric-homecare.com"
136.243.228.178 - - [20/Dec/2022:16:50:19 -0800] "GET /Nationwide.html HTTP/1.1" 404 88 "-" "Mozilla/5.0 (compatible; DataForSeoBot/1.0; +https://dataforseo.com/dataforseo-bot)" "electric-homecare.com"
185.191.171.11 - - [20/Dec/2022:16:51:18 -0800] "GET /Phoenix-AZ.html HTTP/1.1" 404 88 "-" "Mozilla/5.0 (compatible; SemrushBot/7~bl; +http://www.semrush.com/bot.html)" "electric-homecare.com"
136.243.228.178 - - [20/Dec/2022:16:53:14 -0800] "GET /Houston-Bariatric-Beds.html HTTP/1.1" 304 - "-" "Mozilla/5.0 (compatible; DataForSeoBot/1.0; +https://dataforseo.com/dataforseo-bot)" "electric-homecare.com"
136.243.228.178 - - [20/Dec/2022:16:53:33 -0800] "GET /Stair-Lifts.html HTTP/1.1" 304 - "-" "Mozilla/5.0 (compatible; DataForSeoBot/1.0; +https://dataforseo.com/dataforseo-bot)" "electric-homecare.com"
185.191.171.10 - - [20/Dec/2022:16:53:56 -0800] "GET /Meditek.html HTTP/1.1" 404 88 "-" "Mozilla/5.0 (compatible; SemrushBot/7~bl; +http://www.semrush.com/bot.html)" "www.electric-homecare.com"
136.243.228.178 - - [20/Dec/2022:16:54:02 -0800] "GET /Houston-Wheelchairs.html HTTP/1.1" 304 - "-" "Mozilla/5.0 (compatible; DataForSeoBot/1.0; +https://dataforseo.com/dataforseo-bot)" "electric-homecare.com"
136.243.228.178 - - [20/Dec/2022:16:54:22 -0800] "GET /Houston-Adjustable-Beds.html HTTP/1.1" 304 - "-" "Mozilla/5.0 (compatible; DataForSeoBot/1.0; +https://dataforseo.com/dataforseo-bot)" "electric-homecare.com"
216.244.66.247 - - [20/Dec/2022:16:58:29 -0800] "GET /robots.txt HTTP/1.1" 200 48 "-" "Mozilla/5.0 (compatible; DotBot/1.2; +https://opensiteexplorer.org/dotbot; help@moz.com)" "electric-homecare.com"
185.191.171.34 - - [20/Dec/2022:17:04:47 -0800] "GET /robots.txt HTTP/1.1" 200 64 "-" "Mozilla/5.0 (compatible; SemrushBot/7~bl; +http://www.semrush.com/bot.html)" "www.electric-homecare.com"
185.191.171.1 - - [20/Dec/2022:17:04:49 -0800] "GET /Lancaster-Electric-Wheelchair-Power-Chairs.html HTTP/1.1" 404 88 "-" "Mozilla/5.0 (compatible; SemrushBot/7~bl; +http://www.semrush.com/bot.html)" "www.electric-homecare.com"
185.191.171.9 - - [20/Dec/2022:17:05:40 -0800] "GET /u.html HTTP/1.1" 404 88 "-" "Mozilla/5.0 (compatible; SemrushBot/7~bl; +http://www.semrush.com/bot.html)" "www.electric-homecare.com"
185.191.171.5 - - [20/Dec/2022:17:06:52 -0800] "GET /Scooters.html HTTP/1.1" 404 88 "-" "Mozilla/5.0 (compatible; SemrushBot/7~bl; +http://www.semrush.com/bot.html)" "electric-homecare.com"
185.191.171.3 - - [20/Dec/2022:17:08:51 -0800] "GET /358.html HTTP/1.1" 404 88 "-" "Mozilla/5.0 (compatible; SemrushBot/7~bl; +http://www.semrush.com/bot.html)" "electric-homecare.com"
185.191.171.19 - - [20/Dec/2022:17:10:08 -0800] "GET /Elite-Outdoor-Straight.html HTTP/1.1" 404 88 "-" "Mozilla/5.0 (compatible; SemrushBot/7~bl; +http://www.semrush.com/bot.html)" "electric-homecare.com"
185.191.171.15 - - [20/Dec/2022:17:13:03 -0800] "GET /Alumiramp-Wheelchair-Ramp.html HTTP/1.1" 200 5904 "-" "Mozilla/5.0 (compatible; SemrushBot/7~bl; +http://www.semrush.com/bot.html)" "electric-homecare.com"
185.191.171.36 - - [20/Dec/2022:17:14:04 -0800] "GET /Summit.html HTTP/1.1" 404 88 "-" "Mozilla/5.0 (compatible; SemrushBot/7~bl; +http://www.semrush.com/bot.html)" "www.electric-homecare.com"
185.191.171.4 - - [20/Dec/2022:17:14:09 -0800] "GET /Ramps.htm HTTP/1.1" 404 88 "-" "Mozilla/5.0 (compatible; SemrushBot/7~bl; +http://www.semrush.com/bot.html)" "electric-homecare.com"
40.77.167.3 - - [20/Dec/2022:17:16:58 -0800] "GET /Bariatric-Lift-Chairs.html HTTP/1.1" 200 11198 "-" "Mozilla/5.0 (compatible; bingbot/2.0; +http://www.bing.com/bingbot.htm)" "electric-homecare.com"
185.191.171.21 - - [20/Dec/2022:17:19:51 -0800] "GET /Stair-Lifts1.html HTTP/1.1" 404 88 "-" "Mozilla/5.0 (compatible; SemrushBot/7~bl; +http://www.semrush.com/bot.html)" "electric-homecare.com"
185.191.171.36 - - [20/Dec/2022:17:20:20 -0800] "GET /compass.html HTTP/1.1" 404 88 "-" "Mozilla/5.0 (compatible; SemrushBot/7~bl; +http://www.semrush.com/bot.html)" "www.electric-homecare.com"
185.191.171.34 - - [20/Dec/2022:17:20:49 -0800] "GET /Houston-Cloud.html HTTP/1.1" 200 5030 "-" "Mozilla/5.0 (compatible; SemrushBot/7~bl; +http://www.semrush.com/bot.html)" "electric-homecare.com"
185.191.171.4 - - [20/Dec/2022:17:23:16 -0800] "GET /Curve-Stair-Lifts.htm HTTP/1.1" 404 88 "-" "Mozilla/5.0 (compatible; SemrushBot/7~bl; +http://www.semrush.com/bot.html)" "electric-homecare.com"
185.191.171.11 - - [20/Dec/2022:17:26:02 -0800] "GET /Wheel-Chair-Lifts1.html HTTP/1.1" 404 88 "-" "Mozilla/5.0 (compatible; SemrushBot/7~bl; +http://www.semrush.com/bot.html)" "www.electric-homecare.com"
185.191.171.39 - - [20/Dec/2022:17:26:03 -0800] "GET /El-Monte-Electric-Wheelchair-Power-Chairs.html HTTP/1.1" 404 88 "-" "Mozilla/5.0 (compatible; SemrushBot/7~bl; +http://www.semrush.com/bot.html)" "www.electric-homecare.com"
185.191.171.38 - - [20/Dec/2022:17:33:22 -0800] "GET /hospital-beds.html HTTP/1.1" 404 88 "-" "Mozilla/5.0 (compatible; SemrushBot/7~bl; +http://www.semrush.com/bot.html)" "www.electric-homecare.com"
34.68.137.105 - - [20/Dec/2022:17:36:43 -0800] "GET / HTTP/1.1" 200 4147 "-" "python-requests/2.27.1" "electric-homecare.com"
185.191.171.39 - - [20/Dec/2022:17:38:51 -0800] "GET /Indio-Electric-Wheelchair-Power-Chairs.html HTTP/1.1" 404 88 "-" "Mozilla/5.0 (compatible; SemrushBot/7~bl; +http://www.semrush.com/bot.html)" "www.electric-homecare.com"
65.108.79.209 - - [20/Dec/2022:17:40:31 -0800] "GET /robots.txt HTTP/1.1" 200 64 "http://electric-homecare.com/robots.txt" "Mozilla/5.0 (compatible; SEOkicks; +https://www.seokicks.de/robot.html)" "electric-homecare.com"
65.108.79.209 - - [20/Dec/2022:17:40:31 -0800] "GET /robots.txt HTTP/1.1" 200 64 "http://www.electric-homecare.com/robots.txt" "Mozilla/5.0 (compatible; SEOkicks; +https://www.seokicks.de/robot.html)" "www.electric-homecare.com"
65.108.79.209 - - [20/Dec/2022:17:40:33 -0800] "GET / HTTP/1.1" 200 4147 "http://electric-homecare.com/" "Mozilla/5.0 (compatible; SEOkicks; +https://www.seokicks.de/robot.html)" "electric-homecare.com"
65.108.79.209 - - [20/Dec/2022:17:40:33 -0800] "GET / HTTP/1.1" 200 4147 "http://www.electric-homecare.com/" "Mozilla/5.0 (compatible; SEOkicks; +https://www.seokicks.de/robot.html)" "www.electric-homecare.com"
65.108.79.209 - - [20/Dec/2022:17:40:34 -0800] "GET /Houston.html HTTP/1.1" 200 4223 "https://electric-homecare.com/" "Mozilla/5.0 (compatible; SEOkicks; +https://www.seokicks.de/robot.html)" "electric-homecare.com"
65.108.79.209 - - [20/Dec/2022:17:40:34 -0800] "GET /Houston.html HTTP/1.1" 200 4223 "https://www.electric-homecare.com/" "Mozilla/5.0 (compatible; SEOkicks; +https://www.seokicks.de/robot.html)" "www.electric-homecare.com"
65.108.79.209 - - [20/Dec/2022:17:40:35 -0800] "GET /Houston-TX.html HTTP/1.1" 200 4286 "https://electric-homecare.com/" "Mozilla/5.0 (compatible; SEOkicks; +https://www.seokicks.de/robot.html)" "electric-homecare.com"
65.108.79.209 - - [20/Dec/2022:17:40:35 -0800] "GET /Houston-TX.html HTTP/1.1" 200 4286 "https://www.electric-homecare.com/" "Mozilla/5.0 (compatible; SEOkicks; +https://www.seokicks.de/robot.html)" "www.electric-homecare.com"
185.191.171.24 - - [20/Dec/2022:17:45:49 -0800] "GET /robots.txt HTTP/1.1" 200 64 "-" "Mozilla/5.0 (compatible; SemrushBot/7~bl; +http://www.semrush.com/bot.html)" "electric-homecare.com"
185.191.171.22 - - [20/Dec/2022:17:45:49 -0800] "GET /Houston-AcornStairliftsforStraightstairways.html HTTP/1.1" 200 4423 "-" "Mozilla/5.0 (compatible; SemrushBot/7~bl; +http://www.semrush.com/bot.html)" "electric-homecare.com"
185.191.171.12 - - [20/Dec/2022:17:47:40 -0800] "GET /Heavy-Duty-Mobility.html HTTP/1.1" 404 88 "-" "Mozilla/5.0 (compatible; SemrushBot/7~bl; +http://www.semrush.com/bot.html)" "electric-homecare.com"
185.191.171.14 - - [20/Dec/2022:17:48:27 -0800] "GET /k.html HTTP/1.1" 404 88 "-" "Mozilla/5.0 (compatible; SemrushBot/7~bl; +http://www.semrush.com/bot.html)" "electric-homecare.com"
216.244.66.247 - - [20/Dec/2022:17:54:53 -0800] "GET /robots.txt HTTP/1.1" 200 48 "-" "Mozilla/5.0 (compatible; DotBot/1.2; +https://opensiteexplorer.org/dotbot; help@moz.com)" "electric-homecare.com"
185.191.171.12 - - [20/Dec/2022:17:55:18 -0800] "GET /Bruno-Elite.html HTTP/1.1" 404 88 "-" "Mozilla/5.0 (compatible; SemrushBot/7~bl; +http://www.semrush.com/bot.html)" "www.electric-homecare.com"
5.255.231.109 - - [20/Dec/2022:17:57:16 -0800] "GET /robots.txt HTTP/1.1" 200 48 "-" "Mozilla/5.0 (compatible; YandexBot/3.0; +http://yandex.com/bots)" "electric-homecare.com"
5.45.207.107 - - [20/Dec/2022:17:57:20 -0800] "GET /bariatric-transfer-master-2.jpg HTTP/1.1" 304 - "-" "Mozilla/5.0 (compatible; YandexImages/3.0; +http://yandex.com/bots)" "electric-homecare.com"
185.191.171.20 - - [20/Dec/2022:17:58:31 -0800] "GET /Wheelchair.html HTTP/1.1" 404 88 "-" "Mozilla/5.0 (compatible; SemrushBot/7~bl; +http://www.semrush.com/bot.html)" "www.electric-homecare.com"
185.191.171.11 - - [20/Dec/2022:18:04:40 -0800] "GET /Hawle.html HTTP/1.1" 404 88 "-" "Mozilla/5.0 (compatible; SemrushBot/7~bl; +http://www.semrush.com/bot.html)" "www.electric-homecare.com"
185.191.171.25 - - [20/Dec/2022:18:08:36 -0800] "GET /robots.txt HTTP/1.1" 200 64 "-" "Mozilla/5.0 (compatible; SemrushBot/7~bl; +http://www.semrush.com/bot.html)" "www.electric-homecare.com"
185.191.171.14 - - [20/Dec/2022:18:08:43 -0800] "GET /San-Diego-Electric-Wheelchair-Power-Chairs.html HTTP/1.1" 404 88 "-" "Mozilla/5.0 (compatible; SemrushBot/7~bl; +http://www.semrush.com/bot.html)" "www.electric-homecare.com"
51.222.253.2 - - [20/Dec/2022:18:11:53 -0800] "GET /robots.txt HTTP/1.1" 200 64 "-" "Mozilla/5.0 (compatible; AhrefsBot/7.0; +http://ahrefs.com/robot/)" "electric-homecare.com"
34.28.14.252 - - [20/Dec/2022:18:14:28 -0800] "GET / HTTP/1.1" 200 4147 "-" "python-requests/2.27.1" "electric-homecare.com"
185.191.171.3 - - [20/Dec/2022:18:15:49 -0800] "GET /Ramps.html HTTP/1.1" 404 88 "-" "Mozilla/5.0 (compatible; SemrushBot/7~bl; +http://www.semrush.com/bot.html)" "www.electric-homecare.com"
185.191.171.17 - - [20/Dec/2022:18:16:46 -0800] "GET /Riverside.html HTTP/1.1" 404 88 "-" "Mozilla/5.0 (compatible; SemrushBot/7~bl; +http://www.semrush.com/bot.html)" "www.electric-homecare.com"
185.191.171.39 - - [20/Dec/2022:18:21:34 -0800] "GET /Fullerton-Electric-Wheelchair-Power-Chairs.html HTTP/1.1" 404 88 "-" "Mozilla/5.0 (compatible; SemrushBot/7~bl; +http://www.semrush.com/bot.html)" "www.electric-homecare.com"
114.119.155.236 - - [20/Dec/2022:18:21:42 -0800] "GET /stairlift-for-curved-stairs-acorn-180.jpg HTTP/1.1" 200 27821 "https://www.electric-homecare.com/Lift-Chairs.html" "Mozilla/5.0 (Linux; Android 7.0;) AppleWebKit/537.36 (KHTML, like Gecko) Mobile Safari/537.36 (compatible; PetalBot;+https://webmaster.petalsearch.com/site/petalbot)" "www.electric-homecare.com"
185.191.171.33 - - [20/Dec/2022:18:22:52 -0800] "GET /flexabed_adjustable_beds.html HTTP/1.1" 404 88 "-" "Mozilla/5.0 (compatible; SemrushBot/7~bl; +http://www.semrush.com/bot.html)" "www.electric-homecare.com"
185.191.171.25 - - [20/Dec/2022:18:24:03 -0800] "GET /Houston-PrideLiftsandRamps.html HTTP/1.1" 200 3233 "-" "Mozilla/5.0 (compatible; SemrushBot/7~bl; +http://www.semrush.com/bot.html)" "electric-homecare.com"
185.191.171.11 - - [20/Dec/2022:18:26:51 -0800] "GET /Southgate-Electric-Wheelchair-Power-Chairs.html HTTP/1.1" 404 88 "-" "Mozilla/5.0 (compatible; SemrushBot/7~bl; +http://www.semrush.com/bot.html)" "www.electric-homecare.com"
185.191.171.9 - - [20/Dec/2022:18:28:25 -0800] "GET /flexabed_adjustable_beds.html HTTP/1.1" 404 88 "-" "Mozilla/5.0 (compatible; SemrushBot/7~bl; +http://www.semrush.com/bot.html)" "electric-homecare.com"
185.191.171.38 - - [20/Dec/2022:18:31:49 -0800] "GET /Transfer-Master-Bariatric-Beds.html HTTP/1.1" 404 88 "-" "Mozilla/5.0 (compatible; SemrushBot/7~bl; +http://www.semrush.com/bot.html)" "electric-homecare.com"
185.191.171.43 - - [20/Dec/2022:18:32:44 -0800] "GET /Corona-Electric-Wheelchair-Power-Chairs.html HTTP/1.1" 404 88 "-" "Mozilla/5.0 (compatible; SemrushBot/7~bl; +http://www.semrush.com/bot.html)" "www.electric-homecare.com"
185.191.171.33 - - [20/Dec/2022:18:33:05 -0800] "GET /Hawthorne-Electric-Wheelchair-Power-Chairs.html HTTP/1.1" 404 88 "-" "Mozilla/5.0 (compatible; SemrushBot/7~bl; +http://www.semrush.com/bot.html)" "www.electric-homecare.com"
185.191.171.26 - - [20/Dec/2022:18:33:38 -0800] "GET /Wheelchairs.html HTTP/1.1" 404 88 "-" "Mozilla/5.0 (compatible; SemrushBot/7~bl; +http://www.semrush.com/bot.html)" "electric-homecare.com"
185.191.171.41 - - [20/Dec/2022:18:38:30 -0800] "GET /El-Cajon-Electric-Wheelchair-Power-Chairs.html HTTP/1.1" 404 88 "-" "Mozilla/5.0 (compatible; SemrushBot/7~bl; +http://www.semrush.com/bot.html)" "www.electric-homecare.com"
185.191.171.8 - - [20/Dec/2022:18:39:58 -0800] "GET /Huntington-Beach-Electric-Wheelchair-Power-Chairs.html HTTP/1.1" 404 88 "-" "Mozilla/5.0 (compatible; SemrushBot/7~bl; +http://www.semrush.com/bot.html)" "www.electric-homecare.com"
37.139.53.20 - - [20/Dec/2022:18:43:42 -0800] "GET /Houston-Lift-Chairs.html HTTP/1.1" 200 86617 "https://electric-homecare.com/Houston-Lift-Chairs.html" "Mozilla/5.0 (Windows NT 6.1) AppleWebKit/537.36 (KHTML, like Gecko) Chrome/90.0.4430.72 Safari/537.36" "electric-homecare.com"
185.191.171.34 - - [20/Dec/2022:18:45:08 -0800] "GET /Wheelchair-Elevators.html HTTP/1.1" 404 88 "-" "Mozilla/5.0 (compatible; SemrushBot/7~bl; +http://www.semrush.com/bot.html)" "electric-homecare.com"
185.191.171.8 - - [20/Dec/2022:18:48:03 -0800] "GET /robots.txt HTTP/1.1" 200 64 "-" "Mozilla/5.0 (compatible; SemrushBot/7~bl; +http://www.semrush.com/bot.html)" "electric-homecare.com"
185.191.171.37 - - [20/Dec/2022:18:48:03 -0800] "GET /Med-Lift.html HTTP/1.1" 404 88 "-" "Mozilla/5.0 (compatible; SemrushBot/7~bl; +http://www.semrush.com/bot.html)" "electric-homecare.com"
185.191.171.25 - - [20/Dec/2022:18:49:41 -0800] "GET /p.html HTTP/1.1" 404 88 "-" "Mozilla/5.0 (compatible; SemrushBot/7~bl; +http://www.semrush.com/bot.html)" "electric-homecare.com"
185.191.171.33 - - [20/Dec/2022:18:55:55 -0800] "GET /Outside-Stair-Lifts.htm HTTP/1.1" 404 88 "-" "Mozilla/5.0 (compatible; SemrushBot/7~bl; +http://www.semrush.com/bot.html)" "www.electric-homecare.com"
185.191.171.26 - - [20/Dec/2022:18:56:38 -0800] "GET /Elite-Indoor.html HTTP/1.1" 404 88 "-" "Mozilla/5.0 (compatible; SemrushBot/7~bl; +http://www.semrush.com/bot.html)" "electric-homecare.com"
185.191.171.9 - - [20/Dec/2022:18:58:46 -0800] "GET /index.html HTTP/1.1" 200 4147 "-" "Mozilla/5.0 (compatible; SemrushBot/7~bl; +http://www.semrush.com/bot.html)" "www.electric-homecare.com"
185.191.171.8 - - [20/Dec/2022:19:01:15 -0800] "GET /Hospital-Beds1.html HTTP/1.1" 404 88 "-" "Mozilla/5.0 (compatible; SemrushBot/7~bl; +http://www.semrush.com/bot.html)" "www.electric-homecare.com"
185.191.171.36 - - [20/Dec/2022:19:01:22 -0800] "GET /Houston-maxicomfort.html HTTP/1.1" 200 3891 "-" "Mozilla/5.0 (compatible; SemrushBot/7~bl; +http://www.semrush.com/bot.html)" "www.electric-homecare.com"
185.191.171.4 - - [20/Dec/2022:19:03:18 -0800] "GET /contact1.php HTTP/1.1" 404 88 "-" "Mozilla/5.0 (compatible; SemrushBot/7~bl; +http://www.semrush.com/bot.html)" "electric-homecare.com"
185.191.171.14 - - [20/Dec/2022:19:03:32 -0800] "GET /S-cape.html HTTP/1.1" 404 88 "-" "Mozilla/5.0 (compatible; SemrushBot/7~bl; +http://www.semrush.com/bot.html)" "www.electric-homecare.com"
185.191.171.43 - - [20/Dec/2022:19:07:31 -0800] "GET /u.html HTTP/1.1" 404 88 "-" "Mozilla/5.0 (compatible; SemrushBot/7~bl; +http://www.semrush.com/bot.html)" "electric-homecare.com"
157.55.39.245 - - [20/Dec/2022:19:07:42 -0800] "GET /pridelift-1.jpg HTTP/1.1" 200 31363 "-" "Mozilla/5.0 (compatible; bingbot/2.0; +http://www.bing.com/bingbot.htm)" "electric-homecare.com"
185.191.171.16 - - [20/Dec/2022:19:10:18 -0800] "GET /robots.txt HTTP/1.1" 200 64 "-" "Mozilla/5.0 (compatible; SemrushBot/7~bl; +http://www.semrush.com/bot.html)" "www.electric-homecare.com"
185.191.171.24 - - [20/Dec/2022:19:10:18 -0800] "GET /vehicle-lifts.html HTTP/1.1" 404 88 "-" "Mozilla/5.0 (compatible; SemrushBot/7~bl; +http://www.semrush.com/bot.html)" "www.electric-homecare.com"
185.191.171.1 - - [20/Dec/2022:19:10:33 -0800] "GET /Orange-County.html HTTP/1.1" 404 88 "-" "Mozilla/5.0 (compatible; SemrushBot/7~bl; +http://www.semrush.com/bot.html)" "www.electric-homecare.com"
185.191.171.8 - - [20/Dec/2022:19:12:06 -0800] "GET /Oxnard-Electric-Wheelchair-Power-Chairs.html HTTP/1.1" 404 88 "-" "Mozilla/5.0 (compatible; SemrushBot/7~bl; +http://www.semrush.com/bot.html)" "www.electric-homecare.com"
185.191.171.22 - - [20/Dec/2022:19:14:08 -0800] "GET /Hesperia-Electric-Wheelchair-Power-Chairs.html HTTP/1.1" 404 88 "-" "Mozilla/5.0 (compatible; SemrushBot/7~bl; +http://www.semrush.com/bot.html)" "www.electric-homecare.com"
185.191.171.18 - - [20/Dec/2022:19:15:04 -0800] "GET /Contact-Patient-Hoyer-Lifts.html HTTP/1.1" 404 88 "-" "Mozilla/5.0 (compatible; SemrushBot/7~bl; +http://www.semrush.com/bot.html)" "www.electric-homecare.com"
185.191.171.25 - - [20/Dec/2022:19:15:14 -0800] "GET /Contact-Wheelchair-Elevators.html HTTP/1.1" 404 88 "-" "Mozilla/5.0 (compatible; SemrushBot/7~bl; +http://www.semrush.com/bot.html)" "www.electric-homecare.com"
65.108.79.209 - - [20/Dec/2022:19:15:20 -0800] "GET /Nationwide.html HTTP/1.1" 404 88 "http://electric-homecare.com/Nationwide.html" "Mozilla/5.0 (compatible; SEOkicks; +https://www.seokicks.de/robot.html)" "electric-homecare.com"
65.108.79.209 - - [20/Dec/2022:19:15:21 -0800] "GET /Houston-Adjustable-Beds.html HTTP/1.1" 200 11912 "http://electric-homecare.com/Houston-Adjustable-Beds.html" "Mozilla/5.0 (compatible; SEOkicks; +https://www.seokicks.de/robot.html)" "electric-homecare.com"
65.108.79.209 - - [20/Dec/2022:19:15:23 -0800] "GET /Houston-Bariatric-Beds.html HTTP/1.1" 200 9978 "http://electric-homecare.com/Houston-Bariatric-Beds.html" "Mozilla/5.0 (compatible; SEOkicks; +https://www.seokicks.de/robot.html)" "electric-homecare.com"
65.108.79.209 - - [20/Dec/2022:19:15:24 -0800] "GET /Houston-Hospital-Beds.html HTTP/1.1" 200 4991 "http://electric-homecare.com/Houston-Hospital-Beds.html" "Mozilla/5.0 (compatible; SEOkicks; +https://www.seokicks.de/robot.html)" "electric-homecare.com"
65.108.79.209 - - [20/Dec/2022:19:15:26 -0800] "GET /Houston-Lift-Chairs.html HTTP/1.1" 200 8833 "http://electric-homecare.com/Houston-Lift-Chairs.html" "Mozilla/5.0 (compatible; SEOkicks; +https://www.seokicks.de/robot.html)" "electric-homecare.com"
65.108.79.209 - - [20/Dec/2022:19:15:27 -0800] "GET /Houston-Mattresses.html HTTP/1.1" 200 3535 "http://electric-homecare.com/Houston-Mattresses.html" "Mozilla/5.0 (compatible; SEOkicks; +https://www.seokicks.de/robot.html)" "electric-homecare.com"
65.108.79.209 - - [20/Dec/2022:19:15:28 -0800] "GET /Houston-Scooters.html HTTP/1.1" 200 13467 "http://electric-homecare.com/Houston-Scooters.html" "Mozilla/5.0 (compatible; SEOkicks; +https://www.seokicks.de/robot.html)" "electric-homecare.com"
65.108.79.209 - - [20/Dec/2022:19:15:30 -0800] "GET /Stair-Lifts.html HTTP/1.1" 200 13618 "http://electric-homecare.com/Stair-Lifts.html" "Mozilla/5.0 (compatible; SEOkicks; +https://www.seokicks.de/robot.html)" "electric-homecare.com"
65.108.79.209 - - [20/Dec/2022:19:15:32 -0800] "GET /Houston-Wheelchairs.html HTTP/1.1" 200 12937 "http://electric-homecare.com/Houston-Wheelchairs.html" "Mozilla/5.0 (compatible; SEOkicks; +https://www.seokicks.de/robot.html)" "electric-homecare.com"
65.108.79.209 - - [20/Dec/2022:19:15:34 -0800] "GET /Wheelchair-Elevators.html HTTP/1.1" 404 88 "http://electric-homecare.com/Wheelchair-Elevators.html" "Mozilla/5.0 (compatible; SEOkicks; +https://www.seokicks.de/robot.html)" "electric-homecare.com"
65.108.79.209 - - [20/Dec/2022:19:15:35 -0800] "GET /index.html HTTP/1.1" 200 4147 "https://electric-homecare.com/Houston-Adjustable-Beds.html" "Mozilla/5.0 (compatible; SEOkicks; +https://www.seokicks.de/robot.html)" "electric-homecare.com"
185.191.171.37 - - [20/Dec/2022:19:17:50 -0800] "GET /Leggett-Platt.html HTTP/1.1" 404 88 "-" "Mozilla/5.0 (compatible; SemrushBot/7~bl; +http://www.semrush.com/bot.html)" "electric-homecare.com"
54.36.148.62 - - [20/Dec/2022:19:17:51 -0800] "GET /robots.txt HTTP/1.1" 200 64 "-" "Mozilla/5.0 (compatible; AhrefsBot/7.0; +http://ahrefs.com/robot/)" "www.electric-homecare.com"
51.222.253.1 - - [20/Dec/2022:19:17:56 -0800] "GET /Houston.html HTTP/1.1" 200 4223 "-" "Mozilla/5.0 (compatible; AhrefsBot/7.0; +http://ahrefs.com/robot/)" "www.electric-homecare.com"
185.191.171.5 - - [20/Dec/2022:19:18:22 -0800] "GET /m.html HTTP/1.1" 404 88 "-" "Mozilla/5.0 (compatible; SemrushBot/7~bl; +http://www.semrush.com/bot.html)" "www.electric-homecare.com"
185.191.171.20 - - [20/Dec/2022:19:21:09 -0800] "GET /Carlsbad-Electric-Wheelchair-Power-Chairs.html HTTP/1.1" 404 88 "-" "Mozilla/5.0 (compatible; SemrushBot/7~bl; +http://www.semrush.com/bot.html)" "www.electric-homecare.com"
185.191.171.20 - - [20/Dec/2022:19:26:44 -0800] "GET /San-Fernando-Valley.html HTTP/1.1" 404 88 "-" "Mozilla/5.0 (compatible; SemrushBot/7~bl; +http://www.semrush.com/bot.html)" "www.electric-homecare.com"
185.191.171.14 - - [20/Dec/2022:19:28:10 -0800] "GET /Glendale-Electric-Wheelchair-Power-Chairs.html HTTP/1.1" 404 88 "-" "Mozilla/5.0 (compatible; SemrushBot/7~bl; +http://www.semrush.com/bot.html)" "www.electric-homecare.com"
185.191.171.41 - - [20/Dec/2022:19:34:53 -0800] "GET /CRE-2100.html HTTP/1.1" 404 88 "-" "Mozilla/5.0 (compatible; SemrushBot/7~bl; +http://www.semrush.com/bot.html)" "electric-homecare.com"
185.191.171.26 - - [20/Dec/2022:19:36:11 -0800] "GET /Contact-Hospital-Beds.html HTTP/1.1" 404 88 "-" "Mozilla/5.0 (compatible; SemrushBot/7~bl; +http://www.semrush.com/bot.html)" "www.electric-homecare.com"
185.191.171.44 - - [20/Dec/2022:19:36:35 -0800] "GET /Wheelchairs.html HTTP/1.1" 404 88 "-" "Mozilla/5.0 (compatible; SemrushBot/7~bl; +http://www.semrush.com/bot.html)" "www.electric-homecare.com"
185.191.171.11 - - [20/Dec/2022:19:39:43 -0800] "GET /Elan.html HTTP/1.1" 404 88 "-" "Mozilla/5.0 (compatible; SemrushBot/7~bl; +http://www.semrush.com/bot.html)" "electric-homecare.com"
185.191.171.2 - - [20/Dec/2022:19:40:32 -0800] "GET /Riverside.html HTTP/1.1" 404 88 "-" "Mozilla/5.0 (compatible; SemrushBot/7~bl; +http://www.semrush.com/bot.html)" "www.electric-homecare.com"
65.21.233.213 - - [20/Dec/2022:19:40:43 -0800] "GET /robots.txt HTTP/1.1" 200 48 "-" "Mozilla/5.0 (compatible; MJ12bot/v1.4.8; http://mj12bot.com/)" "electric-homecare.com"
65.21.233.213 - - [20/Dec/2022:19:40:44 -0800] "GET /Houston-TX.html HTTP/1.1" 200 4286 "-" "Mozilla/5.0 (compatible; MJ12bot/v1.4.8; http://mj12bot.com/)" "electric-homecare.com"
65.21.233.213 - - [20/Dec/2022:19:40:46 -0800] "GET /images/ HTTP/1.1" 200 504 "-" "Mozilla/5.0 (compatible; MJ12bot/v1.4.8; http://mj12bot.com/)" "electric-homecare.com"
65.21.233.213 - - [20/Dec/2022:19:40:47 -0800] "GET /images/_vti_cnf/?C=D;O=A HTTP/1.1" 200 479 "-" "Mozilla/5.0 (compatible; MJ12bot/v1.4.8; http://mj12bot.com/)" "electric-homecare.com"
65.21.233.213 - - [20/Dec/2022:19:40:49 -0800] "GET /images/_vti_cnf/?C=D;O=D HTTP/1.1" 200 478 "-" "Mozilla/5.0 (compatible; MJ12bot/v1.4.8; http://mj12bot.com/)" "electric-homecare.com"
65.21.233.213 - - [20/Dec/2022:19:40:51 -0800] "GET /images/_vti_cnf/?C=M;O=A HTTP/1.1" 200 480 "-" "Mozilla/5.0 (compatible; MJ12bot/v1.4.8; http://mj12bot.com/)" "electric-homecare.com"
65.21.233.213 - - [20/Dec/2022:19:40:53 -0800] "GET /images/_vti_cnf/?C=M;O=D HTTP/1.1" 200 478 "-" "Mozilla/5.0 (compatible; MJ12bot/v1.4.8; http://mj12bot.com/)" "electric-homecare.com"
185.191.171.4 - - [20/Dec/2022:19:40:53 -0800] "GET /Newport-Beach-Electric-Wheelchair-Power-Chairs.html HTTP/1.1" 404 88 "-" "Mozilla/5.0 (compatible; SemrushBot/7~bl; +http://www.semrush.com/bot.html)" "www.electric-homecare.com"
65.21.233.213 - - [20/Dec/2022:19:40:55 -0800] "GET /images/_vti_cnf/?C=N;O=A HTTP/1.1" 200 479 "-" "Mozilla/5.0 (compatible; MJ12bot/v1.4.8; http://mj12bot.com/)" "electric-homecare.com"
65.21.233.213 - - [20/Dec/2022:19:40:57 -0800] "GET /images/_vti_cnf/?C=N;O=D HTTP/1.1" 200 478 "-" "Mozilla/5.0 (compatible; MJ12bot/v1.4.8; http://mj12bot.com/)" "electric-homecare.com"
65.21.233.213 - - [20/Dec/2022:19:40:58 -0800] "GET /images/_vti_cnf/?C=S;O=A HTTP/1.1" 200 478 "-" "Mozilla/5.0 (compatible; MJ12bot/v1.4.8; http://mj12bot.com/)" "electric-homecare.com"
65.21.233.213 - - [20/Dec/2022:19:41:00 -0800] "GET /images/_vti_cnf/?C=S;O=D HTTP/1.1" 200 476 "-" "Mozilla/5.0 (compatible; MJ12bot/v1.4.8; http://mj12bot.com/)" "electric-homecare.com"
185.191.171.3 - - [20/Dec/2022:19:46:23 -0800] "GET /n.html HTTP/1.1" 404 88 "-" "Mozilla/5.0 (compatible; SemrushBot/7~bl; +http://www.semrush.com/bot.html)" "www.electric-homecare.com"
216.244.66.247 - - [20/Dec/2022:19:49:48 -0800] "GET /robots.txt HTTP/1.1" 200 48 "-" "Mozilla/5.0 (compatible; DotBot/1.2; +https://opensiteexplorer.org/dotbot; help@moz.com)" "electric-homecare.com"
185.191.171.37 - - [20/Dec/2022:19:50:01 -0800] "GET /Burbank-Electric-Wheelchair-Power-Chairs.html HTTP/1.1" 404 88 "-" "Mozilla/5.0 (compatible; SemrushBot/7~bl; +http://www.semrush.com/bot.html)" "www.electric-homecare.com"
185.191.171.41 - - [20/Dec/2022:19:51:43 -0800] "GET /Bruno_CRE-2110.html HTTP/1.1" 404 88 "-" "Mozilla/5.0 (compatible; SemrushBot/7~bl; +http://www.semrush.com/bot.html)" "www.electric-homecare.com"
65.108.79.209 - - [20/Dec/2022:19:56:10 -0800] "GET /San-Francisco-Adjustable-Beds.html HTTP/1.1" 404 88 "https://electric-homecare.com/Houston-Adjustable-Beds.html" "Mozilla/5.0 (compatible; SEOkicks; +https://www.seokicks.de/robot.html)" "electric-homecare.com"
65.108.79.209 - - [20/Dec/2022:19:56:12 -0800] "GET /Adjustable-Beds.html HTTP/1.1" 200 6512 "http://electric-homecare.com/Adjustable-Beds.html" "Mozilla/5.0 (compatible; SEOkicks; +https://www.seokicks.de/robot.html)" "electric-homecare.com"
65.108.79.209 - - [20/Dec/2022:19:56:13 -0800] "GET /Bariatric-Beds.html HTTP/1.1" 404 88 "http://electric-homecare.com/Bariatric-Beds.html" "Mozilla/5.0 (compatible; SEOkicks; +https://www.seokicks.de/robot.html)" "electric-homecare.com"
65.108.79.209 - - [20/Dec/2022:19:56:14 -0800] "GET /Hospital-Beds.html HTTP/1.1" 404 88 "http://electric-homecare.com/Hospital-Beds.html" "Mozilla/5.0 (compatible; SEOkicks; +https://www.seokicks.de/robot.html)" "electric-homecare.com"
65.108.79.209 - - [20/Dec/2022:19:56:16 -0800] "GET /Lift-Chairs.html HTTP/1.1" 200 14960 "http://electric-homecare.com/Lift-Chairs.html" "Mozilla/5.0 (compatible; SEOkicks; +https://www.seokicks.de/robot.html)" "electric-homecare.com"
65.108.79.209 - - [20/Dec/2022:19:56:17 -0800] "GET /Wheelchairs.html HTTP/1.1" 404 88 "http://electric-homecare.com/Wheelchairs.html" "Mozilla/5.0 (compatible; SEOkicks; +https://www.seokicks.de/robot.html)" "electric-homecare.com"
65.108.79.209 - - [20/Dec/2022:19:56:19 -0800] "GET /Wheel-Chair-Lifts.html HTTP/1.1" 404 88 "http://electric-homecare.com/Wheel-Chair-Lifts.html" "Mozilla/5.0 (compatible; SEOkicks; +https://www.seokicks.de/robot.html)" "electric-homecare.com"
65.108.79.209 - - [20/Dec/2022:19:56:20 -0800] "GET /Scooters.html HTTP/1.1" 404 88 "http://electric-homecare.com/Scooters.html" "Mozilla/5.0 (compatible; SEOkicks; +https://www.seokicks.de/robot.html)" "electric-homecare.com"
65.108.79.209 - - [20/Dec/2022:19:56:22 -0800] "GET /Mattresses.html HTTP/1.1" 404 88 "http://electric-homecare.com/Mattresses.html" "Mozilla/5.0 (compatible; SEOkicks; +https://www.seokicks.de/robot.html)" "electric-homecare.com"
65.108.79.209 - - [20/Dec/2022:19:56:24 -0800] "GET /Transfer-Master.html HTTP/1.1" 404 88 "http://electric-homecare.com/Transfer-Master.html" "Mozilla/5.0 (compatible; SEOkicks; +https://www.seokicks.de/robot.html)" "electric-homecare.com"
65.108.79.209 - - [20/Dec/2022:19:56:26 -0800] "GET /Graham-Field.html HTTP/1.1" 404 88 "http://electric-homecare.com/Graham-Field.html" "Mozilla/5.0 (compatible; SEOkicks; +https://www.seokicks.de/robot.html)" "electric-homecare.com"
185.191.171.6 - - [20/Dec/2022:19:59:46 -0800] "GET /robots.txt HTTP/1.1" 200 64 "-" "Mozilla/5.0 (compatible; SemrushBot/7~bl; +http://www.semrush.com/bot.html)" "electric-homecare.com"
185.191.171.8 - - [20/Dec/2022:19:59:46 -0800] "GET /contact.php HTTP/1.1" 404 88 "-" "Mozilla/5.0 (compatible; SemrushBot/7~bl; +http://www.semrush.com/bot.html)" "electric-homecare.com"
61.135.159.175 - - [20/Dec/2022:20:02:45 -0800] "GET / HTTP/1.1" 200 4147 "-" "Sogou web spider/4.0(+http://www.sogou.com/docs/help/webmasters.htm#07)" "www.electric-homecare.com"
185.191.171.10 - - [20/Dec/2022:20:02:51 -0800] "GET /Heavy-Duty.html HTTP/1.1" 404 88 "-" "Mozilla/5.0 (compatible; SemrushBot/7~bl; +http://www.semrush.com/bot.html)" "electric-homecare.com"
185.191.171.21 - - [20/Dec/2022:20:03:33 -0800] "GET /electric-homecare.com%0A/AdjustableBeds-Twin.html HTTP/1.1" 404 88 "-" "Mozilla/5.0 (compatible; SemrushBot/7~bl; +http://www.semrush.com/bot.html)" "www.electric-homecare.com"
185.191.171.35 - - [20/Dec/2022:20:08:53 -0800] "GET /scape_leggett.html HTTP/1.1" 404 88 "-" "Mozilla/5.0 (compatible; SemrushBot/7~bl; +http://www.semrush.com/bot.html)" "electric-homecare.com"
185.191.171.23 - - [20/Dec/2022:20:09:16 -0800] "GET /Used.html HTTP/1.1" 404 88 "-" "Mozilla/5.0 (compatible; SemrushBot/7~bl; +http://www.semrush.com/bot.html)" "www.electric-homecare.com"
185.191.171.18 - - [20/Dec/2022:20:11:09 -0800] "GET /Bariatric-Beds.html HTTP/1.1" 404 88 "-" "Mozilla/5.0 (compatible; SemrushBot/7~bl; +http://www.semrush.com/bot.html)" "electric-homecare.com"
185.191.171.11 - - [20/Dec/2022:20:25:03 -0800] "GET /robots.txt HTTP/1.1" 200 64 "-" "Mozilla/5.0 (compatible; SemrushBot/7~bl; +http://www.semrush.com/bot.html)" "www.electric-homecare.com"
185.191.171.33 - - [20/Dec/2022:20:25:03 -0800] "GET /Los-Angeles-CA.html HTTP/1.1" 404 88 "-" "Mozilla/5.0 (compatible; SemrushBot/7~bl; +http://www.semrush.com/bot.html)" "www.electric-homecare.com"
185.191.171.36 - - [20/Dec/2022:20:31:37 -0800] "GET /MedLift.html HTTP/1.1" 404 88 "-" "Mozilla/5.0 (compatible; SemrushBot/7~bl; +http://www.semrush.com/bot.html)" "electric-homecare.com"
65.108.79.209 - - [20/Dec/2022:20:33:14 -0800] "GET /San-Francisco-Adjustable-Beds.html HTTP/1.1" 404 88 "http://www.electric-homecare.com/San-Francisco-Adjustable-Beds.html" "Mozilla/5.0 (compatible; SEOkicks; +https://www.seokicks.de/robot.html)" "www.electric-homecare.com"
65.108.79.209 - - [20/Dec/2022:20:33:16 -0800] "GET /index.html HTTP/1.1" 200 4147 "http://www.electric-homecare.com/index.html" "Mozilla/5.0 (compatible; SEOkicks; +https://www.seokicks.de/robot.html)" "www.electric-homecare.com"
65.108.79.209 - - [20/Dec/2022:20:33:17 -0800] "GET /Cloud.html HTTP/1.1" 404 88 "http://www.electric-homecare.com/Cloud.html" "Mozilla/5.0 (compatible; SEOkicks; +https://www.seokicks.de/robot.html)" "www.electric-homecare.com"
65.108.79.209 - - [20/Dec/2022:20:33:19 -0800] "GET /Used.html HTTP/1.1" 404 88 "http://www.electric-homecare.com/Used.html" "Mozilla/5.0 (compatible; SEOkicks; +https://www.seokicks.de/robot.html)" "www.electric-homecare.com"
65.108.79.209 - - [20/Dec/2022:20:33:20 -0800] "GET /Los-Angeles.html HTTP/1.1" 404 88 "http://www.electric-homecare.com/Los-Angeles.html" "Mozilla/5.0 (compatible; SEOkicks; +https://www.seokicks.de/robot.html)" "www.electric-homecare.com"
65.108.79.209 - - [20/Dec/2022:20:33:22 -0800] "GET /Orange-County.html HTTP/1.1" 404 88 "http://www.electric-homecare.com/Orange-County.html" "Mozilla/5.0 (compatible; SEOkicks; +https://www.seokicks.de/robot.html)" "www.electric-homecare.com"
65.108.79.209 - - [20/Dec/2022:20:33:23 -0800] "GET /Phoenix.html HTTP/1.1" 404 88 "http://www.electric-homecare.com/Phoenix.html" "Mozilla/5.0 (compatible; SEOkicks; +https://www.seokicks.de/robot.html)" "www.electric-homecare.com"
65.108.79.209 - - [20/Dec/2022:20:33:25 -0800] "GET /San-Francisco.html HTTP/1.1" 404 88 "http://www.electric-homecare.com/San-Francisco.html" "Mozilla/5.0 (compatible; SEOkicks; +https://www.seokicks.de/robot.html)" "www.electric-homecare.com"
185.191.171.44 - - [20/Dec/2022:20:33:26 -0800] "GET /Wheelchairs-of-Kansas.html HTTP/1.1" 404 88 "-" "Mozilla/5.0 (compatible; SemrushBot/7~bl; +http://www.semrush.com/bot.html)" "electric-homecare.com"
65.108.79.209 - - [20/Dec/2022:20:33:26 -0800] "GET /Riverside.html HTTP/1.1" 404 88 "http://www.electric-homecare.com/Riverside.html" "Mozilla/5.0 (compatible; SEOkicks; +https://www.seokicks.de/robot.html)" "www.electric-homecare.com"
65.108.79.209 - - [20/Dec/2022:20:33:27 -0800] "GET /San-Diego.html HTTP/1.1" 404 88 "http://www.electric-homecare.com/San-Diego.html" "Mozilla/5.0 (compatible; SEOkicks; +https://www.seokicks.de/robot.html)" "www.electric-homecare.com"
65.108.79.209 - - [20/Dec/2022:20:33:29 -0800] "GET /Nationwide.html HTTP/1.1" 404 88 "http://www.electric-homecare.com/Nationwide.html" "Mozilla/5.0 (compatible; SEOkicks; +https://www.seokicks.de/robot.html)" "www.electric-homecare.com"
65.108.79.209 - - [20/Dec/2022:20:33:50 -0800] "GET /Drive.html HTTP/1.1" 404 88 "http://electric-homecare.com/Drive.html" "Mozilla/5.0 (compatible; SEOkicks; +https://www.seokicks.de/robot.html)" "electric-homecare.com"
65.108.79.209 - - [20/Dec/2022:20:33:52 -0800] "GET /Tuffcare.html HTTP/1.1" 404 88 "http://electric-homecare.com/Tuffcare.html" "Mozilla/5.0 (compatible; SEOkicks; +https://www.seokicks.de/robot.html)" "electric-homecare.com"
65.108.79.209 - - [20/Dec/2022:20:33:53 -0800] "GET /none HTTP/1.1" 404 88 "http://electric-homecare.com/none" "Mozilla/5.0 (compatible; SEOkicks; +https://www.seokicks.de/robot.html)" "electric-homecare.com"
65.108.79.209 - - [20/Dec/2022:20:33:55 -0800] "GET /Acorn-Indoor.html HTTP/1.1" 404 88 "http://electric-homecare.com/Acorn-Indoor.html" "Mozilla/5.0 (compatible; SEOkicks; +https://www.seokicks.de/robot.html)" "electric-homecare.com"
65.108.79.209 - - [20/Dec/2022:20:33:57 -0800] "GET /Acorn-Outdoor.html HTTP/1.1" 404 88 "http://electric-homecare.com/Acorn-Outdoor.html" "Mozilla/5.0 (compatible; SEOkicks; +https://www.seokicks.de/robot.html)" "electric-homecare.com"
65.108.79.209 - - [20/Dec/2022:20:33:59 -0800] "GET /Acorn-Curve.html HTTP/1.1" 404 88 "http://electric-homecare.com/Acorn-Curve.html" "Mozilla/5.0 (compatible; SEOkicks; +https://www.seokicks.de/robot.html)" "electric-homecare.com"
65.108.79.209 - - [20/Dec/2022:20:34:00 -0800] "GET /Elan.html HTTP/1.1" 404 88 "http://electric-homecare.com/Elan.html" "Mozilla/5.0 (compatible; SEOkicks; +https://www.seokicks.de/robot.html)" "electric-homecare.com"
65.108.79.209 - - [20/Dec/2022:20:34:03 -0800] "GET /Elite-Indoor.html HTTP/1.1" 404 88 "http://electric-homecare.com/Elite-Indoor.html" "Mozilla/5.0 (compatible; SEOkicks; +https://www.seokicks.de/robot.html)" "electric-homecare.com"
65.108.79.209 - - [20/Dec/2022:20:34:04 -0800] "GET /Elite-Indoor-Curved.html HTTP/1.1" 404 88 "http://electric-homecare.com/Elite-Indoor-Curved.html" "Mozilla/5.0 (compatible; SEOkicks; +https://www.seokicks.de/robot.html)" "electric-homecare.com"
65.108.79.209 - - [20/Dec/2022:20:34:06 -0800] "GET /Elite-Outdoor-Curved.html HTTP/1.1" 404 88 "http://electric-homecare.com/Elite-Outdoor-Curved.html" "Mozilla/5.0 (compatible; SEOkicks; +https://www.seokicks.de/robot.html)" "electric-homecare.com"
65.108.79.209 - - [20/Dec/2022:20:34:08 -0800] "GET /Elite-Outdoor-Straight.html HTTP/1.1" 404 88 "http://electric-homecare.com/Elite-Outdoor-Straight.html" "Mozilla/5.0 (compatible; SEOkicks; +https://www.seokicks.de/robot.html)" "electric-homecare.com"
185.191.171.35 - - [20/Dec/2022:20:38:40 -0800] "GET /Memory-Foam.html HTTP/1.1" 404 88 "-" "Mozilla/5.0 (compatible; SemrushBot/7~bl; +http://www.semrush.com/bot.html)" "electric-homecare.com"
185.191.171.7 - - [20/Dec/2022:20:43:35 -0800] "GET /d.html HTTP/1.1" 404 88 "-" "Mozilla/5.0 (compatible; SemrushBot/7~bl; +http://www.semrush.com/bot.html)" "www.electric-homecare.com"
185.191.171.17 - - [20/Dec/2022:20:43:50 -0800] "GET /Houston-Electric-Wheelchair-Power-Chairs.html HTTP/1.1" 404 88 "-" "Mozilla/5.0 (compatible; SemrushBot/7~bl; +http://www.semrush.com/bot.html)" "www.electric-homecare.com"
216.244.66.247 - - [20/Dec/2022:20:44:31 -0800] "GET /robots.txt HTTP/1.1" 200 48 "-" "Mozilla/5.0 (compatible; DotBot/1.2; +https://opensiteexplorer.org/dotbot; help@moz.com)" "electric-homecare.com"
185.191.171.18 - - [20/Dec/2022:20:46:02 -0800] "GET /Span-America.html HTTP/1.1" 404 88 "-" "Mozilla/5.0 (compatible; SemrushBot/7~bl; +http://www.semrush.com/bot.html)" "www.electric-homecare.com"
185.191.171.2 - - [20/Dec/2022:20:46:53 -0800] "GET /Rent.html HTTP/1.1" 404 88 "-" "Mozilla/5.0 (compatible; SemrushBot/7~bl; +http://www.semrush.com/bot.html)" "www.electric-homecare.com"
185.191.171.4 - - [20/Dec/2022:20:47:18 -0800] "GET /b.html HTTP/1.1" 200 7694 "-" "Mozilla/5.0 (compatible; SemrushBot/7~bl; +http://www.semrush.com/bot.html)" "electric-homecare.com"
185.191.171.5 - - [20/Dec/2022:20:47:41 -0800] "GET /Hawthorne-Electric-Wheelchair-Power-Chairs.html HTTP/1.1" 404 88 "-" "Mozilla/5.0 (compatible; SemrushBot/7~bl; +http://www.semrush.com/bot.html)" "www.electric-homecare.com"
185.191.171.38 - - [20/Dec/2022:20:52:02 -0800] "GET /Stair-Lifts1.html HTTP/1.1" 404 88 "-" "Mozilla/5.0 (compatible; SemrushBot/7~bl; +http://www.semrush.com/bot.html)" "www.electric-homecare.com"
185.191.171.8 - - [20/Dec/2022:20:58:08 -0800] "GET /Flex-A-Bed-Adjustable-Beds.html HTTP/1.1" 404 88 "-" "Mozilla/5.0 (compatible; SemrushBot/7~bl; +http://www.semrush.com/bot.html)" "electric-homecare.com"
185.191.171.4 - - [20/Dec/2022:20:58:25 -0800] "GET /Quickie.html HTTP/1.1" 404 88 "-" "Mozilla/5.0 (compatible; SemrushBot/7~bl; +http://www.semrush.com/bot.html)" "www.electric-homecare.com"
185.191.171.11 - - [20/Dec/2022:21:00:07 -0800] "GET /Prodigy.html HTTP/1.1" 404 88 "-" "Mozilla/5.0 (compatible; SemrushBot/7~bl; +http://www.semrush.com/bot.html)" "www.electric-homecare.com"
185.191.171.13 - - [20/Dec/2022:21:03:42 -0800] "GET /robots.txt HTTP/1.1" 200 64 "-" "Mozilla/5.0 (compatible; SemrushBot/7~bl; +http://www.semrush.com/bot.html)" "electric-homecare.com"
185.191.171.25 - - [20/Dec/2022:21:03:43 -0800] "GET /Bruno-VPL3100.html HTTP/1.1" 404 88 "-" "Mozilla/5.0 (compatible; SemrushBot/7~bl; +http://www.semrush.com/bot.html)" "electric-homecare.com"
65.108.79.209 - - [20/Dec/2022:21:08:14 -0800] "GET /Phoenix-Electric-Wheelchair-Power-Chairs.html HTTP/1.1" 404 88 "http://www.electric-homecare.com/Phoenix-Electric-Wheelchair-Power-Chairs.html" "Mozilla/5.0 (compatible; SEOkicks; +https://www.seokicks.de/robot.html)" "www.electric-homecare.com"
65.108.79.209 - - [20/Dec/2022:21:08:16 -0800] "GET /Los-Angeles-Electric-Wheelchair-Power-Chairs.html HTTP/1.1" 404 88 "http://www.electric-homecare.com/Los-Angeles-Electric-Wheelchair-Power-Chairs.html" "Mozilla/5.0 (compatible; SEOkicks; +https://www.seokicks.de/robot.html)" "www.electric-homecare.com"
65.108.79.209 - - [20/Dec/2022:21:08:17 -0800] "GET /Alhambra-Electric-Wheelchair-Power-Chairs.html HTTP/1.1" 404 88 "http://www.electric-homecare.com/Alhambra-Electric-Wheelchair-Power-Chairs.html" "Mozilla/5.0 (compatible; SEOkicks; +https://www.seokicks.de/robot.html)" "www.electric-homecare.com"
65.108.79.209 - - [20/Dec/2022:21:08:19 -0800] "GET /Houston-Electric-Wheelchair-Power-Chairs.html HTTP/1.1" 404 88 "http://www.electric-homecare.com/Houston-Electric-Wheelchair-Power-Chairs.html" "Mozilla/5.0 (compatible; SEOkicks; +https://www.seokicks.de/robot.html)" "www.electric-homecare.com"
65.108.79.209 - - [20/Dec/2022:21:08:20 -0800] "GET /Buena-Park-Electric-Wheelchair-Power-Chairs.html HTTP/1.1" 404 88 "http://www.electric-homecare.com/Buena-Park-Electric-Wheelchair-Power-Chairs.html" "Mozilla/5.0 (compatible; SEOkicks; +https://www.seokicks.de/robot.html)" "www.electric-homecare.com"
65.108.79.209 - - [20/Dec/2022:21:08:22 -0800] "GET /Burbank-Electric-Wheelchair-Power-Chairs.html HTTP/1.1" 404 88 "http://www.electric-homecare.com/Burbank-Electric-Wheelchair-Power-Chairs.html" "Mozilla/5.0 (compatible; SEOkicks; +https://www.seokicks.de/robot.html)" "www.electric-homecare.com"
65.108.79.209 - - [20/Dec/2022:21:08:23 -0800] "GET /Carlsbad-Electric-Wheelchair-Power-Chairs.html HTTP/1.1" 404 88 "http://www.electric-homecare.com/Carlsbad-Electric-Wheelchair-Power-Chairs.html" "Mozilla/5.0 (compatible; SEOkicks; +https://www.seokicks.de/robot.html)" "www.electric-homecare.com"
65.108.79.209 - - [20/Dec/2022:21:08:24 -0800] "GET /Corona-Electric-Wheelchair-Power-Chairs.html HTTP/1.1" 404 88 "http://www.electric-homecare.com/Corona-Electric-Wheelchair-Power-Chairs.html" "Mozilla/5.0 (compatible; SEOkicks; +https://www.seokicks.de/robot.html)" "www.electric-homecare.com"
65.108.79.209 - - [20/Dec/2022:21:08:26 -0800] "GET /Carson-Electric-Wheelchair-Power-Chairs.html HTTP/1.1" 404 88 "http://www.electric-homecare.com/Carson-Electric-Wheelchair-Power-Chairs.html" "Mozilla/5.0 (compatible; SEOkicks; +https://www.seokicks.de/robot.html)" "www.electric-homecare.com"
65.108.79.209 - - [20/Dec/2022:21:08:27 -0800] "GET /Chula-Vista-Electric-Wheelchair-Power-Chairs.html HTTP/1.1" 404 88 "http://www.electric-homecare.com/Chula-Vista-Electric-Wheelchair-Power-Chairs.html" "Mozilla/5.0 (compatible; SEOkicks; +https://www.seokicks.de/robot.html)" "www.electric-homecare.com"
65.108.79.209 - - [20/Dec/2022:21:08:41 -0800] "GET /Savaria-Stair-Lifts.html HTTP/1.1" 404 88 "http://electric-homecare.com/Savaria-Stair-Lifts.html" "Mozilla/5.0 (compatible; SEOkicks; +https://www.seokicks.de/robot.html)" "electric-homecare.com"
65.108.79.209 - - [20/Dec/2022:21:08:42 -0800] "GET /Harmar-Stairlifts.html HTTP/1.1" 404 88 "http://electric-homecare.com/Harmar-Stairlifts.html" "Mozilla/5.0 (compatible; SEOkicks; +https://www.seokicks.de/robot.html)" "electric-homecare.com"
65.108.79.209 - - [20/Dec/2022:21:08:44 -0800] "GET /San-Francisco-Bariatric-Beds.html HTTP/1.1" 404 88 "https://electric-homecare.com/Houston-Adjustable-Beds.html" "Mozilla/5.0 (compatible; SEOkicks; +https://www.seokicks.de/robot.html)" "electric-homecare.com"
65.108.79.209 - - [20/Dec/2022:21:08:45 -0800] "GET /Houston-AdjustableBeds-Twin.html HTTP/1.1" 200 3030 "https://electric-homecare.com/Houston-Adjustable-Beds.html" "Mozilla/5.0 (compatible; SEOkicks; +https://www.seokicks.de/robot.html)" "electric-homecare.com"
65.108.79.209 - - [20/Dec/2022:21:08:46 -0800] "GET /Twin%20Regular%20THE%20ULTIMATE%20Adjustable%20Bed%20Latex%20Mattress%20Twinsize HTTP/1.1" 404 88 "https://electric-homecare.com/Houston-AdjustableBeds-Twin.html" "Mozilla/5.0 (compatible; SEOkicks; +https://www.seokicks.de/robot.html)" "electric-homecare.com"
65.108.79.209 - - [20/Dec/2022:21:08:48 -0800] "GET /Twin%20size%20High%20Profile%20Adjustable%20Bed%20Latex%20Mattress%20Twinsize HTTP/1.1" 404 88 "https://electric-homecare.com/Houston-AdjustableBeds-Twin.html" "Mozilla/5.0 (compatible; SEOkicks; +https://www.seokicks.de/robot.html)" "electric-homecare.com"
65.108.79.209 - - [20/Dec/2022:21:08:49 -0800] "GET /Twin%20size%207%22%20latex%20mattress%20Adjustable%20Bed%20Latex%20Mattress%20Twinsize HTTP/1.1" 404 88 "https://electric-homecare.com/Houston-AdjustableBeds-Twin.html" "Mozilla/5.0 (compatible; SEOkicks; +https://www.seokicks.de/robot.html)" "electric-homecare.com"
65.108.79.209 - - [20/Dec/2022:21:08:51 -0800] "GET /WH1%20Twinsize%20Motorized%20Frame HTTP/1.1" 404 88 "https://electric-homecare.com/Houston-AdjustableBeds-Twin.html" "Mozilla/5.0 (compatible; SEOkicks; +https://www.seokicks.de/robot.html)" "electric-homecare.com"
65.108.79.209 - - [20/Dec/2022:21:08:52 -0800] "GET /WH2%20Twinsize%20Motorized%20Frame HTTP/1.1" 404 88 "https://electric-homecare.com/Houston-AdjustableBeds-Twin.html" "Mozilla/5.0 (compatible; SEOkicks; +https://www.seokicks.de/robot.html)" "electric-homecare.com"
65.108.79.209 - - [20/Dec/2022:21:08:54 -0800] "GET /WH3%20Twinsize%20Motorized%20Frame HTTP/1.1" 404 88 "https://electric-homecare.com/Houston-AdjustableBeds-Twin.html" "Mozilla/5.0 (compatible; SEOkicks; +https://www.seokicks.de/robot.html)" "electric-homecare.com"
65.108.79.209 - - [20/Dec/2022:21:08:55 -0800] "GET /Houston-AdjustableBeds-Full.html HTTP/1.1" 200 2647 "https://electric-homecare.com/Houston-Adjustable-Beds.html" "Mozilla/5.0 (compatible; SEOkicks; +https://www.seokicks.de/robot.html)" "electric-homecare.com"
185.191.171.2 - - [20/Dec/2022:21:12:02 -0800] "GET /San-Francisco-Wheelchairs.html HTTP/1.1" 404 88 "-" "Mozilla/5.0 (compatible; SemrushBot/7~bl; +http://www.semrush.com/bot.html)" "electric-homecare.com"
185.191.171.1 - - [20/Dec/2022:21:14:20 -0800] "GET /Alhambra-Electric-Wheelchair-Power-Chairs.html HTTP/1.1" 404 88 "-" "Mozilla/5.0 (compatible; SemrushBot/7~bl; +http://www.semrush.com/bot.html)" "www.electric-homecare.com"
185.191.171.5 - - [20/Dec/2022:21:15:40 -0800] "GET /Contact-Stair-Lifts.html HTTP/1.1" 404 88 "-" "Mozilla/5.0 (compatible; SemrushBot/7~bl; +http://www.semrush.com/bot.html)" "electric-homecare.com"
185.191.171.11 - - [20/Dec/2022:21:19:05 -0800] "GET /Mac.html HTTP/1.1" 404 88 "-" "Mozilla/5.0 (compatible; SemrushBot/7~bl; +http://www.semrush.com/bot.html)" "electric-homecare.com"
185.191.171.11 - - [20/Dec/2022:21:20:55 -0800] "GET /Santa-Clarita-Electric-Wheelchair-Power-Chairs.html HTTP/1.1" 404 88 "-" "Mozilla/5.0 (compatible; SemrushBot/7~bl; +http://www.semrush.com/bot.html)" "www.electric-homecare.com"
