51.222.253.5 - - [21/Dec/2022:00:54:38 -0800] "GET /1-firm-mattress.jpg HTTP/1.1" 200 3403 "-" "Mozilla/5.0 (compatible; AhrefsBot/7.0; +http://ahrefs.com/robot/)" "electric-homecare.com"
51.222.253.8 - - [21/Dec/2022:00:54:38 -0800] "GET /2-primo.jpg HTTP/1.1" 200 9169 "-" "Mozilla/5.0 (compatible; AhrefsBot/7.0; +http://ahrefs.com/robot/)" "electric-homecare.com"
51.222.253.13 - - [21/Dec/2022:00:54:38 -0800] "GET /Bing-Adjustable-Beds.jpg HTTP/1.1" 200 3684 "-" "Mozilla/5.0 (compatible; AhrefsBot/7.0; +http://ahrefs.com/robot/)" "electric-homecare.com"
51.222.253.6 - - [21/Dec/2022:00:54:39 -0800] "GET /2-Scape.gif HTTP/1.1" 200 6882 "-" "Mozilla/5.0 (compatible; AhrefsBot/7.0; +http://ahrefs.com/robot/)" "electric-homecare.com"
51.222.253.1 - - [21/Dec/2022:00:54:39 -0800] "GET /bing-lift-chairs.jpg HTTP/1.1" 200 2925 "-" "Mozilla/5.0 (compatible; AhrefsBot/7.0; +http://ahrefs.com/robot/)" "electric-homecare.com"
51.222.253.19 - - [21/Dec/2022:00:54:39 -0800] "GET /button161.gif HTTP/1.1" 404 88 "-" "Mozilla/5.0 (compatible; AhrefsBot/7.0; +http://ahrefs.com/robot/)" "electric-homecare.com"
51.222.253.8 - - [21/Dec/2022:00:54:40 -0800] "GET /facebook-icon-16.png HTTP/1.1" 404 88 "-" "Mozilla/5.0 (compatible; AhrefsBot/7.0; +http://ahrefs.com/robot/)" "electric-homecare.com"
51.222.253.8 - - [21/Dec/2022:00:54:40 -0800] "GET /bing-stair-lift.jpg HTTP/1.1" 200 5039 "-" "Mozilla/5.0 (compatible; AhrefsBot/7.0; +http://ahrefs.com/robot/)" "electric-homecare.com"
51.222.253.1 - - [21/Dec/2022:00:54:40 -0800] "GET /bing-car-lifts.jpg HTTP/1.1" 200 3662 "-" "Mozilla/5.0 (compatible; AhrefsBot/7.0; +http://ahrefs.com/robot/)" "electric-homecare.com"
51.222.253.1 - - [21/Dec/2022:00:54:40 -0800] "GET /blogger-icon-16.png HTTP/1.1" 200 506 "-" "Mozilla/5.0 (compatible; AhrefsBot/7.0; +http://ahrefs.com/robot/)" "electric-homecare.com"
51.222.253.16 - - [21/Dec/2022:00:54:41 -0800] "GET /1-burbank-la.jpg HTTP/1.1" 200 3320 "-" "Mozilla/5.0 (compatible; AhrefsBot/7.0; +http://ahrefs.com/robot/)" "electric-homecare.com"
51.222.253.20 - - [21/Dec/2022:00:54:41 -0800] "GET /2-Phoenix-AZ.png HTTP/1.1" 200 18470 "-" "Mozilla/5.0 (compatible; AhrefsBot/7.0; +http://ahrefs.com/robot/)" "electric-homecare.com"
51.222.253.1 - - [21/Dec/2022:00:54:41 -0800] "GET /1-garden-grove.jpg HTTP/1.1" 200 4602 "-" "Mozilla/5.0 (compatible; AhrefsBot/7.0; +http://ahrefs.com/robot/)" "electric-homecare.com"
51.222.253.4 - - [21/Dec/2022:00:54:42 -0800] "GET /BBB_tag_blue.jpg HTTP/1.1" 200 34130 "-" "Mozilla/5.0 (compatible; AhrefsBot/7.0; +http://ahrefs.com/robot/)" "electric-homecare.com"
51.222.253.18 - - [21/Dec/2022:00:54:42 -0800] "GET /button166.gif HTTP/1.1" 404 88 "-" "Mozilla/5.0 (compatible; AhrefsBot/7.0; +http://ahrefs.com/robot/)" "electric-homecare.com"
51.222.253.4 - - [21/Dec/2022:00:54:42 -0800] "GET /2-legs.png HTTP/1.1" 200 53649 "-" "Mozilla/5.0 (compatible; AhrefsBot/7.0; +http://ahrefs.com/robot/)" "electric-homecare.com"
51.222.253.14 - - [21/Dec/2022:00:54:43 -0800] "GET /2-massage-system.jpg HTTP/1.1" 200 2351 "-" "Mozilla/5.0 (compatible; AhrefsBot/7.0; +http://ahrefs.com/robot/)" "electric-homecare.com"
51.222.253.17 - - [21/Dec/2022:00:54:44 -0800] "GET /JClogo.gif HTTP/1.1" 404 88 "-" "Mozilla/5.0 (compatible; AhrefsBot/7.0; +http://ahrefs.com/robot/)" "electric-homecare.com"
51.222.253.15 - - [21/Dec/2022:00:54:44 -0800] "GET /1-bariatric-beds.jpg HTTP/1.1" 200 886025 "-" "Mozilla/5.0 (compatible; AhrefsBot/7.0; +http://ahrefs.com/robot/)" "electric-homecare.com"
51.222.253.19 - - [21/Dec/2022:00:54:45 -0800] "GET /1-high-profile-review.jpg HTTP/1.1" 200 7317 "-" "Mozilla/5.0 (compatible; AhrefsBot/7.0; +http://ahrefs.com/robot/)" "electric-homecare.com"
51.222.253.18 - - [21/Dec/2022:00:54:45 -0800] "GET /button1D2.gif HTTP/1.1" 404 88 "-" "Mozilla/5.0 (compatible; AhrefsBot/7.0; +http://ahrefs.com/robot/)" "electric-homecare.com"
51.222.253.9 - - [21/Dec/2022:00:54:46 -0800] "GET /1-innerspring-mattress.jpg HTTP/1.1" 200 4073 "-" "Mozilla/5.0 (compatible; AhrefsBot/7.0; +http://ahrefs.com/robot/)" "electric-homecare.com"
51.222.253.4 - - [21/Dec/2022:00:54:46 -0800] "GET /aamcare-logo.jpg HTTP/1.1" 200 50765 "-" "Mozilla/5.0 (compatible; AhrefsBot/7.0; +http://ahrefs.com/robot/)" "electric-homecare.com"
51.222.253.17 - - [21/Dec/2022:00:54:47 -0800] "GET /2-modular-plug.png HTTP/1.1" 200 38963 "-" "Mozilla/5.0 (compatible; AhrefsBot/7.0; +http://ahrefs.com/robot/)" "electric-homecare.com"
51.222.253.14 - - [21/Dec/2022:00:54:47 -0800] "GET /2-twin.png HTTP/1.1" 200 41690 "-" "Mozilla/5.0 (compatible; AhrefsBot/7.0; +http://ahrefs.com/robot/)" "electric-homecare.com"
51.222.253.7 - - [21/Dec/2022:00:54:48 -0800] "GET /button167.gif HTTP/1.1" 404 88 "-" "Mozilla/5.0 (compatible; AhrefsBot/7.0; +http://ahrefs.com/robot/)" "electric-homecare.com"
51.222.253.10 - - [21/Dec/2022:00:54:48 -0800] "GET /1-flex-a-bed.jpg HTTP/1.1" 200 2822 "-" "Mozilla/5.0 (compatible; AhrefsBot/7.0; +http://ahrefs.com/robot/)" "electric-homecare.com"
51.222.253.11 - - [21/Dec/2022:00:54:48 -0800] "GET /2-prodigy-hand-control.jpg HTTP/1.1" 200 6661 "-" "Mozilla/5.0 (compatible; AhrefsBot/7.0; +http://ahrefs.com/robot/)" "electric-homecare.com"
51.222.253.2 - - [21/Dec/2022:00:54:49 -0800] "GET /1-hospital-beds.jpg HTTP/1.1" 200 1492027 "-" "Mozilla/5.0 (compatible; AhrefsBot/7.0; +http://ahrefs.com/robot/)" "electric-homecare.com"
51.222.253.4 - - [21/Dec/2022:00:54:54 -0800] "GET /logo-beds-adjustable.jpg HTTP/1.1" 404 88 "-" "Mozilla/5.0 (compatible; AhrefsBot/7.0; +http://ahrefs.com/robot/)" "electric-homecare.com"
51.222.253.6 - - [21/Dec/2022:00:54:54 -0800] "GET /bing-scooter.jpg HTTP/1.1" 200 3480 "-" "Mozilla/5.0 (compatible; AhrefsBot/7.0; +http://ahrefs.com/robot/)" "electric-homecare.com"
51.222.253.9 - - [21/Dec/2022:00:54:54 -0800] "GET /button159.gif HTTP/1.1" 404 88 "-" "Mozilla/5.0 (compatible; AhrefsBot/7.0; +http://ahrefs.com/robot/)" "electric-homecare.com"
51.222.253.1 - - [21/Dec/2022:00:54:55 -0800] "GET /button158.gif HTTP/1.1" 404 88 "-" "Mozilla/5.0 (compatible; AhrefsBot/7.0; +http://ahrefs.com/robot/)" "electric-homecare.com"
51.222.253.16 - - [21/Dec/2022:00:54:55 -0800] "GET /button164.gif HTTP/1.1" 404 88 "-" "Mozilla/5.0 (compatible; AhrefsBot/7.0; +http://ahrefs.com/robot/)" "electric-homecare.com"
51.222.253.9 - - [21/Dec/2022:00:54:55 -0800] "GET /button156.gif HTTP/1.1" 404 88 "-" "Mozilla/5.0 (compatible; AhrefsBot/7.0; +http://ahrefs.com/robot/)" "electric-homecare.com"
51.222.253.20 - - [21/Dec/2022:00:54:56 -0800] "GET /Family-Picture2.jpg HTTP/1.1" 404 88 "-" "Mozilla/5.0 (compatible; AhrefsBot/7.0; +http://ahrefs.com/robot/)" "electric-homecare.com"
51.222.253.6 - - [21/Dec/2022:00:54:56 -0800] "GET /button1E2.gif HTTP/1.1" 404 88 "-" "Mozilla/5.0 (compatible; AhrefsBot/7.0; +http://ahrefs.com/robot/)" "electric-homecare.com"
51.222.253.10 - - [21/Dec/2022:00:54:56 -0800] "GET /button160.gif HTTP/1.1" 404 88 "-" "Mozilla/5.0 (compatible; AhrefsBot/7.0; +http://ahrefs.com/robot/)" "electric-homecare.com"
51.222.253.7 - - [21/Dec/2022:00:54:56 -0800] "GET /1-Yelp.bmp HTTP/1.1" 200 151254 "-" "Mozilla/5.0 (compatible; AhrefsBot/7.0; +http://ahrefs.com/robot/)" "electric-homecare.com"
51.222.253.18 - - [21/Dec/2022:00:54:57 -0800] "GET /youtube_logo.png HTTP/1.1" 404 88 "-" "Mozilla/5.0 (compatible; AhrefsBot/7.0; +http://ahrefs.com/robot/)" "electric-homecare.com"
51.222.253.4 - - [21/Dec/2022:00:54:57 -0800] "GET /1-latexpedic.jpg HTTP/1.1" 200 3743 "-" "Mozilla/5.0 (compatible; AhrefsBot/7.0; +http://ahrefs.com/robot/)" "electric-homecare.com"
51.222.253.9 - - [21/Dec/2022:00:54:58 -0800] "GET /1-yahoo.jpg HTTP/1.1" 200 5642 "-" "Mozilla/5.0 (compatible; AhrefsBot/7.0; +http://ahrefs.com/robot/)" "electric-homecare.com"
51.222.253.7 - - [21/Dec/2022:00:54:58 -0800] "GET /image024.jpg HTTP/1.1" 404 88 "-" "Mozilla/5.0 (compatible; AhrefsBot/7.0; +http://ahrefs.com/robot/)" "electric-homecare.com"
51.222.253.2 - - [21/Dec/2022:00:54:58 -0800] "GET /styles/layout.css HTTP/1.1" 200 109 "-" "Mozilla/5.0 (compatible; AhrefsBot/7.0; +http://ahrefs.com/robot/)" "electric-homecare.com"
51.222.253.19 - - [21/Dec/2022:00:54:58 -0800] "GET /bing-bariatric-equipment.jpg HTTP/1.1" 200 3714 "-" "Mozilla/5.0 (compatible; AhrefsBot/7.0; +http://ahrefs.com/robot/)" "electric-homecare.com"
51.222.253.17 - - [21/Dec/2022:00:54:58 -0800] "GET /button165.gif HTTP/1.1" 404 88 "-" "Mozilla/5.0 (compatible; AhrefsBot/7.0; +http://ahrefs.com/robot/)" "electric-homecare.com"
51.222.253.7 - - [21/Dec/2022:00:54:59 -0800] "GET /Medicare.png HTTP/1.1" 404 88 "-" "Mozilla/5.0 (compatible; AhrefsBot/7.0; +http://ahrefs.com/robot/)" "electric-homecare.com"
51.222.253.1 - - [21/Dec/2022:00:54:59 -0800] "GET /twitter-icon-16.png HTTP/1.1" 404 88 "-" "Mozilla/5.0 (compatible; AhrefsBot/7.0; +http://ahrefs.com/robot/)" "electric-homecare.com"
51.222.253.5 - - [21/Dec/2022:00:54:59 -0800] "GET /2-about.jpg HTTP/1.1" 200 10395 "-" "Mozilla/5.0 (compatible; AhrefsBot/7.0; +http://ahrefs.com/robot/)" "electric-homecare.com"
51.222.253.5 - - [21/Dec/2022:00:54:59 -0800] "GET /1-comfortaire.jpg HTTP/1.1" 200 3196 "-" "Mozilla/5.0 (compatible; AhrefsBot/7.0; +http://ahrefs.com/robot/)" "electric-homecare.com"
51.222.253.8 - - [21/Dec/2022:00:55:00 -0800] "GET /1-facebook.bmp HTTP/1.1" 200 76854 "-" "Mozilla/5.0 (compatible; AhrefsBot/7.0; +http://ahrefs.com/robot/)" "electric-homecare.com"
51.222.253.16 - - [21/Dec/2022:00:55:00 -0800] "GET /button157.gif HTTP/1.1" 404 88 "-" "Mozilla/5.0 (compatible; AhrefsBot/7.0; +http://ahrefs.com/robot/)" "electric-homecare.com"
51.222.253.19 - - [21/Dec/2022:00:55:00 -0800] "GET /button155.gif HTTP/1.1" 404 88 "-" "Mozilla/5.0 (compatible; AhrefsBot/7.0; +http://ahrefs.com/robot/)" "electric-homecare.com"
51.222.253.14 - - [21/Dec/2022:00:55:01 -0800] "GET /1-organic-latex.jpg HTTP/1.1" 200 4601 "-" "Mozilla/5.0 (compatible; AhrefsBot/7.0; +http://ahrefs.com/robot/)" "electric-homecare.com"
51.222.253.1 - - [21/Dec/2022:00:55:01 -0800] "GET /2-swing-a-way.png HTTP/1.1" 200 76822 "-" "Mozilla/5.0 (compatible; AhrefsBot/7.0; +http://ahrefs.com/robot/)" "electric-homecare.com"
51.222.253.14 - - [21/Dec/2022:00:55:01 -0800] "GET /button1A2.gif HTTP/1.1" 404 88 "-" "Mozilla/5.0 (compatible; AhrefsBot/7.0; +http://ahrefs.com/robot/)" "electric-homecare.com"
51.222.253.19 - - [21/Dec/2022:00:55:02 -0800] "GET /1-youtube.jpg HTTP/1.1" 200 7532 "-" "Mozilla/5.0 (compatible; AhrefsBot/7.0; +http://ahrefs.com/robot/)" "electric-homecare.com"
51.222.253.19 - - [21/Dec/2022:00:55:02 -0800] "GET /2-easy-to-service.png HTTP/1.1" 200 29147 "-" "Mozilla/5.0 (compatible; AhrefsBot/7.0; +http://ahrefs.com/robot/)" "electric-homecare.com"
51.222.253.16 - - [21/Dec/2022:00:55:02 -0800] "GET /1-which-mattress.jpg HTTP/1.1" 200 5981 "-" "Mozilla/5.0 (compatible; AhrefsBot/7.0; +http://ahrefs.com/robot/)" "electric-homecare.com"
51.222.253.6 - - [21/Dec/2022:00:55:03 -0800] "GET /1-tempurpedic-mattress.jpg HTTP/1.1" 200 3668 "-" "Mozilla/5.0 (compatible; AhrefsBot/7.0; +http://ahrefs.com/robot/)" "electric-homecare.com"
51.222.253.12 - - [21/Dec/2022:00:55:03 -0800] "GET /bing-hospital-beds.jpg HTTP/1.1" 200 3922 "-" "Mozilla/5.0 (compatible; AhrefsBot/7.0; +http://ahrefs.com/robot/)" "electric-homecare.com"
51.222.253.6 - - [21/Dec/2022:00:55:03 -0800] "GET /button162.gif HTTP/1.1" 404 88 "-" "Mozilla/5.0 (compatible; AhrefsBot/7.0; +http://ahrefs.com/robot/)" "electric-homecare.com"
51.222.253.10 - - [21/Dec/2022:00:55:03 -0800] "GET /1-linkedin.bmp HTTP/1.1" 200 124902 "-" "Mozilla/5.0 (compatible; AhrefsBot/7.0; +http://ahrefs.com/robot/)" "electric-homecare.com"
51.222.253.9 - - [21/Dec/2022:00:55:04 -0800] "GET /2-warranty.jpg HTTP/1.1" 200 22021 "-" "Mozilla/5.0 (compatible; AhrefsBot/7.0; +http://ahrefs.com/robot/)" "electric-homecare.com"
51.222.253.20 - - [21/Dec/2022:00:55:04 -0800] "GET /1-organic-bed.jpg HTTP/1.1" 200 7518 "-" "Mozilla/5.0 (compatible; AhrefsBot/7.0; +http://ahrefs.com/robot/)" "electric-homecare.com"
51.222.253.18 - - [21/Dec/2022:00:55:05 -0800] "GET /2-usa-map.jpg HTTP/1.1" 200 2695 "-" "Mozilla/5.0 (compatible; AhrefsBot/7.0; +http://ahrefs.com/robot/)" "electric-homecare.com"
195.191.219.132 - - [21/Dec/2022:01:06:08 -0800] "GET /robots.txt HTTP/1.1" 200 48 "-" "Mozilla/5.0 (compatible; MJ12bot/v1.4.8; http://mj12bot.com/)" "electric-homecare.com"
195.191.219.132 - - [21/Dec/2022:01:06:11 -0800] "GET /Lift-Chairs.html HTTP/1.1" 200 14960 "-" "Mozilla/5.0 (compatible; MJ12bot/v1.4.8; http://mj12bot.com/)" "electric-homecare.com"
195.191.219.132 - - [21/Dec/2022:01:06:13 -0800] "GET /robots.txt HTTP/1.1" 200 48 "-" "Mozilla/5.0 (compatible; MJ12bot/v1.4.8; http://mj12bot.com/)" "www.electric-homecare.com"
195.191.219.132 - - [21/Dec/2022:01:06:16 -0800] "GET /Lift-Chairs.html HTTP/1.1" 200 14960 "-" "Mozilla/5.0 (compatible; MJ12bot/v1.4.8; http://mj12bot.com/)" "www.electric-homecare.com"
216.244.66.247 - - [21/Dec/2022:01:20:40 -0800] "GET /robots.txt HTTP/1.1" 200 48 "-" "Mozilla/5.0 (compatible; DotBot/1.2; +https://opensiteexplorer.org/dotbot; help@moz.com)" "electric-homecare.com"
185.191.171.4 - - [21/Dec/2022:01:21:30 -0800] "GET /robots.txt HTTP/1.1" 200 64 "-" "Mozilla/5.0 (compatible; SemrushBot/7~bl; +http://www.semrush.com/bot.html)" "electric-homecare.com"
185.191.171.44 - - [21/Dec/2022:01:21:30 -0800] "GET /Wheelchair.html HTTP/1.1" 404 88 "-" "Mozilla/5.0 (compatible; SemrushBot/7~bl; +http://www.semrush.com/bot.html)" "electric-homecare.com"
114.119.145.116 - - [21/Dec/2022:01:31:02 -0800] "GET /Synergy_Bifold.pdf HTTP/1.1" 200 888507 "https://electric-homecare.com/Houston-Jazzy614HD.html" "Mozilla/5.0 (Linux; Android 7.0;) AppleWebKit/537.36 (KHTML, like Gecko) Mobile Safari/537.36 (compatible; PetalBot;+https://webmaster.petalsearch.com/site/petalbot)" "electric-homecare.com"
61.135.159.175 - - [21/Dec/2022:01:32:50 -0800] "GET / HTTP/1.1" 200 4147 "-" "Sogou web spider/4.0(+http://www.sogou.com/docs/help/webmasters.htm#07)" "www.electric-homecare.com"
114.119.138.127 - - [21/Dec/2022:01:54:23 -0800] "GET /SRE-2010E_EliteOutdoorStraight-WEB3-Spanish.pdf HTTP/1.1" 200 299069 "https://www.electric-homecare.com/Houston-EliteOutdoorStraight.html" "Mozilla/5.0 (Linux; Android 7.0;) AppleWebKit/537.36 (KHTML, like Gecko) Mobile Safari/537.36 (compatible; PetalBot;+https://webmaster.petalsearch.com/site/petalbot)" "www.electric-homecare.com"
178.150.14.250 - - [21/Dec/2022:02:05:20 -0800] "GET /robots.txt HTTP/1.1" 200 48 "-" "Mozilla/5.0 (compatible; MJ12bot/v1.4.8; http://mj12bot.com/)" "electric-homecare.com"
178.150.14.250 - - [21/Dec/2022:02:05:27 -0800] "GET /Houston-JamesAir%E2%84%A2MattressReplacements.html HTTP/1.1" 404 88 "-" "Mozilla/5.0 (compatible; MJ12bot/v1.4.8; http://mj12bot.com/)" "electric-homecare.com"
178.150.14.250 - - [21/Dec/2022:02:05:34 -0800] "GET /LiteRider%20Owner%C3%A2%E2%82%AC%E2%84%A2s%20Manual.pdf HTTP/1.1" 404 88 "-" "Mozilla/5.0 (compatible; MJ12bot/v1.4.8; http://mj12bot.com/)" "electric-homecare.com"
178.150.14.250 - - [21/Dec/2022:02:05:40 -0800] "GET /LiteRider%20Owner%E2%80%99s%20Manual.pdf HTTP/1.1" 404 88 "-" "Mozilla/5.0 (compatible; MJ12bot/v1.4.8; http://mj12bot.com/)" "electric-homecare.com"
178.150.14.250 - - [21/Dec/2022:02:05:45 -0800] "GET /Owner%C3%A2%E2%82%AC%E2%84%A2s%20Manual.pdf HTTP/1.1" 404 88 "-" "Mozilla/5.0 (compatible; MJ12bot/v1.4.8; http://mj12bot.com/)" "electric-homecare.com"
178.150.14.250 - - [21/Dec/2022:02:05:48 -0800] "GET /Owner%E2%80%99s%20Manual.pdf HTTP/1.1" 404 88 "-" "Mozilla/5.0 (compatible; MJ12bot/v1.4.8; http://mj12bot.com/)" "electric-homecare.com"
178.150.14.250 - - [21/Dec/2022:02:05:54 -0800] "GET /robots.txt HTTP/1.1" 200 48 "-" "Mozilla/5.0 (compatible; MJ12bot/v1.4.8; http://mj12bot.com/)" "www.electric-homecare.com"
178.150.14.250 - - [21/Dec/2022:02:05:58 -0800] "GET /Houston-JamesAir%E2%84%A2MattressReplacements.html HTTP/1.1" 404 88 "-" "Mozilla/5.0 (compatible; MJ12bot/v1.4.8; http://mj12bot.com/)" "www.electric-homecare.com"
178.150.14.250 - - [21/Dec/2022:02:06:08 -0800] "GET /LiteRider%20Owner%C3%A2%E2%82%AC%E2%84%A2s%20Manual.pdf HTTP/1.1" 404 88 "-" "Mozilla/5.0 (compatible; MJ12bot/v1.4.8; http://mj12bot.com/)" "www.electric-homecare.com"
178.150.14.250 - - [21/Dec/2022:02:06:15 -0800] "GET /Owner%C3%A2%E2%82%AC%E2%84%A2s%20Manual.pdf HTTP/1.1" 404 88 "-" "Mozilla/5.0 (compatible; MJ12bot/v1.4.8; http://mj12bot.com/)" "www.electric-homecare.com"
185.191.171.41 - - [21/Dec/2022:02:08:37 -0800] "GET /robots.txt HTTP/1.1" 200 64 "-" "Mozilla/5.0 (compatible; SemrushBot/7~bl; +http://www.semrush.com/bot.html)" "www.electric-homecare.com"
185.191.171.14 - - [21/Dec/2022:02:08:37 -0800] "GET /Reverie.html HTTP/1.1" 404 88 "-" "Mozilla/5.0 (compatible; SemrushBot/7~bl; +http://www.semrush.com/bot.html)" "www.electric-homecare.com"
216.244.66.247 - - [21/Dec/2022:02:16:41 -0800] "GET /robots.txt HTTP/1.1" 200 48 "-" "Mozilla/5.0 (compatible; DotBot/1.2; +https://opensiteexplorer.org/dotbot; help@moz.com)" "electric-homecare.com"
66.249.70.145 - - [21/Dec/2022:02:29:26 -0800] "GET /Electropedic084.jpg HTTP/1.1" 404 88 "-" "Googlebot-Image/1.0" "www.electric-homecare.com"
66.249.70.145 - - [21/Dec/2022:02:34:47 -0800] "GET /elelctropedic065.jpg HTTP/1.1" 404 88 "-" "Googlebot-Image/1.0" "www.electric-homecare.com"
27.115.124.38 - - [21/Dec/2022:03:04:36 -0800] "GET / HTTP/1.1" 200 4147 "http://baidu.com/" "Mozilla/5.0 (Linux; Android 8.0.0; MHA-AL00 Build/HUAWEIMHA-AL00; wv) AppleWebKit/537.36 (KHTML, like Gecko) Version/4.0 Chrome/68.0.3440.91 Mobile Safari/537.36 BingWeb/6.9.6" "electric-homecare.com"
27.115.124.109 - - [21/Dec/2022:03:04:41 -0800] "GET / HTTP/1.1" 200 4147 "http://baidu.com/" "Mozilla/5.0 (Linux; Android 8.0.0; MHA-AL00 Build/HUAWEIMHA-AL00; wv) AppleWebKit/537.36 (KHTML, like Gecko) Version/4.0 Chrome/68.0.3440.91 Mobile Safari/537.36 BingWeb/6.9.6" "electric-homecare.com"
27.115.124.109 - - [21/Dec/2022:03:04:44 -0800] "GET /test3.css HTTP/1.1" 200 960 "https://electric-homecare.com/" "Mozilla/5.0 (Linux; Android 8.0.0; MHA-AL00 Build/HUAWEIMHA-AL00; wv) AppleWebKit/537.36 (KHTML, like Gecko) Version/4.0 Chrome/68.0.3440.91 Mobile Safari/537.36 BingWeb/6.9.6" "electric-homecare.com"
27.115.124.109 - - [21/Dec/2022:03:04:44 -0800] "GET /electropedic-helping%20you%20since%201964-2.png HTTP/1.1" 200 14233 "https://electric-homecare.com/" "Mozilla/5.0 (Linux; Android 8.0.0; MHA-AL00 Build/HUAWEIMHA-AL00; wv) AppleWebKit/537.36 (KHTML, like Gecko) Version/4.0 Chrome/68.0.3440.91 Mobile Safari/537.36 BingWeb/6.9.6" "electric-homecare.com"
27.115.124.109 - - [21/Dec/2022:03:04:44 -0800] "GET /electric-homecare-logo.png HTTP/1.1" 200 139618 "https://electric-homecare.com/" "Mozilla/5.0 (Linux; Android 8.0.0; MHA-AL00 Build/HUAWEIMHA-AL00; wv) AppleWebKit/537.36 (KHTML, like Gecko) Version/4.0 Chrome/68.0.3440.91 Mobile Safari/537.36 BingWeb/6.9.6" "electric-homecare.com"
42.236.10.117 - - [21/Dec/2022:03:05:10 -0800] "GET / HTTP/1.1" 200 4147 "http://baidu.com/" "Mozilla/5.0 (Linux; Android 8.0.0; MHA-AL00 Build/HUAWEIMHA-AL00; wv) AppleWebKit/537.36 (KHTML, like Gecko) Version/4.0 Chrome/68.0.3440.91 Mobile Safari/537.36 BingWeb/6.9.6" "electric-homecare.com"
42.236.10.117 - - [21/Dec/2022:03:05:12 -0800] "GET /test3.css HTTP/1.1" 200 960 "https://electric-homecare.com/" "Mozilla/5.0 (Linux; Android 8.0.0; MHA-AL00 Build/HUAWEIMHA-AL00; wv) AppleWebKit/537.36 (KHTML, like Gecko) Version/4.0 Chrome/68.0.3440.91 Mobile Safari/537.36 BingWeb/6.9.6" "electric-homecare.com"
42.236.10.117 - - [21/Dec/2022:03:05:12 -0800] "GET /electric-homecare-logo.png HTTP/1.1" 200 139618 "https://electric-homecare.com/" "Mozilla/5.0 (Linux; Android 8.0.0; MHA-AL00 Build/HUAWEIMHA-AL00; wv) AppleWebKit/537.36 (KHTML, like Gecko) Version/4.0 Chrome/68.0.3440.91 Mobile Safari/537.36 BingWeb/6.9.6" "electric-homecare.com"
42.236.10.117 - - [21/Dec/2022:03:05:12 -0800] "GET /electropedic-helping%20you%20since%201964-2.png HTTP/1.1" 200 14233 "https://electric-homecare.com/" "Mozilla/5.0 (Linux; Android 8.0.0; MHA-AL00 Build/HUAWEIMHA-AL00; wv) AppleWebKit/537.36 (KHTML, like Gecko) Version/4.0 Chrome/68.0.3440.91 Mobile Safari/537.36 BingWeb/6.9.6" "electric-homecare.com"
66.249.70.109 - - [21/Dec/2022:03:05:44 -0800] "GET /Tm_HBedAccess_3.jpg HTTP/1.1" 200 5509 "-" "Googlebot-Image/1.0" "electric-homecare.com"
216.244.66.247 - - [21/Dec/2022:03:11:18 -0800] "GET /robots.txt HTTP/1.1" 200 48 "-" "Mozilla/5.0 (compatible; DotBot/1.2; +https://opensiteexplorer.org/dotbot; help@moz.com)" "electric-homecare.com"
66.249.70.107 - - [21/Dec/2022:03:14:18 -0800] "GET /flexabed_accessories_3.jpg HTTP/1.1" 200 55101 "-" "Googlebot-Image/1.0" "electric-homecare.com"
66.249.70.109 - - [21/Dec/2022:03:15:58 -0800] "GET /Pure_15.jpg HTTP/1.1" 200 174036 "-" "Googlebot-Image/1.0" "electric-homecare.com"
124.223.193.19 - - [21/Dec/2022:03:17:44 -0800] "GET / HTTP/1.1" 200 4147 "http://electric-homecare.com/" "Mozilla/5.0 (Linux; Android 6.0; Nexus 5 Build/MRA58N) AppleWebKit/537.36 (KHTML, like Gecko) Chrome/81.0.4044.138 Mobile Safari/537.36" "electric-homecare.com"
124.223.193.19 - - [21/Dec/2022:03:18:51 -0800] "GET / HTTP/1.1" 200 4147 "http://electric-homecare.com/" "Mozilla/5.0 (Linux; Android 6.0; Nexus 5 Build/MRA58N) AppleWebKit/537.36 (KHTML, like Gecko) Chrome/81.0.4044.138 Mobile Safari/537.36" "electric-homecare.com"
40.77.167.3 - - [21/Dec/2022:03:54:39 -0800] "GET /Bariatric-Lift-Chairs.html HTTP/1.1" 200 11198 "-" "Mozilla/5.0 (compatible; bingbot/2.0; +http://www.bing.com/bingbot.htm)" "electric-homecare.com"
216.244.66.247 - - [21/Dec/2022:04:05:10 -0800] "GET /robots.txt HTTP/1.1" 200 48 "-" "Mozilla/5.0 (compatible; DotBot/1.2; +https://opensiteexplorer.org/dotbot; help@moz.com)" "electric-homecare.com"
51.222.253.10 - - [21/Dec/2022:04:05:45 -0800] "GET / HTTP/1.1" 200 4147 "-" "Mozilla/5.0 (compatible; AhrefsBot/7.0; +http://ahrefs.com/robot/)" "www.electric-homecare.com"
51.222.253.3 - - [21/Dec/2022:04:05:47 -0800] "GET /electropedic-helping%20you%20since%201964-2.png HTTP/1.1" 200 14233 "-" "Mozilla/5.0 (compatible; AhrefsBot/7.0; +http://ahrefs.com/robot/)" "www.electric-homecare.com"
51.222.253.15 - - [21/Dec/2022:04:05:47 -0800] "GET /electric-homecare-logo.png HTTP/1.1" 200 139618 "-" "Mozilla/5.0 (compatible; AhrefsBot/7.0; +http://ahrefs.com/robot/)" "www.electric-homecare.com"
40.77.167.30 - - [21/Dec/2022:04:11:26 -0800] "GET /Houston-Lift-Chairs.html HTTP/1.1" 200 8833 "-" "Mozilla/5.0 (compatible; bingbot/2.0; +http://www.bing.com/bingbot.htm)" "electric-homecare.com"
185.191.171.25 - - [21/Dec/2022:04:13:21 -0800] "GET /robots.txt HTTP/1.1" 200 64 "-" "Mozilla/5.0 (compatible; SemrushBot/7~bl; +http://www.semrush.com/bot.html)" "electric-homecare.com"
185.191.171.41 - - [21/Dec/2022:04:13:21 -0800] "GET /Electropedic-Curve-Stair-Lifts.html HTTP/1.1" 404 88 "-" "Mozilla/5.0 (compatible; SemrushBot/7~bl; +http://www.semrush.com/bot.html)" "electric-homecare.com"
66.249.70.109 - - [21/Dec/2022:04:17:17 -0800] "GET /pro-motion-2-main_3.JPG HTTP/1.1" 200 21397 "-" "Googlebot-Image/1.0" "electric-homecare.com"
40.77.167.3 - - [21/Dec/2022:04:20:31 -0800] "GET /bariatric_01.jpg HTTP/1.1" 200 18096 "-" "Mozilla/5.0 (compatible; bingbot/2.0; +http://www.bing.com/bingbot.htm)" "www.electric-homecare.com"
66.249.70.107 - - [21/Dec/2022:04:21:16 -0800] "GET /Pure_14.jpg HTTP/1.1" 200 258137 "-" "Googlebot-Image/1.0" "electric-homecare.com"
66.249.70.109 - - [21/Dec/2022:04:24:44 -0800] "GET /valueflex_4.jpg HTTP/1.1" 200 475060 "-" "Googlebot-Image/1.0" "electric-homecare.com"
66.249.70.107 - - [21/Dec/2022:04:34:30 -0800] "GET /valueflex_2.jpg HTTP/1.1" 200 381755 "-" "Googlebot-Image/1.0" "electric-homecare.com"
157.55.39.140 - - [21/Dec/2022:04:39:52 -0800] "GET /Bariatric-liftchairs.jpg HTTP/1.1" 200 3819 "-" "Mozilla/5.0 AppleWebKit/537.36 (KHTML, like Gecko; compatible; bingbot/2.0; +http://www.bing.com/bingbot.htm) Chrome/103.0.5060.134 Safari/537.36" "electric-homecare.com"
173.208.130.202 - - [21/Dec/2022:04:55:05 -0800] "GET /robots.txt HTTP/1.1" 200 48 "-" "Mozilla/5.0 (compatible; MJ12bot/v1.4.8; http://mj12bot.com/)" "www.electric-homecare.com"
173.208.130.202 - - [21/Dec/2022:04:55:07 -0800] "GET /LiteRider%20Owner%E2%80%99s%20Manual.pdf HTTP/1.1" 404 88 "-" "Mozilla/5.0 (compatible; MJ12bot/v1.4.8; http://mj12bot.com/)" "www.electric-homecare.com"
173.208.130.202 - - [21/Dec/2022:04:55:08 -0800] "GET /Owner%E2%80%99s%20Manual.pdf HTTP/1.1" 404 88 "-" "Mozilla/5.0 (compatible; MJ12bot/v1.4.8; http://mj12bot.com/)" "www.electric-homecare.com"
173.208.130.202 - - [21/Dec/2022:04:55:10 -0800] "GET /Used.html HTTP/1.1" 404 88 "-" "Mozilla/5.0 (compatible; MJ12bot/v1.4.8; http://mj12bot.com/)" "www.electric-homecare.com"
216.244.66.247 - - [21/Dec/2022:04:57:57 -0800] "GET /robots.txt HTTP/1.1" 200 48 "-" "Mozilla/5.0 (compatible; DotBot/1.2; +https://opensiteexplorer.org/dotbot; help@moz.com)" "electric-homecare.com"
66.249.70.145 - - [21/Dec/2022:05:00:54 -0800] "GET /elelctropedic056.jpg HTTP/1.1" 404 88 "-" "Googlebot-Image/1.0" "www.electric-homecare.com"
66.249.70.107 - - [21/Dec/2022:05:03:18 -0800] "GET /Hilow_2.jpg HTTP/1.1" 200 360319 "-" "Googlebot-Image/1.0" "electric-homecare.com"
66.249.70.149 - - [21/Dec/2022:05:04:47 -0800] "GET /Electropedic097.gif HTTP/1.1" 404 88 "-" "Googlebot-Image/1.0" "www.electric-homecare.com"
66.249.70.109 - - [21/Dec/2022:05:15:21 -0800] "GET /Tm_HBedAccess_1.jpg HTTP/1.1" 200 3489 "-" "Googlebot-Image/1.0" "electric-homecare.com"
66.249.70.107 - - [21/Dec/2022:05:18:14 -0800] "GET /Tm_HBedAccess_6.jpg HTTP/1.1" 200 5087 "-" "Googlebot-Image/1.0" "electric-homecare.com"
66.249.70.107 - - [21/Dec/2022:05:18:28 -0800] "GET /Elite_1.jpg HTTP/1.1" 200 163732 "-" "Googlebot-Image/1.0" "electric-homecare.com"
66.249.70.145 - - [21/Dec/2022:05:23:42 -0800] "GET /Electropedic085.jpg HTTP/1.1" 404 88 "-" "Googlebot-Image/1.0" "www.electric-homecare.com"
66.249.70.149 - - [21/Dec/2022:05:24:41 -0800] "GET /elelctropedic016.jpg HTTP/1.1" 404 88 "-" "Googlebot-Image/1.0" "www.electric-homecare.com"
216.244.66.247 - - [21/Dec/2022:05:49:50 -0800] "GET /robots.txt HTTP/1.1" 200 48 "-" "Mozilla/5.0 (compatible; DotBot/1.2; +https://opensiteexplorer.org/dotbot; help@moz.com)" "www.electric-homecare.com"
216.244.66.247 - - [21/Dec/2022:05:49:50 -0800] "GET /robots.txt HTTP/1.1" 200 48 "-" "Mozilla/5.0 (compatible; DotBot/1.2; +https://opensiteexplorer.org/dotbot; help@moz.com)" "electric-homecare.com"
51.222.253.9 - - [21/Dec/2022:05:50:38 -0800] "GET /Houston-Primo.html HTTP/1.1" 200 3618 "-" "Mozilla/5.0 (compatible; AhrefsBot/7.0; +http://ahrefs.com/robot/)" "electric-homecare.com"
51.222.253.13 - - [21/Dec/2022:05:50:42 -0800] "GET /primo-16.jpeg HTTP/1.1" 200 5083 "-" "Mozilla/5.0 (compatible; AhrefsBot/7.0; +http://ahrefs.com/robot/)" "electric-homecare.com"
51.222.253.5 - - [21/Dec/2022:05:50:42 -0800] "GET /Electropedic-Houston%20-2.jpg HTTP/1.1" 404 88 "-" "Mozilla/5.0 (compatible; AhrefsBot/7.0; +http://ahrefs.com/robot/)" "electric-homecare.com"
51.222.253.13 - - [21/Dec/2022:05:50:43 -0800] "GET /tx-primo.jpg HTTP/1.1" 200 4207 "-" "Mozilla/5.0 (compatible; AhrefsBot/7.0; +http://ahrefs.com/robot/)" "electric-homecare.com"
51.222.253.18 - - [21/Dec/2022:05:50:43 -0800] "GET /primo-17.jpeg HTTP/1.1" 200 2881 "-" "Mozilla/5.0 (compatible; AhrefsBot/7.0; +http://ahrefs.com/robot/)" "electric-homecare.com"
51.222.253.17 - - [21/Dec/2022:05:50:49 -0800] "GET /primo-10.jpeg HTTP/1.1" 200 6653 "-" "Mozilla/5.0 (compatible; AhrefsBot/7.0; +http://ahrefs.com/robot/)" "electric-homecare.com"
51.222.253.19 - - [21/Dec/2022:05:50:49 -0800] "GET /the-ultimate.png HTTP/1.1" 200 72172 "-" "Mozilla/5.0 (compatible; AhrefsBot/7.0; +http://ahrefs.com/robot/)" "electric-homecare.com"
51.222.253.13 - - [21/Dec/2022:05:50:50 -0800] "GET /tx-ergomotion.jpg HTTP/1.1" 200 1863 "-" "Mozilla/5.0 (compatible; AhrefsBot/7.0; +http://ahrefs.com/robot/)" "electric-homecare.com"
51.222.253.4 - - [21/Dec/2022:05:50:52 -0800] "GET /primo-15.jpeg HTTP/1.1" 200 6450 "-" "Mozilla/5.0 (compatible; AhrefsBot/7.0; +http://ahrefs.com/robot/)" "electric-homecare.com"
51.222.253.15 - - [21/Dec/2022:05:50:52 -0800] "GET /primo-14.jpeg HTTP/1.1" 200 4006 "-" "Mozilla/5.0 (compatible; AhrefsBot/7.0; +http://ahrefs.com/robot/)" "electric-homecare.com"
51.222.253.16 - - [21/Dec/2022:05:50:53 -0800] "GET /primo-2.jpg HTTP/1.1" 200 112927 "-" "Mozilla/5.0 (compatible; AhrefsBot/7.0; +http://ahrefs.com/robot/)" "electric-homecare.com"
51.222.253.9 - - [21/Dec/2022:05:50:53 -0800] "GET /tx-perfect-firmness.png HTTP/1.1" 200 75985 "-" "Mozilla/5.0 (compatible; AhrefsBot/7.0; +http://ahrefs.com/robot/)" "electric-homecare.com"
51.222.253.9 - - [21/Dec/2022:05:50:54 -0800] "GET /primo-2-1.jpg HTTP/1.1" 200 135757 "-" "Mozilla/5.0 (compatible; AhrefsBot/7.0; +http://ahrefs.com/robot/)" "electric-homecare.com"
51.222.253.19 - - [21/Dec/2022:05:50:55 -0800] "GET /primo-12.jpeg HTTP/1.1" 200 6743 "-" "Mozilla/5.0 (compatible; AhrefsBot/7.0; +http://ahrefs.com/robot/)" "electric-homecare.com"
51.222.253.14 - - [21/Dec/2022:05:50:55 -0800] "GET /1-Adjustable-Beds.jpg HTTP/1.1" 200 1026932 "-" "Mozilla/5.0 (compatible; AhrefsBot/7.0; +http://ahrefs.com/robot/)" "electric-homecare.com"
51.222.253.7 - - [21/Dec/2022:05:50:56 -0800] "GET /pocketed-coil.png HTTP/1.1" 200 68750 "-" "Mozilla/5.0 (compatible; AhrefsBot/7.0; +http://ahrefs.com/robot/)" "electric-homecare.com"
51.222.253.19 - - [21/Dec/2022:05:50:57 -0800] "GET /Tx-7-Latex-Mattress.jpg HTTP/1.1" 200 8182 "-" "Mozilla/5.0 (compatible; AhrefsBot/7.0; +http://ahrefs.com/robot/)" "electric-homecare.com"
51.222.253.4 - - [21/Dec/2022:05:50:57 -0800] "GET /primo-13.jpeg HTTP/1.1" 200 6356 "-" "Mozilla/5.0 (compatible; AhrefsBot/7.0; +http://ahrefs.com/robot/)" "electric-homecare.com"
51.222.253.15 - - [21/Dec/2022:05:50:57 -0800] "GET /tx-memory-foam.jpg HTTP/1.1" 200 2460 "-" "Mozilla/5.0 (compatible; AhrefsBot/7.0; +http://ahrefs.com/robot/)" "electric-homecare.com"
51.222.253.14 - - [21/Dec/2022:05:50:58 -0800] "GET /tx-flex-a-bed.png HTTP/1.1" 200 3366 "-" "Mozilla/5.0 (compatible; AhrefsBot/7.0; +http://ahrefs.com/robot/)" "electric-homecare.com"
34.210.164.114 - - [21/Dec/2022:06:20:03 -0800] "GET / HTTP/1.1" 200 4147 "-" "Mozilla/5.0 (X11; Linux x86_64) AppleWebKit/537.36 (KHTML, like Gecko) Chrome/83.0.4103.97 Safari/537.36" "electric-homecare.com"
34.218.79.161 - - [21/Dec/2022:06:20:03 -0800] "GET / HTTP/1.1" 200 4147 "-" "Mozilla/5.0 (X11; Linux x86_64) AppleWebKit/537.36 (KHTML, like Gecko) Chrome/83.0.4103.97 Safari/537.36" "electric-homecare.com"
54.212.6.67 - - [21/Dec/2022:06:20:34 -0800] "GET /favicon.ico HTTP/1.1" 404 88 "-" "Mozilla/5.0 (X11; Linux x86_64) AppleWebKit/537.36 (KHTML, like Gecko) Chrome/83.0.4103.97 Safari/537.36" "electric-homecare.com"
54.212.6.67 - - [21/Dec/2022:06:20:36 -0800] "GET / HTTP/1.1" 200 4147 "-" "Mozilla/5.0 (X11; Linux x86_64) AppleWebKit/537.36 (KHTML, like Gecko) Chrome/83.0.4103.97 Safari/537.36" "electric-homecare.com"
52.35.211.12 - - [21/Dec/2022:06:33:05 -0800] "GET / HTTP/1.1" 200 4147 "-" "Mozilla/5.0 (Windows NT 10.0; Win64; x64)AppleWebKit/537.36 (KHTML, like Gecko) Chrome/66.0.3359.181 Safari/537.36" "electric-homecare.com"
207.46.13.17 - - [21/Dec/2022:07:41:20 -0800] "GET /Bariatric-Scooters.html HTTP/1.1" 200 5681 "-" "Mozilla/5.0 (compatible; bingbot/2.0; +http://www.bing.com/bingbot.htm)" "electric-homecare.com"
40.77.167.30 - - [21/Dec/2022:07:44:55 -0800] "GET /Houston-Adjustable-Beds.html HTTP/1.1" 200 11912 "-" "Mozilla/5.0 (compatible; bingbot/2.0; +http://www.bing.com/bingbot.htm)" "electric-homecare.com"
216.244.66.247 - - [21/Dec/2022:08:07:52 -0800] "GET /robots.txt HTTP/1.1" 200 48 "-" "Mozilla/5.0 (compatible; DotBot/1.2; +https://opensiteexplorer.org/dotbot; help@moz.com)" "electric-homecare.com"
207.46.13.35 - - [21/Dec/2022:08:09:37 -0800] "GET /Houston-Hospital-Beds.html HTTP/1.1" 200 4991 "-" "Mozilla/5.0 (compatible; bingbot/2.0; +http://www.bing.com/bingbot.htm)" "electric-homecare.com"
51.222.253.12 - - [21/Dec/2022:08:14:10 -0800] "GET / HTTP/1.1" 200 4147 "-" "Mozilla/5.0 (compatible; AhrefsBot/7.0; +http://ahrefs.com/robot/)" "electric-homecare.com"
51.222.253.11 - - [21/Dec/2022:08:14:14 -0800] "GET /test3.css HTTP/1.1" 200 960 "-" "Mozilla/5.0 (compatible; AhrefsBot/7.0; +http://ahrefs.com/robot/)" "electric-homecare.com"
51.222.253.4 - - [21/Dec/2022:08:14:14 -0800] "GET /electric-homecare-logo.png HTTP/1.1" 200 139618 "-" "Mozilla/5.0 (compatible; AhrefsBot/7.0; +http://ahrefs.com/robot/)" "electric-homecare.com"
17.241.75.35 - - [21/Dec/2022:08:43:13 -0800] "GET /robots.txt HTTP/1.1" 200 64 "-" "Mozilla/5.0 (Macintosh; Intel Mac OS X 10_15_5) AppleWebKit/605.1.15 (KHTML, like Gecko) Version/13.1.1 Safari/605.1.15 (Applebot/0.1; +http://www.apple.com/go/applebot)" "electric-homecare.com"
17.241.75.35 - - [21/Dec/2022:08:43:13 -0800] "GET /Mattresses1.html HTTP/1.1" 404 88 "-" "Mozilla/5.0 (Macintosh; Intel Mac OS X 10_15_5) AppleWebKit/605.1.15 (KHTML, like Gecko) Version/13.1.1 Safari/605.1.15 (Applebot/0.1; +http://www.apple.com/go/applebot)" "electric-homecare.com"
216.244.66.247 - - [21/Dec/2022:09:01:53 -0800] "GET /robots.txt HTTP/1.1" 200 48 "-" "Mozilla/5.0 (compatible; DotBot/1.2; +https://opensiteexplorer.org/dotbot; help@moz.com)" "electric-homecare.com"
152.131.10.131 - - [21/Dec/2022:09:12:11 -0800] "GET /Tm_HosBed_3.jpg HTTP/1.1" 200 201713 "https://www.bing.com/" "Mozilla/5.0 (Windows NT 10.0; Win64; x64) AppleWebKit/537.36 (KHTML, like Gecko) Chrome/106.0.0.0 Safari/537.36 Edg/106.0.1370.42" "electric-homecare.com"
137.226.113.44 - - [21/Dec/2022:09:15:08 -0800] "GET / HTTP/1.1" 200 4147 "-" "Mozilla/5.0 zgrab/0.x (compatible; Researchscan/http; +http://researchscan.comsys.rwth-aachen.de)" "www.electric-homecare.com"
114.119.153.67 - - [21/Dec/2022:09:20:10 -0800] "GET /SeatGuide.pdf HTTP/1.1" 200 22115 "https://www.electric-homecare.com/Houston-pacesaver.html" "Mozilla/5.0 (Linux; Android 7.0;) AppleWebKit/537.36 (KHTML, like Gecko) Mobile Safari/537.36 (compatible; PetalBot;+https://webmaster.petalsearch.com/site/petalbot)" "www.electric-homecare.com"
216.244.66.247 - - [21/Dec/2022:09:52:16 -0800] "GET /robots.txt HTTP/1.1" 200 48 "-" "Mozilla/5.0 (compatible; DotBot/1.2; +https://opensiteexplorer.org/dotbot; help@moz.com)" "electric-homecare.com"
138.128.118.130 - - [21/Dec/2022:09:57:53 -0800] "GET / HTTP/1.1" 200 4147 "-" "Mozilla/5.0 (Windows NT 10.0; Win64; x64) AppleWebKit/537.36 (KHTML, like Gecko) Chrome/107.0.0.0 Safari/537.36" "electric-homecare.com"
138.128.118.130 - - [21/Dec/2022:09:57:54 -0800] "GET /robots.txt HTTP/1.1" 200 64 "-" "Mozilla/5.0 (Windows NT 10.0; Win64; x64) AppleWebKit/537.36 (KHTML, like Gecko) Chrome/107.0.0.0 Safari/537.36" "electric-homecare.com"
138.128.118.130 - - [21/Dec/2022:09:57:56 -0800] "GET /ads.txt HTTP/1.1" 404 88 "-" "Mozilla/5.0 (Windows NT 10.0; Win64; x64) AppleWebKit/537.36 (KHTML, like Gecko) Chrome/107.0.0.0 Safari/537.36" "electric-homecare.com"
138.128.118.130 - - [21/Dec/2022:09:57:58 -0800] "GET / HTTP/1.1" 200 4147 "-" "Mozilla/5.0 (Windows NT 10.0; Win64; x64) AppleWebKit/537.36 (KHTML, like Gecko) Chrome/107.0.0.0 Safari/537.36" "electric-homecare.com"
77.75.79.119 - - [21/Dec/2022:09:58:08 -0800] "GET /Bariatric-Adjustable-Beds.html HTTP/1.1" 304 - "-" "Mozilla/5.0 (compatible; SeznamBot/4.0-RC1; +http://napoveda.seznam.cz/seznambot-intro/)" "electric-homecare.com"
114.119.132.135 - - [21/Dec/2022:10:21:34 -0800] "GET /robots.txt HTTP/1.1" 200 64 "-" "Mozilla/5.0 (compatible;PetalBot;+https://webmaster.petalsearch.com/site/petalbot)" "electric-homecare.com"
51.222.253.15 - - [21/Dec/2022:10:44:46 -0800] "GET /robots.txt HTTP/1.1" 200 64 "-" "Mozilla/5.0 (compatible; AhrefsBot/7.0; +http://ahrefs.com/robot/)" "electric-homecare.com"
51.222.253.19 - - [21/Dec/2022:10:44:48 -0800] "GET /Houston-Perfect-Firmness.html HTTP/1.1" 200 3612 "-" "Mozilla/5.0 (compatible; AhrefsBot/7.0; +http://ahrefs.com/robot/)" "electric-homecare.com"
51.222.253.19 - - [21/Dec/2022:10:44:50 -0800] "GET /PF-04.jpg HTTP/1.1" 200 6544 "-" "Mozilla/5.0 (compatible; AhrefsBot/7.0; +http://ahrefs.com/robot/)" "electric-homecare.com"
51.222.253.13 - - [21/Dec/2022:10:44:50 -0800] "GET /PF-0.jpg HTTP/1.1" 200 10900 "-" "Mozilla/5.0 (compatible; AhrefsBot/7.0; +http://ahrefs.com/robot/)" "electric-homecare.com"
51.222.253.20 - - [21/Dec/2022:10:44:51 -0800] "GET /PF-05.png HTTP/1.1" 200 75985 "-" "Mozilla/5.0 (compatible; AhrefsBot/7.0; +http://ahrefs.com/robot/)" "electric-homecare.com"
51.222.253.10 - - [21/Dec/2022:10:44:51 -0800] "GET /PF-07.jpg HTTP/1.1" 200 56828 "-" "Mozilla/5.0 (compatible; AhrefsBot/7.0; +http://ahrefs.com/robot/)" "electric-homecare.com"
51.222.253.16 - - [21/Dec/2022:10:44:51 -0800] "GET /PF-15.jpg HTTP/1.1" 200 562160 "-" "Mozilla/5.0 (compatible; AhrefsBot/7.0; +http://ahrefs.com/robot/)" "electric-homecare.com"
51.222.253.15 - - [21/Dec/2022:10:44:52 -0800] "GET /PF-1.png HTTP/1.1" 200 75674 "-" "Mozilla/5.0 (compatible; AhrefsBot/7.0; +http://ahrefs.com/robot/)" "electric-homecare.com"
51.222.253.10 - - [21/Dec/2022:10:44:53 -0800] "GET /PF-18.jpg HTTP/1.1" 200 6115 "-" "Mozilla/5.0 (compatible; AhrefsBot/7.0; +http://ahrefs.com/robot/)" "electric-homecare.com"
51.222.253.11 - - [21/Dec/2022:10:44:53 -0800] "GET /PF-09.gif HTTP/1.1" 200 4928328 "-" "Mozilla/5.0 (compatible; AhrefsBot/7.0; +http://ahrefs.com/robot/)" "electric-homecare.com"
51.222.253.5 - - [21/Dec/2022:10:44:56 -0800] "GET /PF-16.jpg HTTP/1.1" 200 765991 "-" "Mozilla/5.0 (compatible; AhrefsBot/7.0; +http://ahrefs.com/robot/)" "electric-homecare.com"
51.222.253.2 - - [21/Dec/2022:10:44:57 -0800] "GET /PF-08.jpg HTTP/1.1" 200 1171648 "-" "Mozilla/5.0 (compatible; AhrefsBot/7.0; +http://ahrefs.com/robot/)" "electric-homecare.com"
31.172.80.137 - - [21/Dec/2022:11:00:44 -0800] "GET /wp-login.php HTTP/1.1" 404 88 "http://electric-homecare.com/wp-login.php" "Mozilla/5.0 (Windows NT 10.0; Win64; x64; rv:96.0) Gecko/20100101 Firefox/96" "electric-homecare.com"
216.244.66.247 - - [21/Dec/2022:11:32:03 -0800] "GET /robots.txt HTTP/1.1" 200 48 "-" "Mozilla/5.0 (compatible; DotBot/1.2; +https://opensiteexplorer.org/dotbot; help@moz.com)" "electric-homecare.com"
40.77.167.99 - - [21/Dec/2022:11:35:22 -0800] "GET /robots.txt HTTP/1.1" 200 64 "-" "Mozilla/5.0 AppleWebKit/537.36 (KHTML, like Gecko; compatible; bingbot/2.0; +http://www.bing.com/bingbot.htm) Chrome/103.0.5060.134 Safari/537.36" "electric-homecare.com"
77.75.79.119 - - [21/Dec/2022:12:10:11 -0800] "GET /Stair-Lifts.html HTTP/1.1" 304 - "-" "Mozilla/5.0 (compatible; SeznamBot/4.0-RC1; +http://napoveda.seznam.cz/seznambot-intro/)" "electric-homecare.com"
114.119.155.96 - - [21/Dec/2022:12:16:19 -0800] "GET /US_Jazzy_Select_Elite_om.pdf HTTP/1.1" 200 7021223 "https://www.electric-homecare.com/Houston-JazzyElite14.html" "Mozilla/5.0 (Linux; Android 7.0;) AppleWebKit/537.36 (KHTML, like Gecko) Mobile Safari/537.36 (compatible; PetalBot;+https://webmaster.petalsearch.com/site/petalbot)" "www.electric-homecare.com"
216.244.66.247 - - [21/Dec/2022:12:28:45 -0800] "GET /robots.txt HTTP/1.1" 200 48 "-" "Mozilla/5.0 (compatible; DotBot/1.2; +https://opensiteexplorer.org/dotbot; help@moz.com)" "electric-homecare.com"
207.46.13.48 - - [21/Dec/2022:12:46:23 -0800] "GET /WheelchairsofKansas.html HTTP/1.1" 404 88 "-" "Mozilla/5.0 (compatible; bingbot/2.0; +http://www.bing.com/bingbot.htm)" "www.electric-homecare.com"
114.119.150.32 - - [21/Dec/2022:13:09:11 -0800] "GET /robots.txt HTTP/1.1" 200 64 "-" "Mozilla/5.0 (compatible;PetalBot;+https://webmaster.petalsearch.com/site/petalbot)" "electric-homecare.com"
77.75.79.31 - - [21/Dec/2022:13:11:24 -0800] "GET /robots.txt HTTP/1.1" 200 64 "-" "Mozilla/5.0 (compatible; SeznamBot/4.0-RC1; +http://napoveda.seznam.cz/seznambot-intro/)" "www.electric-homecare.com"
216.244.66.247 - - [21/Dec/2022:13:23:16 -0800] "GET /robots.txt HTTP/1.1" 200 48 "-" "Mozilla/5.0 (compatible; DotBot/1.2; +https://opensiteexplorer.org/dotbot; help@moz.com)" "electric-homecare.com"
185.191.171.5 - - [21/Dec/2022:13:27:38 -0800] "GET /robots.txt HTTP/1.1" 200 64 "-" "Mozilla/5.0 (compatible; SemrushBot/7~bl; +http://www.semrush.com/bot.html)" "electric-homecare.com"
185.191.171.19 - - [21/Dec/2022:13:27:39 -0800] "GET /flexabed_adjustable_beds.html HTTP/1.1" 404 88 "-" "Mozilla/5.0 (compatible; SemrushBot/7~bl; +http://www.semrush.com/bot.html)" "electric-homecare.com"
66.249.70.145 - - [21/Dec/2022:13:40:05 -0800] "GET /elelctropedic012.jpg HTTP/1.1" 404 88 "-" "Googlebot-Image/1.0" "www.electric-homecare.com"
66.249.70.107 - - [21/Dec/2022:13:40:27 -0800] "GET /Theclassic_5.jpg HTTP/1.1" 200 149603 "-" "Googlebot-Image/1.0" "electric-homecare.com"
95.163.255.129 - - [21/Dec/2022:13:42:19 -0800] "GET /robots.txt HTTP/1.1" 200 48 "-" "Mozilla/5.0 (compatible; Linux x86_64; Mail.RU_Bot/Robots/2.0; +https://help.mail.ru/webmaster/indexing/robots)" "www.electric-homecare.com"
95.163.255.138 - - [21/Dec/2022:13:42:20 -0800] "GET / HTTP/1.1" 200 4147 "-" "Mozilla/5.0 (compatible; Linux x86_64; Mail.RU_Bot/Robots/2.0; +https://help.mail.ru/webmaster/indexing/robots)" "www.electric-homecare.com"
66.249.70.147 - - [21/Dec/2022:13:43:28 -0800] "GET /elelctropedic001.jpg HTTP/1.1" 404 88 "-" "Googlebot-Image/1.0" "www.electric-homecare.com"
66.249.70.145 - - [21/Dec/2022:13:43:54 -0800] "GET /elelctropedic036.jpg HTTP/1.1" 404 88 "-" "Googlebot-Image/1.0" "www.electric-homecare.com"
66.249.70.145 - - [21/Dec/2022:13:46:11 -0800] "GET /elelctropedic040.jpg HTTP/1.1" 404 88 "-" "Googlebot-Image/1.0" "www.electric-homecare.com"
66.249.70.109 - - [21/Dec/2022:13:47:50 -0800] "GET /Hilow_5.jpg HTTP/1.1" 200 285100 "-" "Googlebot-Image/1.0" "electric-homecare.com"
66.249.70.109 - - [21/Dec/2022:13:49:19 -0800] "GET /premier-furniture-main-1500_1.jpg HTTP/1.1" 200 31959 "-" "Googlebot-Image/1.0" "electric-homecare.com"
66.249.70.109 - - [21/Dec/2022:14:09:23 -0800] "GET /Pure_10.jpg HTTP/1.1" 200 6590 "-" "Googlebot-Image/1.0" "electric-homecare.com"
66.249.70.109 - - [21/Dec/2022:14:11:08 -0800] "GET /Tm_HBedAccess_4.jpg HTTP/1.1" 200 2586 "-" "Googlebot-Image/1.0" "electric-homecare.com"
216.244.66.247 - - [21/Dec/2022:14:16:13 -0800] "GET /robots.txt HTTP/1.1" 200 48 "-" "Mozilla/5.0 (compatible; DotBot/1.2; +https://opensiteexplorer.org/dotbot; help@moz.com)" "electric-homecare.com"
185.191.171.39 - - [21/Dec/2022:14:50:40 -0800] "GET /robots.txt HTTP/1.1" 200 64 "-" "Mozilla/5.0 (compatible; SemrushBot/7~bl; +http://www.semrush.com/bot.html)" "www.electric-homecare.com"
185.191.171.8 - - [21/Dec/2022:14:50:40 -0800] "GET /bariatric-equipment1.html HTTP/1.1" 404 88 "-" "Mozilla/5.0 (compatible; SemrushBot/7~bl; +http://www.semrush.com/bot.html)" "www.electric-homecare.com"
216.244.66.247 - - [21/Dec/2022:15:09:53 -0800] "GET /robots.txt HTTP/1.1" 200 48 "-" "Mozilla/5.0 (compatible; DotBot/1.2; +https://opensiteexplorer.org/dotbot; help@moz.com)" "electric-homecare.com"
157.55.39.130 - - [21/Dec/2022:15:12:06 -0800] "GET /robots.txt HTTP/1.1" 200 64 "-" "Mozilla/5.0 (compatible; bingbot/2.0; +http://www.bing.com/bingbot.htm)" "electric-homecare.com"
40.77.167.3 - - [21/Dec/2022:15:12:13 -0800] "GET /Houston-AdjustableBeds-DualKing.html HTTP/1.1" 200 2607 "-" "Mozilla/5.0 (compatible; bingbot/2.0; +http://www.bing.com/bingbot.htm)" "electric-homecare.com"
118.184.177.73 - - [21/Dec/2022:15:22:40 -0800] "GET / HTTP/1.1" 200 4147 "-" "Sogou web spider/4.0(+http://www.sogou.com/docs/help/webmasters.htm#07)" "www.electric-homecare.com"
