185.191.171.40 - - [14/Jan/2023:16:16:27 -0800] "GET /robots.txt HTTP/1.1" 200 64 "-" "Mozilla/5.0 (compatible; SemrushBot/7~bl; +http://www.semrush.com/bot.html)" "www.electric-homecare.com"
185.191.171.1 - - [14/Jan/2023:16:16:28 -0800] "GET /Houston-goldentech.html HTTP/1.1" 200 4536 "-" "Mozilla/5.0 (compatible; SemrushBot/7~bl; +http://www.semrush.com/bot.html)" "www.electric-homecare.com"
216.244.66.247 - - [14/Jan/2023:16:19:09 -0800] "GET /robots.txt HTTP/1.1" 200 48 "-" "Mozilla/5.0 (compatible; DotBot/1.2; +https://opensiteexplorer.org/dotbot; help@moz.com)" "electric-homecare.com"
17.241.227.84 - - [14/Jan/2023:16:30:05 -0800] "GET /bariatric-electropedic.png HTTP/1.1" 200 69986 "-" "Mozilla/5.0 (Macintosh; Intel Mac OS X 10_15_5) AppleWebKit/605.1.15 (KHTML, like Gecko) Version/13.1.1 Safari/605.1.15 (Applebot/0.1; +http://www.apple.com/go/applebot)" "electric-homecare.com"
157.55.39.117 - - [14/Jan/2023:16:30:20 -0800] "GET /Element_Main.jpg HTTP/1.1" 200 41005 "-" "Mozilla/5.0 AppleWebKit/537.36 (KHTML, like Gecko; compatible; bingbot/2.0; +http://www.bing.com/bingbot.htm) Chrome/103.0.5060.134 Safari/537.36" "electric-homecare.com"
18.204.166.15 - - [14/Jan/2023:16:35:04 -0800] "GET /electropedic-helping%20you%20since%201964-2.png HTTP/1.1" 200 14233 "-" "Mozilla/5.0 (Windows NT 6.3; WOW64; rv:71.0) Gecko/20100101 Firefox/71.0" "electric-homecare.com"
45.8.22.134 - - [14/Jan/2023:16:52:59 -0800] "GET / HTTP/1.1" 200 4147 "http://electric-homecare.com" "Mozilla/5.0 (Windows NT 10.0; Win64; x64) AppleWebKit/537.36 (KHTML, like Gecko) Chrome/103.0.0.0 Safari/537.36 Edg/103.0.1264.71" "electric-homecare.com"
45.8.22.134 - - [14/Jan/2023:16:52:59 -0800] "GET /Houston.html HTTP/1.1" 200 4223 "https://electric-homecare.com/" "Mozilla/5.0 (Windows NT 10.0; Win64; x64) AppleWebKit/537.36 (KHTML, like Gecko) Chrome/103.0.0.0 Safari/537.36 Edg/103.0.1264.71" "electric-homecare.com"
45.8.22.134 - - [14/Jan/2023:16:53:00 -0800] "GET /Wheelchair-Elevators.html HTTP/1.1" 404 88 "http://electric-homecare.com/Wheelchair-Elevators.html" "Mozilla/5.0 (Windows NT 10.0; Win64; x64) AppleWebKit/537.36 (KHTML, like Gecko) Chrome/103.0.0.0 Safari/537.36 Edg/103.0.1264.71" "electric-homecare.com"
45.8.22.134 - - [14/Jan/2023:16:53:00 -0800] "GET /Nationwide.html HTTP/1.1" 404 88 "http://electric-homecare.com/Nationwide.html" "Mozilla/5.0 (Windows NT 10.0; Win64; x64) AppleWebKit/537.36 (KHTML, like Gecko) Chrome/103.0.0.0 Safari/537.36 Edg/103.0.1264.71" "electric-homecare.com"
45.8.22.134 - - [14/Jan/2023:16:53:00 -0800] "GET /Houston-Wheelchairs.html HTTP/1.1" 200 12937 "http://electric-homecare.com/Houston-Wheelchairs.html" "Mozilla/5.0 (Windows NT 10.0; Win64; x64) AppleWebKit/537.36 (KHTML, like Gecko) Chrome/103.0.0.0 Safari/537.36 Edg/103.0.1264.71" "electric-homecare.com"
45.8.22.134 - - [14/Jan/2023:16:53:01 -0800] "GET /Contact-Us.html HTTP/1.1" 404 88 "http://electric-homecare.com" "Mozilla/5.0 (Windows NT 10.0; Win64; x64) AppleWebKit/537.36 (KHTML, like Gecko) Chrome/103.0.0.0 Safari/537.36 Edg/103.0.1264.71" "electric-homecare.com"
42.236.10.122 - - [14/Jan/2023:16:55:31 -0800] "GET / HTTP/1.1" 200 4147 "https://www.electric-homecare.com/" "Mozilla/5.0 (Windows NT 6.1; WOW64) AppleWebKit/537.36 (KHTML, like Gecko) Chrome/50.0.2661.102 Safari/537.36; 360Spider" "www.electric-homecare.com"
216.244.66.247 - - [14/Jan/2023:17:13:41 -0800] "GET /robots.txt HTTP/1.1" 200 48 "-" "Mozilla/5.0 (compatible; DotBot/1.2; +https://opensiteexplorer.org/dotbot; help@moz.com)" "electric-homecare.com"
18.204.166.15 - - [14/Jan/2023:17:13:46 -0800] "GET /gogolxcts.jpg HTTP/1.1" 200 11077 "-" "Mozilla/5.0 (iPad; CPU OS 5_1 like Mac OS X) AppleWebKit/534.46 (KHTML, like Gecko) Version/5.1 Mobile/9B176 Safari/7534.48.3" "electric-homecare.com"
17.241.219.223 - - [14/Jan/2023:17:45:49 -0800] "GET /Mattresses1.html HTTP/1.1" 404 88 "-" "Mozilla/5.0 (Macintosh; Intel Mac OS X 10_15_5) AppleWebKit/605.1.15 (KHTML, like Gecko) Version/13.1.1 Safari/605.1.15 (Applebot/0.1; +http://www.apple.com/go/applebot)" "electric-homecare.com"
51.222.253.20 - - [14/Jan/2023:18:03:17 -0800] "GET /index.html HTTP/1.1" 200 4147 "-" "Mozilla/5.0 (compatible; AhrefsBot/7.0; +http://ahrefs.com/robot/)" "electric-homecare.com"
216.244.66.247 - - [14/Jan/2023:18:08:49 -0800] "GET /robots.txt HTTP/1.1" 200 48 "-" "Mozilla/5.0 (compatible; DotBot/1.2; +https://opensiteexplorer.org/dotbot; help@moz.com)" "electric-homecare.com"
17.241.219.54 - - [14/Jan/2023:18:38:24 -0800] "GET /tx-ergomotion.jpg HTTP/1.1" 200 1863 "-" "Mozilla/5.0 (Macintosh; Intel Mac OS X 10_15_5) AppleWebKit/605.1.15 (KHTML, like Gecko) Version/13.1.1 Safari/605.1.15 (Applebot/0.1; +http://www.apple.com/go/applebot)" "electric-homecare.com"
216.244.66.247 - - [14/Jan/2023:19:03:48 -0800] "GET /robots.txt HTTP/1.1" 200 48 "-" "Mozilla/5.0 (compatible; DotBot/1.2; +https://opensiteexplorer.org/dotbot; help@moz.com)" "electric-homecare.com"
185.191.171.24 - - [14/Jan/2023:19:04:38 -0800] "GET /robots.txt HTTP/1.1" 200 64 "-" "Mozilla/5.0 (compatible; SemrushBot/7~bl; +http://www.semrush.com/bot.html)" "www.electric-homecare.com"
185.191.171.4 - - [14/Jan/2023:19:04:38 -0800] "GET /Houston-Flexabed.html HTTP/1.1" 200 4570 "-" "Mozilla/5.0 (compatible; SemrushBot/7~bl; +http://www.semrush.com/bot.html)" "www.electric-homecare.com"
185.191.171.34 - - [14/Jan/2023:19:08:26 -0800] "GET /robots.txt HTTP/1.1" 200 64 "-" "Mozilla/5.0 (compatible; SemrushBot/7~bl; +http://www.semrush.com/bot.html)" "electric-homecare.com"
185.191.171.42 - - [14/Jan/2023:19:08:26 -0800] "GET /AdjustableBeds-Queen.html HTTP/1.1" 200 6471 "-" "Mozilla/5.0 (compatible; SemrushBot/7~bl; +http://www.semrush.com/bot.html)" "electric-homecare.com"
185.191.171.42 - - [14/Jan/2023:19:28:38 -0800] "GET /Bariatric-Hospital-Beds.html HTTP/1.1" 200 5040 "-" "Mozilla/5.0 (compatible; SemrushBot/7~bl; +http://www.semrush.com/bot.html)" "electric-homecare.com"
103.136.220.231 - - [14/Jan/2023:19:43:11 -0800] "GET /harmar-1.jpg HTTP/1.1" 200 7446 "-" "Mozilla/5.0 (X11; Ubuntu; Linux x86_64; rv:72.0) Gecko/20100101 Firefox/72.0" "electric-homecare.com"
65.108.232.38 - - [14/Jan/2023:19:45:47 -0800] "GET /robots.txt HTTP/1.1" 200 48 "-" "Mozilla/5.0 (compatible; MJ12bot/v1.4.8; http://mj12bot.com/)" "electric-homecare.com"
65.108.232.38 - - [14/Jan/2023:19:46:28 -0800] "GET /robots.txt HTTP/1.1" 200 48 "-" "Mozilla/5.0 (compatible; MJ12bot/v1.4.8; http://mj12bot.com/)" "electric-homecare.com"
65.108.232.38 - - [14/Jan/2023:19:46:33 -0800] "GET /Adjustable-Beds.html HTTP/1.1" 200 25947 "-" "Mozilla/5.0 (compatible; MJ12bot/v1.4.8; http://mj12bot.com/)" "electric-homecare.com"
65.108.232.38 - - [14/Jan/2023:19:47:44 -0800] "GET /robots.txt HTTP/1.1" 200 48 "-" "Mozilla/5.0 (compatible; MJ12bot/v1.4.8; http://mj12bot.com/)" "www.electric-homecare.com"
65.108.232.38 - - [14/Jan/2023:19:47:45 -0800] "GET /Adjustable-Bed-Mattress.html HTTP/1.1" 200 5917 "-" "Mozilla/5.0 (compatible; MJ12bot/v1.4.8; http://mj12bot.com/)" "www.electric-homecare.com"
65.108.232.38 - - [14/Jan/2023:19:47:49 -0800] "GET /Blue-Chip.html HTTP/1.1" 200 7222 "-" "Mozilla/5.0 (compatible; MJ12bot/v1.4.8; http://mj12bot.com/)" "www.electric-homecare.com"
66.249.70.147 - - [14/Jan/2023:20:40:01 -0800] "GET /2-comfort-swiss-rest.jpg HTTP/1.1" 200 1705 "-" "Googlebot-Image/1.0" "www.electric-homecare.com"
114.119.142.28 - - [14/Jan/2023:20:50:28 -0800] "GET /Synergy_Bifold.pdf HTTP/1.1" 200 888507 "https://electric-homecare.com/Houston-Jazzy614HD.html" "Mozilla/5.0 (Linux; Android 7.0;) AppleWebKit/537.36 (KHTML, like Gecko) Mobile Safari/537.36 (compatible; PetalBot;+https://webmaster.petalsearch.com/site/petalbot)" "electric-homecare.com"
216.244.66.247 - - [14/Jan/2023:20:51:56 -0800] "GET /robots.txt HTTP/1.1" 200 48 "-" "Mozilla/5.0 (compatible; DotBot/1.2; +https://opensiteexplorer.org/dotbot; help@moz.com)" "electric-homecare.com"
172.250.65.198 - - [14/Jan/2023:21:31:06 -0800] "GET /adjustable-bed-0001.jpg HTTP/1.1" 200 86652 "https://www.bing.com/" "Mozilla/5.0 (Windows NT 10.0; Win64; x64) AppleWebKit/537.36 (KHTML, like Gecko) Chrome/108.0.0.0 Safari/537.36 Edg/108.0.1462.76" "electric-homecare.com"
172.250.65.198 - - [14/Jan/2023:21:45:17 -0800] "GET /bariatric-wheelchairs-of-kansas-4.jpg HTTP/1.1" 200 79029 "https://www.bing.com/" "Mozilla/5.0 (Windows NT 10.0; Win64; x64) AppleWebKit/537.36 (KHTML, like Gecko) Chrome/108.0.0.0 Safari/537.36 Edg/108.0.1462.76" "electric-homecare.com"
172.250.65.198 - - [14/Jan/2023:21:45:22 -0800] "GET /bariatric-wheelchairs-of-kansas-4.jpg HTTP/1.1" 200 79029 "https://www.bing.com/" "Mozilla/5.0 (Windows NT 10.0; Win64; x64) AppleWebKit/537.36 (KHTML, like Gecko) Chrome/108.0.0.0 Safari/537.36 Edg/108.0.1462.76" "electric-homecare.com"
185.191.171.12 - - [14/Jan/2023:21:45:47 -0800] "GET /robots.txt HTTP/1.1" 200 64 "-" "Mozilla/5.0 (compatible; SemrushBot/7~bl; +http://www.semrush.com/bot.html)" "www.electric-homecare.com"
185.191.171.7 - - [14/Jan/2023:21:45:49 -0800] "GET /Houston-GoGoES2.html HTTP/1.1" 200 3895 "-" "Mozilla/5.0 (compatible; SemrushBot/7~bl; +http://www.semrush.com/bot.html)" "www.electric-homecare.com"
172.250.65.198 - - [14/Jan/2023:21:47:16 -0800] "GET /EP-03.jpg HTTP/1.1" 200 448055 "https://www.bing.com/" "Mozilla/5.0 (Windows NT 10.0; Win64; x64) AppleWebKit/537.36 (KHTML, like Gecko) Chrome/108.0.0.0 Safari/537.36 Edg/108.0.1462.76" "electric-homecare.com"
172.250.65.198 - - [14/Jan/2023:21:58:04 -0800] "GET /1-cover-2.jpg HTTP/1.1" 200 58462 "https://www.bing.com/" "Mozilla/5.0 (Windows NT 10.0; Win64; x64) AppleWebKit/537.36 (KHTML, like Gecko) Chrome/109.0.0.0 Safari/537.36" "electric-homecare.com"
87.250.224.29 - - [14/Jan/2023:22:15:17 -0800] "GET /robots.txt HTTP/1.1" 200 48 "-" "Mozilla/5.0 (compatible; YandexBot/3.0; +http://yandex.com/bots)" "electric-homecare.com"
5.45.207.95 - - [14/Jan/2023:22:15:21 -0800] "GET /Houston-Bariatric-Beds.html HTTP/1.1" 200 9978 "-" "Mozilla/5.0 (compatible; YandexBot/3.0; +http://yandex.com/bots)" "electric-homecare.com"
185.191.171.17 - - [14/Jan/2023:22:57:15 -0800] "GET /robots.txt HTTP/1.1" 200 64 "-" "Mozilla/5.0 (compatible; SemrushBot/7~bl; +http://www.semrush.com/bot.html)" "www.electric-homecare.com"
185.191.171.15 - - [14/Jan/2023:22:57:16 -0800] "GET /HoustonBrunoScooterandPowerchairLifts.html HTTP/1.1" 200 5205 "-" "Mozilla/5.0 (compatible; SemrushBot/7~bl; +http://www.semrush.com/bot.html)" "www.electric-homecare.com"
38.32.112.34 - - [14/Jan/2023:22:59:30 -0800] "GET /gogoes2-2.jpg HTTP/1.1" 200 10184 "-" "Mozilla/5.0 (X11; Ubuntu; Linux x86_64; rv:72.0) Gecko/20100101 Firefox/72.0" "electric-homecare.com"
216.244.66.247 - - [14/Jan/2023:23:09:42 -0800] "GET /robots.txt HTTP/1.1" 200 48 "-" "Mozilla/5.0 (compatible; DotBot/1.2; +https://opensiteexplorer.org/dotbot; help@moz.com)" "electric-homecare.com"
157.90.182.27 - - [14/Jan/2023:23:16:46 -0800] "GET /robots.txt HTTP/1.1" 200 64 "-" "Mozilla/5.0 (compatible; BLEXBot/1.0; +http://webmeup-crawler.com/)" "electric-homecare.com"
157.90.182.27 - - [14/Jan/2023:23:16:46 -0800] "GET /robots.txt HTTP/1.1" 200 64 "-" "Mozilla/5.0 (compatible; BLEXBot/1.0; +http://webmeup-crawler.com/)" "electric-homecare.com"
157.90.182.27 - - [14/Jan/2023:23:16:47 -0800] "GET / HTTP/1.1" 200 4147 "-" "Mozilla/5.0 (compatible; BLEXBot/1.0; +http://webmeup-crawler.com/)" "electric-homecare.com"
54.36.148.215 - - [14/Jan/2023:23:26:59 -0800] "GET /robots.txt HTTP/1.1" 200 64 "-" "Mozilla/5.0 (compatible; AhrefsBot/7.0; +http://ahrefs.com/robot/)" "www.electric-homecare.com"
51.222.253.3 - - [14/Jan/2023:23:27:02 -0800] "GET / HTTP/1.1" 200 4147 "-" "Mozilla/5.0 (compatible; AhrefsBot/7.0; +http://ahrefs.com/robot/)" "www.electric-homecare.com"
51.222.253.6 - - [14/Jan/2023:23:27:04 -0800] "GET /electropedic-helping%20you%20since%201964-2.png HTTP/1.1" 200 14233 "-" "Mozilla/5.0 (compatible; AhrefsBot/7.0; +http://ahrefs.com/robot/)" "www.electric-homecare.com"
51.222.253.10 - - [14/Jan/2023:23:27:05 -0800] "GET /electric-homecare-logo.png HTTP/1.1" 200 139618 "-" "Mozilla/5.0 (compatible; AhrefsBot/7.0; +http://ahrefs.com/robot/)" "www.electric-homecare.com"
185.191.171.14 - - [14/Jan/2023:23:50:30 -0800] "GET /Houston-Perfect-Firmness.html HTTP/1.1" 200 3612 "-" "Mozilla/5.0 (compatible; SemrushBot/7~bl; +http://www.semrush.com/bot.html)" "www.electric-homecare.com"
216.244.66.247 - - [15/Jan/2023:00:06:48 -0800] "GET /robots.txt HTTP/1.1" 200 48 "-" "Mozilla/5.0 (compatible; DotBot/1.2; +https://opensiteexplorer.org/dotbot; help@moz.com)" "electric-homecare.com"
114.119.148.154 - - [15/Jan/2023:00:29:08 -0800] "GET /index.htm HTTP/1.1" 200 4960 "https://www.electric-homecare.com/about.html" "Mozilla/5.0 (Linux; Android 7.0;) AppleWebKit/537.36 (KHTML, like Gecko) Mobile Safari/537.36 (compatible; PetalBot;+https://webmaster.petalsearch.com/site/petalbot)" "www.electric-homecare.com"
54.36.148.211 - - [15/Jan/2023:00:34:02 -0800] "GET /robots.txt HTTP/1.1" 200 64 "-" "Mozilla/5.0 (compatible; AhrefsBot/7.0; +http://ahrefs.com/robot/)" "electric-homecare.com"
188.166.176.5 - - [15/Jan/2023:01:01:11 -0800] "GET /wp-includes/ID3/license.txt HTTP/1.1" 404 73 "-" "Mozilla/5.0 (Windows NT 10.0; Win64; x64) AppleWebKit/537.36 (KHTML, like Gecko) Chrome/95.0.4638.69 Safari/537.36" "electric-homecare.com"
188.166.176.5 - - [15/Jan/2023:01:01:13 -0800] "GET /feed/ HTTP/1.1" 404 73 "-" "Mozilla/5.0 (Windows NT 10.0; Win64; x64) AppleWebKit/537.36 (KHTML, like Gecko) Chrome/95.0.4638.69 Safari/537.36" "electric-homecare.com"
188.166.176.5 - - [15/Jan/2023:01:01:14 -0800] "GET /xmlrpc.php?rsd HTTP/1.1" 500 4965 "-" "Mozilla/5.0 (Windows NT 10.0; Win64; x64) AppleWebKit/537.36 (KHTML, like Gecko) Chrome/95.0.4638.69 Safari/537.36" "electric-homecare.com"
188.166.176.5 - - [15/Jan/2023:01:01:15 -0800] "GET /blog/wp-includes/wlwmanifest.xml HTTP/1.1" 404 73 "-" "Mozilla/5.0 (Windows NT 10.0; Win64; x64) AppleWebKit/537.36 (KHTML, like Gecko) Chrome/95.0.4638.69 Safari/537.36" "electric-homecare.com"
188.166.176.5 - - [15/Jan/2023:01:01:16 -0800] "GET /web/wp-includes/wlwmanifest.xml HTTP/1.1" 404 73 "-" "Mozilla/5.0 (Windows NT 10.0; Win64; x64) AppleWebKit/537.36 (KHTML, like Gecko) Chrome/95.0.4638.69 Safari/537.36" "electric-homecare.com"
188.166.176.5 - - [15/Jan/2023:01:01:18 -0800] "GET /wordpress/wp-includes/wlwmanifest.xml HTTP/1.1" 404 73 "-" "Mozilla/5.0 (Windows NT 10.0; Win64; x64) AppleWebKit/537.36 (KHTML, like Gecko) Chrome/95.0.4638.69 Safari/537.36" "electric-homecare.com"
188.166.176.5 - - [15/Jan/2023:01:01:19 -0800] "GET /wp/wp-includes/wlwmanifest.xml HTTP/1.1" 404 73 "-" "Mozilla/5.0 (Windows NT 10.0; Win64; x64) AppleWebKit/537.36 (KHTML, like Gecko) Chrome/95.0.4638.69 Safari/537.36" "electric-homecare.com"
188.166.176.5 - - [15/Jan/2023:01:01:20 -0800] "GET /2020/wp-includes/wlwmanifest.xml HTTP/1.1" 404 73 "-" "Mozilla/5.0 (Windows NT 10.0; Win64; x64) AppleWebKit/537.36 (KHTML, like Gecko) Chrome/95.0.4638.69 Safari/537.36" "electric-homecare.com"
188.166.176.5 - - [15/Jan/2023:01:01:21 -0800] "GET /2019/wp-includes/wlwmanifest.xml HTTP/1.1" 404 73 "-" "Mozilla/5.0 (Windows NT 10.0; Win64; x64) AppleWebKit/537.36 (KHTML, like Gecko) Chrome/95.0.4638.69 Safari/537.36" "electric-homecare.com"
188.166.176.5 - - [15/Jan/2023:01:01:43 -0800] "GET /shop/wp-includes/wlwmanifest.xml HTTP/1.1" 404 73 "-" "Mozilla/5.0 (Windows NT 10.0; Win64; x64) AppleWebKit/537.36 (KHTML, like Gecko) Chrome/95.0.4638.69 Safari/537.36" "electric-homecare.com"
188.166.176.5 - - [15/Jan/2023:01:01:45 -0800] "GET /wp1/wp-includes/wlwmanifest.xml HTTP/1.1" 404 73 "-" "Mozilla/5.0 (Windows NT 10.0; Win64; x64) AppleWebKit/537.36 (KHTML, like Gecko) Chrome/95.0.4638.69 Safari/537.36" "electric-homecare.com"
188.166.176.5 - - [15/Jan/2023:01:01:46 -0800] "GET /test/wp-includes/wlwmanifest.xml HTTP/1.1" 404 73 "-" "Mozilla/5.0 (Windows NT 10.0; Win64; x64) AppleWebKit/537.36 (KHTML, like Gecko) Chrome/95.0.4638.69 Safari/537.36" "electric-homecare.com"
188.166.176.5 - - [15/Jan/2023:01:01:47 -0800] "GET /site/wp-includes/wlwmanifest.xml HTTP/1.1" 404 73 "-" "Mozilla/5.0 (Windows NT 10.0; Win64; x64) AppleWebKit/537.36 (KHTML, like Gecko) Chrome/95.0.4638.69 Safari/537.36" "electric-homecare.com"
188.166.176.5 - - [15/Jan/2023:01:01:48 -0800] "GET /cms/wp-includes/wlwmanifest.xml HTTP/1.1" 404 73 "-" "Mozilla/5.0 (Windows NT 10.0; Win64; x64) AppleWebKit/537.36 (KHTML, like Gecko) Chrome/95.0.4638.69 Safari/537.36" "electric-homecare.com"
216.244.66.247 - - [15/Jan/2023:01:02:19 -0800] "GET /robots.txt HTTP/1.1" 200 48 "-" "Mozilla/5.0 (compatible; DotBot/1.2; +https://opensiteexplorer.org/dotbot; help@moz.com)" "electric-homecare.com"
114.119.159.226 - - [15/Jan/2023:01:08:19 -0800] "GET /INFINFB3204_US_Jazzy_Elite_ES-1_Specifications.pdf HTTP/1.1" 200 125496 "https://electric-homecare.com/Houston-JazzyEliteES-1.html" "Mozilla/5.0 (Linux; Android 7.0;) AppleWebKit/537.36 (KHTML, like Gecko) Mobile Safari/537.36 (compatible; PetalBot;+https://webmaster.petalsearch.com/site/petalbot)" "electric-homecare.com"
185.191.171.11 - - [15/Jan/2023:01:28:09 -0800] "GET /robots.txt HTTP/1.1" 200 64 "-" "Mozilla/5.0 (compatible; SemrushBot/7~bl; +http://www.semrush.com/bot.html)" "www.electric-homecare.com"
185.191.171.35 - - [15/Jan/2023:01:28:10 -0800] "GET /Houston-PacesaverBariatricScooters.html HTTP/1.1" 200 3412 "-" "Mozilla/5.0 (compatible; SemrushBot/7~bl; +http://www.semrush.com/bot.html)" "www.electric-homecare.com"
157.90.182.27 - - [15/Jan/2023:01:36:36 -0800] "GET /robots.txt HTTP/1.1" 200 64 "-" "Mozilla/5.0 (compatible; BLEXBot/1.0; +http://webmeup-crawler.com/)" "www.electric-homecare.com"
157.90.182.27 - - [15/Jan/2023:01:36:37 -0800] "GET /robots.txt HTTP/1.1" 200 64 "-" "Mozilla/5.0 (compatible; BLEXBot/1.0; +http://webmeup-crawler.com/)" "www.electric-homecare.com"
157.90.182.27 - - [15/Jan/2023:01:36:38 -0800] "GET / HTTP/1.1" 200 4147 "-" "Mozilla/5.0 (compatible; BLEXBot/1.0; +http://webmeup-crawler.com/)" "www.electric-homecare.com"
157.90.182.27 - - [15/Jan/2023:01:36:40 -0800] "GET /robots.txt HTTP/1.1" 200 64 "-" "Mozilla/5.0 (compatible; BLEXBot/1.0; +http://webmeup-crawler.com/)" "electric-homecare.com"
157.90.182.27 - - [15/Jan/2023:01:36:41 -0800] "GET /robots.txt HTTP/1.1" 200 64 "-" "Mozilla/5.0 (compatible; BLEXBot/1.0; +http://webmeup-crawler.com/)" "electric-homecare.com"
157.90.182.27 - - [15/Jan/2023:01:36:43 -0800] "GET /Houston-Adjustable-Beds.html HTTP/1.1" 200 11912 "-" "Mozilla/5.0 (compatible; BLEXBot/1.0; +http://webmeup-crawler.com/)" "electric-homecare.com"
157.90.182.27 - - [15/Jan/2023:01:36:47 -0800] "GET /Houston-Bariatric-Beds.html HTTP/1.1" 200 9978 "-" "Mozilla/5.0 (compatible; BLEXBot/1.0; +http://webmeup-crawler.com/)" "electric-homecare.com"
157.90.182.27 - - [15/Jan/2023:01:36:50 -0800] "GET /Houston-Hospital-Beds.html HTTP/1.1" 200 4991 "-" "Mozilla/5.0 (compatible; BLEXBot/1.0; +http://webmeup-crawler.com/)" "electric-homecare.com"
157.90.182.27 - - [15/Jan/2023:01:36:53 -0800] "GET /Houston-Lift-Chairs.html HTTP/1.1" 200 8833 "-" "Mozilla/5.0 (compatible; BLEXBot/1.0; +http://webmeup-crawler.com/)" "electric-homecare.com"
157.90.182.27 - - [15/Jan/2023:01:36:58 -0800] "GET /Houston-Mattresses.html HTTP/1.1" 200 3535 "-" "Mozilla/5.0 (compatible; BLEXBot/1.0; +http://webmeup-crawler.com/)" "electric-homecare.com"
157.90.182.27 - - [15/Jan/2023:01:37:00 -0800] "GET /Houston-Scooters.html HTTP/1.1" 200 13467 "-" "Mozilla/5.0 (compatible; BLEXBot/1.0; +http://webmeup-crawler.com/)" "electric-homecare.com"
157.90.182.27 - - [15/Jan/2023:01:37:02 -0800] "GET /Houston-TX.html HTTP/1.1" 200 4286 "-" "Mozilla/5.0 (compatible; BLEXBot/1.0; +http://webmeup-crawler.com/)" "electric-homecare.com"
157.90.182.27 - - [15/Jan/2023:01:37:04 -0800] "GET /Houston-Wheelchairs.html HTTP/1.1" 200 12937 "-" "Mozilla/5.0 (compatible; BLEXBot/1.0; +http://webmeup-crawler.com/)" "electric-homecare.com"
157.90.182.27 - - [15/Jan/2023:01:37:06 -0800] "GET /Houston.html HTTP/1.1" 200 4223 "-" "Mozilla/5.0 (compatible; BLEXBot/1.0; +http://webmeup-crawler.com/)" "electric-homecare.com"
157.90.182.27 - - [15/Jan/2023:01:37:09 -0800] "GET /Nationwide.html HTTP/1.1" 404 88 "-" "Mozilla/5.0 (compatible; BLEXBot/1.0; +http://webmeup-crawler.com/)" "electric-homecare.com"
157.90.182.27 - - [15/Jan/2023:01:37:13 -0800] "GET /Stair-Lifts.html HTTP/1.1" 200 13618 "-" "Mozilla/5.0 (compatible; BLEXBot/1.0; +http://webmeup-crawler.com/)" "electric-homecare.com"
157.90.182.27 - - [15/Jan/2023:01:37:19 -0800] "GET /Wheelchair-Elevators.html HTTP/1.1" 404 88 "-" "Mozilla/5.0 (compatible; BLEXBot/1.0; +http://webmeup-crawler.com/)" "electric-homecare.com"
18.204.166.15 - - [15/Jan/2023:01:46:15 -0800] "GET /hp-16.jpeg HTTP/1.1" 200 7051 "-" "Mozilla/5.0 (X11; Ubuntu; Linux x86_64; rv:72.0) Gecko/20100101 Firefox/72.0" "electric-homecare.com"
216.244.66.247 - - [15/Jan/2023:01:56:15 -0800] "GET /robots.txt HTTP/1.1" 200 48 "-" "Mozilla/5.0 (compatible; DotBot/1.2; +https://opensiteexplorer.org/dotbot; help@moz.com)" "electric-homecare.com"
185.191.171.14 - - [15/Jan/2023:01:57:50 -0800] "GET /Adjustable-Bed-Models.htm HTTP/1.1" 200 7625 "-" "Mozilla/5.0 (compatible; SemrushBot/7~bl; +http://www.semrush.com/bot.html)" "www.electric-homecare.com"
103.136.220.231 - - [15/Jan/2023:02:04:02 -0800] "GET /0001.jpg HTTP/1.1" 200 153678 "-" "Mozilla/5.0 (X11; Ubuntu; Linux x86_64; rv:72.0) Gecko/20100101 Firefox/72.0" "electric-homecare.com"
185.191.171.25 - - [15/Jan/2023:02:25:00 -0800] "GET /Houston-PrideLiftsandRamps.html HTTP/1.1" 200 3233 "-" "Mozilla/5.0 (compatible; SemrushBot/7~bl; +http://www.semrush.com/bot.html)" "www.electric-homecare.com"
51.222.253.3 - - [15/Jan/2023:02:35:50 -0800] "GET /Houston-Scooters.html HTTP/1.1" 200 13467 "-" "Mozilla/5.0 (compatible; AhrefsBot/7.0; +http://ahrefs.com/robot/)" "electric-homecare.com"
51.222.253.6 - - [15/Jan/2023:02:35:58 -0800] "GET /4go-go-travel-mobility-reliable-go-go-elite-traveller.jpg HTTP/1.1" 200 67820 "-" "Mozilla/5.0 (compatible; AhrefsBot/7.0; +http://ahrefs.com/robot/)" "electric-homecare.com"
51.222.253.1 - - [15/Jan/2023:02:35:58 -0800] "GET /TRILIFT-010.png HTTP/1.1" 200 795673 "-" "Mozilla/5.0 (compatible; AhrefsBot/7.0; +http://ahrefs.com/robot/)" "electric-homecare.com"
51.222.253.20 - - [15/Jan/2023:02:35:59 -0800] "GET /Jazzy-009.png HTTP/1.1" 200 22298 "-" "Mozilla/5.0 (compatible; AhrefsBot/7.0; +http://ahrefs.com/robot/)" "electric-homecare.com"
51.222.253.4 - - [15/Jan/2023:02:36:00 -0800] "GET /7go-go-elite-traveller-3-wheel-blue.jpg HTTP/1.1" 200 58426 "-" "Mozilla/5.0 (compatible; AhrefsBot/7.0; +http://ahrefs.com/robot/)" "electric-homecare.com"
51.222.253.17 - - [15/Jan/2023:02:36:00 -0800] "GET /9pride-mobility-scooters-convenient-disassembly-revo.jpg HTTP/1.1" 200 38462 "-" "Mozilla/5.0 (compatible; AhrefsBot/7.0; +http://ahrefs.com/robot/)" "electric-homecare.com"
51.222.253.7 - - [15/Jan/2023:02:36:01 -0800] "GET /4go-go-travel-mobility-feather-touch-disassembly-go-chair.jpg HTTP/1.1" 200 41138 "-" "Mozilla/5.0 (compatible; AhrefsBot/7.0; +http://ahrefs.com/robot/)" "electric-homecare.com"
51.222.253.7 - - [15/Jan/2023:02:36:01 -0800] "GET /0001.jpg HTTP/1.1" 200 153678 "-" "Mozilla/5.0 (compatible; AhrefsBot/7.0; +http://ahrefs.com/robot/)" "electric-homecare.com"
51.222.253.5 - - [15/Jan/2023:02:36:02 -0800] "GET /Jazzy-010.png HTTP/1.1" 200 20618 "-" "Mozilla/5.0 (compatible; AhrefsBot/7.0; +http://ahrefs.com/robot/)" "electric-homecare.com"
51.222.253.7 - - [15/Jan/2023:02:36:02 -0800] "GET /6go-go-lx-with-cts.jpg HTTP/1.1" 200 144667 "-" "Mozilla/5.0 (compatible; AhrefsBot/7.0; +http://ahrefs.com/robot/)" "electric-homecare.com"
51.222.253.5 - - [15/Jan/2023:02:36:02 -0800] "GET /TRILIFT-002.png HTTP/1.1" 200 41551 "-" "Mozilla/5.0 (compatible; AhrefsBot/7.0; +http://ahrefs.com/robot/)" "electric-homecare.com"
51.222.253.19 - - [15/Jan/2023:02:36:03 -0800] "GET /Brevo-2.0-gravel.jpg HTTP/1.1" 200 109665 "-" "Mozilla/5.0 (compatible; AhrefsBot/7.0; +http://ahrefs.com/robot/)" "electric-homecare.com"
51.222.253.7 - - [15/Jan/2023:02:36:03 -0800] "GET /Brevo-2.0-trail.jpg HTTP/1.1" 200 126229 "-" "Mozilla/5.0 (compatible; AhrefsBot/7.0; +http://ahrefs.com/robot/)" "electric-homecare.com"
51.222.253.5 - - [15/Jan/2023:02:36:04 -0800] "GET /8jazzy-zero-turn-and-iturn-technology-Houston%20-sm.jpg HTTP/1.1" 404 88 "-" "Mozilla/5.0 (compatible; AhrefsBot/7.0; +http://ahrefs.com/robot/)" "electric-homecare.com"
51.222.253.16 - - [15/Jan/2023:02:36:04 -0800] "GET /7go-go-elite-traveller-storefront.jpg HTTP/1.1" 200 90530 "-" "Mozilla/5.0 (compatible; AhrefsBot/7.0; +http://ahrefs.com/robot/)" "electric-homecare.com"
51.222.253.20 - - [15/Jan/2023:02:36:05 -0800] "GET /electropedicsince1964.gif HTTP/1.1" 200 62199 "-" "Mozilla/5.0 (compatible; AhrefsBot/7.0; +http://ahrefs.com/robot/)" "electric-homecare.com"
51.222.253.6 - - [15/Jan/2023:02:36:05 -0800] "GET /macs-pl50-04.jpg HTTP/1.1" 200 24113 "-" "Mozilla/5.0 (compatible; AhrefsBot/7.0; +http://ahrefs.com/robot/)" "electric-homecare.com"
51.222.253.2 - - [15/Jan/2023:02:36:06 -0800] "GET /Apride-mobility-scooters-hero.jpg HTTP/1.1" 200 218750 "-" "Mozilla/5.0 (compatible; AhrefsBot/7.0; +http://ahrefs.com/robot/)" "electric-homecare.com"
51.222.253.13 - - [15/Jan/2023:02:36:06 -0800] "GET /TRILIFT-004.png HTTP/1.1" 200 29080 "-" "Mozilla/5.0 (compatible; AhrefsBot/7.0; +http://ahrefs.com/robot/)" "electric-homecare.com"
51.222.253.3 - - [15/Jan/2023:02:36:07 -0800] "GET /TRILIFT-011.png HTTP/1.1" 200 636154 "-" "Mozilla/5.0 (compatible; AhrefsBot/7.0; +http://ahrefs.com/robot/)" "electric-homecare.com"
51.222.253.10 - - [15/Jan/2023:02:36:08 -0800] "GET /TRILIFT-008.png HTTP/1.1" 200 38501 "-" "Mozilla/5.0 (compatible; AhrefsBot/7.0; +http://ahrefs.com/robot/)" "electric-homecare.com"
51.222.253.5 - - [15/Jan/2023:02:36:08 -0800] "GET /Jazzy-007.png HTTP/1.1" 200 22358 "-" "Mozilla/5.0 (compatible; AhrefsBot/7.0; +http://ahrefs.com/robot/)" "electric-homecare.com"
51.222.253.19 - - [15/Jan/2023:02:36:08 -0800] "GET /Jazzy-004.png HTTP/1.1" 200 23145 "-" "Mozilla/5.0 (compatible; AhrefsBot/7.0; +http://ahrefs.com/robot/)" "electric-homecare.com"
51.222.253.13 - - [15/Jan/2023:02:36:09 -0800] "GET /4go-go-travel-mobility-easy-to-use-go-go-lx-with-cts.jpg HTTP/1.1" 200 50371 "-" "Mozilla/5.0 (compatible; AhrefsBot/7.0; +http://ahrefs.com/robot/)" "electric-homecare.com"
51.222.253.20 - - [15/Jan/2023:02:36:09 -0800] "GET /Craptor-bridge.jpg HTTP/1.1" 200 97312 "-" "Mozilla/5.0 (compatible; AhrefsBot/7.0; +http://ahrefs.com/robot/)" "electric-homecare.com"
51.222.253.5 - - [15/Jan/2023:02:36:10 -0800] "GET /Jazzy-011.png HTTP/1.1" 200 20310 "-" "Mozilla/5.0 (compatible; AhrefsBot/7.0; +http://ahrefs.com/robot/)" "electric-homecare.com"
51.222.253.18 - - [15/Jan/2023:02:36:10 -0800] "GET /8jazzy-zero-turn-doorway.jpg HTTP/1.1" 200 13834 "-" "Mozilla/5.0 (compatible; AhrefsBot/7.0; +http://ahrefs.com/robot/)" "electric-homecare.com"
51.222.253.7 - - [15/Jan/2023:02:36:11 -0800] "GET /Jazzy-012.png HTTP/1.1" 200 24214 "-" "Mozilla/5.0 (compatible; AhrefsBot/7.0; +http://ahrefs.com/robot/)" "electric-homecare.com"
51.222.253.20 - - [15/Jan/2023:02:36:11 -0800] "GET /Jazzy-006.png HTTP/1.1" 200 22322 "-" "Mozilla/5.0 (compatible; AhrefsBot/7.0; +http://ahrefs.com/robot/)" "electric-homecare.com"
51.222.253.3 - - [15/Jan/2023:02:36:12 -0800] "GET /electric-wheelchair-elevator.jpg HTTP/1.1" 200 13718 "-" "Mozilla/5.0 (compatible; AhrefsBot/7.0; +http://ahrefs.com/robot/)" "electric-homecare.com"
51.222.253.20 - - [15/Jan/2023:02:36:12 -0800] "GET /gogolx-4.jpg HTTP/1.1" 200 13828 "-" "Mozilla/5.0 (compatible; AhrefsBot/7.0; +http://ahrefs.com/robot/)" "electric-homecare.com"
51.222.253.4 - - [15/Jan/2023:02:36:12 -0800] "GET /Jazzy-005.png HTTP/1.1" 200 21537 "-" "Mozilla/5.0 (compatible; AhrefsBot/7.0; +http://ahrefs.com/robot/)" "electric-homecare.com"
51.222.253.12 - - [15/Jan/2023:02:36:13 -0800] "GET /DDDvictory-10-lakeside.jpg HTTP/1.1" 200 92800 "-" "Mozilla/5.0 (compatible; AhrefsBot/7.0; +http://ahrefs.com/robot/)" "electric-homecare.com"
51.222.253.20 - - [15/Jan/2023:02:36:13 -0800] "GET /sale-price-003.jpg HTTP/1.1" 200 9098 "-" "Mozilla/5.0 (compatible; AhrefsBot/7.0; +http://ahrefs.com/robot/)" "electric-homecare.com"
51.222.253.8 - - [15/Jan/2023:02:36:13 -0800] "GET /TRILIFT-012.png HTTP/1.1" 200 532947 "-" "Mozilla/5.0 (compatible; AhrefsBot/7.0; +http://ahrefs.com/robot/)" "electric-homecare.com"
51.222.253.15 - - [15/Jan/2023:02:36:14 -0800] "GET /4go-go-travel-mobility-innovative-technology-jazzy-zero-turn.jpg HTTP/1.1" 200 50875 "-" "Mozilla/5.0 (compatible; AhrefsBot/7.0; +http://ahrefs.com/robot/)" "electric-homecare.com"
51.222.253.4 - - [15/Jan/2023:02:36:15 -0800] "GET /gogovictory10.jpg HTTP/1.1" 200 40632 "-" "Mozilla/5.0 (compatible; AhrefsBot/7.0; +http://ahrefs.com/robot/)" "electric-homecare.com"
51.222.253.9 - - [15/Jan/2023:02:36:15 -0800] "GET /50off.jpg HTTP/1.1" 200 12405 "-" "Mozilla/5.0 (compatible; AhrefsBot/7.0; +http://ahrefs.com/robot/)" "electric-homecare.com"
51.222.253.20 - - [15/Jan/2023:02:36:15 -0800] "GET /TRILIFT-003.png HTTP/1.1" 200 45159 "-" "Mozilla/5.0 (compatible; AhrefsBot/7.0; +http://ahrefs.com/robot/)" "electric-homecare.com"
51.222.253.16 - - [15/Jan/2023:02:36:16 -0800] "GET /5go-chair-park-bench.jpg HTTP/1.1" 200 99627 "-" "Mozilla/5.0 (compatible; AhrefsBot/7.0; +http://ahrefs.com/robot/)" "electric-homecare.com"
51.222.253.7 - - [15/Jan/2023:02:36:16 -0800] "GET /Jazzy-013.png HTTP/1.1" 200 21921 "-" "Mozilla/5.0 (compatible; AhrefsBot/7.0; +http://ahrefs.com/robot/)" "electric-homecare.com"
51.222.253.2 - - [15/Jan/2023:02:36:17 -0800] "GET /gogoes2-2.jpg HTTP/1.1" 200 10184 "-" "Mozilla/5.0 (compatible; AhrefsBot/7.0; +http://ahrefs.com/robot/)" "electric-homecare.com"
51.222.253.1 - - [15/Jan/2023:02:36:17 -0800] "GET /TRILIFT-009.png HTTP/1.1" 200 35885 "-" "Mozilla/5.0 (compatible; AhrefsBot/7.0; +http://ahrefs.com/robot/)" "electric-homecare.com"
51.222.253.12 - - [15/Jan/2023:02:36:17 -0800] "GET /-00-used.png HTTP/1.1" 200 4752 "-" "Mozilla/5.0 (compatible; AhrefsBot/7.0; +http://ahrefs.com/robot/)" "electric-homecare.com"
51.222.253.7 - - [15/Jan/2023:02:36:18 -0800] "GET /gogovictory10lxwithctssuspension.jpg HTTP/1.1" 200 11984 "-" "Mozilla/5.0 (compatible; AhrefsBot/7.0; +http://ahrefs.com/robot/)" "electric-homecare.com"
51.222.253.18 - - [15/Jan/2023:02:36:18 -0800] "GET /Jazzy-002.png HTTP/1.1" 200 25303 "-" "Mozilla/5.0 (compatible; AhrefsBot/7.0; +http://ahrefs.com/robot/)" "electric-homecare.com"
51.222.253.15 - - [15/Jan/2023:02:36:18 -0800] "GET /gogosport.jpg HTTP/1.1" 200 11035 "-" "Mozilla/5.0 (compatible; AhrefsBot/7.0; +http://ahrefs.com/robot/)" "electric-homecare.com"
51.222.253.12 - - [15/Jan/2023:02:36:19 -0800] "GET /gogolxcts.jpg HTTP/1.1" 200 11077 "-" "Mozilla/5.0 (compatible; AhrefsBot/7.0; +http://ahrefs.com/robot/)" "electric-homecare.com"
51.222.253.16 - - [15/Jan/2023:02:36:19 -0800] "GET /macs-pl50-05.jpg HTTP/1.1" 200 9225 "-" "Mozilla/5.0 (compatible; AhrefsBot/7.0; +http://ahrefs.com/robot/)" "electric-homecare.com"
51.222.253.15 - - [15/Jan/2023:02:36:19 -0800] "GET /victory-10-lakeside.jpg HTTP/1.1" 200 92800 "-" "Mozilla/5.0 (compatible; AhrefsBot/7.0; +http://ahrefs.com/robot/)" "electric-homecare.com"
51.222.253.3 - - [15/Jan/2023:02:36:20 -0800] "GET /9pride-mobility-scooters-performance-raptor.jpg HTTP/1.1" 200 56669 "-" "Mozilla/5.0 (compatible; AhrefsBot/7.0; +http://ahrefs.com/robot/)" "electric-homecare.com"
51.222.253.18 - - [15/Jan/2023:02:36:20 -0800] "GET /9pride-mobility-scooters-versatility-victory-10.jpg HTTP/1.1" 200 99210 "-" "Mozilla/5.0 (compatible; AhrefsBot/7.0; +http://ahrefs.com/robot/)" "electric-homecare.com"
51.222.253.3 - - [15/Jan/2023:02:36:21 -0800] "GET /Jazzy-003.png HTTP/1.1" 200 15863 "-" "Mozilla/5.0 (compatible; AhrefsBot/7.0; +http://ahrefs.com/robot/)" "electric-homecare.com"
51.222.253.5 - - [15/Jan/2023:02:36:21 -0800] "GET /macs-008.jpg HTTP/1.1" 200 139813 "-" "Mozilla/5.0 (compatible; AhrefsBot/7.0; +http://ahrefs.com/robot/)" "electric-homecare.com"
51.222.253.13 - - [15/Jan/2023:02:36:22 -0800] "GET /TRILIFT-007.png HTTP/1.1" 200 47356 "-" "Mozilla/5.0 (compatible; AhrefsBot/7.0; +http://ahrefs.com/robot/)" "electric-homecare.com"
51.222.253.7 - - [15/Jan/2023:02:36:22 -0800] "GET /Jazzy-008.png HTTP/1.1" 200 20578 "-" "Mozilla/5.0 (compatible; AhrefsBot/7.0; +http://ahrefs.com/robot/)" "electric-homecare.com"
51.222.253.6 - - [15/Jan/2023:02:36:23 -0800] "GET /Craptor-courthouse.jpg HTTP/1.1" 200 98984 "-" "Mozilla/5.0 (compatible; AhrefsBot/7.0; +http://ahrefs.com/robot/)" "electric-homecare.com"
51.222.253.12 - - [15/Jan/2023:02:36:23 -0800] "GET /6go-go-lx-with-cts-park.jpg HTTP/1.1" 200 105216 "-" "Mozilla/5.0 (compatible; AhrefsBot/7.0; +http://ahrefs.com/robot/)" "electric-homecare.com"
51.222.253.13 - - [15/Jan/2023:02:36:24 -0800] "GET /gogoelitetravellerplus.jpg HTTP/1.1" 200 38741 "-" "Mozilla/5.0 (compatible; AhrefsBot/7.0; +http://ahrefs.com/robot/)" "electric-homecare.com"
51.222.253.16 - - [15/Jan/2023:02:36:24 -0800] "GET /8jazzy-zero-turn-grocery.jpg HTTP/1.1" 200 103424 "-" "Mozilla/5.0 (compatible; AhrefsBot/7.0; +http://ahrefs.com/robot/)" "electric-homecare.com"
51.222.253.13 - - [15/Jan/2023:02:36:25 -0800] "GET /4go-chair-woods.jpg HTTP/1.1" 200 111024 "-" "Mozilla/5.0 (compatible; AhrefsBot/7.0; +http://ahrefs.com/robot/)" "electric-homecare.com"
51.222.253.15 - - [15/Jan/2023:02:36:25 -0800] "GET /TRILIFT-001.png HTTP/1.1" 200 44869 "-" "Mozilla/5.0 (compatible; AhrefsBot/7.0; +http://ahrefs.com/robot/)" "electric-homecare.com"
51.222.253.1 - - [15/Jan/2023:02:36:26 -0800] "GET /macs-pl50-02.jpg HTTP/1.1" 200 8829 "-" "Mozilla/5.0 (compatible; AhrefsBot/7.0; +http://ahrefs.com/robot/)" "electric-homecare.com"
51.222.253.7 - - [15/Jan/2023:02:36:26 -0800] "GET /TRILIFT-005.png HTTP/1.1" 200 35306 "-" "Mozilla/5.0 (compatible; AhrefsBot/7.0; +http://ahrefs.com/robot/)" "electric-homecare.com"
51.222.253.17 - - [15/Jan/2023:02:36:26 -0800] "GET /gogoelitetraveller-3.jpg HTTP/1.1" 200 33514 "-" "Mozilla/5.0 (compatible; AhrefsBot/7.0; +http://ahrefs.com/robot/)" "electric-homecare.com"
51.222.253.2 - - [15/Jan/2023:02:36:27 -0800] "GET /9pride-mobility-scooters-easy-to-use-jazzy-zero-turn.jpg HTTP/1.1" 200 64856 "-" "Mozilla/5.0 (compatible; AhrefsBot/7.0; +http://ahrefs.com/robot/)" "electric-homecare.com"
51.222.253.3 - - [15/Jan/2023:02:36:27 -0800] "GET /macs-pl50-03.jpg HTTP/1.1" 200 16437 "-" "Mozilla/5.0 (compatible; AhrefsBot/7.0; +http://ahrefs.com/robot/)" "electric-homecare.com"
185.191.171.38 - - [15/Jan/2023:02:46:04 -0800] "GET /robots.txt HTTP/1.1" 200 64 "-" "Mozilla/5.0 (compatible; SemrushBot/7~bl; +http://www.semrush.com/bot.html)" "www.electric-homecare.com"
185.191.171.16 - - [15/Jan/2023:02:46:04 -0800] "GET /Bath-Lifts.html HTTP/1.1" 200 9309 "-" "Mozilla/5.0 (compatible; SemrushBot/7~bl; +http://www.semrush.com/bot.html)" "www.electric-homecare.com"
216.244.66.247 - - [15/Jan/2023:02:51:10 -0800] "GET /robots.txt HTTP/1.1" 200 48 "-" "Mozilla/5.0 (compatible; DotBot/1.2; +https://opensiteexplorer.org/dotbot; help@moz.com)" "electric-homecare.com"
185.191.171.20 - - [15/Jan/2023:03:12:20 -0800] "GET /Houston-AdjustableBeds-DualQueen.html HTTP/1.1" 200 2847 "-" "Mozilla/5.0 (compatible; SemrushBot/7~bl; +http://www.semrush.com/bot.html)" "www.electric-homecare.com"
51.222.253.1 - - [15/Jan/2023:03:18:52 -0800] "GET /Houston-Lift-Chairs.html HTTP/1.1" 200 8833 "-" "Mozilla/5.0 (compatible; AhrefsBot/7.0; +http://ahrefs.com/robot/)" "electric-homecare.com"
51.222.253.13 - - [15/Jan/2023:03:18:56 -0800] "GET /PR-510-001_small.png HTTP/1.1" 200 11778 "-" "Mozilla/5.0 (compatible; AhrefsBot/7.0; +http://ahrefs.com/robot/)" "electric-homecare.com"
51.222.253.6 - - [15/Jan/2023:03:18:57 -0800] "GET /PR-510-002_small.jpg HTTP/1.1" 200 2158 "-" "Mozilla/5.0 (compatible; AhrefsBot/7.0; +http://ahrefs.com/robot/)" "electric-homecare.com"
51.222.253.13 - - [15/Jan/2023:03:18:57 -0800] "GET /PR-510-006_small.jpg HTTP/1.1" 200 1836 "-" "Mozilla/5.0 (compatible; AhrefsBot/7.0; +http://ahrefs.com/robot/)" "electric-homecare.com"
51.222.253.15 - - [15/Jan/2023:03:18:57 -0800] "GET /Cloud-003_small.jpg HTTP/1.1" 200 2034 "-" "Mozilla/5.0 (compatible; AhrefsBot/7.0; +http://ahrefs.com/robot/)" "electric-homecare.com"
51.222.253.1 - - [15/Jan/2023:03:18:57 -0800] "GET /Cloud-002_small.jpg HTTP/1.1" 200 2482 "-" "Mozilla/5.0 (compatible; AhrefsBot/7.0; +http://ahrefs.com/robot/)" "electric-homecare.com"
51.222.253.20 - - [15/Jan/2023:03:18:58 -0800] "GET /Pride-358-002_small.jpg HTTP/1.1" 200 2452 "-" "Mozilla/5.0 (compatible; AhrefsBot/7.0; +http://ahrefs.com/robot/)" "electric-homecare.com"
51.222.253.8 - - [15/Jan/2023:03:18:58 -0800] "GET /Pride-358-007_small.jpg HTTP/1.1" 200 2706 "-" "Mozilla/5.0 (compatible; AhrefsBot/7.0; +http://ahrefs.com/robot/)" "electric-homecare.com"
51.222.253.15 - - [15/Jan/2023:03:18:58 -0800] "GET /Cloud-005_small.jpg HTTP/1.1" 200 2328 "-" "Mozilla/5.0 (compatible; AhrefsBot/7.0; +http://ahrefs.com/robot/)" "electric-homecare.com"
51.222.253.6 - - [15/Jan/2023:03:18:59 -0800] "GET /lc358s_2.jpg HTTP/1.1" 200 10187 "-" "Mozilla/5.0 (compatible; AhrefsBot/7.0; +http://ahrefs.com/robot/)" "electric-homecare.com"
51.222.253.17 - - [15/Jan/2023:03:18:59 -0800] "GET /maxicomfortcraftsmanship31.jpg HTTP/1.1" 200 9575 "-" "Mozilla/5.0 (compatible; AhrefsBot/7.0; +http://ahrefs.com/robot/)" "electric-homecare.com"
51.222.253.7 - - [15/Jan/2023:03:18:59 -0800] "GET /501-003_small.jpg HTTP/1.1" 200 1463 "-" "Mozilla/5.0 (compatible; AhrefsBot/7.0; +http://ahrefs.com/robot/)" "electric-homecare.com"
51.222.253.17 - - [15/Jan/2023:03:18:59 -0800] "GET /EEEPR510-UCB-CoffeeBean-STANDING-1.jpg HTTP/1.1" 200 30297 "-" "Mozilla/5.0 (compatible; AhrefsBot/7.0; +http://ahrefs.com/robot/)" "electric-homecare.com"
51.222.253.14 - - [15/Jan/2023:03:19:00 -0800] "GET /PR-510-007_small.jpg HTTP/1.1" 200 2413 "-" "Mozilla/5.0 (compatible; AhrefsBot/7.0; +http://ahrefs.com/robot/)" "electric-homecare.com"
51.222.253.12 - - [15/Jan/2023:03:19:00 -0800] "GET /Cloud-001_small.jpg HTTP/1.1" 200 2828 "-" "Mozilla/5.0 (compatible; AhrefsBot/7.0; +http://ahrefs.com/robot/)" "electric-homecare.com"
51.222.253.5 - - [15/Jan/2023:03:19:00 -0800] "GET /Cloud-004_small.jpg HTTP/1.1" 200 2446 "-" "Mozilla/5.0 (compatible; AhrefsBot/7.0; +http://ahrefs.com/robot/)" "electric-homecare.com"
51.222.253.2 - - [15/Jan/2023:03:19:00 -0800] "GET /Pride-358-004_small.jpg HTTP/1.1" 200 2636 "-" "Mozilla/5.0 (compatible; AhrefsBot/7.0; +http://ahrefs.com/robot/)" "electric-homecare.com"
51.222.253.9 - - [15/Jan/2023:03:19:01 -0800] "GET /lc358m_2.jpg HTTP/1.1" 200 10428 "-" "Mozilla/5.0 (compatible; AhrefsBot/7.0; +http://ahrefs.com/robot/)" "electric-homecare.com"
51.222.253.3 - - [15/Jan/2023:03:19:01 -0800] "GET /PR-510-004_small.jpg HTTP/1.1" 200 2478 "-" "Mozilla/5.0 (compatible; AhrefsBot/7.0; +http://ahrefs.com/robot/)" "electric-homecare.com"
51.222.253.12 - - [15/Jan/2023:03:19:01 -0800] "GET /LC-105.jpg HTTP/1.1" 200 9994 "-" "Mozilla/5.0 (compatible; AhrefsBot/7.0; +http://ahrefs.com/robot/)" "electric-homecare.com"
51.222.253.8 - - [15/Jan/2023:03:19:01 -0800] "GET /comforter-tall.png HTTP/1.1" 200 38732 "-" "Mozilla/5.0 (compatible; AhrefsBot/7.0; +http://ahrefs.com/robot/)" "electric-homecare.com"
51.222.253.20 - - [15/Jan/2023:03:19:02 -0800] "GET /Pride-358-001_small.jpg HTTP/1.1" 200 2403 "-" "Mozilla/5.0 (compatible; AhrefsBot/7.0; +http://ahrefs.com/robot/)" "electric-homecare.com"
51.222.253.4 - - [15/Jan/2023:03:19:02 -0800] "GET /Pride-358-006_small.jpg HTTP/1.1" 200 2602 "-" "Mozilla/5.0 (compatible; AhrefsBot/7.0; +http://ahrefs.com/robot/)" "electric-homecare.com"
51.222.253.16 - - [15/Jan/2023:03:19:02 -0800] "GET /cloud4.jpg HTTP/1.1" 200 158036 "-" "Mozilla/5.0 (compatible; AhrefsBot/7.0; +http://ahrefs.com/robot/)" "electric-homecare.com"
51.222.253.17 - - [15/Jan/2023:03:19:03 -0800] "GET /Cloud-006_small.jpg HTTP/1.1" 200 2768 "-" "Mozilla/5.0 (compatible; AhrefsBot/7.0; +http://ahrefs.com/robot/)" "electric-homecare.com"
51.222.253.8 - - [15/Jan/2023:03:19:03 -0800] "GET /EEEcomforterwidefeat-768x576.jpg HTTP/1.1" 200 37058 "-" "Mozilla/5.0 (compatible; AhrefsBot/7.0; +http://ahrefs.com/robot/)" "electric-homecare.com"
51.222.253.17 - - [15/Jan/2023:03:19:04 -0800] "GET /maxicomforter2.jpg HTTP/1.1" 200 58181 "-" "Mozilla/5.0 (compatible; AhrefsBot/7.0; +http://ahrefs.com/robot/)" "electric-homecare.com"
51.222.253.15 - - [15/Jan/2023:03:19:04 -0800] "GET /PR-510-003_small.jpg HTTP/1.1" 200 2909 "-" "Mozilla/5.0 (compatible; AhrefsBot/7.0; +http://ahrefs.com/robot/)" "electric-homecare.com"
51.222.253.7 - - [15/Jan/2023:03:19:04 -0800] "GET /electropedicsince1964-2.jpg HTTP/1.1" 200 140430 "-" "Mozilla/5.0 (compatible; AhrefsBot/7.0; +http://ahrefs.com/robot/)" "electric-homecare.com"
51.222.253.13 - - [15/Jan/2023:03:19:05 -0800] "GET /Pride-358-003_small.jpg HTTP/1.1" 200 2270 "-" "Mozilla/5.0 (compatible; AhrefsBot/7.0; +http://ahrefs.com/robot/)" "electric-homecare.com"
51.222.253.9 - - [15/Jan/2023:03:19:05 -0800] "GET /501-001_small.jpg HTTP/1.1" 200 1493 "-" "Mozilla/5.0 (compatible; AhrefsBot/7.0; +http://ahrefs.com/robot/)" "electric-homecare.com"
51.222.253.5 - - [15/Jan/2023:03:19:05 -0800] "GET /comforter2.jpg HTTP/1.1" 200 103042 "-" "Mozilla/5.0 (compatible; AhrefsBot/7.0; +http://ahrefs.com/robot/)" "electric-homecare.com"
51.222.253.19 - - [15/Jan/2023:03:19:06 -0800] "GET /Golden-01.jpg HTTP/1.1" 200 57982 "-" "Mozilla/5.0 (compatible; AhrefsBot/7.0; +http://ahrefs.com/robot/)" "electric-homecare.com"
51.222.253.18 - - [15/Jan/2023:03:19:06 -0800] "GET /comforter1.jpg HTTP/1.1" 200 108030 "-" "Mozilla/5.0 (compatible; AhrefsBot/7.0; +http://ahrefs.com/robot/)" "electric-homecare.com"
51.222.253.3 - - [15/Jan/2023:03:19:07 -0800] "GET /Cloud-007_small.jpg HTTP/1.1" 200 2790 "-" "Mozilla/5.0 (compatible; AhrefsBot/7.0; +http://ahrefs.com/robot/)" "electric-homecare.com"
51.222.253.3 - - [15/Jan/2023:03:19:07 -0800] "GET /PR-510-005_small.png HTTP/1.1" 200 10038 "-" "Mozilla/5.0 (compatible; AhrefsBot/7.0; +http://ahrefs.com/robot/)" "electric-homecare.com"
51.222.253.7 - - [15/Jan/2023:03:19:07 -0800] "GET /EEEcomforterfeat.jpg HTTP/1.1" 200 77635 "-" "Mozilla/5.0 (compatible; AhrefsBot/7.0; +http://ahrefs.com/robot/)" "electric-homecare.com"
51.222.253.8 - - [15/Jan/2023:03:19:08 -0800] "GET /501-002_small.jpg HTTP/1.1" 200 1351 "-" "Mozilla/5.0 (compatible; AhrefsBot/7.0; +http://ahrefs.com/robot/)" "electric-homecare.com"
51.222.253.9 - - [15/Jan/2023:03:19:08 -0800] "GET /501-004_small.jpg HTTP/1.1" 200 1285 "-" "Mozilla/5.0 (compatible; AhrefsBot/7.0; +http://ahrefs.com/robot/)" "electric-homecare.com"
51.222.253.2 - - [15/Jan/2023:03:19:09 -0800] "GET /maxicomforter.jpg HTTP/1.1" 200 73393 "-" "Mozilla/5.0 (compatible; AhrefsBot/7.0; +http://ahrefs.com/robot/)" "electric-homecare.com"
51.222.253.3 - - [15/Jan/2023:03:19:09 -0800] "GET /Golden-Relaxer-0001.jpg HTTP/1.1" 200 26324 "-" "Mozilla/5.0 (compatible; AhrefsBot/7.0; +http://ahrefs.com/robot/)" "electric-homecare.com"
51.222.253.11 - - [15/Jan/2023:03:19:09 -0800] "GET /Pride-358-005_small.jpg HTTP/1.1" 200 2478 "-" "Mozilla/5.0 (compatible; AhrefsBot/7.0; +http://ahrefs.com/robot/)" "electric-homecare.com"
51.222.253.7 - - [15/Jan/2023:03:19:10 -0800] "GET /comforterwide2.jpg HTTP/1.1" 200 88340 "-" "Mozilla/5.0 (compatible; AhrefsBot/7.0; +http://ahrefs.com/robot/)" "electric-homecare.com"
51.222.253.4 - - [15/Jan/2023:03:19:10 -0800] "GET /electropedic-helping%20you%20since%201964-2.png HTTP/1.1" 200 14233 "-" "Mozilla/5.0 (compatible; AhrefsBot/7.0; +http://ahrefs.com/robot/)" "electric-homecare.com"
51.222.253.9 - - [15/Jan/2023:03:19:10 -0800] "GET /0004.jpg HTTP/1.1" 200 293326 "-" "Mozilla/5.0 (compatible; AhrefsBot/7.0; +http://ahrefs.com/robot/)" "electric-homecare.com"
51.222.253.5 - - [15/Jan/2023:03:19:11 -0800] "GET /lc358pw_2.jpg HTTP/1.1" 200 11641 "-" "Mozilla/5.0 (compatible; AhrefsBot/7.0; +http://ahrefs.com/robot/)" "electric-homecare.com"
40.77.167.43 - - [15/Jan/2023:03:24:48 -0800] "GET /Houston-Adjustable-Beds.html HTTP/1.1" 200 11912 "-" "Mozilla/5.0 AppleWebKit/537.36 (KHTML, like Gecko; compatible; bingbot/2.0; +http://www.bing.com/bingbot.htm) Chrome/103.0.5060.134 Safari/537.36" "electric-homecare.com"
17.241.75.26 - - [15/Jan/2023:03:25:40 -0800] "GET /-00-used.png HTTP/1.1" 200 4752 "-" "Mozilla/5.0 (Macintosh; Intel Mac OS X 10_15_5) AppleWebKit/605.1.15 (KHTML, like Gecko) Version/13.1.1 Safari/605.1.15 (Applebot/0.1; +http://www.apple.com/go/applebot)" "electric-homecare.com"
135.181.212.177 - - [15/Jan/2023:03:29:08 -0800] "GET /robots.txt HTTP/1.1" 200 48 "-" "Mozilla/5.0 (compatible; MJ12bot/v1.4.8; http://mj12bot.com/)" "www.electric-homecare.com"
135.181.212.177 - - [15/Jan/2023:03:29:10 -0800] "GET /Contact-Bariatric-Equipment.html HTTP/1.1" 404 88 "-" "Mozilla/5.0 (compatible; MJ12bot/v1.4.8; http://mj12bot.com/)" "www.electric-homecare.com"
135.181.212.177 - - [15/Jan/2023:03:29:12 -0800] "GET /Phoenix-AZ.html HTTP/1.1" 404 88 "-" "Mozilla/5.0 (compatible; MJ12bot/v1.4.8; http://mj12bot.com/)" "www.electric-homecare.com"
135.181.212.177 - - [15/Jan/2023:03:29:14 -0800] "GET /Showrooms.html HTTP/1.1" 404 88 "-" "Mozilla/5.0 (compatible; MJ12bot/v1.4.8; http://mj12bot.com/)" "www.electric-homecare.com"
216.244.66.247 - - [15/Jan/2023:03:46:49 -0800] "GET /robots.txt HTTP/1.1" 200 48 "-" "Mozilla/5.0 (compatible; DotBot/1.2; +https://opensiteexplorer.org/dotbot; help@moz.com)" "electric-homecare.com"
157.55.39.191 - - [15/Jan/2023:03:58:42 -0800] "GET /Houston-Hospital-Beds.html HTTP/1.1" 200 4991 "-" "Mozilla/5.0 (compatible; bingbot/2.0; +http://www.bing.com/bingbot.htm)" "electric-homecare.com"
216.244.66.247 - - [15/Jan/2023:03:58:51 -0800] "GET /Houston-Savariastairlifts.html HTTP/1.1" 200 26888 "-" "Mozilla/5.0 (compatible; DotBot/1.2; +https://opensiteexplorer.org/dotbot; help@moz.com)" "electric-homecare.com"
104.131.211.138 - - [15/Jan/2023:04:06:28 -0800] "GET /wp-login.php HTTP/1.1" 404 88 "http://electric-homecare.com/wp-login.php" "Mozilla/5.0 (Windows NT 10.0; Win64; x64; rv:96.0) Gecko/20100101 Firefox/96" "electric-homecare.com"
18.204.166.15 - - [15/Jan/2023:04:16:02 -0800] "GET /harmar-1.jpg HTTP/1.1" 200 7446 "-" "Mozilla/5.0 (X11; OpenBSD i386; rv:72.0) Gecko/20100101 Firefox/72.0" "electric-homecare.com"
185.191.171.1 - - [15/Jan/2023:04:17:39 -0800] "GET /robots.txt HTTP/1.1" 200 64 "-" "Mozilla/5.0 (compatible; SemrushBot/7~bl; +http://www.semrush.com/bot.html)" "www.electric-homecare.com"
185.191.171.21 - - [15/Jan/2023:04:17:40 -0800] "GET /Bariatric-Stairlifts.html HTTP/1.1" 200 5837 "-" "Mozilla/5.0 (compatible; SemrushBot/7~bl; +http://www.semrush.com/bot.html)" "www.electric-homecare.com"
114.119.137.160 - - [15/Jan/2023:04:30:45 -0800] "GET /robots.txt HTTP/1.1" 200 64 "-" "Mozilla/5.0 (compatible;PetalBot;+https://webmaster.petalsearch.com/site/petalbot)" "electric-homecare.com"
216.244.66.247 - - [15/Jan/2023:04:32:18 -0800] "GET /Houston-Savariastairlifts.html HTTP/1.1" 200 26888 "-" "Mozilla/5.0 (compatible; DotBot/1.2; +https://opensiteexplorer.org/dotbot; help@moz.com)" "electric-homecare.com"
40.77.167.43 - - [15/Jan/2023:04:43:05 -0800] "GET /Houston-Lift-Chairs.html HTTP/1.1" 200 8833 "-" "Mozilla/5.0 (compatible; bingbot/2.0; +http://www.bing.com/bingbot.htm)" "electric-homecare.com"
185.191.171.16 - - [15/Jan/2023:05:00:03 -0800] "GET /Houston-Hospital-Beds.html HTTP/1.1" 200 4991 "-" "Mozilla/5.0 (compatible; SemrushBot/7~bl; +http://www.semrush.com/bot.html)" "www.electric-homecare.com"
216.244.66.247 - - [15/Jan/2023:05:01:15 -0800] "GET /Houston-Savariastairlifts.html HTTP/1.1" 200 26888 "-" "Mozilla/5.0 (compatible; DotBot/1.2; +https://opensiteexplorer.org/dotbot; help@moz.com)" "electric-homecare.com"
49.7.20.89 - - [15/Jan/2023:05:30:33 -0800] "GET / HTTP/1.1" 200 4147 "-" "Sogou web spider/4.0(+http://www.sogou.com/docs/help/webmasters.htm#07)" "www.electric-homecare.com"
216.244.66.247 - - [15/Jan/2023:05:35:21 -0800] "GET /Houston-Savariastairlifts.html HTTP/1.1" 200 26888 "-" "Mozilla/5.0 (compatible; DotBot/1.2; +https://opensiteexplorer.org/dotbot; help@moz.com)" "electric-homecare.com"
185.191.171.33 - - [15/Jan/2023:05:41:36 -0800] "GET /robots.txt HTTP/1.1" 200 64 "-" "Mozilla/5.0 (compatible; SemrushBot/7~bl; +http://www.semrush.com/bot.html)" "electric-homecare.com"
185.191.171.22 - - [15/Jan/2023:05:41:36 -0800] "GET /a.html HTTP/1.1" 200 1725 "-" "Mozilla/5.0 (compatible; SemrushBot/7~bl; +http://www.semrush.com/bot.html)" "electric-homecare.com"
49.7.20.89 - - [15/Jan/2023:05:43:07 -0800] "GET / HTTP/1.1" 200 4147 "-" "Sogou web spider/4.0(+http://www.sogou.com/docs/help/webmasters.htm#07)" "www.electric-homecare.com"
185.191.171.3 - - [15/Jan/2023:05:51:50 -0800] "GET /robots.txt HTTP/1.1" 200 64 "-" "Mozilla/5.0 (compatible; SemrushBot/7~bl; +http://www.semrush.com/bot.html)" "www.electric-homecare.com"
185.191.171.7 - - [15/Jan/2023:05:51:50 -0800] "GET /Houston-PacesaverScooters.html HTTP/1.1" 200 3566 "-" "Mozilla/5.0 (compatible; SemrushBot/7~bl; +http://www.semrush.com/bot.html)" "www.electric-homecare.com"
49.7.20.89 - - [15/Jan/2023:05:54:46 -0800] "GET / HTTP/1.1" 200 4147 "-" "Sogou web spider/4.0(+http://www.sogou.com/docs/help/webmasters.htm#07)" "www.electric-homecare.com"
54.36.148.177 - - [15/Jan/2023:06:03:07 -0800] "GET /robots.txt HTTP/1.1" 200 64 "-" "Mozilla/5.0 (compatible; AhrefsBot/7.0; +http://ahrefs.com/robot/)" "electric-homecare.com"
51.222.253.1 - - [15/Jan/2023:06:03:10 -0800] "GET /Houston-Primo.html HTTP/1.1" 200 3618 "-" "Mozilla/5.0 (compatible; AhrefsBot/7.0; +http://ahrefs.com/robot/)" "electric-homecare.com"
