66.249.70.105 - - [25/Jan/2023:16:07:26 -0800] "GET /ads.txt HTTP/1.1" 404 88 "-" "Mozilla/5.0 (compatible; Googlebot/2.1; +http://www.google.com/bot.html)" "electric-homecare.com"
207.46.13.92 - - [25/Jan/2023:16:12:37 -0800] "GET /Scooters.html HTTP/1.1" 404 88 "-" "Mozilla/5.0 AppleWebKit/537.36 (KHTML, like Gecko; compatible; bingbot/2.0; +http://www.bing.com/bingbot.htm) Chrome/103.0.5060.134 Safari/537.36" "electric-homecare.com"
3.211.110.80 - - [25/Jan/2023:16:29:13 -0800] "GET /harmar-1.jpg HTTP/1.1" 200 7446 "-" "Mozilla/5.0 (X11; Ubuntu; Linux x86_64; rv:72.0) Gecko/20100101 Firefox/72.0" "electric-homecare.com"
51.222.253.13 - - [25/Jan/2023:16:36:44 -0800] "GET /Houston-Pursuit.html HTTP/1.1" 200 4114 "-" "Mozilla/5.0 (compatible; AhrefsBot/7.0; +http://ahrefs.com/robot/)" "electric-homecare.com"
51.222.253.19 - - [25/Jan/2023:16:36:46 -0800] "GET /Victory10-7.jpg HTTP/1.1" 200 10427 "-" "Mozilla/5.0 (compatible; AhrefsBot/7.0; +http://ahrefs.com/robot/)" "electric-homecare.com"
51.222.253.14 - - [25/Jan/2023:16:37:17 -0800] "GET /ui_pdf_small.gif HTTP/1.1" 200 218 "-" "Mozilla/5.0 (compatible; AhrefsBot/7.0; +http://ahrefs.com/robot/)" "electric-homecare.com"
51.222.253.7 - - [25/Jan/2023:16:37:17 -0800] "GET /Pursuit-1.jpg HTTP/1.1" 200 12608 "-" "Mozilla/5.0 (compatible; AhrefsBot/7.0; +http://ahrefs.com/robot/)" "electric-homecare.com"
51.222.253.3 - - [25/Jan/2023:16:37:17 -0800] "GET /Victory10-6.jpg HTTP/1.1" 200 9296 "-" "Mozilla/5.0 (compatible; AhrefsBot/7.0; +http://ahrefs.com/robot/)" "electric-homecare.com"
51.222.253.7 - - [25/Jan/2023:16:37:47 -0800] "GET /Victory10-5.jpg HTTP/1.1" 200 7590 "-" "Mozilla/5.0 (compatible; AhrefsBot/7.0; +http://ahrefs.com/robot/)" "electric-homecare.com"
51.222.253.9 - - [25/Jan/2023:16:38:18 -0800] "GET /Victory10-4.jpg HTTP/1.1" 200 8247 "-" "Mozilla/5.0 (compatible; AhrefsBot/7.0; +http://ahrefs.com/robot/)" "electric-homecare.com"
51.222.253.17 - - [25/Jan/2023:16:38:18 -0800] "GET /Victory10-8.jpg HTTP/1.1" 200 8256 "-" "Mozilla/5.0 (compatible; AhrefsBot/7.0; +http://ahrefs.com/robot/)" "electric-homecare.com"
51.222.253.6 - - [25/Jan/2023:16:39:19 -0800] "GET /Victory10-3.jpg HTTP/1.1" 200 11757 "-" "Mozilla/5.0 (compatible; AhrefsBot/7.0; +http://ahrefs.com/robot/)" "electric-homecare.com"
51.222.253.20 - - [25/Jan/2023:16:39:19 -0800] "GET /red1.jpg HTTP/1.1" 200 16932 "-" "Mozilla/5.0 (compatible; AhrefsBot/7.0; +http://ahrefs.com/robot/)" "electric-homecare.com"
51.222.253.5 - - [25/Jan/2023:16:39:19 -0800] "GET /blue.jpg HTTP/1.1" 200 1765 "-" "Mozilla/5.0 (compatible; AhrefsBot/7.0; +http://ahrefs.com/robot/)" "electric-homecare.com"
77.75.77.119 - - [25/Jan/2023:16:43:13 -0800] "GET /robots.txt HTTP/1.1" 200 64 "-" "Mozilla/5.0 (compatible; SeznamBot/4.0-RC1; +http://napoveda.seznam.cz/seznambot-intro/)" "electric-homecare.com"
114.119.150.210 - - [25/Jan/2023:16:44:28 -0800] "GET /US_Jazzy_600_ES_Series_Group_2_Standard_Configurable_Order_Form.pdf HTTP/1.1" 200 1129819 "https://electric-homecare.com/Houston-Jazzy600ES.html" "Mozilla/5.0 (Linux; Android 7.0;) AppleWebKit/537.36 (KHTML, like Gecko) Mobile Safari/537.36 (compatible; PetalBot;+https://webmaster.petalsearch.com/site/petalbot)" "electric-homecare.com"
216.244.66.247 - - [25/Jan/2023:17:02:03 -0800] "GET /robots.txt HTTP/1.1" 200 48 "-" "Mozilla/5.0 (compatible; DotBot/1.2; +https://opensiteexplorer.org/dotbot; help@moz.com)" "electric-homecare.com"
114.119.159.39 - - [25/Jan/2023:17:17:58 -0800] "GET /LiteRiderOwnersManual.pdf HTTP/1.1" 200 1233969 "https://www.electric-homecare.com/Houston-goldentech.html" "Mozilla/5.0 (Linux; Android 7.0;) AppleWebKit/537.36 (KHTML, like Gecko) Mobile Safari/537.36 (compatible; PetalBot;+https://webmaster.petalsearch.com/site/petalbot)" "www.electric-homecare.com"
114.119.152.171 - - [25/Jan/2023:17:19:12 -0800] "GET /Bariatric-Scooters.html HTTP/1.1" 200 5681 "https://www.electric-homecare.com/Bariatric-Stairlifts.html" "Mozilla/5.0 (Linux; Android 7.0;) AppleWebKit/537.36 (KHTML, like Gecko) Mobile Safari/537.36 (compatible; PetalBot;+https://webmaster.petalsearch.com/site/petalbot)" "www.electric-homecare.com"
51.222.253.9 - - [25/Jan/2023:17:19:50 -0800] "GET /AdjustableBeds-Twin.html HTTP/1.1" 200 8162 "-" "Mozilla/5.0 (compatible; AhrefsBot/7.0; +http://ahrefs.com/robot/)" "electric-homecare.com"
51.222.253.17 - - [25/Jan/2023:17:19:55 -0800] "GET /electropedic-beds.jpg HTTP/1.1" 404 88 "-" "Mozilla/5.0 (compatible; AhrefsBot/7.0; +http://ahrefs.com/robot/)" "electric-homecare.com"
51.222.253.15 - - [25/Jan/2023:17:19:56 -0800] "GET /image043.png HTTP/1.1" 404 88 "-" "Mozilla/5.0 (compatible; AhrefsBot/7.0; +http://ahrefs.com/robot/)" "electric-homecare.com"
51.222.253.16 - - [25/Jan/2023:17:20:56 -0800] "GET /Model-wh-2.jpg HTTP/1.1" 404 88 "-" "Mozilla/5.0 (compatible; AhrefsBot/7.0; +http://ahrefs.com/robot/)" "electric-homecare.com"
77.75.79.31 - - [25/Jan/2023:17:29:45 -0800] "GET /T3000.pdf HTTP/1.1" 304 - "-" "Mozilla/5.0 (compatible; SeznamBot/4.0-RC1; +http://napoveda.seznam.cz/seznambot-intro/)" "electric-homecare.com"
114.119.129.198 - - [25/Jan/2023:17:35:46 -0800] "GET /robots.txt HTTP/1.1" 200 64 "-" "Mozilla/5.0 (compatible;PetalBot;+https://webmaster.petalsearch.com/site/petalbot)" "electric-homecare.com"
3.211.110.80 - - [25/Jan/2023:17:40:23 -0800] "GET /harmar-1.jpg HTTP/1.1" 200 7446 "-" "Mozilla/5.0 (X11; Ubuntu; Linux x86_64; rv:72.0) Gecko/20100101 Firefox/72.0" "electric-homecare.com"
17.241.227.197 - - [25/Jan/2023:17:49:46 -0800] "GET /LC-105-24.png HTTP/1.1" 200 34374 "-" "Mozilla/5.0 (Macintosh; Intel Mac OS X 10_15_5) AppleWebKit/605.1.15 (KHTML, like Gecko) Version/13.1.1 Safari/605.1.15 (Applebot/0.1; +http://www.apple.com/go/applebot)" "electric-homecare.com"
216.244.66.247 - - [25/Jan/2023:18:01:59 -0800] "GET /robots.txt HTTP/1.1" 200 48 "-" "Mozilla/5.0 (compatible; DotBot/1.2; +https://opensiteexplorer.org/dotbot; help@moz.com)" "electric-homecare.com"
207.46.13.55 - - [25/Jan/2023:18:10:56 -0800] "GET /bariatricwheelchair.jpg HTTP/1.1" 200 7232 "-" "Mozilla/5.0 AppleWebKit/537.36 (KHTML, like Gecko; compatible; bingbot/2.0; +http://www.bing.com/bingbot.htm) Chrome/103.0.5060.134 Safari/537.36" "electric-homecare.com"
77.75.79.31 - - [25/Jan/2023:18:33:48 -0800] "GET /riderXpress-brochure.pdf HTTP/1.1" 304 - "-" "Mozilla/5.0 (compatible; SeznamBot/4.0-RC1; +http://napoveda.seznam.cz/seznambot-intro/)" "electric-homecare.com"
216.244.66.247 - - [25/Jan/2023:18:59:35 -0800] "GET /robots.txt HTTP/1.1" 200 48 "-" "Mozilla/5.0 (compatible; DotBot/1.2; +https://opensiteexplorer.org/dotbot; help@moz.com)" "electric-homecare.com"
157.55.39.204 - - [25/Jan/2023:19:12:03 -0800] "GET /Pool-Spa-Lifts.htm HTTP/1.1" 404 88 "-" "Mozilla/5.0 AppleWebKit/537.36 (KHTML, like Gecko; compatible; bingbot/2.0; +http://www.bing.com/bingbot.htm) Chrome/103.0.5060.134 Safari/537.36" "electric-homecare.com"
65.109.24.4 - - [25/Jan/2023:19:17:15 -0800] "GET /robots.txt HTTP/1.1" 200 48 "-" "Mozilla/5.0 (compatible; MJ12bot/v1.4.8; http://mj12bot.com/)" "electric-homecare.com"
65.109.24.4 - - [25/Jan/2023:19:17:19 -0800] "GET /?D=A HTTP/1.1" 200 4147 "-" "Mozilla/5.0 (compatible; MJ12bot/v1.4.8; http://mj12bot.com/)" "electric-homecare.com"
65.109.24.4 - - [25/Jan/2023:19:17:21 -0800] "GET /?D=A HTTP/1.1" 200 4147 "-" "Mozilla/5.0 (compatible; MJ12bot/v1.4.8; http://mj12bot.com/)" "electric-homecare.com"
65.109.24.4 - - [25/Jan/2023:19:17:27 -0800] "GET /?M=A HTTP/1.1" 200 4147 "-" "Mozilla/5.0 (compatible; MJ12bot/v1.4.8; http://mj12bot.com/)" "electric-homecare.com"
65.109.24.4 - - [25/Jan/2023:19:18:18 -0800] "GET /?M=A HTTP/1.1" 200 4147 "-" "Mozilla/5.0 (compatible; MJ12bot/v1.4.8; http://mj12bot.com/)" "electric-homecare.com"
65.109.24.4 - - [25/Jan/2023:19:18:25 -0800] "GET /?N=A HTTP/1.1" 200 4147 "-" "Mozilla/5.0 (compatible; MJ12bot/v1.4.8; http://mj12bot.com/)" "electric-homecare.com"
65.109.24.4 - - [25/Jan/2023:19:19:37 -0800] "GET /?N=D HTTP/1.1" 200 4147 "-" "Mozilla/5.0 (compatible; MJ12bot/v1.4.8; http://mj12bot.com/)" "electric-homecare.com"
65.109.24.4 - - [25/Jan/2023:19:19:40 -0800] "GET /?N=D HTTP/1.1" 200 4147 "-" "Mozilla/5.0 (compatible; MJ12bot/v1.4.8; http://mj12bot.com/)" "electric-homecare.com"
65.109.24.4 - - [25/Jan/2023:19:19:47 -0800] "GET /?S=A HTTP/1.1" 200 4147 "-" "Mozilla/5.0 (compatible; MJ12bot/v1.4.8; http://mj12bot.com/)" "electric-homecare.com"
65.109.24.4 - - [25/Jan/2023:19:20:44 -0800] "GET /?S=A HTTP/1.1" 200 4147 "-" "Mozilla/5.0 (compatible; MJ12bot/v1.4.8; http://mj12bot.com/)" "electric-homecare.com"
65.109.24.4 - - [25/Jan/2023:19:21:42 -0800] "GET /?S=D HTTP/1.1" 200 4147 "-" "Mozilla/5.0 (compatible; MJ12bot/v1.4.8; http://mj12bot.com/)" "electric-homecare.com"
65.109.24.4 - - [25/Jan/2023:19:21:44 -0800] "GET /Alumiramp-Wheelchair-Ramp.html HTTP/1.1" 200 5904 "-" "Mozilla/5.0 (compatible; MJ12bot/v1.4.8; http://mj12bot.com/)" "electric-homecare.com"
65.109.24.4 - - [25/Jan/2023:19:22:44 -0800] "GET /AquaCreek.html HTTP/1.1" 200 7067 "-" "Mozilla/5.0 (compatible; MJ12bot/v1.4.8; http://mj12bot.com/)" "electric-homecare.com"
65.109.24.4 - - [25/Jan/2023:19:23:35 -0800] "GET /AquaCreek.html HTTP/1.1" 200 7067 "-" "Mozilla/5.0 (compatible; MJ12bot/v1.4.8; http://mj12bot.com/)" "electric-homecare.com"
65.109.24.4 - - [25/Jan/2023:19:23:36 -0800] "GET /_private/?C=D;O=A HTTP/1.1" 200 314 "-" "Mozilla/5.0 (compatible; MJ12bot/v1.4.8; http://mj12bot.com/)" "electric-homecare.com"
65.109.24.4 - - [25/Jan/2023:19:23:39 -0800] "GET /_private/?C=D;O=D HTTP/1.1" 200 312 "-" "Mozilla/5.0 (compatible; MJ12bot/v1.4.8; http://mj12bot.com/)" "electric-homecare.com"
65.109.24.4 - - [25/Jan/2023:19:23:44 -0800] "GET /_private/?C=M;O=A HTTP/1.1" 200 314 "-" "Mozilla/5.0 (compatible; MJ12bot/v1.4.8; http://mj12bot.com/)" "electric-homecare.com"
51.222.253.17 - - [25/Jan/2023:19:32:00 -0800] "GET /Houston-EliteOutdoorStraight.html HTTP/1.1" 200 5238 "-" "Mozilla/5.0 (compatible; AhrefsBot/7.0; +http://ahrefs.com/robot/)" "electric-homecare.com"
51.222.253.7 - - [25/Jan/2023:19:32:07 -0800] "GET /brunostairlift-Elite-outdoor-straight1.jpg HTTP/1.1" 200 69553 "-" "Mozilla/5.0 (compatible; AhrefsBot/7.0; +http://ahrefs.com/robot/)" "electric-homecare.com"
51.222.253.10 - - [25/Jan/2023:19:33:08 -0800] "GET /brunostairlift-Elite-outdoor-straight2.jpg HTTP/1.1" 200 46201 "-" "Mozilla/5.0 (compatible; AhrefsBot/7.0; +http://ahrefs.com/robot/)" "electric-homecare.com"
51.222.253.10 - - [25/Jan/2023:19:33:08 -0800] "GET /brunostairlift-Elite-outdoor-straight3.jpg HTTP/1.1" 200 71562 "-" "Mozilla/5.0 (compatible; AhrefsBot/7.0; +http://ahrefs.com/robot/)" "electric-homecare.com"
51.222.253.7 - - [25/Jan/2023:19:33:39 -0800] "GET /brunostairlift-Elite-outdoor-straight7.jpg HTTP/1.1" 200 68870 "-" "Mozilla/5.0 (compatible; AhrefsBot/7.0; +http://ahrefs.com/robot/)" "electric-homecare.com"
51.222.253.9 - - [25/Jan/2023:19:34:09 -0800] "GET /brunostairlift-1a.jpg HTTP/1.1" 200 654209 "-" "Mozilla/5.0 (compatible; AhrefsBot/7.0; +http://ahrefs.com/robot/)" "electric-homecare.com"
51.222.253.3 - - [25/Jan/2023:19:34:40 -0800] "GET /brunostairlift-Elite-outdoor-straight5.jpg HTTP/1.1" 200 46442 "-" "Mozilla/5.0 (compatible; AhrefsBot/7.0; +http://ahrefs.com/robot/)" "electric-homecare.com"
51.222.253.10 - - [25/Jan/2023:19:35:10 -0800] "GET /brunostairlift-Elite-outdoor-straight6.jpg HTTP/1.1" 200 67383 "-" "Mozilla/5.0 (compatible; AhrefsBot/7.0; +http://ahrefs.com/robot/)" "electric-homecare.com"
65.109.24.4 - - [25/Jan/2023:19:35:11 -0800] "GET /_private/?N=A HTTP/1.1" 200 314 "-" "Mozilla/5.0 (compatible; MJ12bot/v1.4.8; http://mj12bot.com/)" "electric-homecare.com"
65.109.24.4 - - [25/Jan/2023:19:35:16 -0800] "GET /_private/?N=D HTTP/1.1" 200 314 "-" "Mozilla/5.0 (compatible; MJ12bot/v1.4.8; http://mj12bot.com/)" "electric-homecare.com"
65.109.24.4 - - [25/Jan/2023:19:35:31 -0800] "GET /_private/?N=D HTTP/1.1" 200 314 "-" "Mozilla/5.0 (compatible; MJ12bot/v1.4.8; http://mj12bot.com/)" "electric-homecare.com"
65.109.24.4 - - [25/Jan/2023:19:35:33 -0800] "GET /_private/?S=A HTTP/1.1" 200 314 "-" "Mozilla/5.0 (compatible; MJ12bot/v1.4.8; http://mj12bot.com/)" "electric-homecare.com"
65.109.24.4 - - [25/Jan/2023:19:35:37 -0800] "GET /_private/?S=D HTTP/1.1" 200 314 "-" "Mozilla/5.0 (compatible; MJ12bot/v1.4.8; http://mj12bot.com/)" "electric-homecare.com"
65.109.24.4 - - [25/Jan/2023:19:35:38 -0800] "GET /_private/?S=D HTTP/1.1" 200 314 "-" "Mozilla/5.0 (compatible; MJ12bot/v1.4.8; http://mj12bot.com/)" "electric-homecare.com"
65.109.24.4 - - [25/Jan/2023:19:35:40 -0800] "GET /_themes/?C=D;O=A HTTP/1.1" 200 351 "-" "Mozilla/5.0 (compatible; MJ12bot/v1.4.8; http://mj12bot.com/)" "electric-homecare.com"
65.109.24.4 - - [25/Jan/2023:19:35:42 -0800] "GET /_themes/?C=D;O=D HTTP/1.1" 200 349 "-" "Mozilla/5.0 (compatible; MJ12bot/v1.4.8; http://mj12bot.com/)" "electric-homecare.com"
65.109.24.4 - - [25/Jan/2023:19:35:45 -0800] "GET /_themes/?C=M;O=A HTTP/1.1" 200 351 "-" "Mozilla/5.0 (compatible; MJ12bot/v1.4.8; http://mj12bot.com/)" "electric-homecare.com"
65.109.24.4 - - [25/Jan/2023:19:35:47 -0800] "GET /_themes/?C=M;O=D HTTP/1.1" 200 349 "-" "Mozilla/5.0 (compatible; MJ12bot/v1.4.8; http://mj12bot.com/)" "electric-homecare.com"
65.109.24.4 - - [25/Jan/2023:19:35:49 -0800] "GET /_themes/?C=N;O=A HTTP/1.1" 200 351 "-" "Mozilla/5.0 (compatible; MJ12bot/v1.4.8; http://mj12bot.com/)" "electric-homecare.com"
65.109.24.4 - - [25/Jan/2023:19:35:52 -0800] "GET /_themes/?C=N;O=D HTTP/1.1" 200 349 "-" "Mozilla/5.0 (compatible; MJ12bot/v1.4.8; http://mj12bot.com/)" "electric-homecare.com"
65.109.24.4 - - [25/Jan/2023:19:35:54 -0800] "GET /_themes/?C=S;O=A HTTP/1.1" 200 352 "-" "Mozilla/5.0 (compatible; MJ12bot/v1.4.8; http://mj12bot.com/)" "electric-homecare.com"
65.109.24.4 - - [25/Jan/2023:19:35:55 -0800] "GET /_themes/?C=S;O=D HTTP/1.1" 200 349 "-" "Mozilla/5.0 (compatible; MJ12bot/v1.4.8; http://mj12bot.com/)" "electric-homecare.com"
65.109.24.4 - - [25/Jan/2023:19:36:02 -0800] "GET /_themes/?D=D HTTP/1.1" 200 351 "-" "Mozilla/5.0 (compatible; MJ12bot/v1.4.8; http://mj12bot.com/)" "electric-homecare.com"
65.109.24.4 - - [25/Jan/2023:19:36:04 -0800] "GET /_themes/?D=D HTTP/1.1" 200 351 "-" "Mozilla/5.0 (compatible; MJ12bot/v1.4.8; http://mj12bot.com/)" "electric-homecare.com"
65.109.24.4 - - [25/Jan/2023:19:36:07 -0800] "GET /_themes/?M=A HTTP/1.1" 200 351 "-" "Mozilla/5.0 (compatible; MJ12bot/v1.4.8; http://mj12bot.com/)" "electric-homecare.com"
65.109.24.4 - - [25/Jan/2023:19:36:11 -0800] "GET /_themes/?M=A HTTP/1.1" 200 351 "-" "Mozilla/5.0 (compatible; MJ12bot/v1.4.8; http://mj12bot.com/)" "electric-homecare.com"
51.222.253.3 - - [25/Jan/2023:19:36:11 -0800] "GET /brunostairlift-Elite-outdoor-straight4.jpg HTTP/1.1" 200 69505 "-" "Mozilla/5.0 (compatible; AhrefsBot/7.0; +http://ahrefs.com/robot/)" "electric-homecare.com"
65.109.24.4 - - [25/Jan/2023:19:36:15 -0800] "GET /_themes/?M=D HTTP/1.1" 200 351 "-" "Mozilla/5.0 (compatible; MJ12bot/v1.4.8; http://mj12bot.com/)" "electric-homecare.com"
65.109.24.4 - - [25/Jan/2023:19:36:18 -0800] "GET /_themes/?M=D HTTP/1.1" 200 351 "-" "Mozilla/5.0 (compatible; MJ12bot/v1.4.8; http://mj12bot.com/)" "electric-homecare.com"
65.109.24.4 - - [25/Jan/2023:19:36:23 -0800] "GET /_themes/?N=A HTTP/1.1" 200 351 "-" "Mozilla/5.0 (compatible; MJ12bot/v1.4.8; http://mj12bot.com/)" "electric-homecare.com"
65.109.24.4 - - [25/Jan/2023:19:36:25 -0800] "GET /_themes/?N=A HTTP/1.1" 200 351 "-" "Mozilla/5.0 (compatible; MJ12bot/v1.4.8; http://mj12bot.com/)" "electric-homecare.com"
65.109.24.4 - - [25/Jan/2023:19:36:31 -0800] "GET /_themes/?N=D HTTP/1.1" 200 351 "-" "Mozilla/5.0 (compatible; MJ12bot/v1.4.8; http://mj12bot.com/)" "electric-homecare.com"
65.109.24.4 - - [25/Jan/2023:19:36:35 -0800] "GET /_themes/?N=D HTTP/1.1" 200 351 "-" "Mozilla/5.0 (compatible; MJ12bot/v1.4.8; http://mj12bot.com/)" "electric-homecare.com"
65.109.24.4 - - [25/Jan/2023:19:36:46 -0800] "GET /_themes/?S=A HTTP/1.1" 200 351 "-" "Mozilla/5.0 (compatible; MJ12bot/v1.4.8; http://mj12bot.com/)" "electric-homecare.com"
65.109.24.4 - - [25/Jan/2023:19:36:48 -0800] "GET /_themes/?S=A HTTP/1.1" 200 351 "-" "Mozilla/5.0 (compatible; MJ12bot/v1.4.8; http://mj12bot.com/)" "electric-homecare.com"
65.109.24.4 - - [25/Jan/2023:19:36:51 -0800] "GET /_themes/?S=D HTTP/1.1" 200 351 "-" "Mozilla/5.0 (compatible; MJ12bot/v1.4.8; http://mj12bot.com/)" "electric-homecare.com"
65.109.24.4 - - [25/Jan/2023:19:36:53 -0800] "GET /_themes/?S=D HTTP/1.1" 200 351 "-" "Mozilla/5.0 (compatible; MJ12bot/v1.4.8; http://mj12bot.com/)" "electric-homecare.com"
65.109.24.4 - - [25/Jan/2023:19:36:55 -0800] "GET /_themes/nature/?C=D;O=A HTTP/1.1" 200 319 "-" "Mozilla/5.0 (compatible; MJ12bot/v1.4.8; http://mj12bot.com/)" "electric-homecare.com"
65.109.24.4 - - [25/Jan/2023:19:36:59 -0800] "GET /_themes/nature/?C=D;O=D HTTP/1.1" 200 318 "-" "Mozilla/5.0 (compatible; MJ12bot/v1.4.8; http://mj12bot.com/)" "electric-homecare.com"
65.109.24.4 - - [25/Jan/2023:19:37:01 -0800] "GET /_themes/nature/?C=M;O=A HTTP/1.1" 200 320 "-" "Mozilla/5.0 (compatible; MJ12bot/v1.4.8; http://mj12bot.com/)" "electric-homecare.com"
65.109.24.4 - - [25/Jan/2023:19:37:02 -0800] "GET /_themes/nature/?C=M;O=D HTTP/1.1" 200 318 "-" "Mozilla/5.0 (compatible; MJ12bot/v1.4.8; http://mj12bot.com/)" "electric-homecare.com"
65.109.24.4 - - [25/Jan/2023:19:37:04 -0800] "GET /_themes/nature/?C=N;O=A HTTP/1.1" 200 319 "-" "Mozilla/5.0 (compatible; MJ12bot/v1.4.8; http://mj12bot.com/)" "electric-homecare.com"
65.109.24.4 - - [25/Jan/2023:19:37:07 -0800] "GET /_themes/nature/?C=N;O=D HTTP/1.1" 200 318 "-" "Mozilla/5.0 (compatible; MJ12bot/v1.4.8; http://mj12bot.com/)" "electric-homecare.com"
65.109.24.4 - - [25/Jan/2023:19:37:10 -0800] "GET /_themes/nature/?C=S;O=A HTTP/1.1" 200 320 "-" "Mozilla/5.0 (compatible; MJ12bot/v1.4.8; http://mj12bot.com/)" "electric-homecare.com"
51.222.253.1 - - [25/Jan/2023:19:37:11 -0800] "GET /brunostairlift-Elite-outdoor-straight8.jpg HTTP/1.1" 200 66390 "-" "Mozilla/5.0 (compatible; AhrefsBot/7.0; +http://ahrefs.com/robot/)" "electric-homecare.com"
65.109.24.4 - - [25/Jan/2023:19:37:12 -0800] "GET /_themes/nature/?C=S;O=D HTTP/1.1" 200 318 "-" "Mozilla/5.0 (compatible; MJ12bot/v1.4.8; http://mj12bot.com/)" "electric-homecare.com"
65.109.24.4 - - [25/Jan/2023:19:37:18 -0800] "GET /_themes/nature/?D=A HTTP/1.1" 200 319 "-" "Mozilla/5.0 (compatible; MJ12bot/v1.4.8; http://mj12bot.com/)" "electric-homecare.com"
65.109.24.4 - - [25/Jan/2023:19:37:20 -0800] "GET /_themes/nature/?D=A HTTP/1.1" 200 319 "-" "Mozilla/5.0 (compatible; MJ12bot/v1.4.8; http://mj12bot.com/)" "electric-homecare.com"
65.109.24.4 - - [25/Jan/2023:19:37:27 -0800] "GET /_themes/nature/?D=D HTTP/1.1" 200 319 "-" "Mozilla/5.0 (compatible; MJ12bot/v1.4.8; http://mj12bot.com/)" "electric-homecare.com"
65.109.24.4 - - [25/Jan/2023:19:37:33 -0800] "GET /_themes/nature/?D=D HTTP/1.1" 200 319 "-" "Mozilla/5.0 (compatible; MJ12bot/v1.4.8; http://mj12bot.com/)" "electric-homecare.com"
65.109.24.4 - - [25/Jan/2023:19:37:36 -0800] "GET /_themes/nature/?M=D HTTP/1.1" 200 319 "-" "Mozilla/5.0 (compatible; MJ12bot/v1.4.8; http://mj12bot.com/)" "electric-homecare.com"
65.109.24.4 - - [25/Jan/2023:19:37:40 -0800] "GET /_themes/nature/?M=D HTTP/1.1" 200 319 "-" "Mozilla/5.0 (compatible; MJ12bot/v1.4.8; http://mj12bot.com/)" "electric-homecare.com"
65.109.24.4 - - [25/Jan/2023:19:37:46 -0800] "GET /_themes/nature/?N=A HTTP/1.1" 200 319 "-" "Mozilla/5.0 (compatible; MJ12bot/v1.4.8; http://mj12bot.com/)" "electric-homecare.com"
65.109.24.4 - - [25/Jan/2023:19:37:49 -0800] "GET /_themes/nature/?S=A HTTP/1.1" 200 319 "-" "Mozilla/5.0 (compatible; MJ12bot/v1.4.8; http://mj12bot.com/)" "electric-homecare.com"
65.109.24.4 - - [25/Jan/2023:19:37:51 -0800] "GET /_themes/nature/?S=A HTTP/1.1" 200 319 "-" "Mozilla/5.0 (compatible; MJ12bot/v1.4.8; http://mj12bot.com/)" "electric-homecare.com"
65.109.24.4 - - [25/Jan/2023:19:37:55 -0800] "GET /_themes/nature/?S=D HTTP/1.1" 200 319 "-" "Mozilla/5.0 (compatible; MJ12bot/v1.4.8; http://mj12bot.com/)" "electric-homecare.com"
65.109.24.4 - - [25/Jan/2023:19:38:00 -0800] "GET /_themes/nature/?S=D HTTP/1.1" 200 319 "-" "Mozilla/5.0 (compatible; MJ12bot/v1.4.8; http://mj12bot.com/)" "electric-homecare.com"
65.109.24.4 - - [25/Jan/2023:19:38:04 -0800] "GET /a.html HTTP/1.1" 200 1725 "-" "Mozilla/5.0 (compatible; MJ12bot/v1.4.8; http://mj12bot.com/)" "electric-homecare.com"
65.109.24.4 - - [25/Jan/2023:19:38:05 -0800] "GET /a.html HTTP/1.1" 200 1725 "-" "Mozilla/5.0 (compatible; MJ12bot/v1.4.8; http://mj12bot.com/)" "electric-homecare.com"
65.109.24.4 - - [25/Jan/2023:19:38:07 -0800] "GET /about-ramps.htm HTTP/1.1" 200 14475 "-" "Mozilla/5.0 (compatible; MJ12bot/v1.4.8; http://mj12bot.com/)" "electric-homecare.com"
112.255.135.9 - - [25/Jan/2023:19:54:40 -0800] "GET /Admin/license.txt HTTP/1.1" 404 88 "-" "Mozilla/5.0 (X11; Ubuntu; Linux x86_64; rv:62.0) Gecko/20100101 Firefox/62.0" "electric-homecare.com"
216.244.66.247 - - [25/Jan/2023:19:55:05 -0800] "GET /robots.txt HTTP/1.1" 200 48 "-" "Mozilla/5.0 (compatible; DotBot/1.2; +https://opensiteexplorer.org/dotbot; help@moz.com)" "electric-homecare.com"
77.75.79.31 - - [25/Jan/2023:20:22:57 -0800] "GET /Shabbat-brochure.pdf HTTP/1.1" 304 - "-" "Mozilla/5.0 (compatible; SeznamBot/4.0-RC1; +http://napoveda.seznam.cz/seznambot-intro/)" "electric-homecare.com"
5.188.62.26 - - [25/Jan/2023:20:24:35 -0800] "GET / HTTP/1.1" 200 4147 "-" "Mozilla/5.0 (Windows NT 10.0; Win64; x64) AppleWebKit/537.36 (KHTML, like Gecko) Chrome/100.0.4758.11 Safari/537.36" "electric-homecare.com"
5.188.62.26 - - [25/Jan/2023:20:27:36 -0800] "GET / HTTP/1.1" 200 4147 "https://electric-homecare.com/" "Mozilla/5.0 (Windows NT 10.0; Win64; x64) AppleWebKit/537.36 (KHTML, like Gecko) Chrome/101.0.4951.67 Safari/537.36" "electric-homecare.com"
5.188.62.26 - - [25/Jan/2023:20:27:41 -0800] "GET /admin HTTP/1.1" 404 88 "https://electric-homecare.com/" "Mozilla/5.0 (Windows NT 10.0; Win64; x64) AppleWebKit/537.36 (KHTML, like Gecko) Chrome/101.0.4951.67 Safari/537.36" "electric-homecare.com"
51.222.253.12 - - [25/Jan/2023:20:39:59 -0800] "GET /Houston-GoGoEliteTravellerPlus.html HTTP/1.1" 200 5024 "-" "Mozilla/5.0 (compatible; AhrefsBot/7.0; +http://ahrefs.com/robot/)" "electric-homecare.com"
51.222.253.8 - - [25/Jan/2023:20:40:08 -0800] "GET /Electropedic-Houston%20-2.jpg HTTP/1.1" 404 88 "-" "Mozilla/5.0 (compatible; AhrefsBot/7.0; +http://ahrefs.com/robot/)" "electric-homecare.com"
51.222.253.20 - - [25/Jan/2023:20:40:08 -0800] "GET /GoGoEliteTraveller-Plus-1.jpg HTTP/1.1" 200 38741 "-" "Mozilla/5.0 (compatible; AhrefsBot/7.0; +http://ahrefs.com/robot/)" "electric-homecare.com"
51.222.253.9 - - [25/Jan/2023:20:41:38 -0800] "GET /GoGoEliteTraveller-Plus-9.jpg HTTP/1.1" 200 6302 "-" "Mozilla/5.0 (compatible; AhrefsBot/7.0; +http://ahrefs.com/robot/)" "electric-homecare.com"
51.222.253.15 - - [25/Jan/2023:20:42:09 -0800] "GET /GoGoEliteTraveller-Plus-6.jpg HTTP/1.1" 200 6659 "-" "Mozilla/5.0 (compatible; AhrefsBot/7.0; +http://ahrefs.com/robot/)" "electric-homecare.com"
51.222.253.9 - - [25/Jan/2023:20:42:09 -0800] "GET /GoGoEliteTraveller-Plus-4.jpg HTTP/1.1" 200 4012 "-" "Mozilla/5.0 (compatible; AhrefsBot/7.0; +http://ahrefs.com/robot/)" "electric-homecare.com"
51.222.253.11 - - [25/Jan/2023:20:42:39 -0800] "GET /GoGoEliteTraveller-Plus-5.jpg HTTP/1.1" 200 4402 "-" "Mozilla/5.0 (compatible; AhrefsBot/7.0; +http://ahrefs.com/robot/)" "electric-homecare.com"
51.222.253.20 - - [25/Jan/2023:20:43:39 -0800] "GET /GoGoEliteTraveller-Plus-7.jpg HTTP/1.1" 200 5345 "-" "Mozilla/5.0 (compatible; AhrefsBot/7.0; +http://ahrefs.com/robot/)" "electric-homecare.com"
61.135.159.133 - - [25/Jan/2023:20:45:42 -0800] "GET / HTTP/1.1" 200 4147 "-" "Sogou web spider/4.0(+http://www.sogou.com/docs/help/webmasters.htm#07)" "www.electric-homecare.com"
216.244.66.247 - - [25/Jan/2023:20:50:31 -0800] "GET /robots.txt HTTP/1.1" 200 48 "-" "Mozilla/5.0 (compatible; DotBot/1.2; +https://opensiteexplorer.org/dotbot; help@moz.com)" "electric-homecare.com"
66.249.70.99 - - [25/Jan/2023:21:27:17 -0800] "GET /PR-510-006.jpg HTTP/1.1" 404 88 "-" "Googlebot-Image/1.0" "electric-homecare.com"
66.249.70.99 - - [25/Jan/2023:21:39:23 -0800] "GET /PR-510-001.png HTTP/1.1" 404 88 "-" "Googlebot-Image/1.0" "electric-homecare.com"
216.244.66.247 - - [25/Jan/2023:21:47:08 -0800] "GET /robots.txt HTTP/1.1" 200 48 "-" "Mozilla/5.0 (compatible; DotBot/1.2; +https://opensiteexplorer.org/dotbot; help@moz.com)" "electric-homecare.com"
216.244.66.247 - - [25/Jan/2023:22:44:28 -0800] "GET /robots.txt HTTP/1.1" 200 48 "-" "Mozilla/5.0 (compatible; DotBot/1.2; +https://opensiteexplorer.org/dotbot; help@moz.com)" "electric-homecare.com"
54.36.148.212 - - [25/Jan/2023:23:05:23 -0800] "GET /robots.txt HTTP/1.1" 200 64 "-" "Mozilla/5.0 (compatible; AhrefsBot/7.0; +http://ahrefs.com/robot/)" "www.electric-homecare.com"
18.232.179.5 - - [25/Jan/2023:23:27:47 -0800] "GET /robots.txt HTTP/1.1" 200 64 "-" "CCBot/2.0 (https://commoncrawl.org/faq/)" "electric-homecare.com"
18.232.179.5 - - [25/Jan/2023:23:27:47 -0800] "GET /robots.txt HTTP/1.1" 200 64 "-" "CCBot/2.0 (https://commoncrawl.org/faq/)" "electric-homecare.com"
18.232.179.5 - - [25/Jan/2023:23:27:47 -0800] "GET /sitemap.xml HTTP/1.1" 200 175 "-" "CCBot/2.0 (https://commoncrawl.org/faq/)" "electric-homecare.com"
216.244.66.247 - - [25/Jan/2023:23:40:15 -0800] "GET /robots.txt HTTP/1.1" 200 48 "-" "Mozilla/5.0 (compatible; DotBot/1.2; +https://opensiteexplorer.org/dotbot; help@moz.com)" "electric-homecare.com"
114.119.129.148 - - [26/Jan/2023:00:28:45 -0800] "GET /sitemap.xml HTTP/1.1" 200 175 "-" "Mozilla/5.0 (Linux; Android 7.0;) AppleWebKit/537.36 (KHTML, like Gecko) Mobile Safari/537.36 (compatible; PetalBot;+https://webmaster.petalsearch.com/site/petalbot)" "electric-homecare.com"
216.244.66.247 - - [26/Jan/2023:01:31:51 -0800] "GET /robots.txt HTTP/1.1" 200 48 "-" "Mozilla/5.0 (compatible; DotBot/1.2; +https://opensiteexplorer.org/dotbot; help@moz.com)" "electric-homecare.com"
40.77.167.20 - - [26/Jan/2023:01:34:58 -0800] "GET /Houston-JazzyEliteHD.html HTTP/1.1" 200 4309 "-" "Mozilla/5.0 AppleWebKit/537.36 (KHTML, like Gecko; compatible; bingbot/2.0; +http://www.bing.com/bingbot.htm) Chrome/103.0.5060.134 Safari/537.36" "electric-homecare.com"
157.55.39.204 - - [26/Jan/2023:01:35:39 -0800] "GET /Wheel-Chair-Lifts1.html HTTP/1.1" 404 88 "-" "Mozilla/5.0 AppleWebKit/537.36 (KHTML, like Gecko; compatible; bingbot/2.0; +http://www.bing.com/bingbot.htm) Chrome/103.0.5060.134 Safari/537.36" "www.electric-homecare.com"
74.84.150.150 - - [26/Jan/2023:02:05:07 -0800] "GET /robots.txt HTTP/1.1" 200 64 "-" "test" "electric-homecare.com"
74.84.150.150 - - [26/Jan/2023:02:05:07 -0800] "GET / HTTP/1.1" 200 4147 "-" "test" "electric-homecare.com"
74.84.150.150 - - [26/Jan/2023:02:05:08 -0800] "GET /favicon.ico HTTP/1.1" 404 88 "-" "test" "electric-homecare.com"
114.119.158.149 - - [26/Jan/2023:02:16:34 -0800] "GET /Amigo-productline.pdf HTTP/1.1" 200 1403529 "https://www.electric-homecare.com/Houston-myamigo.html" "Mozilla/5.0 (Linux; Android 7.0;) AppleWebKit/537.36 (KHTML, like Gecko) Mobile Safari/537.36 (compatible; PetalBot;+https://webmaster.petalsearch.com/site/petalbot)" "www.electric-homecare.com"
27.115.124.70 - - [26/Jan/2023:02:19:05 -0800] "GET / HTTP/1.1" 200 4147 "http://baidu.com/" "Mozilla/5.0 (Linux; Android 8.0; Pixel 2 Build/OPD3.170816.012) AppleWebKit/537.36 (KHTML, like Gecko) Chrome/87.0.4280.88 Mobile Safari/537.36" "electric-homecare.com"
27.115.124.70 - - [26/Jan/2023:02:19:05 -0800] "GET /electric-homecare-logo.png HTTP/1.1" 200 139618 "https://electric-homecare.com/" "Mozilla/5.0 (Linux; Android 8.0; Pixel 2 Build/OPD3.170816.012) AppleWebKit/537.36 (KHTML, like Gecko) Chrome/87.0.4280.88 Mobile Safari/537.36" "electric-homecare.com"
27.115.124.70 - - [26/Jan/2023:02:19:05 -0800] "GET /test3.css HTTP/1.1" 200 960 "https://electric-homecare.com/" "Mozilla/5.0 (Linux; Android 8.0; Pixel 2 Build/OPD3.170816.012) AppleWebKit/537.36 (KHTML, like Gecko) Chrome/87.0.4280.88 Mobile Safari/537.36" "electric-homecare.com"
27.115.124.70 - - [26/Jan/2023:02:19:05 -0800] "GET /electropedic-helping%20you%20since%201964-2.png HTTP/1.1" 200 14233 "https://electric-homecare.com/" "Mozilla/5.0 (Linux; Android 8.0; Pixel 2 Build/OPD3.170816.012) AppleWebKit/537.36 (KHTML, like Gecko) Chrome/87.0.4280.88 Mobile Safari/537.36" "electric-homecare.com"
42.236.10.106 - - [26/Jan/2023:02:19:41 -0800] "GET / HTTP/1.1" 200 4147 "http://baidu.com/" "Mozilla/5.0 (Linux; Android 8.0; Pixel 2 Build/OPD3.170816.012) AppleWebKit/537.36 (KHTML, like Gecko) Chrome/87.0.4280.88 Mobile Safari/537.36" "electric-homecare.com"
42.236.10.106 - - [26/Jan/2023:02:19:44 -0800] "GET /test3.css HTTP/1.1" 200 960 "https://electric-homecare.com/" "Mozilla/5.0 (Linux; Android 8.0; Pixel 2 Build/OPD3.170816.012) AppleWebKit/537.36 (KHTML, like Gecko) Chrome/87.0.4280.88 Mobile Safari/537.36" "electric-homecare.com"
42.236.10.106 - - [26/Jan/2023:02:19:44 -0800] "GET /electropedic-helping%20you%20since%201964-2.png HTTP/1.1" 200 14233 "https://electric-homecare.com/" "Mozilla/5.0 (Linux; Android 8.0; Pixel 2 Build/OPD3.170816.012) AppleWebKit/537.36 (KHTML, like Gecko) Chrome/87.0.4280.88 Mobile Safari/537.36" "electric-homecare.com"
42.236.10.106 - - [26/Jan/2023:02:19:44 -0800] "GET /electric-homecare-logo.png HTTP/1.1" 200 139618 "https://electric-homecare.com/" "Mozilla/5.0 (Linux; Android 8.0; Pixel 2 Build/OPD3.170816.012) AppleWebKit/537.36 (KHTML, like Gecko) Chrome/87.0.4280.88 Mobile Safari/537.36" "electric-homecare.com"
77.88.5.38 - - [26/Jan/2023:02:21:20 -0800] "GET /robots.txt HTTP/1.1" 200 48 "-" "Mozilla/5.0 (compatible; YandexBot/3.0; +http://yandex.com/bots)" "www.electric-homecare.com"
93.158.161.55 - - [26/Jan/2023:02:21:23 -0800] "GET /robots.txt HTTP/1.1" 200 48 "-" "Mozilla/5.0 (compatible; YandexBot/3.0; +http://yandex.com/bots)" "www.electric-homecare.com"
77.88.5.89 - - [26/Jan/2023:02:21:27 -0800] "GET /Electropedic079.png HTTP/1.1" 404 88 "-" "Mozilla/5.0 (compatible; YandexImages/3.0; +http://yandex.com/bots)" "www.electric-homecare.com"
196.43.230.249 - - [26/Jan/2023:02:25:02 -0800] "GET /TM_Newvaliant_5.jpg HTTP/1.1" 200 294210 "https://www.bing.com/" "Mozilla/5.0 (Windows NT 10.0; Win64; x64) AppleWebKit/537.36 (KHTML, like Gecko) Chrome/101.0.4951.64 Safari/537.36 Edg/101.0.1210.53" "electric-homecare.com"
216.244.66.247 - - [26/Jan/2023:02:27:40 -0800] "GET /robots.txt HTTP/1.1" 200 48 "-" "Mozilla/5.0 (compatible; DotBot/1.2; +https://opensiteexplorer.org/dotbot; help@moz.com)" "electric-homecare.com"
114.119.130.18 - - [26/Jan/2023:02:35:38 -0800] "GET /robots.txt HTTP/1.1" 200 64 "-" "Mozilla/5.0 (compatible;PetalBot;+https://webmaster.petalsearch.com/site/petalbot)" "www.electric-homecare.com"
114.119.146.208 - - [26/Jan/2023:02:40:26 -0800] "GET /ILS-00853.pdf_Elite_Straight_Power_Options_Drawing.pdf HTTP/1.1" 200 465788 "https://www.electric-homecare.com/Houston-EliteIndoorStairlift.html" "Mozilla/5.0 (Linux; Android 7.0;) AppleWebKit/537.36 (KHTML, like Gecko) Mobile Safari/537.36 (compatible; PetalBot;+https://webmaster.petalsearch.com/site/petalbot)" "www.electric-homecare.com"
124.220.171.131 - - [26/Jan/2023:02:42:28 -0800] "GET / HTTP/1.1" 200 4147 "-" "Mozilla/5.0 (Linux; Android 6.0; Nexus 5 Build/MRA58N) AppleWebKit/537.36 (KHTML, like Gecko) Chrome/81.0.4044.138 Mobile Safari/537.36" "electric-homecare.com"
124.220.171.131 - - [26/Jan/2023:02:42:43 -0800] "GET / HTTP/1.1" 200 4147 "-" "Mozilla/5.0 (Linux; Android 6.0; Nexus 5 Build/MRA58N) AppleWebKit/537.36 (KHTML, like Gecko) Chrome/81.0.4044.138 Mobile Safari/537.36" "electric-homecare.com"
1.192.192.6 - - [26/Jan/2023:02:43:06 -0800] "GET / HTTP/1.1" 200 4147 "https://electric-homecare.com/" "Mozilla/5.0(compatible;MSIE9.0;WindowsNT6.1;Trident/5.0)" "electric-homecare.com"
124.220.171.131 - - [26/Jan/2023:02:43:25 -0800] "GET / HTTP/1.1" 200 4147 "-" "Mozilla/5.0 (Linux; Android 6.0; Nexus 5 Build/MRA58N) AppleWebKit/537.36 (KHTML, like Gecko) Chrome/81.0.4044.138 Mobile Safari/537.36" "electric-homecare.com"
78.141.216.111 - - [26/Jan/2023:02:53:04 -0800] "GET /vendor/phpunit/phpunit/phpunit.xsd HTTP/1.1" 404 88 "-" "Mozilla/5.0 (X11; Linux x86_64; rv:52.0) Gecko/20100101 Firefox/52.0" "electric-homecare.com"
66.249.70.105 - - [26/Jan/2023:03:08:47 -0800] "GET /6Runner%2010%20manual.pdf HTTP/1.1" 200 1287004 "-" "Mozilla/5.0 (Windows NT 10.0; Win64; x64)AppleWebKit/537.36 (KHTML, like Gecko) Chrome/91.0.4472.101 Safari/537.36 (compatible; GoogleOther)" "electric-homecare.com"
51.222.253.3 - - [26/Jan/2023:03:22:10 -0800] "GET /robots.txt HTTP/1.1" 200 64 "-" "Mozilla/5.0 (compatible; AhrefsBot/7.0; +http://ahrefs.com/robot/)" "electric-homecare.com"
216.244.66.247 - - [26/Jan/2023:03:24:20 -0800] "GET /robots.txt HTTP/1.1" 200 48 "-" "Mozilla/5.0 (compatible; DotBot/1.2; +https://opensiteexplorer.org/dotbot; help@moz.com)" "electric-homecare.com"
196.43.230.249 - - [26/Jan/2023:03:27:49 -0800] "GET /Tm_HosBed_3.jpg HTTP/1.1" 200 201713 "https://www.bing.com/" "Mozilla/5.0 (Windows NT 10.0; Win64; x64) AppleWebKit/537.36 (KHTML, like Gecko) Chrome/101.0.4951.64 Safari/537.36 Edg/101.0.1210.53" "electric-homecare.com"
66.249.66.9 - - [26/Jan/2023:03:33:11 -0800] "GET /PR-510-002.jpg HTTP/1.1" 404 88 "-" "Googlebot-Image/1.0" "electric-homecare.com"
66.249.66.9 - - [26/Jan/2023:03:35:50 -0800] "GET /PR-510-007.jpg HTTP/1.1" 404 88 "-" "Googlebot-Image/1.0" "electric-homecare.com"
66.249.66.9 - - [26/Jan/2023:03:45:02 -0800] "GET /PR-510-004.jpg HTTP/1.1" 404 88 "-" "Googlebot-Image/1.0" "electric-homecare.com"
3.211.110.80 - - [26/Jan/2023:03:57:33 -0800] "GET /gogovictory10lxwithctssuspension.jpg HTTP/1.1" 200 11984 "-" "Mozilla/5.0 (X11; Ubuntu; Linux x86_64; rv:72.0) Gecko/20100101 Firefox/72.0" "electric-homecare.com"
216.244.66.247 - - [26/Jan/2023:04:20:29 -0800] "GET /robots.txt HTTP/1.1" 200 48 "-" "Mozilla/5.0 (compatible; DotBot/1.2; +https://opensiteexplorer.org/dotbot; help@moz.com)" "electric-homecare.com"
114.119.154.200 - - [26/Jan/2023:04:30:13 -0800] "GET /robots.txt HTTP/1.1" 200 64 "-" "Mozilla/5.0 (compatible;PetalBot;+https://webmaster.petalsearch.com/site/petalbot)" "www.electric-homecare.com"
157.55.39.204 - - [26/Jan/2023:04:38:06 -0800] "GET / HTTP/1.1" 200 4147 "-" "Mozilla/5.0 AppleWebKit/537.36 (KHTML, like Gecko; compatible; bingbot/2.0; +http://www.bing.com/bingbot.htm) Chrome/103.0.5060.134 Safari/537.36" "electric-homecare.com"
157.55.39.204 - - [26/Jan/2023:05:00:09 -0800] "GET / HTTP/1.1" 200 4147 "-" "Mozilla/5.0 AppleWebKit/537.36 (KHTML, like Gecko; compatible; bingbot/2.0; +http://www.bing.com/bingbot.htm) Chrome/103.0.5060.134 Safari/537.36" "electric-homecare.com"
216.244.66.247 - - [26/Jan/2023:05:15:39 -0800] "GET /robots.txt HTTP/1.1" 200 48 "-" "Mozilla/5.0 (compatible; DotBot/1.2; +https://opensiteexplorer.org/dotbot; help@moz.com)" "electric-homecare.com"
77.75.79.119 - - [26/Jan/2023:05:17:14 -0800] "GET /Houston-VictorySport.html HTTP/1.1" 304 - "-" "Mozilla/5.0 (compatible; SeznamBot/4.0-RC1; +http://napoveda.seznam.cz/seznambot-intro/)" "electric-homecare.com"
185.184.157.93 - - [26/Jan/2023:05:35:03 -0800] "GET /robots.txt HTTP/1.1" 200 64 "-" "Mozilla/5.0 (compatible; linkdexbot/2.0; +http://www.linkdex.com/bots/)" "electric-homecare.com"
185.184.157.93 - - [26/Jan/2023:05:35:03 -0800] "GET /Lift-Chairs.html HTTP/1.1" 200 14960 "-" "Mozilla/5.0 (compatible; linkdexbot/2.0; +http://www.linkdex.com/bots/)" "electric-homecare.com"
185.184.157.93 - - [26/Jan/2023:05:36:50 -0800] "GET / HTTP/1.1" 200 4147 "-" "Mozilla/5.0 (compatible; linkdexbot/2.0; +http://www.linkdex.com/bots/)" "electric-homecare.com"
5.161.184.146 - - [26/Jan/2023:05:37:30 -0800] "GET / HTTP/1.1" 200 4147 "http://electric-homecare.com" "Mozilla/5.0 (Windows NT 6.1; Win64; x64) AppleWebKit/537.36 (KHTML, like Gecko) Chrome/80.0.3987 Safari/537.36" "electric-homecare.com"
188.68.47.36 - - [26/Jan/2023:05:47:27 -0800] "GET / HTTP/1.1" 200 56385 "-" "Mozilla/5.0 (Windows NT 6.1; Win64; x64) AppleWebKit/537.36 (KHTML, like Gecko) Chrome/79.0.3945.88 Safari/537.36" "electric-homecare.com"
188.68.47.36 - - [26/Jan/2023:05:47:28 -0800] "POST /xmlrpc.php HTTP/1.1" 404 73 "-" "Mozilla/5.0 (Windows NT 6.1; Win64; x64) AppleWebKit/537.36 (KHTML, like Gecko) Chrome/79.0.3945.88 Safari/537.36" "electric-homecare.com"
188.68.47.36 - - [26/Jan/2023:05:47:28 -0800] "POST /wordpress/xmlrpc.php HTTP/1.1" 404 73 "-" "Mozilla/5.0 (Windows NT 6.1; Win64; x64) AppleWebKit/537.36 (KHTML, like Gecko) Chrome/79.0.3945.88 Safari/537.36" "electric-homecare.com"
188.68.47.36 - - [26/Jan/2023:05:47:29 -0800] "POST /wp/xmlrpc.php HTTP/1.1" 404 73 "-" "Mozilla/5.0 (Windows NT 6.1; Win64; x64) AppleWebKit/537.36 (KHTML, like Gecko) Chrome/79.0.3945.88 Safari/537.36" "electric-homecare.com"
188.68.47.36 - - [26/Jan/2023:05:47:29 -0800] "GET / HTTP/1.1" 200 56385 "-" "Mozilla/5.0 (Windows NT 10.0; Win64; x64) AppleWebKit/537.36 (KHTML, like Gecko) Chrome/74.0.3729.157 Safari/537.36" "electric-homecare.com"
188.68.47.36 - - [26/Jan/2023:05:47:30 -0800] "GET /wp-login.php HTTP/1.1" 404 73 "-" "Mozilla/5.0 (Windows NT 10.0; Win64; x64) AppleWebKit/537.36 (KHTML, like Gecko) Chrome/74.0.3729.157 Safari/537.36" "electric-homecare.com"
188.68.47.36 - - [26/Jan/2023:05:47:30 -0800] "GET /admin/ HTTP/1.1" 404 73 "-" "Mozilla/5.0 (Windows NT 10.0; Win64; x64) AppleWebKit/537.36 (KHTML, like Gecko) Chrome/74.0.3729.157 Safari/537.36" "electric-homecare.com"
188.68.47.36 - - [26/Jan/2023:05:47:31 -0800] "GET /login HTTP/1.1" 404 73 "-" "Mozilla/5.0 (Windows NT 10.0; Win64; x64) AppleWebKit/537.36 (KHTML, like Gecko) Chrome/74.0.3729.157 Safari/537.36" "electric-homecare.com"
54.185.178.172 - - [26/Jan/2023:06:10:32 -0800] "GET / HTTP/1.1" 200 4147 "-" "Mozilla/5.0 (X11; Linux x86_64) AppleWebKit/537.36 (KHTML, like Gecko) Chrome/83.0.4103.97 Safari/537.36" "electric-homecare.com"
216.244.66.247 - - [26/Jan/2023:06:11:55 -0800] "GET /robots.txt HTTP/1.1" 200 48 "-" "Mozilla/5.0 (compatible; DotBot/1.2; +https://opensiteexplorer.org/dotbot; help@moz.com)" "electric-homecare.com"
34.220.151.194 - - [26/Jan/2023:06:12:30 -0800] "GET /favicon.ico HTTP/1.1" 404 88 "-" "Mozilla/5.0 (X11; Linux x86_64) AppleWebKit/537.36 (KHTML, like Gecko) Chrome/83.0.4103.97 Safari/537.36" "electric-homecare.com"
34.221.139.245 - - [26/Jan/2023:06:12:36 -0800] "GET / HTTP/1.1" 200 4147 "-" "Mozilla/5.0 (X11; Linux x86_64) AppleWebKit/537.36 (KHTML, like Gecko) Chrome/83.0.4103.97 Safari/537.36" "electric-homecare.com"
34.221.135.188 - - [26/Jan/2023:06:16:14 -0800] "GET /favicon.ico HTTP/1.1" 404 88 "http://electric-homecare.com/favicon.ico" "Mozilla/5.0 (X11; Linux x86_64) AppleWebKit/537.36 (KHTML, like Gecko) Chrome/83.0.4103.97 Safari/537.36" "electric-homecare.com"
34.221.135.188 - - [26/Jan/2023:06:16:15 -0800] "GET / HTTP/1.1" 200 4147 "http://electric-homecare.com" "Mozilla/5.0 (X11; Linux x86_64) AppleWebKit/537.36 (KHTML, like Gecko) Chrome/83.0.4103.97 Safari/537.36" "electric-homecare.com"
52.39.241.251 - - [26/Jan/2023:06:16:43 -0800] "GET / HTTP/1.1" 200 4147 "-" "Mozilla/5.0 (Windows NT 10.0; Win64; x64)AppleWebKit/537.36 (KHTML, like Gecko) Chrome/66.0.3359.181 Safari/537.36" "electric-homecare.com"
35.87.98.121 - - [26/Jan/2023:06:23:40 -0800] "GET / HTTP/1.1" 200 4147 "-" "Mozilla/5.0 (X11; Linux x86_64) AppleWebKit/537.36 (KHTML, like Gecko) Chrome/83.0.4103.97 Safari/537.36" "electric-homecare.com"
51.222.253.3 - - [26/Jan/2023:06:33:24 -0800] "GET / HTTP/1.1" 200 4147 "-" "Mozilla/5.0 (compatible; AhrefsBot/7.0; +http://ahrefs.com/robot/)" "www.electric-homecare.com"
51.222.253.15 - - [26/Jan/2023:06:34:25 -0800] "GET /electropedic-helping%20you%20since%201964-2.png HTTP/1.1" 200 14233 "-" "Mozilla/5.0 (compatible; AhrefsBot/7.0; +http://ahrefs.com/robot/)" "www.electric-homecare.com"
51.222.253.8 - - [26/Jan/2023:06:34:25 -0800] "GET /electric-homecare-logo.png HTTP/1.1" 200 139618 "-" "Mozilla/5.0 (compatible; AhrefsBot/7.0; +http://ahrefs.com/robot/)" "www.electric-homecare.com"
114.119.128.208 - - [26/Jan/2023:07:01:35 -0800] "GET /robots.txt HTTP/1.1" 200 64 "-" "Mozilla/5.0 (compatible;PetalBot;+https://webmaster.petalsearch.com/site/petalbot)" "www.electric-homecare.com"
216.244.66.247 - - [26/Jan/2023:07:07:01 -0800] "GET /robots.txt HTTP/1.1" 200 48 "-" "Mozilla/5.0 (compatible; DotBot/1.2; +https://opensiteexplorer.org/dotbot; help@moz.com)" "electric-homecare.com"
113.217.254.60 - - [26/Jan/2023:07:34:59 -0800] "GET /0001.jpg HTTP/1.1" 200 153678 "-" "Mozilla/5.0 (X11; Ubuntu; Linux x86_64; rv:72.0) Gecko/20100101 Firefox/72.0" "electric-homecare.com"
77.75.77.119 - - [26/Jan/2023:07:42:38 -0800] "GET /Houston-Wheelchairs.html HTTP/1.1" 304 - "-" "Mozilla/5.0 (compatible; SeznamBot/4.0-RC1; +http://napoveda.seznam.cz/seznambot-intro/)" "electric-homecare.com"
51.222.253.13 - - [26/Jan/2023:07:51:46 -0800] "GET /Houston-AdjustableBeds-Full.html HTTP/1.1" 200 2647 "-" "Mozilla/5.0 (compatible; AhrefsBot/7.0; +http://ahrefs.com/robot/)" "electric-homecare.com"
51.222.253.3 - - [26/Jan/2023:07:51:47 -0800] "GET /full-1.jpg HTTP/1.1" 200 3525 "-" "Mozilla/5.0 (compatible; AhrefsBot/7.0; +http://ahrefs.com/robot/)" "electric-homecare.com"
51.222.253.2 - - [26/Jan/2023:07:51:47 -0800] "GET /full-3.png HTTP/1.1" 200 30286 "-" "Mozilla/5.0 (compatible; AhrefsBot/7.0; +http://ahrefs.com/robot/)" "electric-homecare.com"
51.222.253.13 - - [26/Jan/2023:07:51:48 -0800] "GET /full-8.jpg HTTP/1.1" 200 4253 "-" "Mozilla/5.0 (compatible; AhrefsBot/7.0; +http://ahrefs.com/robot/)" "electric-homecare.com"
51.222.253.16 - - [26/Jan/2023:07:51:48 -0800] "GET /full-4.jpg HTTP/1.1" 200 6517 "-" "Mozilla/5.0 (compatible; AhrefsBot/7.0; +http://ahrefs.com/robot/)" "electric-homecare.com"
51.222.253.17 - - [26/Jan/2023:07:51:48 -0800] "GET /full-6.png HTTP/1.1" 200 52764 "-" "Mozilla/5.0 (compatible; AhrefsBot/7.0; +http://ahrefs.com/robot/)" "electric-homecare.com"
51.222.253.19 - - [26/Jan/2023:07:51:49 -0800] "GET /full-5.jpg HTTP/1.1" 200 3255 "-" "Mozilla/5.0 (compatible; AhrefsBot/7.0; +http://ahrefs.com/robot/)" "electric-homecare.com"
51.222.253.12 - - [26/Jan/2023:07:51:49 -0800] "GET /full-2.jpg HTTP/1.1" 200 4619 "-" "Mozilla/5.0 (compatible; AhrefsBot/7.0; +http://ahrefs.com/robot/)" "electric-homecare.com"
51.222.253.18 - - [26/Jan/2023:07:51:49 -0800] "GET /full-9.jpg HTTP/1.1" 200 6307 "-" "Mozilla/5.0 (compatible; AhrefsBot/7.0; +http://ahrefs.com/robot/)" "electric-homecare.com"
216.244.66.247 - - [26/Jan/2023:08:01:16 -0800] "GET /robots.txt HTTP/1.1" 200 48 "-" "Mozilla/5.0 (compatible; DotBot/1.2; +https://opensiteexplorer.org/dotbot; help@moz.com)" "electric-homecare.com"
132.226.113.231 - - [26/Jan/2023:08:23:21 -0800] "GET /0001.jpg HTTP/1.1" 200 153678 "-" "Mozilla/5.0 (X11; Ubuntu; Linux x86_64; rv:72.0) Gecko/20100101 Firefox/72.0" "electric-homecare.com"
40.88.21.235 - - [26/Jan/2023:08:28:37 -0800] "GET / HTTP/1.1" 200 4147 "https://electric-homecare.com/" "Mozilla/5.0 (compatible; DuckDuckGo-Favicons-Bot/1.0; +http://duckduckgo.com)" "electric-homecare.com"
40.88.21.235 - - [26/Jan/2023:08:28:37 -0800] "GET /favicon.ico HTTP/1.1" 404 88 "https://electric-homecare.com/favicon.ico" "Mozilla/5.0 (compatible; DuckDuckGo-Favicons-Bot/1.0; +http://duckduckgo.com)" "electric-homecare.com"
148.72.244.53 - - [26/Jan/2023:08:49:30 -0800] "GET /wp-login.php HTTP/1.1" 404 88 "http://electric-homecare.com/wp-login.php" "Mozilla/5.0 (Windows NT 10.0; Win64; x64; rv:96.0) Gecko/20100101 Firefox/96" "electric-homecare.com"
216.244.66.247 - - [26/Jan/2023:08:55:39 -0800] "GET /robots.txt HTTP/1.1" 200 48 "-" "Mozilla/5.0 (compatible; DotBot/1.2; +https://opensiteexplorer.org/dotbot; help@moz.com)" "electric-homecare.com"
77.75.79.62 - - [26/Jan/2023:08:55:56 -0800] "GET /robots.txt HTTP/1.1" 200 64 "-" "Mozilla/5.0 (compatible; SeznamBot/3.2; +http://napoveda.seznam.cz/en/seznambot-intro/)" "electric-homecare.com"
77.75.79.62 - - [26/Jan/2023:08:55:57 -0800] "GET /drive_homecarebeds-4.jpg HTTP/1.1" 304 - "-" "Mozilla/5.0 (compatible; SeznamBot/3.2; +http://napoveda.seznam.cz/en/seznambot-intro/)" "electric-homecare.com"
51.222.253.8 - - [26/Jan/2023:09:16:37 -0800] "GET /Bariatric-Scooters.html HTTP/1.1" 200 5681 "-" "Mozilla/5.0 (compatible; AhrefsBot/7.0; +http://ahrefs.com/robot/)" "electric-homecare.com"
51.222.253.19 - - [26/Jan/2023:09:16:38 -0800] "GET /1-acorn-stairlifts.jpg HTTP/1.1" 200 3389 "-" "Mozilla/5.0 (compatible; AhrefsBot/7.0; +http://ahrefs.com/robot/)" "electric-homecare.com"
51.222.253.6 - - [26/Jan/2023:09:16:39 -0800] "GET /07_goldseal.jpg HTTP/1.1" 200 279022 "-" "Mozilla/5.0 (compatible; AhrefsBot/7.0; +http://ahrefs.com/robot/)" "electric-homecare.com"
51.222.253.15 - - [26/Jan/2023:09:16:39 -0800] "GET /maxima-scooter.jpg HTTP/1.1" 404 88 "-" "Mozilla/5.0 (compatible; AhrefsBot/7.0; +http://ahrefs.com/robot/)" "electric-homecare.com"
51.222.253.10 - - [26/Jan/2023:09:18:57 -0800] "GET /ml12.jpg HTTP/1.1" 404 88 "-" "Mozilla/5.0 (compatible; AhrefsBot/7.0; +http://ahrefs.com/robot/)" "electric-homecare.com"
51.222.253.7 - - [26/Jan/2023:09:18:57 -0800] "GET /quality-mattress.jpg HTTP/1.1" 404 88 "-" "Mozilla/5.0 (compatible; AhrefsBot/7.0; +http://ahrefs.com/robot/)" "electric-homecare.com"
51.222.253.6 - - [26/Jan/2023:09:19:27 -0800] "GET /medical-ramps.jpg HTTP/1.1" 404 88 "-" "Mozilla/5.0 (compatible; AhrefsBot/7.0; +http://ahrefs.com/robot/)" "electric-homecare.com"
51.222.253.16 - - [26/Jan/2023:09:19:27 -0800] "GET /Queen-Size-Hospital-Bed.gif HTTP/1.1" 404 88 "-" "Mozilla/5.0 (compatible; AhrefsBot/7.0; +http://ahrefs.com/robot/)" "electric-homecare.com"
51.222.253.13 - - [26/Jan/2023:09:19:28 -0800] "GET /614hd.jpg HTTP/1.1" 200 10786 "-" "Mozilla/5.0 (compatible; AhrefsBot/7.0; +http://ahrefs.com/robot/)" "electric-homecare.com"
51.222.253.15 - - [26/Jan/2023:09:19:28 -0800] "GET /styles/layout.css HTTP/1.1" 200 109 "-" "Mozilla/5.0 (compatible; AhrefsBot/7.0; +http://ahrefs.com/robot/)" "electric-homecare.com"
51.222.253.3 - - [26/Jan/2023:09:19:29 -0800] "GET /1001-1.jpg HTTP/1.1" 200 10144 "-" "Mozilla/5.0 (compatible; AhrefsBot/7.0; +http://ahrefs.com/robot/)" "electric-homecare.com"
51.222.253.2 - - [26/Jan/2023:09:19:29 -0800] "GET /ez-pool-lift-1.jpg HTTP/1.1" 404 88 "-" "Mozilla/5.0 (compatible; AhrefsBot/7.0; +http://ahrefs.com/robot/)" "electric-homecare.com"
51.222.253.9 - - [26/Jan/2023:09:19:29 -0800] "GET /1-harmar-vehicle-lift.jpg HTTP/1.1" 200 9177 "-" "Mozilla/5.0 (compatible; AhrefsBot/7.0; +http://ahrefs.com/robot/)" "electric-homecare.com"
51.222.253.18 - - [26/Jan/2023:09:19:29 -0800] "GET /medical-porch-elevator.jpg HTTP/1.1" 404 88 "-" "Mozilla/5.0 (compatible; AhrefsBot/7.0; +http://ahrefs.com/robot/)" "electric-homecare.com"
51.222.253.1 - - [26/Jan/2023:09:19:30 -0800] "GET /amigo-mobility-scooter.jpg HTTP/1.1" 200 2907 "-" "Mozilla/5.0 (compatible; AhrefsBot/7.0; +http://ahrefs.com/robot/)" "electric-homecare.com"
216.244.66.247 - - [26/Jan/2023:09:31:10 -0800] "GET /172.jpg HTTP/1.1" 200 87539 "-" "Mozilla/5.0 (compatible; DotBot/1.2; +https://opensiteexplorer.org/dotbot; help@moz.com)" "electric-homecare.com"
114.119.145.249 - - [26/Jan/2023:09:36:02 -0800] "GET /US_GoGo_Folding_Scooter_Order_Form.pdf HTTP/1.1" 200 262504 "https://www.electric-homecare.com/Houston-GoGoFoldingScooter.html" "Mozilla/5.0 (Linux; Android 7.0;) AppleWebKit/537.36 (KHTML, like Gecko) Mobile Safari/537.36 (compatible; PetalBot;+https://webmaster.petalsearch.com/site/petalbot)" "www.electric-homecare.com"
143.244.146.244 - - [26/Jan/2023:09:43:47 -0800] "GET / HTTP/1.1" 200 4147 "-" "python-requests/2.26.0" "electric-homecare.com"
77.75.76.163 - - [26/Jan/2023:09:48:14 -0800] "GET /robots.txt HTTP/1.1" 200 64 "-" "Mozilla/5.0 (compatible; SeznamBot/3.2; +http://napoveda.seznam.cz/en/seznambot-intro/)" "electric-homecare.com"
77.75.76.163 - - [26/Jan/2023:09:48:15 -0800] "GET /Acorn-Stairlift-Curved-1.jpg HTTP/1.1" 304 - "-" "Mozilla/5.0 (compatible; SeznamBot/3.2; +http://napoveda.seznam.cz/en/seznambot-intro/)" "electric-homecare.com"
216.244.66.247 - - [26/Jan/2023:09:50:14 -0800] "GET /robots.txt HTTP/1.1" 200 48 "-" "Mozilla/5.0 (compatible; DotBot/1.2; +https://opensiteexplorer.org/dotbot; help@moz.com)" "electric-homecare.com"
51.222.253.11 - - [26/Jan/2023:10:01:43 -0800] "GET /Houston-TX.html HTTP/1.1" 200 4286 "-" "Mozilla/5.0 (compatible; AhrefsBot/7.0; +http://ahrefs.com/robot/)" "electric-homecare.com"
207.46.13.55 - - [26/Jan/2023:10:10:46 -0800] "GET /bariatricwheelchair.jpg HTTP/1.1" 200 7232 "-" "Mozilla/5.0 AppleWebKit/537.36 (KHTML, like Gecko; compatible; bingbot/2.0; +http://www.bing.com/bingbot.htm) Chrome/103.0.5060.134 Safari/537.36" "electric-homecare.com"
207.46.13.55 - - [26/Jan/2023:10:10:47 -0800] "GET /bariatricwheelchair.jpg HTTP/1.1" 200 7232 "-" "Mozilla/5.0 AppleWebKit/537.36 (KHTML, like Gecko; compatible; bingbot/2.0; +http://www.bing.com/bingbot.htm) Chrome/103.0.5060.134 Safari/537.36" "electric-homecare.com"
216.244.66.247 - - [26/Jan/2023:10:43:16 -0800] "GET /robots.txt HTTP/1.1" 200 48 "-" "Mozilla/5.0 (compatible; DotBot/1.2; +https://opensiteexplorer.org/dotbot; help@moz.com)" "electric-homecare.com"
77.75.76.166 - - [26/Jan/2023:10:47:09 -0800] "GET /robots.txt HTTP/1.1" 200 64 "-" "Mozilla/5.0 (compatible; SeznamBot/3.2; +http://napoveda.seznam.cz/en/seznambot-intro/)" "electric-homecare.com"
77.75.76.166 - - [26/Jan/2023:10:47:10 -0800] "GET /EP-0wh2-2.jpg HTTP/1.1" 304 - "-" "Mozilla/5.0 (compatible; SeznamBot/3.2; +http://napoveda.seznam.cz/en/seznambot-intro/)" "electric-homecare.com"
